{"id":19710,"date":"2026-01-22T17:10:21","date_gmt":"2026-01-22T16:10:21","guid":{"rendered":"https:\/\/uelzener.de\/magazin\/?page_id=19710"},"modified":"2026-03-31T10:11:45","modified_gmt":"2026-03-31T08:11:45","slug":"futterneid-beim-hund-erkennen-abtrainieren","status":"publish","type":"page","link":"https:\/\/uelzener.de\/magazin\/hund\/erziehung-und-training\/futterneid-beim-hund-erkennen-abtrainieren\/","title":{"rendered":"Futterneid beim Hund: Erkennen und abtrainieren"},"content":{"rendered":"<p>Hunde brauchen wie wir Menschen Nahrung, um zu \u00fcberleben. Futter spielt daher im Leben unserer Hunde eine gro\u00dfe Rolle. Es ist eine wichtige Ressource. Manche Hunde sch\u00fctzen diese Ressource so stark, dass sie sich aggressiv verhalten. Das f\u00fchrt zu Stress und Konflikten. Man spricht dabei auch von Futterneid. In diesem Artikel verraten wir dir, was dahintersteckt und was du dagegen tun kannst.<\/p>\n<h2>Was steckt hinter Futterneid beim Hund?<\/h2>\n<p>Der Begriff Futterneid ist eigentlich irref\u00fchrend. Mit Neid hat das Verhalten n\u00e4mlich nichts zu tun. Eigentlich handelt es sich um sogenanntes Ressourcenschutzverhalten. Der Hund m\u00f6chte etwas f\u00fcr ihn Wichtiges sichern.<\/p>\n<p>H\u00e4ufig steckt Unsicherheit dahinter. Der Hund f\u00fcrchtet, dass ihm jemand sein Futter wegnehmen k\u00f6nnte. Deswegen m\u00f6chte er es besch\u00fctzen. Es gibt jedoch nicht die eine Ursache. Auch Lernerfahrungen, individuelle Veranlagung und die konkrete Situation spielen eine Rolle. Das kann sich auf verschiedene Weise zeigen.<\/p>\n<ul>\n<li>Abschirmen: Manche Hunde schirmen den Napf mit ihrem K\u00f6rper ab. Sie stellen sich davor oder beugen sich dar\u00fcber, damit kein Mensch oder Tier herankommt. Andere ziehen den Napf sogar weg oder versuchen, ihr Futter zu verstecken.<\/li>\n<li>Stress: Es gibt auch Hunde, die Stresssymptome zeigen. Sie werden unruhig, schauen st\u00e4ndig um sich und schlingen das Futter hastig hinunter.<\/li>\n<li>Aggression: Manche Hunde verhalten sich aggressiv. Sie fletschen die Z\u00e4hne, knurren oder schnappen, um andere von ihrem Futter fernzuhalten. Wichtig ist: Knurren ist zun\u00e4chst ein normales Warnsignal und Teil der h\u00fcndischen Kommunikation.<\/li>\n<\/ul>\n<p>Futterneid ist kein b\u00f6ser Wille. Er ist ein nat\u00fcrliches Verhalten. Die Vorfahren unserer Hunde mussten jeden Tag um Nahrung k\u00e4mpfen. Dieser Instinkt steckt heute noch in unseren Haustieren. Es ist also kein Zeichen von Ungehorsam oder \u201eschlechtem Charakter\u201c.<\/p>\n<h3>Warum entsteht Futterneid?<\/h3>\n<p>F\u00fcr Futterneid beim Hund kann es unterschiedliche Gr\u00fcnde geben. Oft spielen mehrere Faktoren zusammen. Unsicherheit ist ein h\u00e4ufiger Ausl\u00f6ser, aber nicht der einzige. Wir geben dir einen \u00dcberblick \u00fcber m\u00f6gliche Ursachen.<\/p>\n<h4>Konkurrenz mit anderen Tieren<\/h4>\n<p>Lebt der Hund mit anderen Hunden oder Katzen zusammen, kann es sein, dass er sie als Konkurrenz betrachtet. Der Hund bef\u00fcrchtet, dass sie ihm sein Futter wegfressen und er leer ausgeht.<\/p>\n<p>Das Verhalten kann sich schon bei Welpen entwickeln, wenn sie nicht genug Milch von der Mutter bekommen oder sich gegen Wurfgeschwister durchsetzen m\u00fcssen. Gleichzeitig ist die fr\u00fche Entwicklungsphase entscheidend daf\u00fcr, wie Hunde sp\u00e4ter mit Ressourcen und Artgenossen umgehen. Z\u00fcchter und Z\u00fcchterinnen sollten darauf achten, dass alle Welpen ausreichend versorgt sind und gleichzeitig lernen, angemessen zu kommunizieren. Dazu geh\u00f6rt auch der Umgang mit innerartlichen Signalen wie Knurren oder Abbruchverhalten. Sowohl fehlende Struktur als auch zu starkes oder zu fr\u00fches Eingreifen k\u00f6nnen sich langfristig auf das Verhalten auswirken.<\/p>\n<h4>Schlechte Erfahrungen<\/h4>\n<p>Hunde mit Futterneid k\u00f6nnen sich auch dem Menschen gegen\u00fcber aggressiv verhalten. Das kann mit schlechten Erfahrungen zu tun haben. Vielleicht stammt dein Hund aus einer Haltung, in der er hungern musste oder ihm Essen weggenommen wurde. Auch Stra\u00dfenhunde m\u00fcssen meist um ihr Futter k\u00e4mpfen. Sie sind es gewohnt, ihre Ressourcen zu verteidigen.<\/p>\n<h4>Mangelern\u00e4hrung<\/h4>\n<p>Wenn ein Hund unterern\u00e4hrt ist, hat Futter eine noch gr\u00f6\u00dfere Bedeutung. Der K\u00f6rper braucht N\u00e4hrstoffe und Energie zum \u00dcberleben. Dadurch konzentriert sich alles auf die Nahrungsaufnahme. Mangelern\u00e4hrung muss nicht zwingend mit schlimmen Haltungsbedingungen zu tun haben. Es kann auch eine falsche F\u00fctterung oder Erkrankung dahinterstecken.<\/p>\n<h4>Stress und unklare Regeln beim F\u00fcttern<\/h4>\n<p>Eine unruhige Fressumgebung und fehlende Routinen k\u00f6nnen den Hund verunsichern. Gibt es zum Beispiel st\u00e4ndig Streit oder Rangeleien w\u00e4hrend des Fressens, kann es sein, dass der Hund sein Futter verteidigt.<\/p>\n<h4>Besonders wertvolle Ressourcen<\/h4>\n<p>Oft wird der Futterneid gr\u00f6\u00dfer, wenn es um das Lieblingsleckerli oder einen besonders schmackhaften Snack geht. In dem Fall ist das Futter f\u00fcr den Hund eine noch wertvollere Ressource. Die m\u00f6chte er f\u00fcr sich beanspruchen.<\/p>\n<p>Futterneid ist mitunter auch eine Wesensfrage. Manche Hunde neigen aufgrund ihrer Veranlagung eher dazu, ihre Ressourcen zu sch\u00fctzen. Bei anderen ist es schlicht Teil des Charakters.<\/p>\n<h3>Futterneid ist kein Dominanzverhalten<\/h3>\n<p>Der Begriff Dominanz wird im Alltag oft vereinfacht verwendet. In der Verhaltensforschung beschreibt er keine feste Eigenschaft, sondern eine Beziehung zwischen Individuen in einer konkreten Situation, zum Beispiel im Umgang mit Ressourcen.<\/p>\n<p>Futterneid hat in vielen F\u00e4llen nichts mit dem Ziel zu tun, \u201eMacht\u201c auszu\u00fcben oder eine Rangordnung herzustellen. H\u00e4ufig geht es darum, eine wichtige Ressource zu sichern oder Abstand zu schaffen. Ob ein Hund dabei eher unsicher oder selbstbewusst agiert, l\u00e4sst sich vor allem \u00fcber sein Ausdrucksverhalten und seine K\u00f6rpersprache erkennen.<\/p>\n<p>Deswegen ist es nicht sinnvoll, dem Hund sein Futter wegzunehmen, um ihm beizubringen, wer das Sagen hat. Das bewirkt oft das Gegenteil. Der Hund lernt, dass sein Futter nicht sicher ist. Dadurch kann sich Unsicherheit verst\u00e4rken und das Vertrauen leiden.<\/p>\n<h2>Wie du deinem Hund Futterneid abgew\u00f6hnst<\/h2>\n<p>Futterneid ist ein nat\u00fcrliches und instinktives Verhalten. Es braucht Zeit und Geduld, um es dem Hund abzugew\u00f6hnen. Wichtig ist, dass du nicht mit Bestrafung arbeitest. Lob, Feingef\u00fchl und Konsequenz sind der Schl\u00fcssel.<\/p>\n<h4>Ruhige und sichere Umgebung schaffen<\/h4>\n<p>Dein Hund soll in Ruhe fressen k\u00f6nnen. Sorge daf\u00fcr, dass andere Personen oder Tiere ihn nicht st\u00f6ren. Wenn mehrere Hunde zusammenleben, trenne sie r\u00e4umlich beim F\u00fcttern. Ist das nicht m\u00f6glich, achte darauf, dass jeder einen eigenen Napf hat. Keiner darf aus dem Napf des anderen fressen.<\/p>\n<h4>Feste Routinen beim F\u00fcttern einf\u00fchren<\/h4>\n<p>Richte einen festen Futterplatz ein und f\u00fcttere immer zu den gleichen Zeiten. Damit schaffst du Strukturen, die deinem Hund Sicherheit geben.<\/p>\n<h4>Hund an deine N\u00e4he gew\u00f6hnen<\/h4>\n<p>Wenn dein Hund sein Futter vor dir verteidigt, muss er lernen, dass deine Anwesenheit keine Bedrohung ist. Das k\u00f6nnt ihr \u00fcben. Stell oder setz dich mit ausreichend Abstand zu deinem Hund hin. Lass ihn in Ruhe fressen, ohne ihn zu beobachten oder anzufassen. Sei einfach nur da und warte ab, bis er aufgegessen hat.<\/p>\n<p>Wenn er sich daran gew\u00f6hnt hat, kannst du die Distanz nach und nach verringern. Mit der Zeit f\u00e4ngst du an, dich zu bewegen und Alltagst\u00e4tigkeiten auszuf\u00fchren. Dabei l\u00e4sst du ihn vollkommen in Ruhe und bedr\u00e4ngst ihn nicht.<\/p>\n<h4>Positiv verst\u00e4rken<\/h4>\n<p>Am besten duldet dein Hund deine Anwesenheit nicht nur, sondern verkn\u00fcpft sie mit etwas Positivem. Wenn er kein Problem damit hat, dass du beim Fressen neben ihm stehst, gibst du ihm ab und an ein Leckerli oder einen weiteren L\u00f6ffel Futter in seinen Napf. Dabei kommst du ihm sehr nahe. Er lernt aber, dass damit mehr Futter einhergeht und N\u00e4he etwas Gutes bedeutet.<\/p>\n<h4>Tauschen \u00fcben<\/h4>\n<p>Ursache f\u00fcr Futterneid sind oft Unsicherheit und die Erwartung von Verlust. Dein Hund f\u00fcrchtet, du nimmst ihm etwas weg. Ziel ist es, ihm das Gegenteil beizubringen. Dazu kannst du das Tauschen trainieren. Wenn dein Hund dir einen Gegenstand gibt, gibst du ihm etwas Besseres. Das k\u00f6nnt ihr so \u00fcben: Er bringt dir eines seiner Spielzeuge und du gibst ihm ein Spielzeug, das er lieber mag. Darauf kannst du ein Kommando wie \u201eGib\u201c oder \u201eTausch\u201c aufbauen.<\/p>\n<p>Im zweiten Schritt trainierst du mit Futter. Du \u00fcbst mit normalen Trainingssnacks (z. B. Trockenfutter). Wenn der Hund dir sein Futter gibt, belohnst du ihn mit einem besonderen Snack (z. B. Pansen, K\u00e4se oder Leberwurst). So lernt er, dass es sich lohnt, mit dir zu tauschen.<\/p>\n<h2>Futterneid abgew\u00f6hnen: Was tun, wenn es nicht klappt?<\/h2>\n<p>Wenn sich trotz Training, ruhiger Umgebung und fester Routinen keine Besserung einstellt, solltest du dir professionellen Rat holen. Ein Hundetrainer oder eine Hundetrainerin kann das Verhalten deines Hundes analysieren. So l\u00e4sst sich herausfinden, welche Ursachen im Einzelfall eine Rolle spielen.<\/p>\n<p>Wichtig ist auch, dass du deinen Hund tier\u00e4rztlich untersuchen l\u00e4sst. Gesundheitliche Probleme und Schmerzen k\u00f6nnen aggressives Verhalten beg\u00fcnstigen. Eine Hundekrankenversicherung bietet Schutz vor hohen Tierarztkosten, falls dein Hund medizinisch behandelt werden muss.<\/p>\n\n<div class=\"related_articles boxed\">\n    <h2>Mehr zum Thema<\/h2>\n    \n    <div class=\"wrapper\"><div class=\"title align-center\"><h3><a href=\"https:\/\/uelzener.de\/magazin\/hund\/haltung\/rudel-bei-hunden-fundament-fuer-halt-und-zugehoerigkeit\/\">Das Rudel bei Hunden: Fundament f\u00fcr Halt und Zugeh\u00f6rigkeit<\/a><\/h3><\/div><div class=\"img align-center\"><img decoding=\"async\" width=\"315\" height=\"180\" src=\"https:\/\/uelzener.de\/magazin\/app\/uploads\/2026\/02\/Magazin_Header-1025x450-px-1025x450-px-22-315x180.jpg\" class=\"attachment-315x180 size-315x180 wp-post-image\" alt=\"Ein Rudel Hunde.\" \/><\/div><\/div><div class=\"wrapper\"><div class=\"title align-center\"><h3><a href=\"https:\/\/uelzener.de\/magazin\/hund\/erziehung-und-training\/mit-dem-hund-im-pferdestall\/\">Mit dem Hund im Pferdestall<\/a><\/h3><\/div><div class=\"img align-center\"><img decoding=\"async\" width=\"315\" height=\"180\" src=\"https:\/\/uelzener.de\/magazin\/app\/uploads\/2022\/01\/Hund_Pferd_Mensch_spazieren-315x180.jpg\" class=\"attachment-315x180 size-315x180 wp-post-image\" alt=\"Frau f\u00fchrt braunes Pferd und Golden Retriever auf einer Wiese spazieren\" \/><\/div><\/div><div class=\"wrapper\"><div class=\"title align-center\"><h3><a href=\"https:\/\/uelzener.de\/magazin\/hund\/haltung\/zweithund\/\">Der Weg zum Zweithund: Anschaffung und Eingew\u00f6hnung<\/a><\/h3><\/div><div class=\"img align-center\"><img decoding=\"async\" width=\"315\" height=\"180\" src=\"https:\/\/uelzener.de\/magazin\/app\/uploads\/2024\/10\/zweithund-315x180.jpg\" class=\"attachment-315x180 size-315x180 wp-post-image\" alt=\"Frau spielt mit zwei Hunden auf dem Sofa.\" \/><\/div><\/div><\/div>\n\n<h2>Fazit<\/h2>\n<p>Futterneid beim Hund entsteht h\u00e4ufig aus Unsicherheit, kann aber verschiedene Ursachen haben. Es ist ein instinktives Verhalten, bei dem Hunde eine wichtige Ressource sch\u00fctzen. Mit Geduld, klaren Strukturen und gezieltem Training kannst du deinem Hund helfen, entspannter mit der Situation umzugehen. Wichtig ist, dass du nicht mit Druck oder Strafe arbeitest, sondern Vertrauen aufbaust und deinem Hund Sicherheit gibst.<\/p>\n<h2>FAQ \u2013 h\u00e4ufig gestellte Fragen zum Thema Futterneid beim Hund<\/h2>\n<h3>Was passiert, wenn ich nichts gegen den Futterneid meines Hundes unternehme?<\/h3>\n<p>Wenn ihr euch im Alltag damit arrangieren k\u00f6nnt und das Verhalten moderat bleibt, musst du nicht zwingend etwas dagegen unternehmen. Ist dein Hund jedoch permanent gestresst oder zeigt deutliches aggressives Verhalten, kann das f\u00fcr ihn und andere zur Belastung werden. Dann ist es sinnvoll, fr\u00fch zu handeln und klare Strukturen zu schaffen.<\/p>\n<h3>Wie bekommt man Futterneid beim Hund in den Griff?<\/h3>\n<p>Mit Geduld, klaren Regeln und Konsequenz kannst du deinem Hund beibringen, dass niemand ihm etwas wegnimmt. Wichtig sind:<\/p>\n<ul>\n<li>Ruhe am Futternapf<\/li>\n<li>Routinen und klare Abl\u00e4ufe<\/li>\n<li>getrennte F\u00fctterung bei Bedarf<\/li>\n<li>Training in kleinen Schritten<\/li>\n<li>Vertrauen statt Druck<\/li>\n<\/ul>\n<h3>Was f\u00fcr Hilfsmittel gibt es, um Futterneid abzutrainieren?<\/h3>\n<p>Mithilfe von Anti-Schling-N\u00e4pfen, Schn\u00fcffeldecken, Schleckmatten und Kauartikeln kannst du Futtersituationen entspannter gestalten. Dein Hund ist l\u00e4nger besch\u00e4ftigt und kann ruhiger fressen, was den Stress reduziert.<\/p>\n<h3>Wie erkenne ich Futterneid?<\/h3>\n<p>Futterneid kann sich unterschiedlich \u00e4u\u00dfern. Diese Warnsignale solltest du kennen:<\/p>\n<ul>\n<li>Der Hund versteift sich und beugt sich \u00fcber den Napf<\/li>\n<li>Er frisst pl\u00f6tzlich sehr schnell<\/li>\n<li>Er fixiert Tiere oder Menschen in der N\u00e4he<\/li>\n<li>Er schiebt andere weg<\/li>\n<li>Er legt die Ohren an und blickt kurz \u00fcber die Schulter<\/li>\n<li>Er brummt, knurrt, zeigt Z\u00e4hne oder schnappt<\/li>\n<\/ul>\n<p>Je fr\u00fcher du solche Zeichen erkennst, desto eher kannst du reagieren.<\/p>\n","protected":false},"excerpt":{"rendered":"<p>Hunde brauchen wie wir Menschen Nahrung, um zu \u00fcberleben. Futter spielt daher im Leben unserer Hunde eine gro\u00dfe Rolle. Es ist eine wichtige Ressource. Manche Hunde sch\u00fctzen diese Ressource so stark, dass sie sich aggressiv verhalten. Das f\u00fchrt zu Stress und Konflikten. Man spricht dabei auch von Futterneid. In diesem Artikel verraten wir dir, was [&hellip;]<\/p>\n","protected":false},"author":11,"featured_media":19711,"parent":11679,"menu_order":14,"comment_status":"closed","ping_status":"closed","template":"templates\/blog.php","meta":{"_acf_changed":false,"_crdt_document":"","footnotes":"","beyondwords_generate_audio":"","beyondwords_project_id":"","beyondwords_content_id":"","beyondwords_preview_token":"","beyondwords_player_style":"","beyondwords_language_id":"","beyondwords_title_voice_id":"","beyondwords_body_voice_id":"","beyondwords_summary_voice_id":"","beyondwords_error_message":"","beyondwords_disabled":"","beyondwords_delete_content":"","beyondwords_podcast_id":"","beyondwords_hash":"","publish_post_to_speechkit":"","speechkit_hash":"","speechkit_generate_audio":"","speechkit_project_id":"","speechkit_podcast_id":"","speechkit_error_message":"","speechkit_disabled":"","speechkit_access_key":"","speechkit_error":"","speechkit_info":"","speechkit_response":"","speechkit_retries":"","speechkit_status":"","speechkit_updated_at":"","_speechkit_link":"","_speechkit_text":""},"class_list":["post-19710","page","type-page","status-publish","has-post-thumbnail","hentry"],"acf":[],"yoast_head":"<!-- This site is optimized with the Yoast SEO Premium plugin  - https:\/\/yoast.com\/product\/yoast-seo-premium-wordpress\/ -->\n<title>Futterneid beim Hund: Erkennen und abtrainieren | Uelzener Magazin<\/title>\n<meta name=\"description\" content=\"Entdecke, was Futterneid bei Hunden bedeutet. Lerne, wie Angst das Verhalten beeinflusst und wie du helfen kannst.\" \/>\n<meta name=\"robots\" content=\"index, follow, max-snippet:-1, max-image-preview:large, max-video-preview:-1\" \/>\n<link rel=\"canonical\" href=\"https:\/\/uelzener.de\/magazin\/hund\/erziehung-und-training\/futterneid-beim-hund-erkennen-abtrainieren\/\" \/>\n<meta property=\"og:locale\" content=\"de_DE\" \/>\n<meta property=\"og:type\" content=\"article\" \/>\n<meta property=\"og:title\" content=\"Futterneid beim Hund: Erkennen und abtrainieren\" \/>\n<meta property=\"og:description\" content=\"Entdecke, was Futterneid bei Hunden bedeutet. Lerne, wie Angst das Verhalten beeinflusst und wie du helfen kannst.\" \/>\n<meta property=\"og:url\" content=\"https:\/\/uelzener.de\/magazin\/hund\/erziehung-und-training\/futterneid-beim-hund-erkennen-abtrainieren\/\" \/>\n<meta property=\"og:site_name\" content=\"Uelzener Tier-Magazin\" \/>\n<meta property=\"article:publisher\" content=\"https:\/\/www.facebook.com\/Uelzener\" \/>\n<meta property=\"article:modified_time\" content=\"2026-03-31T08:11:45+00:00\" \/>\n<meta property=\"og:image\" content=\"https:\/\/uelzener.de\/magazin\/app\/uploads\/2026\/01\/futterneid-hunde.jpg\" \/>\n\t<meta property=\"og:image:width\" content=\"1025\" \/>\n\t<meta property=\"og:image:height\" content=\"450\" \/>\n\t<meta property=\"og:image:type\" content=\"image\/jpeg\" \/>\n<meta name=\"twitter:card\" content=\"summary_large_image\" \/>\n<meta name=\"twitter:label1\" content=\"Gesch\u00e4tzte Lesezeit\" \/>\n\t<meta name=\"twitter:data1\" content=\"9\u00a0Minuten\" \/>\n<script type=\"application\/ld+json\" class=\"yoast-schema-graph\">{\"@context\":\"https:\/\/schema.org\",\"@graph\":[{\"@type\":\"WebPage\",\"@id\":\"https:\/\/uelzener.de\/magazin\/hund\/erziehung-und-training\/futterneid-beim-hund-erkennen-abtrainieren\/\",\"url\":\"https:\/\/uelzener.de\/magazin\/hund\/erziehung-und-training\/futterneid-beim-hund-erkennen-abtrainieren\/\",\"name\":\"Futterneid beim Hund: Erkennen und abtrainieren | Uelzener Magazin\",\"isPartOf\":{\"@id\":\"https:\/\/uelzener.de\/magazin\/#website\"},\"primaryImageOfPage\":{\"@id\":\"https:\/\/uelzener.de\/magazin\/hund\/erziehung-und-training\/futterneid-beim-hund-erkennen-abtrainieren\/#primaryimage\"},\"image\":{\"@id\":\"https:\/\/uelzener.de\/magazin\/hund\/erziehung-und-training\/futterneid-beim-hund-erkennen-abtrainieren\/#primaryimage\"},\"thumbnailUrl\":\"https:\/\/uelzener.de\/magazin\/app\/uploads\/2026\/01\/futterneid-hunde.jpg\",\"datePublished\":\"2026-01-22T16:10:21+00:00\",\"dateModified\":\"2026-03-31T08:11:45+00:00\",\"description\":\"Entdecke, was Futterneid bei Hunden bedeutet. Lerne, wie Angst das Verhalten beeinflusst und wie du helfen kannst.\",\"breadcrumb\":{\"@id\":\"https:\/\/uelzener.de\/magazin\/hund\/erziehung-und-training\/futterneid-beim-hund-erkennen-abtrainieren\/#breadcrumb\"},\"inLanguage\":\"de\",\"potentialAction\":[{\"@type\":\"ReadAction\",\"target\":[\"https:\/\/uelzener.de\/magazin\/hund\/erziehung-und-training\/futterneid-beim-hund-erkennen-abtrainieren\/\"]}]},{\"@type\":\"ImageObject\",\"inLanguage\":\"de\",\"@id\":\"https:\/\/uelzener.de\/magazin\/hund\/erziehung-und-training\/futterneid-beim-hund-erkennen-abtrainieren\/#primaryimage\",\"url\":\"https:\/\/uelzener.de\/magazin\/app\/uploads\/2026\/01\/futterneid-hunde.jpg\",\"contentUrl\":\"https:\/\/uelzener.de\/magazin\/app\/uploads\/2026\/01\/futterneid-hunde.jpg\",\"width\":1025,\"height\":450,\"caption\":\"Hunde beim Fressen aus einem Napf. Herrscht hier Futterneid?\"},{\"@type\":\"WebSite\",\"@id\":\"https:\/\/uelzener.de\/magazin\/#website\",\"url\":\"https:\/\/uelzener.de\/magazin\/\",\"name\":\"Uelzener Tiermagazin\",\"description\":\"Online Tierratgeber der Uelzener Versicherungen\",\"publisher\":{\"@id\":\"https:\/\/uelzener.de\/magazin\/#organization\"},\"potentialAction\":[{\"@type\":\"SearchAction\",\"target\":{\"@type\":\"EntryPoint\",\"urlTemplate\":\"https:\/\/uelzener.de\/magazin\/?s={search_term_string}\"},\"query-input\":{\"@type\":\"PropertyValueSpecification\",\"valueRequired\":true,\"valueName\":\"search_term_string\"}}],\"inLanguage\":\"de\"},{\"@type\":\"Organization\",\"@id\":\"https:\/\/uelzener.de\/magazin\/#organization\",\"name\":\"Uelzener Versicherungen\",\"url\":\"https:\/\/uelzener.de\/magazin\/\",\"logo\":{\"@type\":\"ImageObject\",\"inLanguage\":\"de\",\"@id\":\"https:\/\/uelzener.de\/magazin\/#\/schema\/logo\/image\/\",\"url\":\"https:\/\/uelzener.de\/magazin\/app\/uploads\/2024\/11\/uelzener_allgemeine_versicherungsgesellschaft_a_g_logo.jpg\",\"contentUrl\":\"https:\/\/uelzener.de\/magazin\/app\/uploads\/2024\/11\/uelzener_allgemeine_versicherungsgesellschaft_a_g_logo.jpg\",\"width\":200,\"height\":200,\"caption\":\"Uelzener Versicherungen\"},\"image\":{\"@id\":\"https:\/\/uelzener.de\/magazin\/#\/schema\/logo\/image\/\"},\"sameAs\":[\"https:\/\/www.facebook.com\/Uelzener\",\"https:\/\/instagram.com\/uelzener\",\"https:\/\/www.xing.com\/pages\/uelzenerallgemeineversicherungs-gesellschafta-g\",\"https:\/\/www.youtube.com\/UelzenerVersicherungen\"]}]}<\/script>\n<!-- \/ Yoast SEO Premium plugin. -->","yoast_head_json":{"title":"Futterneid beim Hund: Erkennen und abtrainieren | Uelzener Magazin","description":"Entdecke, was Futterneid bei Hunden bedeutet. Lerne, wie Angst das Verhalten beeinflusst und wie du helfen kannst.","robots":{"index":"index","follow":"follow","max-snippet":"max-snippet:-1","max-image-preview":"max-image-preview:large","max-video-preview":"max-video-preview:-1"},"canonical":"https:\/\/uelzener.de\/magazin\/hund\/erziehung-und-training\/futterneid-beim-hund-erkennen-abtrainieren\/","og_locale":"de_DE","og_type":"article","og_title":"Futterneid beim Hund: Erkennen und abtrainieren","og_description":"Entdecke, was Futterneid bei Hunden bedeutet. Lerne, wie Angst das Verhalten beeinflusst und wie du helfen kannst.","og_url":"https:\/\/uelzener.de\/magazin\/hund\/erziehung-und-training\/futterneid-beim-hund-erkennen-abtrainieren\/","og_site_name":"Uelzener Tier-Magazin","article_publisher":"https:\/\/www.facebook.com\/Uelzener","article_modified_time":"2026-03-31T08:11:45+00:00","og_image":[{"width":1025,"height":450,"url":"https:\/\/uelzener.de\/magazin\/app\/uploads\/2026\/01\/futterneid-hunde.jpg","type":"image\/jpeg"}],"twitter_card":"summary_large_image","twitter_misc":{"Gesch\u00e4tzte Lesezeit":"9\u00a0Minuten"},"schema":{"@context":"https:\/\/schema.org","@graph":[{"@type":"WebPage","@id":"https:\/\/uelzener.de\/magazin\/hund\/erziehung-und-training\/futterneid-beim-hund-erkennen-abtrainieren\/","url":"https:\/\/uelzener.de\/magazin\/hund\/erziehung-und-training\/futterneid-beim-hund-erkennen-abtrainieren\/","name":"Futterneid beim Hund: Erkennen und abtrainieren | Uelzener Magazin","isPartOf":{"@id":"https:\/\/uelzener.de\/magazin\/#website"},"primaryImageOfPage":{"@id":"https:\/\/uelzener.de\/magazin\/hund\/erziehung-und-training\/futterneid-beim-hund-erkennen-abtrainieren\/#primaryimage"},"image":{"@id":"https:\/\/uelzener.de\/magazin\/hund\/erziehung-und-training\/futterneid-beim-hund-erkennen-abtrainieren\/#primaryimage"},"thumbnailUrl":"https:\/\/uelzener.de\/magazin\/app\/uploads\/2026\/01\/futterneid-hunde.jpg","datePublished":"2026-01-22T16:10:21+00:00","dateModified":"2026-03-31T08:11:45+00:00","description":"Entdecke, was Futterneid bei Hunden bedeutet. Lerne, wie Angst das Verhalten beeinflusst und wie du helfen kannst.","breadcrumb":{"@id":"https:\/\/uelzener.de\/magazin\/hund\/erziehung-und-training\/futterneid-beim-hund-erkennen-abtrainieren\/#breadcrumb"},"inLanguage":"de","potentialAction":[{"@type":"ReadAction","target":["https:\/\/uelzener.de\/magazin\/hund\/erziehung-und-training\/futterneid-beim-hund-erkennen-abtrainieren\/"]}]},{"@type":"ImageObject","inLanguage":"de","@id":"https:\/\/uelzener.de\/magazin\/hund\/erziehung-und-training\/futterneid-beim-hund-erkennen-abtrainieren\/#primaryimage","url":"https:\/\/uelzener.de\/magazin\/app\/uploads\/2026\/01\/futterneid-hunde.jpg","contentUrl":"https:\/\/uelzener.de\/magazin\/app\/uploads\/2026\/01\/futterneid-hunde.jpg","width":1025,"height":450,"caption":"Hunde beim Fressen aus einem Napf. Herrscht hier Futterneid?"},{"@type":"WebSite","@id":"https:\/\/uelzener.de\/magazin\/#website","url":"https:\/\/uelzener.de\/magazin\/","name":"Uelzener Tiermagazin","description":"Online Tierratgeber der Uelzener Versicherungen","publisher":{"@id":"https:\/\/uelzener.de\/magazin\/#organization"},"potentialAction":[{"@type":"SearchAction","target":{"@type":"EntryPoint","urlTemplate":"https:\/\/uelzener.de\/magazin\/?s={search_term_string}"},"query-input":{"@type":"PropertyValueSpecification","valueRequired":true,"valueName":"search_term_string"}}],"inLanguage":"de"},{"@type":"Organization","@id":"https:\/\/uelzener.de\/magazin\/#organization","name":"Uelzener Versicherungen","url":"https:\/\/uelzener.de\/magazin\/","logo":{"@type":"ImageObject","inLanguage":"de","@id":"https:\/\/uelzener.de\/magazin\/#\/schema\/logo\/image\/","url":"https:\/\/uelzener.de\/magazin\/app\/uploads\/2024\/11\/uelzener_allgemeine_versicherungsgesellschaft_a_g_logo.jpg","contentUrl":"https:\/\/uelzener.de\/magazin\/app\/uploads\/2024\/11\/uelzener_allgemeine_versicherungsgesellschaft_a_g_logo.jpg","width":200,"height":200,"caption":"Uelzener Versicherungen"},"image":{"@id":"https:\/\/uelzener.de\/magazin\/#\/schema\/logo\/image\/"},"sameAs":["https:\/\/www.facebook.com\/Uelzener","https:\/\/instagram.com\/uelzener","https:\/\/www.xing.com\/pages\/uelzenerallgemeineversicherungs-gesellschafta-g","https:\/\/www.youtube.com\/UelzenerVersicherungen"]}]}},"_links":{"self":[{"href":"https:\/\/uelzener.de\/magazin\/wp-json\/wp\/v2\/pages\/19710","targetHints":{"allow":["GET"]}}],"collection":[{"href":"https:\/\/uelzener.de\/magazin\/wp-json\/wp\/v2\/pages"}],"about":[{"href":"https:\/\/uelzener.de\/magazin\/wp-json\/wp\/v2\/types\/page"}],"author":[{"embeddable":true,"href":"https:\/\/uelzener.de\/magazin\/wp-json\/wp\/v2\/users\/11"}],"replies":[{"embeddable":true,"href":"https:\/\/uelzener.de\/magazin\/wp-json\/wp\/v2\/comments?post=19710"}],"version-history":[{"count":4,"href":"https:\/\/uelzener.de\/magazin\/wp-json\/wp\/v2\/pages\/19710\/revisions"}],"predecessor-version":[{"id":19868,"href":"https:\/\/uelzener.de\/magazin\/wp-json\/wp\/v2\/pages\/19710\/revisions\/19868"}],"up":[{"embeddable":true,"href":"https:\/\/uelzener.de\/magazin\/wp-json\/wp\/v2\/pages\/11679"}],"wp:featuredmedia":[{"embeddable":true,"href":"https:\/\/uelzener.de\/magazin\/wp-json\/wp\/v2\/media\/19711"}],"wp:attachment":[{"href":"https:\/\/uelzener.de\/magazin\/wp-json\/wp\/v2\/media?parent=19710"}],"curies":[{"name":"wp","href":"https:\/\/api.w.org\/{rel}","templated":true}]}}