{"id":19707,"date":"2026-01-21T16:43:56","date_gmt":"2026-01-21T15:43:56","guid":{"rendered":"https:\/\/uelzener.de\/magazin\/?page_id=19707"},"modified":"2026-01-22T16:44:13","modified_gmt":"2026-01-22T15:44:13","slug":"sattel-lederpflege-im-winter-schutz-vor-schimmel-feuchtigkeit-kaelte","status":"publish","type":"page","link":"https:\/\/uelzener.de\/magazin\/pferd\/pflege\/sattel-lederpflege-im-winter-schutz-vor-schimmel-feuchtigkeit-kaelte\/","title":{"rendered":"Sattel- &#038; Lederpflege im Winter: Schutz vor Schimmel, Feuchtigkeit und K\u00e4lte"},"content":{"rendered":"<p><span style=\"font-weight: 400;\">Ob Sattel, Zaumzeug oder Steigriemen \u2013 Pferde- und Reitausr\u00fcstung besteht oft aus Leder. Zwar gibt es heutzutage viel Zubeh\u00f6r aus Kunststoff. Aufgrund seiner Eigenschaften ist Leder jedoch weiterhin verbreitet. Es ist langlebig, strapazierf\u00e4hig und passt sich mit der Zeit optimal an.<\/span><\/p>\n<p><span style=\"font-weight: 400;\">Als Naturmaterial ist Leder jedoch empfindlicher als synthetische Alternativen. Feuchtigkeit und Temperaturschwankungen k\u00f6nnen ihm zusetzen. Besonders im Winter wird Leder stark beansprucht. N\u00e4sse, K\u00e4lte und schlechte Bel\u00fcftung beeintr\u00e4chtigen nicht nur die Optik, sondern auch die Geschmeidigkeit und Haltbarkeit.\u00a0<\/span><\/p>\n<p><span style=\"font-weight: 400;\">Mit guter Pflege kannst du dagegen steuern. Wir verraten dir, worauf es dabei ankommt.<\/span><\/p>\n<h2>So pflegst du Leder in der kalten Jahreszeit<\/h2>\n<p><span style=\"font-weight: 400;\">Sattel- und Lederpflege ist in der kalten Jahreszeit besonders wichtig. Ausr\u00fcstung, Kleidung und Zubeh\u00f6r sind verst\u00e4rkt N\u00e4sse ausgesetzt, sei es durch Regen, Schnee, Matsch oder Kondenswasser. Das ist ein Problem, weil Leder Feuchtigkeit nicht gut vertr\u00e4gt.<\/span><\/p>\n<p><span style=\"font-weight: 400;\">Die N\u00e4sse dringt in das Material ein. Es wird steif, verf\u00e4rbt sich und verrottet. In manchen F\u00e4llen bildet sich Schimmel oder Mehltau. Das setzt dem Material ebenfalls zu und kann gesundheitssch\u00e4dlich sein. Ist das Leder nicht mehr intakt, besteht die Gefahr, dass es rei\u00dft. Dadurch steigt das Risiko von Unf\u00e4llen und Verletzungen.<\/span><\/p>\n<p><span style=\"font-weight: 400;\">S\u00e4ttel und andere Lederausr\u00fcstung m\u00fcssen daher regelm\u00e4\u00dfig gepflegt und richtig gelagert werden.<\/span><\/p>\n<h3>Sattel und Lederzeug richtig reinigen und trocknen<\/h3>\n<p><span style=\"font-weight: 400;\">Schwei\u00df, Staub und Schmutz sind sch\u00e4dlich f\u00fcr Leder. Sie sind ein N\u00e4hrboden f\u00fcr Pilze und Bakterien. Schimmel kann die Folge sein. Deswegen sollten S\u00e4ttel und andere Lederteile nach jeder Benutzung gereinigt werden.\u00a0<\/span><\/p>\n<p><span style=\"font-weight: 400;\">So gehst du vor:<\/span><\/p>\n<ul>\n<li style=\"font-weight: 400;\" aria-level=\"1\"><span style=\"font-weight: 400;\">Nimm einen leicht angefeuchteten Schwamm oder ein weiches Tuch.<\/span><\/li>\n<li style=\"font-weight: 400;\" aria-level=\"1\"><span style=\"font-weight: 400;\">Entferne damit Schwei\u00dfr\u00e4nder, Schmutz und andere Verunreinigungen.<\/span><\/li>\n<li style=\"font-weight: 400;\" aria-level=\"1\"><span style=\"font-weight: 400;\">Achte darauf, das Leder nicht zu durchn\u00e4ssen.<\/span><\/li>\n<li style=\"font-weight: 400;\" aria-level=\"1\"><span style=\"font-weight: 400;\">Lass die Ausr\u00fcstung nach der Reinigung gut trocknen.\u00a0<\/span><\/li>\n<li style=\"font-weight: 400;\" aria-level=\"1\"><span style=\"font-weight: 400;\">Achte darauf, dass sie dabei von allen Seiten gut bel\u00fcftet wird.\u00a0<\/span><\/li>\n<li style=\"font-weight: 400;\" aria-level=\"1\"><span style=\"font-weight: 400;\">Vermeide Heizungsw\u00e4rme. Sie kann das Leder spr\u00f6de und br\u00fcchig machen.<\/span><\/li>\n<\/ul>\n<p><span style=\"font-weight: 400;\">Dar\u00fcber hinaus solltest du deine Lederausr\u00fcstung mindestens alle zwei Wochen gr\u00fcndlich mit Sattel- oder Lederseife reinigen. So entfernst du tiefsitzenden Schmutz.<\/span><\/p>\n<h3>Pflegen, n\u00e4hren, sch\u00fctzen: Was Leder im Winter braucht<\/h3>\n<p><span style=\"font-weight: 400;\">Bei K\u00e4lte verliert Leder schnell Feuchtigkeit. Dar\u00fcber werden auch enthaltene Fette herausgesp\u00fclt. Die Folge: Das Material wird steif und br\u00fcchig.<\/span><\/p>\n<p><span style=\"font-weight: 400;\">Spezielle Produkte f\u00fcr die Sattel- und Lederpflege verhindern das. Sie versorgen das Leder mit Fett. Das erh\u00e4lt die Elastizit\u00e4t und sch\u00fctzt vor Austrocknung. Gebr\u00e4uchlich sind beispielsweise:<\/span><\/p>\n<ul>\n<li style=\"font-weight: 400;\" aria-level=\"1\"><b>Lederfett<\/b><span style=\"font-weight: 400;\">: z\u00e4he bis cremige Konsistenz<\/span><\/li>\n<li style=\"font-weight: 400;\" aria-level=\"1\"><b>Lederbalsam<\/b><span style=\"font-weight: 400;\">: leichtere, emulsionsartige Konsistenz<\/span><\/li>\n<li style=\"font-weight: 400;\" aria-level=\"1\"><b>Leder\u00f6l<\/b><span style=\"font-weight: 400;\">: fl\u00fcssige Konsistenz<\/span><\/li>\n<li style=\"font-weight: 400;\" aria-level=\"1\"><b>Lederspray<\/b><span style=\"font-weight: 400;\">: fl\u00fcssig, zum Aufspr\u00fchen<\/span><\/li>\n<li style=\"font-weight: 400;\" aria-level=\"1\"><b>Lederschaum<\/b><span style=\"font-weight: 400;\">: schaumige Konsistenz<\/span><\/li>\n<\/ul>\n<p><span style=\"font-weight: 400;\">Reinigung und Pflege gehen Hand in Hand. Beim Auftrag eines Pflegeprodukts muss das Leder immer trocken und sauber sein. Nur dann k\u00f6nnen die Inhaltsstoffe gut in das Material einziehen.<\/span><\/p>\n<p><span style=\"font-weight: 400;\">Am besten l\u00e4sst du das Pflegemittel nach dem Auftrag ein paar Minuten einwirken. Dann arbeitest du es mit einem Baumwolltuch oder einer weichen B\u00fcrste ein. Mitunter kann es notwendig sein, im Anschluss noch einmal nachzupolieren. Das Leder erh\u00e4lt dann einen sch\u00f6nen Glanz.<\/span><\/p>\n<p><span style=\"font-weight: 400;\">Auch seltener gebrauchte Gegenst\u00e4nde m\u00fcssen in regelm\u00e4\u00dfigen Abst\u00e4nden gereinigt und gefettet werden. So bleiben sie intakt und sind jederzeit einsatzbereit.<\/span><\/p>\n<p><span style=\"font-weight: 400;\">Tipp: Mit Kombinationsprodukten kannst du dir die Arbeit erleichtern. Das sind Pflegemittel, die in einem Schritt reinigen, impr\u00e4gnieren und pflegen.\u00a0<\/span><\/p>\n<h3>Sattel und Lederausr\u00fcstung richtig lagern: Darauf kommt es im Winter an<\/h3>\n<p><span style=\"font-weight: 400;\">Der Aufbewahrungsort f\u00fcr S\u00e4ttel und Lederausr\u00fcstung sollte frostfrei und gut bel\u00fcftet sein. Gut geeignet ist eine Sattelkammer. Die Luft muss darin zirkulieren k\u00f6nnen.\u00a0<\/span><\/p>\n<p><span style=\"font-weight: 400;\">Optimal ist Luftfeuchtigkeit von 40 bis 60 %. Ist sie zu hoch, kann ein Luftentfeuchter helfen. Was die Temperatur betrifft, sind 10 bis 18 \u00b0C ideal. Sollte es k\u00fchler sein, kannst du einen Heizl\u00fcfter aufstellen. Achte darauf, dass es in der Kammer nicht zu warm wird. Das Leder darf der Heizluft nicht direkt ausgesetzt sein. Andernfalls trocknet es aus. Dasselbe gilt \u00fcbrigens auch bei direkter Sonneneinstrahlung.<\/span><\/p>\n<p><span style=\"font-weight: 400;\">S\u00e4ttel und Lederteile sollte man nur in sauberem Zustand einlagern. S\u00e4ttel werden am besten in einem Sattelschoner oder einer luftdurchl\u00e4ssigen H\u00fclle aufbewahrt. So bleiben sie vor Staub und Kratzern gesch\u00fctzt. Sattelhalter sind praktisch, um den Sattel in Form zu halten. Zaumzeug ist am besten auf einem St\u00e4nder oder in einem gut bel\u00fcfteten Koffer aufgehoben.<\/span><\/p>\n<p><span style=\"font-weight: 400;\">Lederausr\u00fcstung zu pflegen, ist mit Aufwand verbunden. Aber es lohnt sich. Vor allem S\u00e4ttel sind in der Anschaffung sehr kostspielig. Mit guter Pflege hast du lange Freude daran.<\/span><\/p>\n<h3>Was tun gegen Schimmel?<\/h3>\n<p><span style=\"font-weight: 400;\">Am besten kommt es erst gar nicht zu Schimmel. Eine sorgsame Pflege und eine geeignete Lagerung sind dabei das A und O. Trotzdem ist es nicht immer m\u00f6glich, Lederzeug unter Idealbedingungen aufzubewahren. In dem Fall k\u00f6nnen Lederreinigungsprodukte mit Antischimmel-Formel helfen. Sie enthalten Inhaltsstoffe (Essig o.\u00e4.), die Schimmelsporen eliminieren.\u00a0<\/span><\/p>\n<h2>Fazit<\/h2>\n<p><span style=\"font-weight: 400;\">Im Winter ist in besonderem Ma\u00df auf eine umfassende Pflege von Sattel und Lederausr\u00fcstung zu achten. K\u00e4lte, Feuchtigkeit und schlechte Luftverh\u00e4ltnisse k\u00f6nnen dem empfindlichen Naturmaterial zusetzen. Dem l\u00e4sst sich entgegenwirken: mit regelm\u00e4\u00dfiger Reinigung, guter Pflege und einer geeigneten Lagerung. So bleiben Sattel und Lederteile intakt und geschmeidig.<\/span><\/p>\n\n<div class=\"related_articles boxed\">\n    <h2>Mehr zum Thema<\/h2>\n    \n    <div class=\"wrapper\"><div class=\"title align-center\"><h3><a href=\"https:\/\/uelzener.de\/magazin\/pferd\/tiergesundheit\/hautpilz-bei-pferden-erkennen-behandeln-und-vorbeugen\/\">Hautpilz bei Pferden erkennen, behandeln und vorbeugen<\/a><\/h3><\/div><div class=\"img align-center\"><img decoding=\"async\" width=\"315\" height=\"180\" src=\"https:\/\/uelzener.de\/magazin\/app\/uploads\/2025\/07\/pferd-hautpilz-315x180.jpg\" class=\"attachment-315x180 size-315x180 wp-post-image\" alt=\"Pferd zeigt Symptome von einem Hautpilz.\" \/><\/div><\/div><div class=\"wrapper\"><div class=\"title align-center\"><h3><a href=\"https:\/\/uelzener.de\/magazin\/pferd\/tipps-fuer-den-alltag\/mentale-staerke-im-sattel-julia-krajewski\/\">Mentale St\u00e4rke im Sattel \u2013 Was Julia Krajewski auf Kurs h\u00e4lt<\/a><\/h3><\/div><div class=\"img align-center\"><img decoding=\"async\" width=\"315\" height=\"138\" src=\"https:\/\/uelzener.de\/magazin\/app\/uploads\/2025\/10\/Magazin_Header-1025x450-px-1025x450-px-47.png\" class=\"attachment-315x180 size-315x180 wp-post-image\" alt=\"Olympiasiegerin Julia mit ihrem Pferd Nickel.\" \/><\/div><\/div><\/div>\n\n<h2>FAQ \u2013 h\u00e4ufig gestellte Fragen zum Thema Sattel- und Lederpflege<\/h2>\n<h3>Was ist in Produkten f\u00fcr die Leder- und Sattelpflege enthalten?<\/h3>\n<p><span style=\"font-weight: 400;\">H\u00e4ufige Inhaltsstoffe von Lederpflegeprodukten sind:\u00a0<\/span><\/p>\n<ul>\n<li style=\"font-weight: 400;\" aria-level=\"1\"><span style=\"font-weight: 400;\">Vaseline<\/span><\/li>\n<li style=\"font-weight: 400;\" aria-level=\"1\"><span style=\"font-weight: 400;\">Harze<\/span><\/li>\n<li style=\"font-weight: 400;\" aria-level=\"1\"><span style=\"font-weight: 400;\">Wachse (Carnaubawachs, Bienenwachs etc.)<\/span><\/li>\n<li style=\"font-weight: 400;\" aria-level=\"1\"><span style=\"font-weight: 400;\">Lanolin (Wollfett)<\/span><\/li>\n<li style=\"font-weight: 400;\" aria-level=\"1\"><span style=\"font-weight: 400;\">Kokosfett<\/span><\/li>\n<li style=\"font-weight: 400;\" aria-level=\"1\"><span style=\"font-weight: 400;\">Rizinus\u00f6l<\/span><\/li>\n<li style=\"font-weight: 400;\" aria-level=\"1\"><span style=\"font-weight: 400;\">Raps\u00f6l<\/span><\/li>\n<li style=\"font-weight: 400;\" aria-level=\"1\"><span style=\"font-weight: 400;\">Jojoba\u00f6l<\/span><\/li>\n<li style=\"font-weight: 400;\" aria-level=\"1\"><span style=\"font-weight: 400;\">Paraffine<\/span><\/li>\n<\/ul>\n<h3>Woran erkenne ich, dass Leder Pflege braucht?<\/h3>\n<p><span style=\"font-weight: 400;\">Typische Anzeichen sind ein stumpfes Aussehen, raue Stellen, Knarzger\u00e4usche beim Bewegen und ein leichtes \u201eTrockenheitsgef\u00fchl\u201c beim Anfassen.\u00a0<\/span><\/p>\n<h3>Warum ist Schwei\u00df sch\u00e4dlich f\u00fcr Leder- und Sattelzeug?<\/h3>\n<p><span style=\"font-weight: 400;\">Problematisch sind vor allem die enthaltenen Salze. Sie dringen in die Poren des Leders ein und trocknet es aus.\u00a0<\/span><\/p>\n<h3>Kann man Leder \u00fcberpflegen?<\/h3>\n<p><span style=\"font-weight: 400;\">Ja. Wenn man Leder zu oft fettet, kann es \u00f6lig und speckig werden. Das hat mehrere Nachteile. Zum anderen verstopfen die Poren und das Leder kann nicht mehr \u201eatmen\u201c. Zum anderen kann die Oberfl\u00e4che rutschig werden. Dann besteht Verletzungsgefahr beim Reiten, etwa wenn Z\u00fcgel und Sattel nicht genug Grip bieten.<\/span><\/p>\n<h3>Wie lange h\u00e4lt ein gut gepflegter Sattel?<\/h3>\n<p><span style=\"font-weight: 400;\">Bei guter Pflege kann ein hochwertiger Ledersattel 20 bis 30 Jahre halten.<\/span><\/p>\n<h3>Wie wirkt sich Stallstaub auf Leder aus?<\/h3>\n<p><span style=\"font-weight: 400;\">Staub wirkt wie feines Schleifpapier. Er kann die Lederoberfl\u00e4che langfristig sch\u00e4digen, wenn er nicht entfernt wird.<\/span><\/p>\n<h3>Kann Leder im Winter schneller brechen?<\/h3>\n<p><span style=\"font-weight: 400;\">Ja. K\u00e4lte trocknet Leder aus. Es ist dann weniger elastisch und anf\u00e4lliger f\u00fcr Risse.<\/span><\/p>\n<h3>Welche Folgen kann ein schlecht gepflegter Sattel f\u00fcr das Pferd haben?<\/h3>\n<p><span style=\"font-weight: 400;\">Unzureichend gepflegte S\u00e4ttel k\u00f6nnen Druck- und Scheuerstellen beim Pferd verursachen. F\u00fcr die Tiergesundheit ist eine intakte Ausr\u00fcstung sehr wichtig. Verantwortungsbewusste Halter und Halterinnen, denen Vorsorge am Herzen liegt, k\u00f6nnen sich mit einer <\/span><span style=\"font-weight: 400;\">Pferdekrankenversicherung<\/span><span style=\"font-weight: 400;\"> absichern. Sie sch\u00fctzt vor hohen Tierarztkosten. So kann das Pferd im Ernstfall bestm\u00f6glich versorgt werden.<\/span><\/p>\n\n<div class=\"banner\">\n    <a href=\"https:\/\/uelzener.de\/pferd\/herden-versicherung\/?agt=0000104925&sem=true&utm_medium=magazin&utm_source=wordpress&utm_campaign=pferd_kv&utm_content=banner    \">\n        <img decoding=\"async\" width=\"300\" height=\"212\" src=\"https:\/\/uelzener.de\/magazin\/app\/uploads\/2025\/01\/Pferde-Kranken-Versicherung.jpg\" class=\"attachment-medium size-medium\" alt=\"Banner Pferde-Kranken-Versicherung\" \/>    <\/a>\n<\/div>\n\n","protected":false},"excerpt":{"rendered":"<p>Ob Sattel, Zaumzeug oder Steigriemen \u2013 Pferde- und Reitausr\u00fcstung besteht oft aus Leder. Zwar gibt es heutzutage viel Zubeh\u00f6r aus Kunststoff. Aufgrund seiner Eigenschaften ist Leder jedoch weiterhin verbreitet. Es ist langlebig, strapazierf\u00e4hig und passt sich mit der Zeit optimal an. Als Naturmaterial ist Leder jedoch empfindlicher als synthetische Alternativen. Feuchtigkeit und Temperaturschwankungen k\u00f6nnen ihm [&hellip;]<\/p>\n","protected":false},"author":11,"featured_media":19708,"parent":11693,"menu_order":4,"comment_status":"closed","ping_status":"closed","template":"templates\/blog.php","meta":{"_acf_changed":false,"_crdt_document":"","footnotes":"","beyondwords_generate_audio":"","beyondwords_project_id":"","beyondwords_content_id":"","beyondwords_preview_token":"","beyondwords_player_style":"","beyondwords_language_id":"","beyondwords_title_voice_id":"","beyondwords_body_voice_id":"","beyondwords_summary_voice_id":"","beyondwords_error_message":"","beyondwords_disabled":"","beyondwords_delete_content":"","beyondwords_podcast_id":"","beyondwords_hash":"","publish_post_to_speechkit":"","speechkit_hash":"","speechkit_generate_audio":"","speechkit_project_id":"","speechkit_podcast_id":"","speechkit_error_message":"","speechkit_disabled":"","speechkit_access_key":"","speechkit_error":"","speechkit_info":"","speechkit_response":"","speechkit_retries":"","speechkit_status":"","speechkit_updated_at":"","_speechkit_link":"","_speechkit_text":""},"class_list":["post-19707","page","type-page","status-publish","has-post-thumbnail","hentry"],"acf":[],"yoast_head":"<!-- This site is optimized with the Yoast SEO Premium plugin  - https:\/\/yoast.com\/product\/yoast-seo-premium-wordpress\/ -->\n<title>Sattel- &amp; Lederpflege im Winter: Schutz vor Schimmel, Feuchtigkeit und K\u00e4lte | Uelzener Magazin<\/title>\n<meta name=\"description\" content=\"Entdecke die besten Tipps zur Sattelpflege. Sch\u00fctze Leder vor N\u00e4sse und K\u00e4lte mit effektiven Pflegemethoden.\" \/>\n<meta name=\"robots\" content=\"index, follow, max-snippet:-1, max-image-preview:large, max-video-preview:-1\" \/>\n<link rel=\"canonical\" href=\"https:\/\/uelzener.de\/magazin\/pferd\/pflege\/sattel-lederpflege-im-winter-schutz-vor-schimmel-feuchtigkeit-kaelte\/\" \/>\n<meta property=\"og:locale\" content=\"de_DE\" \/>\n<meta property=\"og:type\" content=\"article\" \/>\n<meta property=\"og:title\" content=\"Sattel- &amp; Lederpflege im Winter: Schutz vor Schimmel, Feuchtigkeit und K\u00e4lte\" \/>\n<meta property=\"og:description\" content=\"Entdecke die besten Tipps zur Sattelpflege. Sch\u00fctze Leder vor N\u00e4sse und K\u00e4lte mit effektiven Pflegemethoden.\" \/>\n<meta property=\"og:url\" content=\"https:\/\/uelzener.de\/magazin\/pferd\/pflege\/sattel-lederpflege-im-winter-schutz-vor-schimmel-feuchtigkeit-kaelte\/\" \/>\n<meta property=\"og:site_name\" content=\"Uelzener Tier-Magazin\" \/>\n<meta property=\"article:publisher\" content=\"https:\/\/www.facebook.com\/Uelzener\" \/>\n<meta property=\"article:modified_time\" content=\"2026-01-22T15:44:13+00:00\" \/>\n<meta property=\"og:image\" content=\"https:\/\/uelzener.de\/magazin\/app\/uploads\/2026\/01\/sattelpflege-winter.jpg\" \/>\n\t<meta property=\"og:image:width\" content=\"1025\" \/>\n\t<meta property=\"og:image:height\" content=\"450\" \/>\n\t<meta property=\"og:image:type\" content=\"image\/jpeg\" \/>\n<meta name=\"twitter:card\" content=\"summary_large_image\" \/>\n<meta name=\"twitter:label1\" content=\"Gesch\u00e4tzte Lesezeit\" \/>\n\t<meta name=\"twitter:data1\" content=\"7\u00a0Minuten\" \/>\n<script type=\"application\/ld+json\" class=\"yoast-schema-graph\">{\"@context\":\"https:\/\/schema.org\",\"@graph\":[{\"@type\":\"WebPage\",\"@id\":\"https:\/\/uelzener.de\/magazin\/pferd\/pflege\/sattel-lederpflege-im-winter-schutz-vor-schimmel-feuchtigkeit-kaelte\/\",\"url\":\"https:\/\/uelzener.de\/magazin\/pferd\/pflege\/sattel-lederpflege-im-winter-schutz-vor-schimmel-feuchtigkeit-kaelte\/\",\"name\":\"Sattel- & Lederpflege im Winter: Schutz vor Schimmel, Feuchtigkeit und K\u00e4lte | Uelzener Magazin\",\"isPartOf\":{\"@id\":\"https:\/\/uelzener.de\/magazin\/#website\"},\"primaryImageOfPage\":{\"@id\":\"https:\/\/uelzener.de\/magazin\/pferd\/pflege\/sattel-lederpflege-im-winter-schutz-vor-schimmel-feuchtigkeit-kaelte\/#primaryimage\"},\"image\":{\"@id\":\"https:\/\/uelzener.de\/magazin\/pferd\/pflege\/sattel-lederpflege-im-winter-schutz-vor-schimmel-feuchtigkeit-kaelte\/#primaryimage\"},\"thumbnailUrl\":\"https:\/\/uelzener.de\/magazin\/app\/uploads\/2026\/01\/sattelpflege-winter.jpg\",\"datePublished\":\"2026-01-21T15:43:56+00:00\",\"dateModified\":\"2026-01-22T15:44:13+00:00\",\"description\":\"Entdecke die besten Tipps zur Sattelpflege. Sch\u00fctze Leder vor N\u00e4sse und K\u00e4lte mit effektiven Pflegemethoden.\",\"breadcrumb\":{\"@id\":\"https:\/\/uelzener.de\/magazin\/pferd\/pflege\/sattel-lederpflege-im-winter-schutz-vor-schimmel-feuchtigkeit-kaelte\/#breadcrumb\"},\"inLanguage\":\"de\",\"potentialAction\":[{\"@type\":\"ReadAction\",\"target\":[\"https:\/\/uelzener.de\/magazin\/pferd\/pflege\/sattel-lederpflege-im-winter-schutz-vor-schimmel-feuchtigkeit-kaelte\/\"]}]},{\"@type\":\"ImageObject\",\"inLanguage\":\"de\",\"@id\":\"https:\/\/uelzener.de\/magazin\/pferd\/pflege\/sattel-lederpflege-im-winter-schutz-vor-schimmel-feuchtigkeit-kaelte\/#primaryimage\",\"url\":\"https:\/\/uelzener.de\/magazin\/app\/uploads\/2026\/01\/sattelpflege-winter.jpg\",\"contentUrl\":\"https:\/\/uelzener.de\/magazin\/app\/uploads\/2026\/01\/sattelpflege-winter.jpg\",\"width\":1025,\"height\":450,\"caption\":\"Sattel von Schnee bedeckt.\"},{\"@type\":\"WebSite\",\"@id\":\"https:\/\/uelzener.de\/magazin\/#website\",\"url\":\"https:\/\/uelzener.de\/magazin\/\",\"name\":\"Uelzener Tiermagazin\",\"description\":\"Online Tierratgeber der Uelzener Versicherungen\",\"publisher\":{\"@id\":\"https:\/\/uelzener.de\/magazin\/#organization\"},\"potentialAction\":[{\"@type\":\"SearchAction\",\"target\":{\"@type\":\"EntryPoint\",\"urlTemplate\":\"https:\/\/uelzener.de\/magazin\/?s={search_term_string}\"},\"query-input\":{\"@type\":\"PropertyValueSpecification\",\"valueRequired\":true,\"valueName\":\"search_term_string\"}}],\"inLanguage\":\"de\"},{\"@type\":\"Organization\",\"@id\":\"https:\/\/uelzener.de\/magazin\/#organization\",\"name\":\"Uelzener Versicherungen\",\"url\":\"https:\/\/uelzener.de\/magazin\/\",\"logo\":{\"@type\":\"ImageObject\",\"inLanguage\":\"de\",\"@id\":\"https:\/\/uelzener.de\/magazin\/#\/schema\/logo\/image\/\",\"url\":\"https:\/\/uelzener.de\/magazin\/app\/uploads\/2024\/11\/uelzener_allgemeine_versicherungsgesellschaft_a_g_logo.jpg\",\"contentUrl\":\"https:\/\/uelzener.de\/magazin\/app\/uploads\/2024\/11\/uelzener_allgemeine_versicherungsgesellschaft_a_g_logo.jpg\",\"width\":200,\"height\":200,\"caption\":\"Uelzener Versicherungen\"},\"image\":{\"@id\":\"https:\/\/uelzener.de\/magazin\/#\/schema\/logo\/image\/\"},\"sameAs\":[\"https:\/\/www.facebook.com\/Uelzener\",\"https:\/\/instagram.com\/uelzener\",\"https:\/\/www.xing.com\/pages\/uelzenerallgemeineversicherungs-gesellschafta-g\",\"https:\/\/www.youtube.com\/UelzenerVersicherungen\"]}]}<\/script>\n<!-- \/ Yoast SEO Premium plugin. -->","yoast_head_json":{"title":"Sattel- & Lederpflege im Winter: Schutz vor Schimmel, Feuchtigkeit und K\u00e4lte | Uelzener Magazin","description":"Entdecke die besten Tipps zur Sattelpflege. Sch\u00fctze Leder vor N\u00e4sse und K\u00e4lte mit effektiven Pflegemethoden.","robots":{"index":"index","follow":"follow","max-snippet":"max-snippet:-1","max-image-preview":"max-image-preview:large","max-video-preview":"max-video-preview:-1"},"canonical":"https:\/\/uelzener.de\/magazin\/pferd\/pflege\/sattel-lederpflege-im-winter-schutz-vor-schimmel-feuchtigkeit-kaelte\/","og_locale":"de_DE","og_type":"article","og_title":"Sattel- & Lederpflege im Winter: Schutz vor Schimmel, Feuchtigkeit und K\u00e4lte","og_description":"Entdecke die besten Tipps zur Sattelpflege. Sch\u00fctze Leder vor N\u00e4sse und K\u00e4lte mit effektiven Pflegemethoden.","og_url":"https:\/\/uelzener.de\/magazin\/pferd\/pflege\/sattel-lederpflege-im-winter-schutz-vor-schimmel-feuchtigkeit-kaelte\/","og_site_name":"Uelzener Tier-Magazin","article_publisher":"https:\/\/www.facebook.com\/Uelzener","article_modified_time":"2026-01-22T15:44:13+00:00","og_image":[{"width":1025,"height":450,"url":"https:\/\/uelzener.de\/magazin\/app\/uploads\/2026\/01\/sattelpflege-winter.jpg","type":"image\/jpeg"}],"twitter_card":"summary_large_image","twitter_misc":{"Gesch\u00e4tzte Lesezeit":"7\u00a0Minuten"},"schema":{"@context":"https:\/\/schema.org","@graph":[{"@type":"WebPage","@id":"https:\/\/uelzener.de\/magazin\/pferd\/pflege\/sattel-lederpflege-im-winter-schutz-vor-schimmel-feuchtigkeit-kaelte\/","url":"https:\/\/uelzener.de\/magazin\/pferd\/pflege\/sattel-lederpflege-im-winter-schutz-vor-schimmel-feuchtigkeit-kaelte\/","name":"Sattel- & Lederpflege im Winter: Schutz vor Schimmel, Feuchtigkeit und K\u00e4lte | Uelzener Magazin","isPartOf":{"@id":"https:\/\/uelzener.de\/magazin\/#website"},"primaryImageOfPage":{"@id":"https:\/\/uelzener.de\/magazin\/pferd\/pflege\/sattel-lederpflege-im-winter-schutz-vor-schimmel-feuchtigkeit-kaelte\/#primaryimage"},"image":{"@id":"https:\/\/uelzener.de\/magazin\/pferd\/pflege\/sattel-lederpflege-im-winter-schutz-vor-schimmel-feuchtigkeit-kaelte\/#primaryimage"},"thumbnailUrl":"https:\/\/uelzener.de\/magazin\/app\/uploads\/2026\/01\/sattelpflege-winter.jpg","datePublished":"2026-01-21T15:43:56+00:00","dateModified":"2026-01-22T15:44:13+00:00","description":"Entdecke die besten Tipps zur Sattelpflege. Sch\u00fctze Leder vor N\u00e4sse und K\u00e4lte mit effektiven Pflegemethoden.","breadcrumb":{"@id":"https:\/\/uelzener.de\/magazin\/pferd\/pflege\/sattel-lederpflege-im-winter-schutz-vor-schimmel-feuchtigkeit-kaelte\/#breadcrumb"},"inLanguage":"de","potentialAction":[{"@type":"ReadAction","target":["https:\/\/uelzener.de\/magazin\/pferd\/pflege\/sattel-lederpflege-im-winter-schutz-vor-schimmel-feuchtigkeit-kaelte\/"]}]},{"@type":"ImageObject","inLanguage":"de","@id":"https:\/\/uelzener.de\/magazin\/pferd\/pflege\/sattel-lederpflege-im-winter-schutz-vor-schimmel-feuchtigkeit-kaelte\/#primaryimage","url":"https:\/\/uelzener.de\/magazin\/app\/uploads\/2026\/01\/sattelpflege-winter.jpg","contentUrl":"https:\/\/uelzener.de\/magazin\/app\/uploads\/2026\/01\/sattelpflege-winter.jpg","width":1025,"height":450,"caption":"Sattel von Schnee bedeckt."},{"@type":"WebSite","@id":"https:\/\/uelzener.de\/magazin\/#website","url":"https:\/\/uelzener.de\/magazin\/","name":"Uelzener Tiermagazin","description":"Online Tierratgeber der Uelzener Versicherungen","publisher":{"@id":"https:\/\/uelzener.de\/magazin\/#organization"},"potentialAction":[{"@type":"SearchAction","target":{"@type":"EntryPoint","urlTemplate":"https:\/\/uelzener.de\/magazin\/?s={search_term_string}"},"query-input":{"@type":"PropertyValueSpecification","valueRequired":true,"valueName":"search_term_string"}}],"inLanguage":"de"},{"@type":"Organization","@id":"https:\/\/uelzener.de\/magazin\/#organization","name":"Uelzener Versicherungen","url":"https:\/\/uelzener.de\/magazin\/","logo":{"@type":"ImageObject","inLanguage":"de","@id":"https:\/\/uelzener.de\/magazin\/#\/schema\/logo\/image\/","url":"https:\/\/uelzener.de\/magazin\/app\/uploads\/2024\/11\/uelzener_allgemeine_versicherungsgesellschaft_a_g_logo.jpg","contentUrl":"https:\/\/uelzener.de\/magazin\/app\/uploads\/2024\/11\/uelzener_allgemeine_versicherungsgesellschaft_a_g_logo.jpg","width":200,"height":200,"caption":"Uelzener Versicherungen"},"image":{"@id":"https:\/\/uelzener.de\/magazin\/#\/schema\/logo\/image\/"},"sameAs":["https:\/\/www.facebook.com\/Uelzener","https:\/\/instagram.com\/uelzener","https:\/\/www.xing.com\/pages\/uelzenerallgemeineversicherungs-gesellschafta-g","https:\/\/www.youtube.com\/UelzenerVersicherungen"]}]}},"_links":{"self":[{"href":"https:\/\/uelzener.de\/magazin\/wp-json\/wp\/v2\/pages\/19707","targetHints":{"allow":["GET"]}}],"collection":[{"href":"https:\/\/uelzener.de\/magazin\/wp-json\/wp\/v2\/pages"}],"about":[{"href":"https:\/\/uelzener.de\/magazin\/wp-json\/wp\/v2\/types\/page"}],"author":[{"embeddable":true,"href":"https:\/\/uelzener.de\/magazin\/wp-json\/wp\/v2\/users\/11"}],"replies":[{"embeddable":true,"href":"https:\/\/uelzener.de\/magazin\/wp-json\/wp\/v2\/comments?post=19707"}],"version-history":[{"count":1,"href":"https:\/\/uelzener.de\/magazin\/wp-json\/wp\/v2\/pages\/19707\/revisions"}],"predecessor-version":[{"id":19709,"href":"https:\/\/uelzener.de\/magazin\/wp-json\/wp\/v2\/pages\/19707\/revisions\/19709"}],"up":[{"embeddable":true,"href":"https:\/\/uelzener.de\/magazin\/wp-json\/wp\/v2\/pages\/11693"}],"wp:featuredmedia":[{"embeddable":true,"href":"https:\/\/uelzener.de\/magazin\/wp-json\/wp\/v2\/media\/19708"}],"wp:attachment":[{"href":"https:\/\/uelzener.de\/magazin\/wp-json\/wp\/v2\/media?parent=19707"}],"curies":[{"name":"wp","href":"https:\/\/api.w.org\/{rel}","templated":true}]}}