{"id":19695,"date":"2026-01-21T12:35:51","date_gmt":"2026-01-21T11:35:51","guid":{"rendered":"https:\/\/uelzener.de\/magazin\/?page_id=19695"},"modified":"2026-01-21T12:35:51","modified_gmt":"2026-01-21T11:35:51","slug":"uelzener-versicherungen-unterstuetzen-bewegungspass-fuer-aktiveren-alltag-von-kindern","status":"publish","type":"page","link":"https:\/\/uelzener.de\/magazin\/wir\/uelzener-versicherungen-unterstuetzen-bewegungspass-fuer-aktiveren-alltag-von-kindern\/","title":{"rendered":"Wir unterst\u00fctzen den Bewegungspass: F\u00fcr einen aktiveren Alltag von Kindern"},"content":{"rendered":"<p data-renderer-start-pos=\"167\">Bewegung h\u00e4lt fit, macht Spa\u00df und st\u00e4rkt das Miteinander. Besonders bei Kindern spielt sie eine wichtige Rolle f\u00fcr eine gesunde Entwicklung. Deshalb freuen wir uns sehr den Bewegungspass im Landkreis Uelzen unterst\u00fctzt zu haben.<\/p>\n<p data-renderer-start-pos=\"397\">Im rund vierw\u00f6chigen Aktionszeitraum waren Kinder eingeladen, gemeinsam mit ihrer Klasse oder Gruppe m\u00f6glichst viele Stempel in ihrem Bewegungspass zu sammeln. Belohnt wurde jede aktive Teilnahme im Alltag \u2013 egal ob Fu\u00dfweg, Fahrrad fahren oder die Teilnahme im Sportverein.<\/p>\n<p data-renderer-start-pos=\"672\">Insgesamt beteiligten sich 14 Schulen und 7 Kindertagesst\u00e4tten an der Aktion und setzten ein starkes Zeichen f\u00fcr gemeinsames Engagement und gelebte Gesundheitsf\u00f6rderung.<\/p>\n<p data-renderer-start-pos=\"843\">Bei den abschlie\u00dfenden Siegerehrungen stand vor allem der Einsatz aller teilnehmenden Kinder im Mittelpunkt. Besonders erfolgreich beim Stempelsammeln war die Grundschule Veer\u00dfen, welche sich als Belohnung \u00fcber einen vom Kreissportbund organisierten Sporttag in der Turnhalle freuen durfte.<\/p>\n<p data-renderer-start-pos=\"1135\">Mit unserer Unterst\u00fctzung m\u00f6chten wir dazu beitragen, dass Kinder von klein auf Freude an Bewegung entwickeln und gleichzeitig ein Bewusstsein f\u00fcr Gesundheit, Eigenst\u00e4ndigkeit und Nachhaltigkeit entsteht.<\/p>\n<p data-renderer-start-pos=\"1341\">Mehr Informationen zur Bewegungspass Aktion findet ihr <a class=\"_ymio1r31 _ypr0glyw _zcxs1o36 _mizu194a _1ah3dkaa _ra3xnqa1 _128mdkaa _1cvmnqa1 _4davt94y _4bfu18uv _1hms8stv _ajmmnqa1 _vchhusvi _kqswh2mm _syaz13af _ect4ttxp _1a3b18uv _4fpr8stv _5goinqa1 _f8pj13af _9oik18uv _1bnxglyw _jf4cnqa1 _30l313af _1nrm18uv _c2waglyw _1iohnqa1 _9h8h12zz _10531ra0 _1ien1ra0 _n0fx1ra0 _1vhv17z1\" title=\"https:\/\/wp.ksb-uelzen.de\/bewegungspass\/\" href=\"https:\/\/wp.ksb-uelzen.de\/bewegungspass\/\" target=\"_blank\" rel=\"nofollow noopener\" data-renderer-mark=\"true\">hier<\/a>.<\/p>\n","protected":false},"excerpt":{"rendered":"<p>Bewegung h\u00e4lt fit, macht Spa\u00df und st\u00e4rkt das Miteinander. Besonders bei Kindern spielt sie eine wichtige Rolle f\u00fcr eine gesunde Entwicklung. Deshalb freuen wir uns sehr den Bewegungspass im Landkreis Uelzen unterst\u00fctzt zu haben. Im rund vierw\u00f6chigen Aktionszeitraum waren Kinder eingeladen, gemeinsam mit ihrer Klasse oder Gruppe m\u00f6glichst viele Stempel in ihrem Bewegungspass zu sammeln. [&hellip;]<\/p>\n","protected":false},"author":11,"featured_media":19696,"parent":2469,"menu_order":18,"comment_status":"closed","ping_status":"closed","template":"templates\/blog.php","meta":{"_acf_changed":false,"_crdt_document":"","footnotes":"","beyondwords_generate_audio":"","beyondwords_project_id":"","beyondwords_content_id":"","beyondwords_preview_token":"","beyondwords_player_style":"","beyondwords_language_id":"","beyondwords_title_voice_id":"","beyondwords_body_voice_id":"","beyondwords_summary_voice_id":"","beyondwords_error_message":"","beyondwords_disabled":"","beyondwords_delete_content":"","beyondwords_podcast_id":"","beyondwords_hash":"","publish_post_to_speechkit":"","speechkit_hash":"","speechkit_generate_audio":"","speechkit_project_id":"","speechkit_podcast_id":"","speechkit_error_message":"","speechkit_disabled":"","speechkit_access_key":"","speechkit_error":"","speechkit_info":"","speechkit_response":"","speechkit_retries":"","speechkit_status":"","speechkit_updated_at":"","_speechkit_link":"","_speechkit_text":""},"class_list":["post-19695","page","type-page","status-publish","has-post-thumbnail","hentry"],"acf":[],"yoast_head":"<!-- This site is optimized with the Yoast SEO Premium plugin  - https:\/\/yoast.com\/product\/yoast-seo-premium-wordpress\/ -->\n<title>Wir unterst\u00fctzen den Bewegungspass: F\u00fcr einen aktiveren Alltag von Kindern | Uelzener Magazin<\/title>\n<meta name=\"description\" content=\"Bewegungspass im Landkreis Uelzen: Ein Erfolgsprojekt, das Kindern Fitness und Gemeinschaft bietet.\" \/>\n<meta name=\"robots\" content=\"index, follow, max-snippet:-1, max-image-preview:large, max-video-preview:-1\" \/>\n<link rel=\"canonical\" href=\"https:\/\/uelzener.de\/magazin\/wir\/uelzener-versicherungen-unterstuetzen-bewegungspass-fuer-aktiveren-alltag-von-kindern\/\" \/>\n<meta property=\"og:locale\" content=\"de_DE\" \/>\n<meta property=\"og:type\" content=\"article\" \/>\n<meta property=\"og:title\" content=\"Wir unterst\u00fctzen den Bewegungspass: F\u00fcr einen aktiveren Alltag von Kindern\" \/>\n<meta property=\"og:description\" content=\"Bewegungspass im Landkreis Uelzen: Ein Erfolgsprojekt, das Kindern Fitness und Gemeinschaft bietet.\" \/>\n<meta property=\"og:url\" content=\"https:\/\/uelzener.de\/magazin\/wir\/uelzener-versicherungen-unterstuetzen-bewegungspass-fuer-aktiveren-alltag-von-kindern\/\" \/>\n<meta property=\"og:site_name\" content=\"Uelzener Tier-Magazin\" \/>\n<meta property=\"article:publisher\" content=\"https:\/\/www.facebook.com\/Uelzener\" \/>\n<meta property=\"og:image\" content=\"https:\/\/uelzener.de\/magazin\/app\/uploads\/2026\/01\/bewegungspass.jpg\" \/>\n\t<meta property=\"og:image:width\" content=\"1025\" \/>\n\t<meta property=\"og:image:height\" content=\"450\" \/>\n\t<meta property=\"og:image:type\" content=\"image\/jpeg\" \/>\n<meta name=\"twitter:card\" content=\"summary_large_image\" \/>\n<meta name=\"twitter:label1\" content=\"Gesch\u00e4tzte Lesezeit\" \/>\n\t<meta name=\"twitter:data1\" content=\"2\u00a0Minuten\" \/>\n<script type=\"application\/ld+json\" class=\"yoast-schema-graph\">{\"@context\":\"https:\\\/\\\/schema.org\",\"@graph\":[{\"@type\":\"WebPage\",\"@id\":\"https:\\\/\\\/uelzener.de\\\/magazin\\\/wir\\\/uelzener-versicherungen-unterstuetzen-bewegungspass-fuer-aktiveren-alltag-von-kindern\\\/\",\"url\":\"https:\\\/\\\/uelzener.de\\\/magazin\\\/wir\\\/uelzener-versicherungen-unterstuetzen-bewegungspass-fuer-aktiveren-alltag-von-kindern\\\/\",\"name\":\"Wir unterst\u00fctzen den Bewegungspass: F\u00fcr einen aktiveren Alltag von Kindern | Uelzener Magazin\",\"isPartOf\":{\"@id\":\"https:\\\/\\\/uelzener.de\\\/magazin\\\/#website\"},\"primaryImageOfPage\":{\"@id\":\"https:\\\/\\\/uelzener.de\\\/magazin\\\/wir\\\/uelzener-versicherungen-unterstuetzen-bewegungspass-fuer-aktiveren-alltag-von-kindern\\\/#primaryimage\"},\"image\":{\"@id\":\"https:\\\/\\\/uelzener.de\\\/magazin\\\/wir\\\/uelzener-versicherungen-unterstuetzen-bewegungspass-fuer-aktiveren-alltag-von-kindern\\\/#primaryimage\"},\"thumbnailUrl\":\"https:\\\/\\\/uelzener.de\\\/magazin\\\/app\\\/uploads\\\/2026\\\/01\\\/bewegungspass.jpg\",\"datePublished\":\"2026-01-21T11:35:51+00:00\",\"description\":\"Bewegungspass im Landkreis Uelzen: Ein Erfolgsprojekt, das Kindern Fitness und Gemeinschaft bietet.\",\"breadcrumb\":{\"@id\":\"https:\\\/\\\/uelzener.de\\\/magazin\\\/wir\\\/uelzener-versicherungen-unterstuetzen-bewegungspass-fuer-aktiveren-alltag-von-kindern\\\/#breadcrumb\"},\"inLanguage\":\"de\",\"potentialAction\":[{\"@type\":\"ReadAction\",\"target\":[\"https:\\\/\\\/uelzener.de\\\/magazin\\\/wir\\\/uelzener-versicherungen-unterstuetzen-bewegungspass-fuer-aktiveren-alltag-von-kindern\\\/\"]}]},{\"@type\":\"ImageObject\",\"inLanguage\":\"de\",\"@id\":\"https:\\\/\\\/uelzener.de\\\/magazin\\\/wir\\\/uelzener-versicherungen-unterstuetzen-bewegungspass-fuer-aktiveren-alltag-von-kindern\\\/#primaryimage\",\"url\":\"https:\\\/\\\/uelzener.de\\\/magazin\\\/app\\\/uploads\\\/2026\\\/01\\\/bewegungspass.jpg\",\"contentUrl\":\"https:\\\/\\\/uelzener.de\\\/magazin\\\/app\\\/uploads\\\/2026\\\/01\\\/bewegungspass.jpg\",\"width\":1025,\"height\":450,\"caption\":\"Kinder mit Zetifikaten \\\"Bewegungspass\\\".\"},{\"@type\":\"WebSite\",\"@id\":\"https:\\\/\\\/uelzener.de\\\/magazin\\\/#website\",\"url\":\"https:\\\/\\\/uelzener.de\\\/magazin\\\/\",\"name\":\"Uelzener Tiermagazin\",\"description\":\"Online Tierratgeber der Uelzener Versicherungen\",\"publisher\":{\"@id\":\"https:\\\/\\\/uelzener.de\\\/magazin\\\/#organization\"},\"potentialAction\":[{\"@type\":\"SearchAction\",\"target\":{\"@type\":\"EntryPoint\",\"urlTemplate\":\"https:\\\/\\\/uelzener.de\\\/magazin\\\/?s={search_term_string}\"},\"query-input\":{\"@type\":\"PropertyValueSpecification\",\"valueRequired\":true,\"valueName\":\"search_term_string\"}}],\"inLanguage\":\"de\"},{\"@type\":\"Organization\",\"@id\":\"https:\\\/\\\/uelzener.de\\\/magazin\\\/#organization\",\"name\":\"Uelzener Versicherungen\",\"url\":\"https:\\\/\\\/uelzener.de\\\/magazin\\\/\",\"logo\":{\"@type\":\"ImageObject\",\"inLanguage\":\"de\",\"@id\":\"https:\\\/\\\/uelzener.de\\\/magazin\\\/#\\\/schema\\\/logo\\\/image\\\/\",\"url\":\"https:\\\/\\\/uelzener.de\\\/magazin\\\/app\\\/uploads\\\/2024\\\/11\\\/uelzener_allgemeine_versicherungsgesellschaft_a_g_logo.jpg\",\"contentUrl\":\"https:\\\/\\\/uelzener.de\\\/magazin\\\/app\\\/uploads\\\/2024\\\/11\\\/uelzener_allgemeine_versicherungsgesellschaft_a_g_logo.jpg\",\"width\":200,\"height\":200,\"caption\":\"Uelzener Versicherungen\"},\"image\":{\"@id\":\"https:\\\/\\\/uelzener.de\\\/magazin\\\/#\\\/schema\\\/logo\\\/image\\\/\"},\"sameAs\":[\"https:\\\/\\\/www.facebook.com\\\/Uelzener\",\"https:\\\/\\\/instagram.com\\\/uelzener\",\"https:\\\/\\\/www.xing.com\\\/pages\\\/uelzenerallgemeineversicherungs-gesellschafta-g\",\"https:\\\/\\\/www.youtube.com\\\/UelzenerVersicherungen\"]}]}<\/script>\n<!-- \/ Yoast SEO Premium plugin. -->","yoast_head_json":{"title":"Wir unterst\u00fctzen den Bewegungspass: F\u00fcr einen aktiveren Alltag von Kindern | Uelzener Magazin","description":"Bewegungspass im Landkreis Uelzen: Ein Erfolgsprojekt, das Kindern Fitness und Gemeinschaft bietet.","robots":{"index":"index","follow":"follow","max-snippet":"max-snippet:-1","max-image-preview":"max-image-preview:large","max-video-preview":"max-video-preview:-1"},"canonical":"https:\/\/uelzener.de\/magazin\/wir\/uelzener-versicherungen-unterstuetzen-bewegungspass-fuer-aktiveren-alltag-von-kindern\/","og_locale":"de_DE","og_type":"article","og_title":"Wir unterst\u00fctzen den Bewegungspass: F\u00fcr einen aktiveren Alltag von Kindern","og_description":"Bewegungspass im Landkreis Uelzen: Ein Erfolgsprojekt, das Kindern Fitness und Gemeinschaft bietet.","og_url":"https:\/\/uelzener.de\/magazin\/wir\/uelzener-versicherungen-unterstuetzen-bewegungspass-fuer-aktiveren-alltag-von-kindern\/","og_site_name":"Uelzener Tier-Magazin","article_publisher":"https:\/\/www.facebook.com\/Uelzener","og_image":[{"width":1025,"height":450,"url":"https:\/\/uelzener.de\/magazin\/app\/uploads\/2026\/01\/bewegungspass.jpg","type":"image\/jpeg"}],"twitter_card":"summary_large_image","twitter_misc":{"Gesch\u00e4tzte Lesezeit":"2\u00a0Minuten"},"schema":{"@context":"https:\/\/schema.org","@graph":[{"@type":"WebPage","@id":"https:\/\/uelzener.de\/magazin\/wir\/uelzener-versicherungen-unterstuetzen-bewegungspass-fuer-aktiveren-alltag-von-kindern\/","url":"https:\/\/uelzener.de\/magazin\/wir\/uelzener-versicherungen-unterstuetzen-bewegungspass-fuer-aktiveren-alltag-von-kindern\/","name":"Wir unterst\u00fctzen den Bewegungspass: F\u00fcr einen aktiveren Alltag von Kindern | Uelzener Magazin","isPartOf":{"@id":"https:\/\/uelzener.de\/magazin\/#website"},"primaryImageOfPage":{"@id":"https:\/\/uelzener.de\/magazin\/wir\/uelzener-versicherungen-unterstuetzen-bewegungspass-fuer-aktiveren-alltag-von-kindern\/#primaryimage"},"image":{"@id":"https:\/\/uelzener.de\/magazin\/wir\/uelzener-versicherungen-unterstuetzen-bewegungspass-fuer-aktiveren-alltag-von-kindern\/#primaryimage"},"thumbnailUrl":"https:\/\/uelzener.de\/magazin\/app\/uploads\/2026\/01\/bewegungspass.jpg","datePublished":"2026-01-21T11:35:51+00:00","description":"Bewegungspass im Landkreis Uelzen: Ein Erfolgsprojekt, das Kindern Fitness und Gemeinschaft bietet.","breadcrumb":{"@id":"https:\/\/uelzener.de\/magazin\/wir\/uelzener-versicherungen-unterstuetzen-bewegungspass-fuer-aktiveren-alltag-von-kindern\/#breadcrumb"},"inLanguage":"de","potentialAction":[{"@type":"ReadAction","target":["https:\/\/uelzener.de\/magazin\/wir\/uelzener-versicherungen-unterstuetzen-bewegungspass-fuer-aktiveren-alltag-von-kindern\/"]}]},{"@type":"ImageObject","inLanguage":"de","@id":"https:\/\/uelzener.de\/magazin\/wir\/uelzener-versicherungen-unterstuetzen-bewegungspass-fuer-aktiveren-alltag-von-kindern\/#primaryimage","url":"https:\/\/uelzener.de\/magazin\/app\/uploads\/2026\/01\/bewegungspass.jpg","contentUrl":"https:\/\/uelzener.de\/magazin\/app\/uploads\/2026\/01\/bewegungspass.jpg","width":1025,"height":450,"caption":"Kinder mit Zetifikaten \"Bewegungspass\"."},{"@type":"WebSite","@id":"https:\/\/uelzener.de\/magazin\/#website","url":"https:\/\/uelzener.de\/magazin\/","name":"Uelzener Tiermagazin","description":"Online Tierratgeber der Uelzener Versicherungen","publisher":{"@id":"https:\/\/uelzener.de\/magazin\/#organization"},"potentialAction":[{"@type":"SearchAction","target":{"@type":"EntryPoint","urlTemplate":"https:\/\/uelzener.de\/magazin\/?s={search_term_string}"},"query-input":{"@type":"PropertyValueSpecification","valueRequired":true,"valueName":"search_term_string"}}],"inLanguage":"de"},{"@type":"Organization","@id":"https:\/\/uelzener.de\/magazin\/#organization","name":"Uelzener Versicherungen","url":"https:\/\/uelzener.de\/magazin\/","logo":{"@type":"ImageObject","inLanguage":"de","@id":"https:\/\/uelzener.de\/magazin\/#\/schema\/logo\/image\/","url":"https:\/\/uelzener.de\/magazin\/app\/uploads\/2024\/11\/uelzener_allgemeine_versicherungsgesellschaft_a_g_logo.jpg","contentUrl":"https:\/\/uelzener.de\/magazin\/app\/uploads\/2024\/11\/uelzener_allgemeine_versicherungsgesellschaft_a_g_logo.jpg","width":200,"height":200,"caption":"Uelzener Versicherungen"},"image":{"@id":"https:\/\/uelzener.de\/magazin\/#\/schema\/logo\/image\/"},"sameAs":["https:\/\/www.facebook.com\/Uelzener","https:\/\/instagram.com\/uelzener","https:\/\/www.xing.com\/pages\/uelzenerallgemeineversicherungs-gesellschafta-g","https:\/\/www.youtube.com\/UelzenerVersicherungen"]}]}},"_links":{"self":[{"href":"https:\/\/uelzener.de\/magazin\/wp-json\/wp\/v2\/pages\/19695","targetHints":{"allow":["GET"]}}],"collection":[{"href":"https:\/\/uelzener.de\/magazin\/wp-json\/wp\/v2\/pages"}],"about":[{"href":"https:\/\/uelzener.de\/magazin\/wp-json\/wp\/v2\/types\/page"}],"author":[{"embeddable":true,"href":"https:\/\/uelzener.de\/magazin\/wp-json\/wp\/v2\/users\/11"}],"replies":[{"embeddable":true,"href":"https:\/\/uelzener.de\/magazin\/wp-json\/wp\/v2\/comments?post=19695"}],"version-history":[{"count":1,"href":"https:\/\/uelzener.de\/magazin\/wp-json\/wp\/v2\/pages\/19695\/revisions"}],"predecessor-version":[{"id":19697,"href":"https:\/\/uelzener.de\/magazin\/wp-json\/wp\/v2\/pages\/19695\/revisions\/19697"}],"up":[{"embeddable":true,"href":"https:\/\/uelzener.de\/magazin\/wp-json\/wp\/v2\/pages\/2469"}],"wp:featuredmedia":[{"embeddable":true,"href":"https:\/\/uelzener.de\/magazin\/wp-json\/wp\/v2\/media\/19696"}],"wp:attachment":[{"href":"https:\/\/uelzener.de\/magazin\/wp-json\/wp\/v2\/media?parent=19695"}],"curies":[{"name":"wp","href":"https:\/\/api.w.org\/{rel}","templated":true}]}}