{"id":19312,"date":"2025-09-29T13:16:05","date_gmt":"2025-09-29T11:16:05","guid":{"rendered":"https:\/\/uelzener.de\/magazin\/?page_id=19312"},"modified":"2025-09-29T13:16:05","modified_gmt":"2025-09-29T11:16:05","slug":"endometrose-bei-pferden","status":"publish","type":"page","link":"https:\/\/uelzener.de\/magazin\/pferd\/tiergesundheit\/endometrose-bei-pferden\/","title":{"rendered":"Endometrose bei Pferden: Wenn die Geb\u00e4rmutter erkrankt"},"content":{"rendered":"<p><span style=\"font-weight: 400;\">Die Fruchtbarkeit einer Stute h\u00e4ngt zu einem gro\u00dfen Teil von der Gesundheit ihrer Geb\u00e4rmutter ab. Kommt es dort zu krankhaften Ver\u00e4nderungen, kann das nicht nur Auswirkungen auf die Tr\u00e4chtigkeit, sondern gegebenenfalls auch auf den Nachwuchs haben.\u00a0<\/span><\/p>\n<p><span style=\"font-weight: 400;\">Eine der h\u00e4ufigsten Ursachen f\u00fcr Fruchtbarkeitsprobleme ist die sogenannte Endometrose \u2013 eine Erkrankung, die schleichend verl\u00e4uft und lange Zeit unbemerkt bleiben kann. Was genau dabei in der Geb\u00e4rmutter passiert, welche Risiken die Krankheit f\u00fcr Stute und Fohlen birgt und welche Behandlungsm\u00f6glichkeiten es gibt, erf\u00e4hrst du in diesem Artikel.<\/span><\/p>\n<h2>Was ist Endometrose?<\/h2>\n<p><span style=\"font-weight: 400;\">Der Uterus besteht aus drei Schichten: Innen liegt die Geb\u00e4rmutterschleimhaut (<\/span><i><span style=\"font-weight: 400;\">Endometrium<\/span><\/i><span style=\"font-weight: 400;\">), dar\u00fcber die Muskelschicht (<\/span><i><span style=\"font-weight: 400;\">Myometrium<\/span><\/i><span style=\"font-weight: 400;\">) und die Serosa (<\/span><i><span style=\"font-weight: 400;\">Perimetrium<\/span><\/i><span style=\"font-weight: 400;\">). Unter Endometrose versteht man eine chronisch-degenerative und nicht-infekti\u00f6se Ver\u00e4nderung der Geb\u00e4rmutterschleimhaut. Dabei wird das Funktionsgewebe des Endometriums nach und nach durch Bindegewebe ersetzt. Es entstehen Vernarbungen und Dr\u00fcsennester (\u00fcberdurchschnittliche Ansammlung von Dr\u00fcsen). Zudem kann es zu Dr\u00fcsenatrophien (Dr\u00fcsenschwund) und Zystenbildung kommen.\u00a0<\/span><\/p>\n<p><span style=\"font-weight: 400;\">Das hat gravierende Folgen:<\/span><\/p>\n<ul>\n<li style=\"font-weight: 400;\" aria-level=\"1\"><span style=\"font-weight: 400;\">Die Geb\u00e4rmutter gibt weniger N\u00e4hrstoffe an Embryo und F\u00f6tus weiter.<\/span><\/li>\n<li style=\"font-weight: 400;\" aria-level=\"1\"><span style=\"font-weight: 400;\">Der Kontakt zwischen Mutterkuchen (Plazenta) und Geb\u00e4rmutterwand ist eingeschr\u00e4nkt.<\/span><\/li>\n<li style=\"font-weight: 400;\" aria-level=\"1\"><span style=\"font-weight: 400;\">H\u00e4ufig kommt es dadurch zu einem fr\u00fchen Fruchttod oder zu Aborten.<\/span><\/li>\n<\/ul>\n<p><span style=\"font-weight: 400;\">Die Erkrankung entwickelt sich meist \u00fcber Jahre hinweg und bleibt lange unbemerkt. H\u00e4ufig wird sie erst erkannt, wenn Schwierigkeiten bei der Deckung oder Tr\u00e4chtigkeit auftreten. Wichtig zu beachten ist, dass die Endometrose beim Pferd trotz begrifflicher \u00c4hnlichkeit nicht der Endometriose beim Menschen gleicht.<\/span><\/p>\n<h2>Ursachen und Risikofaktoren von Endometrose bei Pferden<\/h2>\n<p><span style=\"font-weight: 400;\">Die genauen Vorg\u00e4nge, die zu einer Endometrose f\u00fchren, sind noch nicht vollst\u00e4ndig erforscht. Allerdings scheinen folgende Faktoren eine Rolle zu spielen:<\/span><\/p>\n<ul>\n<li style=\"font-weight: 400;\" aria-level=\"1\"><b>Alter:<\/b><span style=\"font-weight: 400;\"> Mit zunehmendem Alter \u2013 ab etwa 15 Jahren \u2013 nimmt die H\u00e4ufigkeit und Schwere endometrotischer Entwicklungen tendenziell zu. Grunds\u00e4tzlich kann die Erkrankung jedoch bei Stuten aller Altersstufen auftreten.<\/span><\/li>\n<li style=\"font-weight: 400;\" aria-level=\"1\"><b>Genetische Faktoren<\/b><b>: <\/b><span style=\"font-weight: 400;\">Es wurden in der Forschung teilweise gro\u00dfe individuelle Unterschiede zwischen Stuten gleichen Alters festgestellt, was auf eine genetische Veranlagung hinweisen k\u00f6nnte.<\/span><\/li>\n<\/ul>\n<p><span style=\"font-weight: 400;\">Prinzipiell kann jede Stute an Endometrose erkranken. Eine sichere M\u00f6glichkeit der Vorbeugung ist zum jetzigen Forschungsstand nicht bekannt.<\/span><\/p>\n<h2>Symptome der Endometrose<\/h2>\n<p><span style=\"font-weight: 400;\">Eine Endometrose zeigt oft keine \u00e4u\u00dferen Anzeichen. Der Erkrankung kommt man meist erst auf die Schliche, wenn sich Probleme im Rahmen der Zucht ergeben. Betroffene Stuten sind vermindert oder gar nicht fruchtbar. H\u00e4ufig kommt es zu fr\u00fchen embryonalen Verlusten. Auch wiederkehrende Geb\u00e4rmutterentz\u00fcndungen (Endometritis) werden bei Tieren mit Endometrose h\u00e4ufiger festgestellt. Werden Fohlen geboren, haben sie teilweise ein niedrigeres Geburtsgewicht oder entwickeln sich verz\u00f6gert.\u00a0<\/span><\/p>\n<h2>Verlauf der Endometrose<\/h2>\n<p><span style=\"font-weight: 400;\">Die Prognose der Fruchtbarkeit h\u00e4ngt stark vom Ausma\u00df der Endometrose ab. W\u00e4hrend leichte F\u00e4lle die Tr\u00e4chtigkeit nur gering beeinflussen, sind schwere Formen oft mit dauerhafter Unfruchtbarkeit verbunden. In einer Untersuchung wurden folgende Zusammenh\u00e4nge zwischen dem Grad der Ver\u00e4nderung und der Abfohlrate festgestellt:<\/span><b><\/b><\/p>\n<ul>\n<li><b>Leichte Ver\u00e4nderungen: <\/b><span style=\"font-weight: 400;\">50 bis 80 % Abfohlrate<\/span><\/li>\n<li><b>Mittlere Ver\u00e4nderungen: <\/b><span style=\"font-weight: 400;\">10 bis 50 % Abfohlrate<\/span><\/li>\n<li><b>Schwere Ver\u00e4nderungen: <\/b><span style=\"font-weight: 400;\">weniger als 10 % Abfohlrate<\/span><\/li>\n<\/ul>\n<p><span style=\"font-weight: 400;\">Es l\u00e4sst sich festhalten: Je schwerer die Ver\u00e4nderungen in der Geb\u00e4rmutter sind, desto geringer ist die Wahrscheinlichkeit, dass ein gesundes Fohlen geboren wird.\u00a0<\/span><\/p>\n<h2>Wie wird Endometrose diagnostiziert?<\/h2>\n<p><span style=\"font-weight: 400;\">Da \u00e4u\u00dferlich keine Symptome sichtbar sind, ist f\u00fcr eine sichere Diagnose eine tier\u00e4rztliche Untersuchung entscheidend. Als sicherste Methode gilt die Uterusbiopsie. Dabei wird eine kleine Gewebeprobe aus der Geb\u00e4rmutter entnommen und unter dem Mikroskop untersucht. So l\u00e4sst sich unter anderem der Schweregrad der Ver\u00e4nderungen beurteilen und die Fruchtbarkeit prognostizieren. Erg\u00e4nzend kann der Tierarzt oder die Tier\u00e4rztin einen Ultraschall durchf\u00fchren oder die Geb\u00e4rmutterschleimhaut mittels Endoskopie ansehen. Gut zu wissen: Eine <\/span><span style=\"font-weight: 400;\">Pferdekrankenversicherung<\/span><span style=\"font-weight: 400;\"> erstattet die Kosten f\u00fcr Diagnose- und Behandlungsma\u00dfnahmen und bietet Haltern und Halterinnen auf diese Weise finanziellen Schutz.<\/span><\/p>\n\n<div class=\"banner\">\n    <a href=\"https:\/\/uelzener.de\/pferd\/herden-versicherung\/?agt=0000104925&sem=true&utm_medium=magazin&utm_source=wordpress&utm_campaign=pferd_kv&utm_content=banner    \">\n        <img decoding=\"async\" width=\"300\" height=\"212\" src=\"https:\/\/uelzener.de\/magazin\/app\/uploads\/2025\/01\/Pferde-Kranken-Versicherung.jpg\" class=\"attachment-medium size-medium\" alt=\"Banner Pferde-Kranken-Versicherung\" \/>    <\/a>\n<\/div>\n\n<h2>Behandlungsm\u00f6glichkeiten bei Endometrose<\/h2>\n<p><span style=\"font-weight: 400;\">Eine vollst\u00e4ndige Heilung der Endometrose ist nach aktuellem Stand nicht m\u00f6glich, weil die Gewebever\u00e4nderungen nicht reversibel und somit dauerhaft sind. Behandlungen wie eine K\u00fcrettage (eine Art \u201eAusschabung\u201c der Schleimhaut) k\u00f6nnen das gesch\u00e4digte Gewebe nicht wieder in einen gesunden Zustand zur\u00fcckversetzen.<\/span><\/p>\n<p><span style=\"font-weight: 400;\">Trotzdem ist es in manchen F\u00e4llen m\u00f6glich, eine Stute mit Endometrose zu einer erfolgreichen Tr\u00e4chtigkeit zu verhelfen, wenn bestimmte Voraussetzungen erf\u00fcllt sind:<\/span><\/p>\n<ul>\n<li style=\"font-weight: 400;\" aria-level=\"1\"><b>Optimales Management: <\/b><span style=\"font-weight: 400;\">Haltung, F\u00fctterung und der allgemeine Gesundheitszustand der Stute sollten so gut es geht optimiert werden.<\/span><\/li>\n<li style=\"font-weight: 400;\" aria-level=\"1\"><b>Gezielte Hengstwahl:<\/b><span style=\"font-weight: 400;\"> Ein Hengst mit hoher Fruchtbarkeit kann die Chancen auf eine erfolgreiche Deckung erh\u00f6hen.<\/span><\/li>\n<li style=\"font-weight: 400;\" aria-level=\"1\"><b>Samenqualit\u00e4t:<\/b><span style=\"font-weight: 400;\"> Auf tiefgefrorene Samen sollte m\u00f6glichst verzichtet werden. Frische Samen bieten bei einer Befruchtung die gr\u00f6\u00dften Erfolgsaussichten.<\/span><\/li>\n<li style=\"font-weight: 400;\" aria-level=\"1\"><b>Medikament\u00f6se Unterst\u00fctzung:<\/b><span style=\"font-weight: 400;\"> Um fr\u00fche Tr\u00e4chtigkeitsverluste zu verhindern, kann der Tierarzt oder die Tier\u00e4rztin nach dem Eisprung \u00fcber mehrere Tage ein Gestagen (z. B. Altrenogest) verabreichen. Das Hormon stabilisiert die fr\u00fche Tr\u00e4chtigkeitsphase, bis die Stute selbst genug davon bildet.<\/span><\/li>\n<\/ul>\n<p><span style=\"font-weight: 400;\">Eine Endometrose l\u00e4sst sich also nicht r\u00fcckg\u00e4ngig machen, jedoch besteht die M\u00f6glichkeit, die Fruchtbarkeit der Stute mit gezielten Ma\u00dfnahmen zu erh\u00f6hen.<\/span><\/p>\n<h2>Bedeutung der Endometrose f\u00fcr die Nachkommen<\/h2>\n<p>Die Sekrete der endometrialen Dr\u00fcsen spielen bei der N\u00e4hrstoffversorgung von Embryo und F\u00f6tus eine entscheidende Rolle. Eine Reduktion der Dr\u00fcsenfunktion geht dementsprechend zwangsl\u00e4ufig mit einer Mangelversorgung einher, die zu Aborten oder Fr\u00fchgeburten f\u00fchren kann. Schafft es das Fohlen auf die Welt, ist es in der Regel unterentwickelt. Studien zeigen: Fohlen von \u00e4lteren Stuten oder solchen mit ausgepr\u00e4gter Endometrose haben teils ein geringeres Geburtsgewicht und erreichen sp\u00e4ter in Sport- oder Rennleistung niedrigere Werte. Auch wenn es Ausnahmen gibt, spielen das Alter und der Geb\u00e4rmutterzustand der Mutter eine gro\u00dfe Rolle f\u00fcr die Entwicklung des Nachwuchses.<\/p>\n\n<div class=\"related_articles boxed\">\n    <h2>Mehr zum Thema<\/h2>\n    \n    <div class=\"wrapper\"><div class=\"title align-center\"><h3><a href=\"https:\/\/uelzener.de\/magazin\/pferd\/erziehung-und-training\/training-pflege-aeltere-pferde\/\">Training und Pflege von \u00e4lteren Pferden<\/a><\/h3><\/div><div class=\"img align-center\"><img decoding=\"async\" width=\"315\" height=\"180\" src=\"https:\/\/uelzener.de\/magazin\/app\/uploads\/2023\/08\/training-pflege-altes-pferd-315x180.jpg\" class=\"attachment-315x180 size-315x180 wp-post-image\" alt=\"Altes Quarter Horse Pferd galoppiert \u00fcber die Wiese.\" \/><\/div><\/div><div class=\"wrapper\"><div class=\"title align-center\"><h3><a href=\"https:\/\/uelzener.de\/magazin\/pferd\/haeufige-fragen\/pferd-traechtig-wissenswertes-pflege-ernaehrung-vorsorge\/\">Pferd tr\u00e4chtig? Wissenswertes zu Pflege, Ern\u00e4hrung und Vorsorge<\/a><\/h3><\/div><div class=\"img align-center\"><img decoding=\"async\" width=\"315\" height=\"180\" src=\"https:\/\/uelzener.de\/magazin\/app\/uploads\/2023\/04\/pferd-traechtig-315x180.jpg\" class=\"attachment-315x180 size-315x180 wp-post-image\" alt=\"Tr\u00e4chtiges Pferd steht auf einer gr\u00fcnen Wiese.\" \/><\/div><\/div><\/div>\n\n<h2>Fazit<\/h2>\n<p><span style=\"font-weight: 400;\">Endometrose ist eine ernstzunehmende Erkrankung der Geb\u00e4rmutter bei Stuten. Sie verl\u00e4uft schleichend und wird oft erst entdeckt, wenn Fruchtbarkeitsprobleme auftreten. Auch wenn eine Heilung nicht m\u00f6glich ist, lassen sich die Chancen auf eine Tr\u00e4chtigkeit mit gezielten Ma\u00dfnahmen verbessern. Regelm\u00e4\u00dfige gyn\u00e4kologische Untersuchungen sind insbesondere bei Zuchtstuten unerl\u00e4sslich, um Ver\u00e4nderungen rechtzeitig zu erkennen.<\/span><\/p>\n<h2>FAQ: H\u00e4ufige Fragen zum Thema Endometrose<\/h2>\n<h3>Ist Endometrose beim Pferd schmerzhaft?<\/h3>\n<p><span style=\"font-weight: 400;\">Die Erkrankung verursacht \u00fcblicherweise keine Schmerzen. Das ist einer der Gr\u00fcnde, warum sie meist erst sp\u00e4t entdeckt wird.<\/span><\/p>\n<h3>Kann man Endometrose vorbeugen?<\/h3>\n<p><span style=\"font-weight: 400;\">Nein, allerdings k\u00f6nnen regelm\u00e4\u00dfige tier\u00e4rztliche Untersuchungen und ein gutes Zuchtmanagement dabei helfen, Ver\u00e4nderungen fr\u00fchzeitig zu erkennen und den Krankheitsverlauf abzumildern.<\/span><\/p>\n<h3>Kann eine Stute trotz Endometrose noch gedeckt werden?<\/h3>\n<p><span style=\"font-weight: 400;\">Ja, in vielen F\u00e4llen ist eine Deckung weiterhin m\u00f6glich. Ob eine erfolgreiche Tr\u00e4chtigkeit zustande kommt, h\u00e4ngt jedoch stark vom Schweregrad der Ver\u00e4nderungen ab. Der Tierarzt oder die Tier\u00e4rztin kann nach der Diagnose einsch\u00e4tzen, wie die Chancen stehen.<\/span><\/p>\n<h3>Wie unterscheidet sich Endometrose von anderen Geb\u00e4rmuttererkrankungen?<\/h3>\n<p><span style=\"font-weight: 400;\">Im Gegensatz zu beispielsweise einer akuten Entz\u00fcndung (Endometritis) handelt es sich bei Endometrose um eine chronische, nicht heilbare Gewebever\u00e4nderung. Beide Erkrankungen k\u00f6nnen jedoch gleichzeitig auftreten.<\/span><\/p>\n<h3>Spielt die Haltung oder F\u00fctterung eine Rolle bei der Entstehung von Endometrose?<\/h3>\n<p><span style=\"font-weight: 400;\">Direkte Zusammenh\u00e4nge sind bisher wissenschaftlich nicht belegt. Allgemein k\u00f6nnen aber eine gesunde Ern\u00e4hrung, eine artgerechte, stressarme Haltung und gute Zuchtbedingungen zur Erhaltung der Fruchtbarkeit einer Stute beitragen.\u00a0 <\/span><\/p>\n","protected":false},"excerpt":{"rendered":"<p>Die Fruchtbarkeit einer Stute h\u00e4ngt zu einem gro\u00dfen Teil von der Gesundheit ihrer Geb\u00e4rmutter ab. Kommt es dort zu krankhaften Ver\u00e4nderungen, kann das nicht nur Auswirkungen auf die Tr\u00e4chtigkeit, sondern gegebenenfalls auch auf den Nachwuchs haben.\u00a0 Eine der h\u00e4ufigsten Ursachen f\u00fcr Fruchtbarkeitsprobleme ist die sogenannte Endometrose \u2013 eine Erkrankung, die schleichend verl\u00e4uft und lange Zeit [&hellip;]<\/p>\n","protected":false},"author":11,"featured_media":19313,"parent":11706,"menu_order":20,"comment_status":"closed","ping_status":"closed","template":"templates\/blog.php","meta":{"_acf_changed":false,"_crdt_document":"","footnotes":"","beyondwords_generate_audio":"","beyondwords_project_id":"","beyondwords_content_id":"","beyondwords_preview_token":"","beyondwords_player_style":"","beyondwords_language_id":"","beyondwords_title_voice_id":"","beyondwords_body_voice_id":"","beyondwords_summary_voice_id":"","beyondwords_error_message":"","beyondwords_disabled":"","beyondwords_delete_content":"","beyondwords_podcast_id":"","beyondwords_hash":"","publish_post_to_speechkit":"","speechkit_hash":"","speechkit_generate_audio":"","speechkit_project_id":"","speechkit_podcast_id":"","speechkit_error_message":"","speechkit_disabled":"","speechkit_access_key":"","speechkit_error":"","speechkit_info":"","speechkit_response":"","speechkit_retries":"","speechkit_status":"","speechkit_updated_at":"","_speechkit_link":"","_speechkit_text":""},"class_list":["post-19312","page","type-page","status-publish","has-post-thumbnail","hentry"],"acf":[],"yoast_head":"<!-- This site is optimized with the Yoast SEO Premium plugin  - https:\/\/yoast.com\/product\/yoast-seo-premium-wordpress\/ -->\n<title>Endometrose bei Pferden: Wenn die Geb\u00e4rmutter erkrankt | Uelzener Magazin<\/title>\n<meta name=\"description\" content=\"Entdecke die Ursachen und Behandlungsm\u00f6glichkeiten der Endometrose beim Pferd f\u00fcr eine bessere Fruchtbarkeit.\" \/>\n<meta name=\"robots\" content=\"index, follow, max-snippet:-1, max-image-preview:large, max-video-preview:-1\" \/>\n<link rel=\"canonical\" href=\"https:\/\/uelzener.de\/magazin\/pferd\/tiergesundheit\/endometrose-bei-pferden\/\" \/>\n<meta property=\"og:locale\" content=\"de_DE\" \/>\n<meta property=\"og:type\" content=\"article\" \/>\n<meta property=\"og:title\" content=\"Endometrose bei Pferden: Wenn die Geb\u00e4rmutter erkrankt\" \/>\n<meta property=\"og:description\" content=\"Entdecke die Ursachen und Behandlungsm\u00f6glichkeiten der Endometrose beim Pferd f\u00fcr eine bessere Fruchtbarkeit.\" \/>\n<meta property=\"og:url\" content=\"https:\/\/uelzener.de\/magazin\/pferd\/tiergesundheit\/endometrose-bei-pferden\/\" \/>\n<meta property=\"og:site_name\" content=\"Uelzener Tier-Magazin\" \/>\n<meta property=\"article:publisher\" content=\"https:\/\/www.facebook.com\/Uelzener\" \/>\n<meta property=\"og:image\" content=\"https:\/\/uelzener.de\/magazin\/app\/uploads\/2025\/09\/endometrose-pferd.png\" \/>\n\t<meta property=\"og:image:width\" content=\"1025\" \/>\n\t<meta property=\"og:image:height\" content=\"450\" \/>\n\t<meta property=\"og:image:type\" content=\"image\/png\" \/>\n<meta name=\"twitter:card\" content=\"summary_large_image\" \/>\n<meta name=\"twitter:label1\" content=\"Gesch\u00e4tzte Lesezeit\" \/>\n\t<meta name=\"twitter:data1\" content=\"7\u00a0Minuten\" \/>\n<script type=\"application\/ld+json\" class=\"yoast-schema-graph\">{\"@context\":\"https:\/\/schema.org\",\"@graph\":[{\"@type\":\"WebPage\",\"@id\":\"https:\/\/uelzener.de\/magazin\/pferd\/tiergesundheit\/endometrose-bei-pferden\/\",\"url\":\"https:\/\/uelzener.de\/magazin\/pferd\/tiergesundheit\/endometrose-bei-pferden\/\",\"name\":\"Endometrose bei Pferden: Wenn die Geb\u00e4rmutter erkrankt | Uelzener Magazin\",\"isPartOf\":{\"@id\":\"https:\/\/uelzener.de\/magazin\/#website\"},\"primaryImageOfPage\":{\"@id\":\"https:\/\/uelzener.de\/magazin\/pferd\/tiergesundheit\/endometrose-bei-pferden\/#primaryimage\"},\"image\":{\"@id\":\"https:\/\/uelzener.de\/magazin\/pferd\/tiergesundheit\/endometrose-bei-pferden\/#primaryimage\"},\"thumbnailUrl\":\"https:\/\/uelzener.de\/magazin\/app\/uploads\/2025\/09\/endometrose-pferd.png\",\"datePublished\":\"2025-09-29T11:16:05+00:00\",\"description\":\"Entdecke die Ursachen und Behandlungsm\u00f6glichkeiten der Endometrose beim Pferd f\u00fcr eine bessere Fruchtbarkeit.\",\"breadcrumb\":{\"@id\":\"https:\/\/uelzener.de\/magazin\/pferd\/tiergesundheit\/endometrose-bei-pferden\/#breadcrumb\"},\"inLanguage\":\"de\",\"potentialAction\":[{\"@type\":\"ReadAction\",\"target\":[\"https:\/\/uelzener.de\/magazin\/pferd\/tiergesundheit\/endometrose-bei-pferden\/\"]}]},{\"@type\":\"ImageObject\",\"inLanguage\":\"de\",\"@id\":\"https:\/\/uelzener.de\/magazin\/pferd\/tiergesundheit\/endometrose-bei-pferden\/#primaryimage\",\"url\":\"https:\/\/uelzener.de\/magazin\/app\/uploads\/2025\/09\/endometrose-pferd.png\",\"contentUrl\":\"https:\/\/uelzener.de\/magazin\/app\/uploads\/2025\/09\/endometrose-pferd.png\",\"width\":1025,\"height\":450,\"caption\":\"Zwei Pferde und ein Fohlen auf der Weide.\"},{\"@type\":\"WebSite\",\"@id\":\"https:\/\/uelzener.de\/magazin\/#website\",\"url\":\"https:\/\/uelzener.de\/magazin\/\",\"name\":\"Uelzener Tiermagazin\",\"description\":\"Online Tierratgeber der Uelzener Versicherungen\",\"publisher\":{\"@id\":\"https:\/\/uelzener.de\/magazin\/#organization\"},\"potentialAction\":[{\"@type\":\"SearchAction\",\"target\":{\"@type\":\"EntryPoint\",\"urlTemplate\":\"https:\/\/uelzener.de\/magazin\/?s={search_term_string}\"},\"query-input\":{\"@type\":\"PropertyValueSpecification\",\"valueRequired\":true,\"valueName\":\"search_term_string\"}}],\"inLanguage\":\"de\"},{\"@type\":\"Organization\",\"@id\":\"https:\/\/uelzener.de\/magazin\/#organization\",\"name\":\"Uelzener Versicherungen\",\"url\":\"https:\/\/uelzener.de\/magazin\/\",\"logo\":{\"@type\":\"ImageObject\",\"inLanguage\":\"de\",\"@id\":\"https:\/\/uelzener.de\/magazin\/#\/schema\/logo\/image\/\",\"url\":\"https:\/\/uelzener.de\/magazin\/app\/uploads\/2024\/11\/uelzener_allgemeine_versicherungsgesellschaft_a_g_logo.jpg\",\"contentUrl\":\"https:\/\/uelzener.de\/magazin\/app\/uploads\/2024\/11\/uelzener_allgemeine_versicherungsgesellschaft_a_g_logo.jpg\",\"width\":200,\"height\":200,\"caption\":\"Uelzener Versicherungen\"},\"image\":{\"@id\":\"https:\/\/uelzener.de\/magazin\/#\/schema\/logo\/image\/\"},\"sameAs\":[\"https:\/\/www.facebook.com\/Uelzener\",\"https:\/\/instagram.com\/uelzener\",\"https:\/\/www.xing.com\/pages\/uelzenerallgemeineversicherungs-gesellschafta-g\",\"https:\/\/www.youtube.com\/UelzenerVersicherungen\"]}]}<\/script>\n<!-- \/ Yoast SEO Premium plugin. -->","yoast_head_json":{"title":"Endometrose bei Pferden: Wenn die Geb\u00e4rmutter erkrankt | Uelzener Magazin","description":"Entdecke die Ursachen und Behandlungsm\u00f6glichkeiten der Endometrose beim Pferd f\u00fcr eine bessere Fruchtbarkeit.","robots":{"index":"index","follow":"follow","max-snippet":"max-snippet:-1","max-image-preview":"max-image-preview:large","max-video-preview":"max-video-preview:-1"},"canonical":"https:\/\/uelzener.de\/magazin\/pferd\/tiergesundheit\/endometrose-bei-pferden\/","og_locale":"de_DE","og_type":"article","og_title":"Endometrose bei Pferden: Wenn die Geb\u00e4rmutter erkrankt","og_description":"Entdecke die Ursachen und Behandlungsm\u00f6glichkeiten der Endometrose beim Pferd f\u00fcr eine bessere Fruchtbarkeit.","og_url":"https:\/\/uelzener.de\/magazin\/pferd\/tiergesundheit\/endometrose-bei-pferden\/","og_site_name":"Uelzener Tier-Magazin","article_publisher":"https:\/\/www.facebook.com\/Uelzener","og_image":[{"width":1025,"height":450,"url":"https:\/\/uelzener.de\/magazin\/app\/uploads\/2025\/09\/endometrose-pferd.png","type":"image\/png"}],"twitter_card":"summary_large_image","twitter_misc":{"Gesch\u00e4tzte Lesezeit":"7\u00a0Minuten"},"schema":{"@context":"https:\/\/schema.org","@graph":[{"@type":"WebPage","@id":"https:\/\/uelzener.de\/magazin\/pferd\/tiergesundheit\/endometrose-bei-pferden\/","url":"https:\/\/uelzener.de\/magazin\/pferd\/tiergesundheit\/endometrose-bei-pferden\/","name":"Endometrose bei Pferden: Wenn die Geb\u00e4rmutter erkrankt | Uelzener Magazin","isPartOf":{"@id":"https:\/\/uelzener.de\/magazin\/#website"},"primaryImageOfPage":{"@id":"https:\/\/uelzener.de\/magazin\/pferd\/tiergesundheit\/endometrose-bei-pferden\/#primaryimage"},"image":{"@id":"https:\/\/uelzener.de\/magazin\/pferd\/tiergesundheit\/endometrose-bei-pferden\/#primaryimage"},"thumbnailUrl":"https:\/\/uelzener.de\/magazin\/app\/uploads\/2025\/09\/endometrose-pferd.png","datePublished":"2025-09-29T11:16:05+00:00","description":"Entdecke die Ursachen und Behandlungsm\u00f6glichkeiten der Endometrose beim Pferd f\u00fcr eine bessere Fruchtbarkeit.","breadcrumb":{"@id":"https:\/\/uelzener.de\/magazin\/pferd\/tiergesundheit\/endometrose-bei-pferden\/#breadcrumb"},"inLanguage":"de","potentialAction":[{"@type":"ReadAction","target":["https:\/\/uelzener.de\/magazin\/pferd\/tiergesundheit\/endometrose-bei-pferden\/"]}]},{"@type":"ImageObject","inLanguage":"de","@id":"https:\/\/uelzener.de\/magazin\/pferd\/tiergesundheit\/endometrose-bei-pferden\/#primaryimage","url":"https:\/\/uelzener.de\/magazin\/app\/uploads\/2025\/09\/endometrose-pferd.png","contentUrl":"https:\/\/uelzener.de\/magazin\/app\/uploads\/2025\/09\/endometrose-pferd.png","width":1025,"height":450,"caption":"Zwei Pferde und ein Fohlen auf der Weide."},{"@type":"WebSite","@id":"https:\/\/uelzener.de\/magazin\/#website","url":"https:\/\/uelzener.de\/magazin\/","name":"Uelzener Tiermagazin","description":"Online Tierratgeber der Uelzener Versicherungen","publisher":{"@id":"https:\/\/uelzener.de\/magazin\/#organization"},"potentialAction":[{"@type":"SearchAction","target":{"@type":"EntryPoint","urlTemplate":"https:\/\/uelzener.de\/magazin\/?s={search_term_string}"},"query-input":{"@type":"PropertyValueSpecification","valueRequired":true,"valueName":"search_term_string"}}],"inLanguage":"de"},{"@type":"Organization","@id":"https:\/\/uelzener.de\/magazin\/#organization","name":"Uelzener Versicherungen","url":"https:\/\/uelzener.de\/magazin\/","logo":{"@type":"ImageObject","inLanguage":"de","@id":"https:\/\/uelzener.de\/magazin\/#\/schema\/logo\/image\/","url":"https:\/\/uelzener.de\/magazin\/app\/uploads\/2024\/11\/uelzener_allgemeine_versicherungsgesellschaft_a_g_logo.jpg","contentUrl":"https:\/\/uelzener.de\/magazin\/app\/uploads\/2024\/11\/uelzener_allgemeine_versicherungsgesellschaft_a_g_logo.jpg","width":200,"height":200,"caption":"Uelzener Versicherungen"},"image":{"@id":"https:\/\/uelzener.de\/magazin\/#\/schema\/logo\/image\/"},"sameAs":["https:\/\/www.facebook.com\/Uelzener","https:\/\/instagram.com\/uelzener","https:\/\/www.xing.com\/pages\/uelzenerallgemeineversicherungs-gesellschafta-g","https:\/\/www.youtube.com\/UelzenerVersicherungen"]}]}},"_links":{"self":[{"href":"https:\/\/uelzener.de\/magazin\/wp-json\/wp\/v2\/pages\/19312","targetHints":{"allow":["GET"]}}],"collection":[{"href":"https:\/\/uelzener.de\/magazin\/wp-json\/wp\/v2\/pages"}],"about":[{"href":"https:\/\/uelzener.de\/magazin\/wp-json\/wp\/v2\/types\/page"}],"author":[{"embeddable":true,"href":"https:\/\/uelzener.de\/magazin\/wp-json\/wp\/v2\/users\/11"}],"replies":[{"embeddable":true,"href":"https:\/\/uelzener.de\/magazin\/wp-json\/wp\/v2\/comments?post=19312"}],"version-history":[{"count":1,"href":"https:\/\/uelzener.de\/magazin\/wp-json\/wp\/v2\/pages\/19312\/revisions"}],"predecessor-version":[{"id":19314,"href":"https:\/\/uelzener.de\/magazin\/wp-json\/wp\/v2\/pages\/19312\/revisions\/19314"}],"up":[{"embeddable":true,"href":"https:\/\/uelzener.de\/magazin\/wp-json\/wp\/v2\/pages\/11706"}],"wp:featuredmedia":[{"embeddable":true,"href":"https:\/\/uelzener.de\/magazin\/wp-json\/wp\/v2\/media\/19313"}],"wp:attachment":[{"href":"https:\/\/uelzener.de\/magazin\/wp-json\/wp\/v2\/media?parent=19312"}],"curies":[{"name":"wp","href":"https:\/\/api.w.org\/{rel}","templated":true}]}}