{"id":19267,"date":"2025-09-23T10:37:32","date_gmt":"2025-09-23T08:37:32","guid":{"rendered":"https:\/\/uelzener.de\/magazin\/?page_id=19267"},"modified":"2025-11-13T12:32:08","modified_gmt":"2025-11-13T11:32:08","slug":"warum-miaut-katze-nicht","status":"publish","type":"page","link":"https:\/\/uelzener.de\/magazin\/katze\/haeufige-fragen\/warum-miaut-katze-nicht\/","title":{"rendered":"Warum miaut meine Katze nicht?"},"content":{"rendered":"<p><span style=\"font-weight: 400;\">Katzen kommunizieren untereinander vorwiegend mittels K\u00f6rpersprache. Beim Kontakt mit Menschen nutzen sie jedoch h\u00e4ufig ihre Stimme und miauen, um auf ihre Bed\u00fcrfnisse aufmerksam zu machen. W\u00e4hrend manche Samtpfoten ihr Miauen sehr sparsam einsetzen, erweisen sich andere als wahre Plapperm\u00e4uler und informieren ihre Menschen lautstark, wenn sie Hunger haben oder gestreichelt werden m\u00f6chten.<\/span><\/p>\n<p><span style=\"font-weight: 400;\">Was es mit der Lautsprache auf sich hat und welche Gr\u00fcnde es haben k\u00f6nnte, wenn eine Katze gar nicht miaut, fassen wir in diesem Artikel f\u00fcr dich zusammen.\u00a0\u00a0<\/span><\/p>\n<h2>Was das Miauen zu bedeuten hat<\/h2>\n<p><span style=\"font-weight: 400;\">Kommuniziert eine Katze mit Artgenossen, setzt sie vor allem auf K\u00f6rpersprache und Duftstoffe. Laute wie das Miauen kommen unter erwachsenen Tieren nur selten vor. Hauskatzen, die t\u00e4glich mit Menschen zusammenleben, nutzen das Miauen dagegen gezielt, um ihre Bed\u00fcrfnisse zu \u00e4u\u00dfern. Sie haben gelernt, dass Menschen ihre K\u00f6rpersprache nicht so gut deuten k\u00f6nnen und dass sie mit der Lautsprache eher weiterkommen. Aber es gibt nicht nur das einfache Miauen. Katzen verf\u00fcgen \u00fcber ein ganzes Repertoire an Lauten, so dass viele Halterinnen und Halter allein am Klang erkennen k\u00f6nnen, was ihr Stubentiger gerade m\u00f6chte.<\/span><\/p>\n<h3>Einfluss von Katzenrasse und Charakter auf das Miauen<\/h3>\n<p><span style=\"font-weight: 400;\">Genau wie der Mensch hat jede Katze einen individuellen Charakter. Manche Samtpfoten sind sehr gespr\u00e4chig und k\u00f6nnen ihr M\u00e4ulchen kaum stillhalten, w\u00e4hrend andere nur selten und wenn, dann aus triftigem Grund miauen. Wie viel eine Katze \u201espricht\u201c, ist allerdings nicht nur eine Charakterfrage, sondern h\u00e4ngt auch von der Rasse ab.<\/span><\/p>\n<p><span style=\"font-weight: 400;\">Als sehr gespr\u00e4chig gelten zum Beispiel:<\/span><\/p>\n<ul>\n<li style=\"font-weight: 400;\" aria-level=\"1\"><a href=\"https:\/\/uelzener.de\/magazin\/katze\/rasseportrait\/siamkatze\/\" target=\"_blank\" rel=\"noopener\"><span style=\"font-weight: 400;\">Siamkatzen<\/span><\/a><\/li>\n<li style=\"font-weight: 400;\" aria-level=\"1\"><a href=\"https:\/\/uelzener.de\/magazin\/katze\/rasseportrait\/bengal-katze-leopard\/\" target=\"_blank\" rel=\"noopener\"><span style=\"font-weight: 400;\">Bengalkatzen<\/span><\/a><\/li>\n<li style=\"font-weight: 400;\" aria-level=\"1\"><span style=\"font-weight: 400;\">Burmakatzen<\/span><\/li>\n<li style=\"font-weight: 400;\" aria-level=\"1\"><a href=\"https:\/\/uelzener.de\/magazin\/katze\/rasseportrait\/tonkanese-katze\/\" target=\"_blank\" rel=\"noopener\"><span style=\"font-weight: 400;\">Tonkanesen<\/span><\/a><\/li>\n<\/ul>\n<p><span style=\"font-weight: 400;\">\u00a0Zu den eher ruhigen Katzenrassen z\u00e4hlen dagegen unter anderem:\u00a0<\/span><\/p>\n<ul>\n<li style=\"font-weight: 400;\" aria-level=\"1\"><a href=\"https:\/\/uelzener.de\/magazin\/katze\/rasseportrait\/britisch-kurzhaar\/\" target=\"_blank\" rel=\"noopener\"><span style=\"font-weight: 400;\">Britisch Kurzhaar<\/span><\/a><\/li>\n<li style=\"font-weight: 400;\" aria-level=\"1\"><span style=\"font-weight: 400;\">Perser<\/span><\/li>\n<li style=\"font-weight: 400;\" aria-level=\"1\"><a href=\"https:\/\/uelzener.de\/magazin\/katze\/rasseportrait\/russisch-blau-katze\/\" target=\"_blank\" rel=\"noopener\"><span style=\"font-weight: 400;\">Russisch Blau<\/span><\/a><\/li>\n<li style=\"font-weight: 400;\" aria-level=\"1\"><a href=\"https:\/\/uelzener.de\/magazin\/katze\/rasseportrait\/norwegische-waldkatze\/\" target=\"_blank\" rel=\"noopener\"><span style=\"font-weight: 400;\">Norwegische Waldkatzen<\/span><\/a><\/li>\n<\/ul>\n<p><span style=\"font-weight: 400;\">Auch hier best\u00e4tigen Ausnahmen die Regel: Manche Burmakatzen sind genauso still wie Perser, von denen es wiederum \u00fcberraschend miaufreudige Exemplare geben kann.<\/span><\/p>\n<p><span style=\"font-weight: 400;\">Wenn deine Katze schon immer selten oder gar nicht gemiaut hat, besteht im Allgemeinen kein Grund zur Sorge. M\u00f6glicherweise geh\u00f6rt dein Stubentiger zu den sehr ruhigen Vertretern, die auf K\u00f6rpersprache statt Laute setzen. Geh\u00f6rt das Miauen aber fest zum Kommunikationsverhalten und bleibt pl\u00f6tzlich aus, ist es ratsam, der Ursache auf den Grund zu gehen und mit deiner Katze in einer Tierarztpraxis vorstellig zu werden. Mit einer <\/span><span style=\"font-weight: 400;\">Katzenkrankenversicherung<\/span><span style=\"font-weight: 400;\"> bist du im Ernstfall vor hohen Behandlungskosten gesch\u00fctzt.\u00a0<\/span><\/p>\n\n<div class=\"banner\">\n    <a href=\"https:\/\/uelzener.de\/katze\/katzen-krankenversicherung\/?agt=0000104925&sem=true&utm_medium=magazin&utm_source=wordpress&utm_campaign=katze_kv&utm_content=banner\">\n        <img decoding=\"async\" width=\"300\" height=\"212\" src=\"https:\/\/uelzener.de\/magazin\/app\/uploads\/2025\/01\/Katzen-Kranken-Versicherung.jpg\" class=\"attachment-medium size-medium\" alt=\"Banner Katzen-Kranken-Versicherung\" \/>    <\/a>\n<\/div>\n\n<h2>Wenn die Katze nicht mehr miaut: M\u00f6gliche Ursachen<\/h2>\n<p><span style=\"font-weight: 400;\">Wenn deine Katze von einem Tag auf den anderen keinen Laut mehr von sich gibt, kann das ein Warnsignal sein. In dem Fall solltest du dein Tier genau beobachten: Verh\u00e4lt sich deine Samtpfote anders als sonst? Gibt es Ausl\u00f6ser f\u00fcr starken Stress? Oder k\u00f6nnte eine Erkrankung dahinterstecken?<\/span><\/p>\n<p><span style=\"font-weight: 400;\">Es gibt unterschiedliche Gr\u00fcnde, warum eine Samtpfote pl\u00f6tzlich verstummt oder sich zur\u00fcckzieht. Im Folgenden findest du einige m\u00f6gliche Ursachen:<\/span><\/p>\n<h3>Stress<\/h3>\n<p>Stresssituationen machen sich bei Katzen auf verschiedene Weise bemerkbar. Die einen ziehen sich zur\u00fcck, fressen pl\u00f6tzlich weniger oder gar nicht mehr, w\u00e4hrend die anderen verst\u00e4rkt nach N\u00e4he suchen. Wieder andere verstummen wie aus dem Nichts und geben keinen Laut mehr von sich. Zu den klassischen Stressausl\u00f6sern z\u00e4hlen neue tierische oder menschliche Mitbewohner sowie Ver\u00e4nderungen in der Alltagsroutine oder Umgebung. Manche Katzen sind derart sensibel, dass sie bereits Stressreaktionen zeigen, wenn ein M\u00f6belst\u00fcck verr\u00fcckt wird.<\/p>\n<p>Mit ausreichend R\u00fcckzugsm\u00f6glichkeiten kannst du deinem Stubentiger helfen, Stress zu reduzieren und sich an die neue Situation zu gew\u00f6hnen. So findet die Katze schnell zu ihrem gewohnten Verhalten zur\u00fcck und beginnt auch wieder, zu miauen.<\/p>\n<h3>Atemwegsinfektionen<\/h3>\n<p>Als eine der h\u00e4ufigsten Ursachen f\u00fcr ausbleibendes Miauen gelten Atemwegsinfektionen. Sie k\u00f6nnen zu Heiserkeit f\u00fchren, so dass betroffene Katzen nur noch kr\u00e4chzende Laute von sich geben. Vor allem Entz\u00fcndungen der oberen Atemwege verursachen oft einen Stimmverlust. In der Regel kommen weitere Symptome hinzu wie verminderter Appetit, Schnupfen oder tr\u00e4nende Augen.<\/p>\n<h3>Kehlkopferkrankungen<\/h3>\n<p><span style=\"font-weight: 400;\">Heiserkeit oder ein vollst\u00e4ndiger Stimmverlust kann auch auf eine Laryngitis (Kehlkopfentz\u00fcndung) oder Kehlkopfl\u00e4hmung zur\u00fcckzuf\u00fchren sein. Hier kommen mitunter weitere Begleiterscheinungen hinzu, etwa eine erschwerte Atmung, Fieber oder Nasenausfluss. In der Regel gilt eine Kehlkopfentz\u00fcndung aber als gut behandelbar.\u00a0<\/span><\/p>\n<p><span style=\"font-weight: 400;\">Deutlich schwerwiegender ist eine L\u00e4hmung der Kehlkopfmuskulatur. Sie \u00e4u\u00dfert sich anfangs in Atemproblemen, Heiserkeit und Stimmversagen. Im fortschreitenden Krankheitsverlauf kann es zu Atemnot und schlimmstenfalls zum Tod durch Ersticken kommen. Um eine Kehlkopfl\u00e4hmung behandeln zu k\u00f6nnen, ist ein operativer Eingriff notwendig.<\/span><\/p>\n<h3>Verletzungen<\/h3>\n<p>Ein pl\u00f6tzlicher Stimmverlust kann auch durch Verletzungen im Bereich des Kehlkopfs oder der Stimmb\u00e4nder hervorgerufen werden. Dar\u00fcber hinaus k\u00f6nnen festsitzende Fremdk\u00f6rper oder Insektenstiche Schwellungen in diesen Bereichen ausl\u00f6sen, was dazu f\u00fchrt, dass deine Katze keinen Laut mehr von sich gibt.<\/p>\n\n<div class=\"related_articles boxed\">\n    <h2>Mehr zum Thema<\/h2>\n    \n    <div class=\"wrapper\"><div class=\"title align-center\"><h3><a href=\"https:\/\/uelzener.de\/magazin\/katze\/tiergesundheit\/katze-koerpersprache-schmerzen\/\">K\u00f6rpersprache: Wie zeigen Katzen Schmerzen?<\/a><\/h3><\/div><div class=\"img align-center\"><img decoding=\"async\" width=\"315\" height=\"180\" src=\"https:\/\/uelzener.de\/magazin\/app\/uploads\/2022\/09\/Schmerzen-erkennen-bei-Katzen-315x180.jpg\" class=\"attachment-315x180 size-315x180 wp-post-image\" alt=\"K\u00f6rpersprache: Eine dreifarbige Katze liegt und schaut m\u00fcde.\" \/><\/div><\/div><div class=\"wrapper\"><div class=\"title align-center\"><h3><a href=\"https:\/\/uelzener.de\/magazin\/katze\/tiergesundheit\/heiserkeit-bei-katzen-was-dahintersteckt-und-wann-es-ernst-wird\/\">Heiserkeit bei Katzen: Was dahintersteckt und wann es ernst wird<\/a><\/h3><\/div><div class=\"img align-center\"><img decoding=\"async\" width=\"315\" height=\"180\" src=\"https:\/\/uelzener.de\/magazin\/app\/uploads\/2025\/02\/heiserkeit_katzen-315x180.jpg\" class=\"attachment-315x180 size-315x180 wp-post-image\" alt=\"Eine Katze liegt im Arm von ihrem Frauchen.\" \/><\/div><\/div><div class=\"wrapper\"><div class=\"title align-center\"><h3><a href=\"https:\/\/uelzener.de\/magazin\/katze\/tiergesundheit\/pica-syndrom-wenn-katzen-ungeniessbares-essen\/\">Pica-Syndrom: Wenn Katzen Ungenie\u00dfbares essen<\/a><\/h3><\/div><div class=\"img align-center\"><img decoding=\"async\" width=\"315\" height=\"180\" src=\"https:\/\/uelzener.de\/magazin\/app\/uploads\/2025\/02\/katze-pica-syndrom-falsch-gegessen-315x180.jpg\" class=\"attachment-315x180 size-315x180 wp-post-image\" alt=\"Auf dem Bild spielt eine kleine Katze mit einem Spielzeug und frisst an diesem. Dies kann sehr sch\u00e4dlich sein.\" \/><\/div><\/div><\/div>\n\n<h2>Fazit<\/h2>\n<p><span style=\"font-weight: 400;\">Viele Samtpfoten miauen, um mit ihren Menschen zu kommunizieren und sich bemerkbar zu machen. Es gibt aber auch sehr ruhige Vertreter, die charakter- oder rassebedingt seltener die Lautsprache nutzen. In dem Fall ist das Verhalten v\u00f6llig normal. Aufmerksamkeit ist gefragt, wenn eine sonst gespr\u00e4chige Katze pl\u00f6tzlich still wird oder beim Miauen heiser klingt. Dann kann es n\u00e4mlich sein, dass Stress, eine Erkrankung oder Verletzung dahintersteckt. Ein Besuch beim Tierarzt oder bei der Tier\u00e4rztin ist in dem Zusammenhang sehr wichtig. So kannst du die Ursache abkl\u00e4ren lassen und im Ernstfall sichergehen, dass deiner Katze schnellstm\u00f6glich geholfen wird.<\/span><\/p>\n<h2>FAQ: H\u00e4ufig gestellte Fragen zu Katzen, die nicht miauen<\/h2>\n<h3>Meine Katze miaut kaum oder nur sehr selten. Kann es sein, dass sie krank ist?<\/h3>\n<p><span style=\"font-weight: 400;\">Wahrscheinlicher ist, dass deine Katze einfach einen sehr ruhigen Charakter hat und sich lieber mit k\u00f6rpersprachlichen Signalen statt Lauten ausdr\u00fcckt. Verh\u00e4lt sie sich ansonsten unauff\u00e4llig und war schon immer ein stiller Typ, besteht kein Grund zur Sorge.<\/span><\/p>\n<h3>Kann Stress das Lautverhalten der Katze beeinflussen?<\/h3>\n<p><span style=\"font-weight: 400;\">Katzen sind im Allgemeinen sehr anf\u00e4llig f\u00fcr Stress. Ver\u00e4nderungen im Alltag k\u00f6nnen sie schnell verunsichern. Befindet sich eine Katze in einer Stresssituation, kann es durchaus sein, dass sie weniger miaut.<\/span><\/p>\n<h3>Was tun, wenn die Katze heiser ist und deswegen nicht miaut?<\/h3>\n<p><span style=\"font-weight: 400;\">In diesem Fall solltest du deiner Katze R\u00fcckzugsm\u00f6glichkeiten bieten und f\u00fcr ein angenehmes Raumklima sorgen, etwa durch regelm\u00e4\u00dfiges L\u00fcften oder mithilfe eines Luftbefeuchters. Auch eine erh\u00f6hte Fl\u00fcssigkeitszufuhr, zum Beispiel \u00fcber einen Katzenbrunnen, kann unterst\u00fctzend wirken. Wichtig ist aber vor allem, dass du die Ursache f\u00fcr die Heiserkeit \u00e4rztlich abkl\u00e4ren und behandeln l\u00e4sst.<\/span><\/p>\n","protected":false},"excerpt":{"rendered":"<p>Katzen kommunizieren untereinander vorwiegend mittels K\u00f6rpersprache. Beim Kontakt mit Menschen nutzen sie jedoch h\u00e4ufig ihre Stimme und miauen, um auf ihre Bed\u00fcrfnisse aufmerksam zu machen. W\u00e4hrend manche Samtpfoten ihr Miauen sehr sparsam einsetzen, erweisen sich andere als wahre Plapperm\u00e4uler und informieren ihre Menschen lautstark, wenn sie Hunger haben oder gestreichelt werden m\u00f6chten. Was es mit [&hellip;]<\/p>\n","protected":false},"author":11,"featured_media":19268,"parent":11691,"menu_order":8,"comment_status":"closed","ping_status":"closed","template":"templates\/blog.php","meta":{"_acf_changed":false,"_crdt_document":"","footnotes":"","beyondwords_generate_audio":"","beyondwords_project_id":"","beyondwords_content_id":"","beyondwords_preview_token":"","beyondwords_player_style":"","beyondwords_language_id":"","beyondwords_title_voice_id":"","beyondwords_body_voice_id":"","beyondwords_summary_voice_id":"","beyondwords_error_message":"","beyondwords_disabled":"","beyondwords_delete_content":"","beyondwords_podcast_id":"","beyondwords_hash":"","publish_post_to_speechkit":"","speechkit_hash":"","speechkit_generate_audio":"","speechkit_project_id":"","speechkit_podcast_id":"","speechkit_error_message":"","speechkit_disabled":"","speechkit_access_key":"","speechkit_error":"","speechkit_info":"","speechkit_response":"","speechkit_retries":"","speechkit_status":"","speechkit_updated_at":"","_speechkit_link":"","_speechkit_text":""},"class_list":["post-19267","page","type-page","status-publish","has-post-thumbnail","hentry"],"acf":[],"yoast_head":"<!-- This site is optimized with the Yoast SEO Premium plugin  - https:\/\/yoast.com\/product\/yoast-seo-premium-wordpress\/ -->\n<title>Warum miaut meine Katze nicht? | Uelzener Magazin<\/title>\n<meta name=\"description\" content=\"Entdecke die Gr\u00fcnde, warum eine Katze nicht miaut. Die Kommunikation von Katzen ist facettenreich und spannend.\" \/>\n<meta name=\"robots\" content=\"index, follow, max-snippet:-1, max-image-preview:large, max-video-preview:-1\" \/>\n<link rel=\"canonical\" href=\"https:\/\/uelzener.de\/magazin\/katze\/haeufige-fragen\/warum-miaut-katze-nicht\/\" \/>\n<meta property=\"og:locale\" content=\"de_DE\" \/>\n<meta property=\"og:type\" content=\"article\" \/>\n<meta property=\"og:title\" content=\"Warum miaut meine Katze nicht?\" \/>\n<meta property=\"og:description\" content=\"Entdecke die Gr\u00fcnde, warum eine Katze nicht miaut. Die Kommunikation von Katzen ist facettenreich und spannend.\" \/>\n<meta property=\"og:url\" content=\"https:\/\/uelzener.de\/magazin\/katze\/haeufige-fragen\/warum-miaut-katze-nicht\/\" \/>\n<meta property=\"og:site_name\" content=\"Uelzener Tier-Magazin\" \/>\n<meta property=\"article:publisher\" content=\"https:\/\/www.facebook.com\/Uelzener\" \/>\n<meta property=\"article:modified_time\" content=\"2025-11-13T11:32:08+00:00\" \/>\n<meta property=\"og:image\" content=\"https:\/\/uelzener.de\/magazin\/app\/uploads\/2025\/09\/katze-miaut-nicht.png\" \/>\n\t<meta property=\"og:image:width\" content=\"1025\" \/>\n\t<meta property=\"og:image:height\" content=\"450\" \/>\n\t<meta property=\"og:image:type\" content=\"image\/png\" \/>\n<meta name=\"twitter:card\" content=\"summary_large_image\" \/>\n<meta name=\"twitter:label1\" content=\"Gesch\u00e4tzte Lesezeit\" \/>\n\t<meta name=\"twitter:data1\" content=\"6\u00a0Minuten\" \/>\n<script type=\"application\/ld+json\" class=\"yoast-schema-graph\">{\"@context\":\"https:\/\/schema.org\",\"@graph\":[{\"@type\":\"WebPage\",\"@id\":\"https:\/\/uelzener.de\/magazin\/katze\/haeufige-fragen\/warum-miaut-katze-nicht\/\",\"url\":\"https:\/\/uelzener.de\/magazin\/katze\/haeufige-fragen\/warum-miaut-katze-nicht\/\",\"name\":\"Warum miaut meine Katze nicht? | Uelzener Magazin\",\"isPartOf\":{\"@id\":\"https:\/\/uelzener.de\/magazin\/#website\"},\"primaryImageOfPage\":{\"@id\":\"https:\/\/uelzener.de\/magazin\/katze\/haeufige-fragen\/warum-miaut-katze-nicht\/#primaryimage\"},\"image\":{\"@id\":\"https:\/\/uelzener.de\/magazin\/katze\/haeufige-fragen\/warum-miaut-katze-nicht\/#primaryimage\"},\"thumbnailUrl\":\"https:\/\/uelzener.de\/magazin\/app\/uploads\/2025\/09\/katze-miaut-nicht.png\",\"datePublished\":\"2025-09-23T08:37:32+00:00\",\"dateModified\":\"2025-11-13T11:32:08+00:00\",\"description\":\"Entdecke die Gr\u00fcnde, warum eine Katze nicht miaut. Die Kommunikation von Katzen ist facettenreich und spannend.\",\"breadcrumb\":{\"@id\":\"https:\/\/uelzener.de\/magazin\/katze\/haeufige-fragen\/warum-miaut-katze-nicht\/#breadcrumb\"},\"inLanguage\":\"de\",\"potentialAction\":[{\"@type\":\"ReadAction\",\"target\":[\"https:\/\/uelzener.de\/magazin\/katze\/haeufige-fragen\/warum-miaut-katze-nicht\/\"]}]},{\"@type\":\"ImageObject\",\"inLanguage\":\"de\",\"@id\":\"https:\/\/uelzener.de\/magazin\/katze\/haeufige-fragen\/warum-miaut-katze-nicht\/#primaryimage\",\"url\":\"https:\/\/uelzener.de\/magazin\/app\/uploads\/2025\/09\/katze-miaut-nicht.png\",\"contentUrl\":\"https:\/\/uelzener.de\/magazin\/app\/uploads\/2025\/09\/katze-miaut-nicht.png\",\"width\":1025,\"height\":450,\"caption\":\"Katze h\u00e4lt sich mit der Pfote das Maul zu und miaut nicht.\"},{\"@type\":\"WebSite\",\"@id\":\"https:\/\/uelzener.de\/magazin\/#website\",\"url\":\"https:\/\/uelzener.de\/magazin\/\",\"name\":\"Uelzener Tiermagazin\",\"description\":\"Online Tierratgeber der Uelzener Versicherungen\",\"publisher\":{\"@id\":\"https:\/\/uelzener.de\/magazin\/#organization\"},\"potentialAction\":[{\"@type\":\"SearchAction\",\"target\":{\"@type\":\"EntryPoint\",\"urlTemplate\":\"https:\/\/uelzener.de\/magazin\/?s={search_term_string}\"},\"query-input\":{\"@type\":\"PropertyValueSpecification\",\"valueRequired\":true,\"valueName\":\"search_term_string\"}}],\"inLanguage\":\"de\"},{\"@type\":\"Organization\",\"@id\":\"https:\/\/uelzener.de\/magazin\/#organization\",\"name\":\"Uelzener Versicherungen\",\"url\":\"https:\/\/uelzener.de\/magazin\/\",\"logo\":{\"@type\":\"ImageObject\",\"inLanguage\":\"de\",\"@id\":\"https:\/\/uelzener.de\/magazin\/#\/schema\/logo\/image\/\",\"url\":\"https:\/\/uelzener.de\/magazin\/app\/uploads\/2024\/11\/uelzener_allgemeine_versicherungsgesellschaft_a_g_logo.jpg\",\"contentUrl\":\"https:\/\/uelzener.de\/magazin\/app\/uploads\/2024\/11\/uelzener_allgemeine_versicherungsgesellschaft_a_g_logo.jpg\",\"width\":200,\"height\":200,\"caption\":\"Uelzener Versicherungen\"},\"image\":{\"@id\":\"https:\/\/uelzener.de\/magazin\/#\/schema\/logo\/image\/\"},\"sameAs\":[\"https:\/\/www.facebook.com\/Uelzener\",\"https:\/\/instagram.com\/uelzener\",\"https:\/\/www.xing.com\/pages\/uelzenerallgemeineversicherungs-gesellschafta-g\",\"https:\/\/www.youtube.com\/UelzenerVersicherungen\"]}]}<\/script>\n<!-- \/ Yoast SEO Premium plugin. -->","yoast_head_json":{"title":"Warum miaut meine Katze nicht? | Uelzener Magazin","description":"Entdecke die Gr\u00fcnde, warum eine Katze nicht miaut. Die Kommunikation von Katzen ist facettenreich und spannend.","robots":{"index":"index","follow":"follow","max-snippet":"max-snippet:-1","max-image-preview":"max-image-preview:large","max-video-preview":"max-video-preview:-1"},"canonical":"https:\/\/uelzener.de\/magazin\/katze\/haeufige-fragen\/warum-miaut-katze-nicht\/","og_locale":"de_DE","og_type":"article","og_title":"Warum miaut meine Katze nicht?","og_description":"Entdecke die Gr\u00fcnde, warum eine Katze nicht miaut. Die Kommunikation von Katzen ist facettenreich und spannend.","og_url":"https:\/\/uelzener.de\/magazin\/katze\/haeufige-fragen\/warum-miaut-katze-nicht\/","og_site_name":"Uelzener Tier-Magazin","article_publisher":"https:\/\/www.facebook.com\/Uelzener","article_modified_time":"2025-11-13T11:32:08+00:00","og_image":[{"width":1025,"height":450,"url":"https:\/\/uelzener.de\/magazin\/app\/uploads\/2025\/09\/katze-miaut-nicht.png","type":"image\/png"}],"twitter_card":"summary_large_image","twitter_misc":{"Gesch\u00e4tzte Lesezeit":"6\u00a0Minuten"},"schema":{"@context":"https:\/\/schema.org","@graph":[{"@type":"WebPage","@id":"https:\/\/uelzener.de\/magazin\/katze\/haeufige-fragen\/warum-miaut-katze-nicht\/","url":"https:\/\/uelzener.de\/magazin\/katze\/haeufige-fragen\/warum-miaut-katze-nicht\/","name":"Warum miaut meine Katze nicht? | Uelzener Magazin","isPartOf":{"@id":"https:\/\/uelzener.de\/magazin\/#website"},"primaryImageOfPage":{"@id":"https:\/\/uelzener.de\/magazin\/katze\/haeufige-fragen\/warum-miaut-katze-nicht\/#primaryimage"},"image":{"@id":"https:\/\/uelzener.de\/magazin\/katze\/haeufige-fragen\/warum-miaut-katze-nicht\/#primaryimage"},"thumbnailUrl":"https:\/\/uelzener.de\/magazin\/app\/uploads\/2025\/09\/katze-miaut-nicht.png","datePublished":"2025-09-23T08:37:32+00:00","dateModified":"2025-11-13T11:32:08+00:00","description":"Entdecke die Gr\u00fcnde, warum eine Katze nicht miaut. Die Kommunikation von Katzen ist facettenreich und spannend.","breadcrumb":{"@id":"https:\/\/uelzener.de\/magazin\/katze\/haeufige-fragen\/warum-miaut-katze-nicht\/#breadcrumb"},"inLanguage":"de","potentialAction":[{"@type":"ReadAction","target":["https:\/\/uelzener.de\/magazin\/katze\/haeufige-fragen\/warum-miaut-katze-nicht\/"]}]},{"@type":"ImageObject","inLanguage":"de","@id":"https:\/\/uelzener.de\/magazin\/katze\/haeufige-fragen\/warum-miaut-katze-nicht\/#primaryimage","url":"https:\/\/uelzener.de\/magazin\/app\/uploads\/2025\/09\/katze-miaut-nicht.png","contentUrl":"https:\/\/uelzener.de\/magazin\/app\/uploads\/2025\/09\/katze-miaut-nicht.png","width":1025,"height":450,"caption":"Katze h\u00e4lt sich mit der Pfote das Maul zu und miaut nicht."},{"@type":"WebSite","@id":"https:\/\/uelzener.de\/magazin\/#website","url":"https:\/\/uelzener.de\/magazin\/","name":"Uelzener Tiermagazin","description":"Online Tierratgeber der Uelzener Versicherungen","publisher":{"@id":"https:\/\/uelzener.de\/magazin\/#organization"},"potentialAction":[{"@type":"SearchAction","target":{"@type":"EntryPoint","urlTemplate":"https:\/\/uelzener.de\/magazin\/?s={search_term_string}"},"query-input":{"@type":"PropertyValueSpecification","valueRequired":true,"valueName":"search_term_string"}}],"inLanguage":"de"},{"@type":"Organization","@id":"https:\/\/uelzener.de\/magazin\/#organization","name":"Uelzener Versicherungen","url":"https:\/\/uelzener.de\/magazin\/","logo":{"@type":"ImageObject","inLanguage":"de","@id":"https:\/\/uelzener.de\/magazin\/#\/schema\/logo\/image\/","url":"https:\/\/uelzener.de\/magazin\/app\/uploads\/2024\/11\/uelzener_allgemeine_versicherungsgesellschaft_a_g_logo.jpg","contentUrl":"https:\/\/uelzener.de\/magazin\/app\/uploads\/2024\/11\/uelzener_allgemeine_versicherungsgesellschaft_a_g_logo.jpg","width":200,"height":200,"caption":"Uelzener Versicherungen"},"image":{"@id":"https:\/\/uelzener.de\/magazin\/#\/schema\/logo\/image\/"},"sameAs":["https:\/\/www.facebook.com\/Uelzener","https:\/\/instagram.com\/uelzener","https:\/\/www.xing.com\/pages\/uelzenerallgemeineversicherungs-gesellschafta-g","https:\/\/www.youtube.com\/UelzenerVersicherungen"]}]}},"_links":{"self":[{"href":"https:\/\/uelzener.de\/magazin\/wp-json\/wp\/v2\/pages\/19267","targetHints":{"allow":["GET"]}}],"collection":[{"href":"https:\/\/uelzener.de\/magazin\/wp-json\/wp\/v2\/pages"}],"about":[{"href":"https:\/\/uelzener.de\/magazin\/wp-json\/wp\/v2\/types\/page"}],"author":[{"embeddable":true,"href":"https:\/\/uelzener.de\/magazin\/wp-json\/wp\/v2\/users\/11"}],"replies":[{"embeddable":true,"href":"https:\/\/uelzener.de\/magazin\/wp-json\/wp\/v2\/comments?post=19267"}],"version-history":[{"count":2,"href":"https:\/\/uelzener.de\/magazin\/wp-json\/wp\/v2\/pages\/19267\/revisions"}],"predecessor-version":[{"id":19527,"href":"https:\/\/uelzener.de\/magazin\/wp-json\/wp\/v2\/pages\/19267\/revisions\/19527"}],"up":[{"embeddable":true,"href":"https:\/\/uelzener.de\/magazin\/wp-json\/wp\/v2\/pages\/11691"}],"wp:featuredmedia":[{"embeddable":true,"href":"https:\/\/uelzener.de\/magazin\/wp-json\/wp\/v2\/media\/19268"}],"wp:attachment":[{"href":"https:\/\/uelzener.de\/magazin\/wp-json\/wp\/v2\/media?parent=19267"}],"curies":[{"name":"wp","href":"https:\/\/api.w.org\/{rel}","templated":true}]}}