{"id":19158,"date":"2025-09-04T14:11:36","date_gmt":"2025-09-04T12:11:36","guid":{"rendered":"https:\/\/uelzener.de\/magazin\/?page_id=19158"},"modified":"2025-09-04T14:11:36","modified_gmt":"2025-09-04T12:11:36","slug":"kastanien-merkmale-am-pferdebein","status":"publish","type":"page","link":"https:\/\/uelzener.de\/magazin\/pferd\/haeufige-fragen\/kastanien-merkmale-am-pferdebein\/","title":{"rendered":"Kastanien: Einzigartige Merkmale am Pferdebein"},"content":{"rendered":"<p><span style=\"font-weight: 400;\">Wer Pferde genauer betrachtet, wird an ihren Beinen kleine, rundliche bis ovale Hornstrukturen entdecken: die sogenannten Kastanien. In der Pferdewelt gelten sie als ein spannendes Relikt der Evolution. Jedoch stellen sich viele Pferdehalter und -halterinnen irgendwann die Frage, welchen Zweck diese Hornplatten erf\u00fcllen und ob man sie sogar entfernen sollte. Was Kastanien genau sind, warum Pferde sie besitzen und wie man damit\u00a0 umgehen sollte, erf\u00e4hrst du in diesem Artikel.<\/span><\/p>\n<h2>Was sind die Kastanien bei Pferden?<\/h2>\n<p><span style=\"font-weight: 400;\">Kastanien sind kleine Erhebungen an den Innenseiten der Pferdebeine. Sie bestehen aus Hornsubstanz, genauso wie Pferdehufe, und wachsen ein Leben lang kontinuierlich weiter.<\/span><\/p>\n<p><span style=\"font-weight: 400;\">An den Vorderbeinen befinden sie sich oberhalb des Karpalgelenks, das dem menschlichen Handgelenk entspricht. Einige Rassen tragen die Kastanien nur vorne, beispielsweise Isl\u00e4nder oder Banker Horses. Bei den meisten anderen Rassen hingegen sind sie auch an den Hinterbeinen ausgepr\u00e4gt \u2013 unterhalb oder auf der H\u00f6he des Sprunggelenks.\u00a0<\/span><\/p>\n<h2>Warum haben Pferde Kastanien? Ein Blick in die Entwicklungsgeschichte<\/h2>\n<p><span style=\"font-weight: 400;\">F\u00fcr das Pferd haben die Kastanien keine besondere Funktion, dennoch geh\u00f6ren sie zur typischen Anatomie dazu. Ihre Entstehung reicht weit in die equine Entwicklungsgeschichte zur\u00fcck. Forschende gehen davon aus, dass es sich um \u00dcberbleibsel einer Zehe handelt, die die Vorfahren unserer heutigen Pferde besa\u00dfen.\u00a0<\/span><\/p>\n<p><span style=\"font-weight: 400;\">Urpferde besa\u00dfen urspr\u00fcnglich mehrere Zehen. Im Laufe der Evolution setzte sich jedoch die kr\u00e4ftige Mittelzehe bei der Fortbewegung durch \u2013 das, was wir heute als Huf kennen. Um diese Entwicklung nachzuvollziehen, wurden die Zehen von fossilen Pferdearten mittels Micro-Computertomographie untersucht. Anhand biomechanischer Modelle wurde zudem getestet, wie belastbar die einzelnen Zehen waren. Dabei zeigte sich: Noch bis vor rund 20 Millionen Jahren halfen die Seitenzehen aktiv dabei, die K\u00f6rperlast zu tragen und die Mittelzehe zu stabilisieren. Erst sp\u00e4ter, bei Arten wie Pliohippus und Hippotherium, ver\u00e4nderte sich die innere Struktur der Mittelzehe so stark, dass sie allein die Last tragen konnte. Damit wurden die Seitenzehen \u00fcberfl\u00fcssig und verschwanden im Laufe der Evolution fast vollst\u00e4ndig.<\/span><\/p>\n<p><span style=\"font-weight: 400;\">Die heutigen Kastanien gelten daher als \u00dcberbleibsel dieser einst vorhandenen Zehen \u2013 vermutlich als Relikt des \u201eDaumens\u201c. Warum die Kastanien vorne und hinten an verschiedenen Stellen liegen, konnte die Forschung bisher nicht eindeutig kl\u00e4ren. Es wird jedoch vermutet, dass es mit der unterschiedlichen evolution\u00e4ren R\u00fcckbildung der Finger- und Zehenknochen zu tun hat.<\/span><\/p>\n<h2>K\u00f6nnen Pferde durch ihre Kastanien Probleme bekommen?<\/h2>\n<p><span style=\"font-weight: 400;\">Kastanien wachsen ein Leben lang, wodurch sie bei manchen Pferden recht dick werden und abstehen k\u00f6nnen. Da sie aus hartem Horn bestehen, existiert eine gewisse Verletzungsgefahr \u2013 etwa wenn die Vierbeiner beim Laufen oder Spielen damit h\u00e4ngen bleiben. Rei\u00dfen dabei Teile der Kastanie ab, kann das teils zu starken Blutungen am Pferdebein f\u00fchren. Probleme k\u00f6nnen auch dann entstehen, wenn sich Schmutz, Staub oder Bakterien darunter festsetzen. Das passiert jedoch nur selten. Sollte sich trotzdem eine Entz\u00fcndung oder Verletzung entwickeln, ist eine tier\u00e4rztliche Behandlung sinnvoll. In solchen F\u00e4llen kann eine <\/span><span style=\"font-weight: 400;\">Pferdekrankenversicherung<\/span><span style=\"font-weight: 400;\"> eine wertvolle Unterst\u00fctzung sein, da sie die Kosten f\u00fcr tier\u00e4rztliche Ma\u00dfnahmen \u00fcbernimmt.\u00a0<\/span><\/p>\n\n<div class=\"banner\">\n    <a href=\"https:\/\/uelzener.de\/pferd\/herden-versicherung\/?agt=0000104925&sem=true&utm_medium=magazin&utm_source=wordpress&utm_campaign=pferd_kv&utm_content=banner    \">\n        <img decoding=\"async\" width=\"300\" height=\"212\" src=\"https:\/\/uelzener.de\/magazin\/app\/uploads\/2025\/01\/Pferde-Kranken-Versicherung.jpg\" class=\"attachment-medium size-medium\" alt=\"Banner Pferde-Kranken-Versicherung\" \/>    <\/a>\n<\/div>\n\n<p><span style=\"font-weight: 400;\">Im Allgemeinen besteht aber kein Grund zur Sorge: Kastanien sind eine v\u00f6llig normale anatomische Erscheinung und in keiner Weise krankhaft.<\/span><\/p>\n<h2>Lassen sich Kastanien bei Pferden entfernen?<\/h2>\n<p><span style=\"font-weight: 400;\">Kastanien lassen sich nicht vollst\u00e4ndig entfernen, und das sollte auch nicht versucht werden. Da sie \u00e4hnlich wie Fingern\u00e4gel aufgebaut sind, wachsen sie nach. Oftmals l\u00f6sen sich dickere St\u00fccke von selbst, etwa wenn das Pferd sich an B\u00e4umen oder Z\u00e4unen scheuert. Einige Pferde knabbern bei der Fellpflege sogar Teile der Kastanien selbst ab.<\/span><\/p>\n<p><span style=\"font-weight: 400;\">Wenn die Hornplatten sehr gro\u00df werden oder st\u00f6ren, k\u00f6nnen sie vorsichtig mit einer Hufzange oder einem scharfen Messer gek\u00fcrzt werden. Dabei ist Fingerspitzengef\u00fchl gefragt, denn unter dem Horn befindet sich empfindliches Gewebe. Deswegen sollte man diese Arbeit dem Hufschmied bzw. der Hufschmiedin oder dem Tierarzt bzw. der Tier\u00e4rztin \u00fcberlassen. F\u00fcr das Pferd ist das K\u00fcrzen in der Regel schmerzfrei, solange nur das Hornmaterial entfernt wird.<\/span><\/p>\n<h2>Kastanien als Fingerabdruck des Pferdes<\/h2>\n<p><span style=\"font-weight: 400;\">Jede Kastanie ist einzigartig. \u00c4hnlich wie ein Fingerabdruck beim Menschen kann ihre Form herangezogen werden, um ein Pferd zu identifizieren. Aus diesem Grund werden ihre Gr\u00f6\u00dfe und Lage im Pferdepass erfasst.\u00a0<\/span><\/p>\n<p><span style=\"font-weight: 400;\">Die Auspr\u00e4gung der Kastanien variiert dementsprechend stark. Manche Pferde haben sehr kleine, flache Hornplatten, w\u00e4hrend andere deutlich sichtbare, grobe Kastanien entwickeln. Auch die Oberfl\u00e4chenbeschaffenheit ist von Pferd zu Pferd unterschiedlich und reicht von glatt und eben bis rissig und schuppig. Diese Unterschiede sind in erster Linie individuelle, angeborene Merkmale. Doch auch das Alter des Tieres kann einen Einfluss haben. So haben \u00e4ltere Pferde mitunter gr\u00f6\u00dfere und dickere Kastanien vorzuweisen.<\/span><\/p>\n<h2>Fazit<\/h2>\n<p><span style=\"font-weight: 400;\">Kastanien beim Pferd sind kleine, aber faszinierende Details am K\u00f6rper der Pferde. Sie sind ein sichtbarer Beweis f\u00fcr die lange Entwicklungsgeschichte der Equiden und dienen heute der Identifikation. F\u00fcr das Pferd selbst stellen sie kein Problem dar, solange sie nicht \u00fcberm\u00e4\u00dfig einrei\u00dfen oder verschmutzen. Ein gelegentliche Sichtkontrolle und ein vorsichtiges K\u00fcrzen bei Bedarf reichen v\u00f6llig aus. Auch wenn sie auf den ersten Blick unscheinbar wirken, erz\u00e4hlen Kastanien eine spannende Geschichte und machen die Anatomie der Pferde noch ein St\u00fcck interessanter.<\/span><\/p>\n\n<div class=\"related_articles boxed\">\n    <h2>Mehr zum Thema<\/h2>\n    \n    <div class=\"wrapper\"><div class=\"title align-center\"><h3><a href=\"https:\/\/uelzener.de\/magazin\/pferd\/pflege\/pferd-richtig-putzen\/\">Pferd richtig putzen: Wissenswertes rund um die Pflege<\/a><\/h3><\/div><div class=\"img align-center\"><img decoding=\"async\" width=\"315\" height=\"180\" src=\"https:\/\/uelzener.de\/magazin\/app\/uploads\/2024\/06\/pferd-richtig-putzen-315x180.jpg\" class=\"attachment-315x180 size-315x180 wp-post-image\" alt=\"Mann putzt ein Pferd im Freien.\" \/><\/div><\/div><div class=\"wrapper\"><div class=\"title align-center\"><h3><a href=\"https:\/\/uelzener.de\/magazin\/pferd\/haltung\/einstreu-stroh-pellets-pferd\/\">Einstreu f\u00fcr Pferde: So triffst du die richtige Wahl!<\/a><\/h3><\/div><div class=\"img align-center\"><img decoding=\"async\" width=\"315\" height=\"180\" src=\"https:\/\/uelzener.de\/magazin\/app\/uploads\/2022\/12\/einstreu-pferd-315x180.jpg\" class=\"attachment-315x180 size-315x180 wp-post-image\" alt=\"Alter Holzstall mit Heu als Einstreu f\u00fcr Pferde.\" \/><\/div><\/div><div class=\"wrapper\"><div class=\"title align-center\"><h3><a href=\"https:\/\/uelzener.de\/magazin\/pferd\/tiergesundheit\/hufrehe\/\">Hufrehe: eine schmerzhafte Angelegenheit f\u00fcr das Pferd<\/a><\/h3><\/div><div class=\"img align-center\"><img decoding=\"async\" width=\"315\" height=\"180\" src=\"https:\/\/uelzener.de\/magazin\/app\/uploads\/2019\/07\/d9cc1f75-5596-42e3-b9d7-2165c6c1275a-315x180.jpg\" class=\"attachment-315x180 size-315x180 wp-post-image\" alt=\"Eine ausgewogene F\u00fctterung bei Pferden kann Hufrehe vorbeugen\" srcset=\"https:\/\/uelzener.de\/magazin\/app\/uploads\/2019\/07\/d9cc1f75-5596-42e3-b9d7-2165c6c1275a-315x180.jpg 315w, https:\/\/uelzener.de\/magazin\/app\/uploads\/2019\/07\/d9cc1f75-5596-42e3-b9d7-2165c6c1275a-650x369.jpg 650w\" sizes=\"(max-width: 315px) 100vw, 315px\" \/><\/div><\/div><\/div>\n\n<h2>FAQ: H\u00e4ufige Fragen zum Thema Kastanien beim Pferd<\/h2>\n<h3>Haben alle Pferde Kastanien?<\/h3>\n<p><span style=\"font-weight: 400;\">Ja, jedes Pferd besitzt Kastanien \u2013 sie geh\u00f6ren fest zur Anatomie der Tiere. Unterschiede gibt es allerdings in der Auspr\u00e4gung..<\/span><\/p>\n<h3>Haben auch andere Tiere Kastanien?<\/h3>\n<p><span style=\"font-weight: 400;\">Ja, auch nahe Verwandte des Pferdes wie Esel, Zebras oder Wildeselarten (z. B. Onager und Kulan) haben Kastanien. Bei ihnen sitzen die Hornpl\u00e4ttchen jedoch ausschlie\u00dflich an den Vorderbeinen.<\/span><\/p>\n<h3>Gibt es Erkrankungen, die speziell die Kastanien befallen?<\/h3>\n<p><span style=\"font-weight: 400;\">Dedizierte Erkrankungen der Kastanien sind nicht bekannt. Da sie jedoch aus Horn bestehen, k\u00f6nnen sie einrei\u00dfen oder beim Spielen oder Scheuern verletzt werden. In solchen F\u00e4llen kann es zu Blutungen oder kleinen Wunden kommen. Au\u00dferdem k\u00f6nnen sich unter losen oder aufgebrochenen Hornst\u00fccken Schmutz und Bakterien sammeln, was im ung\u00fcnstigsten Fall zu lokalen Entz\u00fcndungen f\u00fchrt. Bei R\u00f6tungen, Schwellungen, W\u00e4rme oder auff\u00e4lligem Schmerzverhalten im Bereich der Kastanie sollte deshalb ein Tierarzt oder eine Tier\u00e4rztin hinzugezogen werden.<\/span><\/p>\n<h3>K\u00f6nnen Kastanien zur Altersbestimmung genutzt werden?<\/h3>\n<p><span style=\"font-weight: 400;\">Nein, Kastanien eignen sich nicht zur Altersbestimmung eines Pferdes. Zwar ver\u00e4ndern sie im Laufe des Lebens ihr Aussehen, etwa indem sie bei \u00e4lteren Pferden gr\u00f6\u00dfer, dicker oder unregelm\u00e4\u00dfiger werden, diese Ver\u00e4nderungen sind jedoch sehr individuell und lassen sich nicht pauschalisieren. Anders als bei den Z\u00e4hnen, die tats\u00e4chlich zur Altersbestimmung herangezogen werden k\u00f6nnen, gibt es bei den Kastanien keine verl\u00e4sslichen Anhaltspunkte. Sie lassen also eher R\u00fcckschl\u00fcsse auf das individuelle Erscheinungsbild als auf das genaue Alter zu.<\/span><\/p>\n","protected":false},"excerpt":{"rendered":"<p>Wer Pferde genauer betrachtet, wird an ihren Beinen kleine, rundliche bis ovale Hornstrukturen entdecken: die sogenannten Kastanien. In der Pferdewelt gelten sie als ein spannendes Relikt der Evolution. Jedoch stellen sich viele Pferdehalter und -halterinnen irgendwann die Frage, welchen Zweck diese Hornplatten erf\u00fcllen und ob man sie sogar entfernen sollte. Was Kastanien genau sind, warum [&hellip;]<\/p>\n","protected":false},"author":11,"featured_media":19159,"parent":11685,"menu_order":18,"comment_status":"closed","ping_status":"closed","template":"templates\/blog.php","meta":{"_acf_changed":false,"_crdt_document":"","footnotes":"","beyondwords_generate_audio":"","beyondwords_project_id":"","beyondwords_content_id":"","beyondwords_preview_token":"","beyondwords_player_style":"","beyondwords_language_id":"","beyondwords_title_voice_id":"","beyondwords_body_voice_id":"","beyondwords_summary_voice_id":"","beyondwords_error_message":"","beyondwords_disabled":"","beyondwords_delete_content":"","beyondwords_podcast_id":"","beyondwords_hash":"","publish_post_to_speechkit":"","speechkit_hash":"","speechkit_generate_audio":"","speechkit_project_id":"","speechkit_podcast_id":"","speechkit_error_message":"","speechkit_disabled":"","speechkit_access_key":"","speechkit_error":"","speechkit_info":"","speechkit_response":"","speechkit_retries":"","speechkit_status":"","speechkit_updated_at":"","_speechkit_link":"","_speechkit_text":""},"class_list":["post-19158","page","type-page","status-publish","has-post-thumbnail","hentry"],"acf":[],"yoast_head":"<!-- This site is optimized with the Yoast SEO Premium plugin  - https:\/\/yoast.com\/product\/yoast-seo-premium-wordpress\/ -->\n<title>Kastanien: Einzigartige Merkmale am Pferdebein | Uelzener Magazin<\/title>\n<meta name=\"description\" content=\"Was sind Kastanien beim Pferd? Lerne ihre Bedeutung, Pflege und das richtige Vorgehen beim Umgang mit ihnen.\" \/>\n<meta name=\"robots\" content=\"index, follow, max-snippet:-1, max-image-preview:large, max-video-preview:-1\" \/>\n<link rel=\"canonical\" href=\"https:\/\/uelzener.de\/magazin\/pferd\/haeufige-fragen\/kastanien-merkmale-am-pferdebein\/\" \/>\n<meta property=\"og:locale\" content=\"de_DE\" \/>\n<meta property=\"og:type\" content=\"article\" \/>\n<meta property=\"og:title\" content=\"Kastanien: Einzigartige Merkmale am Pferdebein\" \/>\n<meta property=\"og:description\" content=\"Was sind Kastanien beim Pferd? Lerne ihre Bedeutung, Pflege und das richtige Vorgehen beim Umgang mit ihnen.\" \/>\n<meta property=\"og:url\" content=\"https:\/\/uelzener.de\/magazin\/pferd\/haeufige-fragen\/kastanien-merkmale-am-pferdebein\/\" \/>\n<meta property=\"og:site_name\" content=\"Uelzener Tier-Magazin\" \/>\n<meta property=\"article:publisher\" content=\"https:\/\/www.facebook.com\/Uelzener\" \/>\n<meta property=\"og:image\" content=\"https:\/\/uelzener.de\/magazin\/app\/uploads\/2025\/09\/kastanien-beim-pferd.png\" \/>\n\t<meta property=\"og:image:width\" content=\"1025\" \/>\n\t<meta property=\"og:image:height\" content=\"450\" \/>\n\t<meta property=\"og:image:type\" content=\"image\/png\" \/>\n<meta name=\"twitter:card\" content=\"summary_large_image\" \/>\n<meta name=\"twitter:label1\" content=\"Gesch\u00e4tzte Lesezeit\" \/>\n\t<meta name=\"twitter:data1\" content=\"6\u00a0Minuten\" \/>\n<script type=\"application\/ld+json\" class=\"yoast-schema-graph\">{\"@context\":\"https:\/\/schema.org\",\"@graph\":[{\"@type\":\"WebPage\",\"@id\":\"https:\/\/uelzener.de\/magazin\/pferd\/haeufige-fragen\/kastanien-merkmale-am-pferdebein\/\",\"url\":\"https:\/\/uelzener.de\/magazin\/pferd\/haeufige-fragen\/kastanien-merkmale-am-pferdebein\/\",\"name\":\"Kastanien: Einzigartige Merkmale am Pferdebein | Uelzener Magazin\",\"isPartOf\":{\"@id\":\"https:\/\/uelzener.de\/magazin\/#website\"},\"primaryImageOfPage\":{\"@id\":\"https:\/\/uelzener.de\/magazin\/pferd\/haeufige-fragen\/kastanien-merkmale-am-pferdebein\/#primaryimage\"},\"image\":{\"@id\":\"https:\/\/uelzener.de\/magazin\/pferd\/haeufige-fragen\/kastanien-merkmale-am-pferdebein\/#primaryimage\"},\"thumbnailUrl\":\"https:\/\/uelzener.de\/magazin\/app\/uploads\/2025\/09\/kastanien-beim-pferd.png\",\"datePublished\":\"2025-09-04T12:11:36+00:00\",\"description\":\"Was sind Kastanien beim Pferd? Lerne ihre Bedeutung, Pflege und das richtige Vorgehen beim Umgang mit ihnen.\",\"breadcrumb\":{\"@id\":\"https:\/\/uelzener.de\/magazin\/pferd\/haeufige-fragen\/kastanien-merkmale-am-pferdebein\/#breadcrumb\"},\"inLanguage\":\"de\",\"potentialAction\":[{\"@type\":\"ReadAction\",\"target\":[\"https:\/\/uelzener.de\/magazin\/pferd\/haeufige-fragen\/kastanien-merkmale-am-pferdebein\/\"]}]},{\"@type\":\"ImageObject\",\"inLanguage\":\"de\",\"@id\":\"https:\/\/uelzener.de\/magazin\/pferd\/haeufige-fragen\/kastanien-merkmale-am-pferdebein\/#primaryimage\",\"url\":\"https:\/\/uelzener.de\/magazin\/app\/uploads\/2025\/09\/kastanien-beim-pferd.png\",\"contentUrl\":\"https:\/\/uelzener.de\/magazin\/app\/uploads\/2025\/09\/kastanien-beim-pferd.png\",\"width\":1025,\"height\":450,\"caption\":\"Pferdebeine mit Kastanien an den Gelenken.\"},{\"@type\":\"WebSite\",\"@id\":\"https:\/\/uelzener.de\/magazin\/#website\",\"url\":\"https:\/\/uelzener.de\/magazin\/\",\"name\":\"Uelzener Tiermagazin\",\"description\":\"Online Tierratgeber der Uelzener Versicherungen\",\"publisher\":{\"@id\":\"https:\/\/uelzener.de\/magazin\/#organization\"},\"potentialAction\":[{\"@type\":\"SearchAction\",\"target\":{\"@type\":\"EntryPoint\",\"urlTemplate\":\"https:\/\/uelzener.de\/magazin\/?s={search_term_string}\"},\"query-input\":{\"@type\":\"PropertyValueSpecification\",\"valueRequired\":true,\"valueName\":\"search_term_string\"}}],\"inLanguage\":\"de\"},{\"@type\":\"Organization\",\"@id\":\"https:\/\/uelzener.de\/magazin\/#organization\",\"name\":\"Uelzener Versicherungen\",\"url\":\"https:\/\/uelzener.de\/magazin\/\",\"logo\":{\"@type\":\"ImageObject\",\"inLanguage\":\"de\",\"@id\":\"https:\/\/uelzener.de\/magazin\/#\/schema\/logo\/image\/\",\"url\":\"https:\/\/uelzener.de\/magazin\/app\/uploads\/2024\/11\/uelzener_allgemeine_versicherungsgesellschaft_a_g_logo.jpg\",\"contentUrl\":\"https:\/\/uelzener.de\/magazin\/app\/uploads\/2024\/11\/uelzener_allgemeine_versicherungsgesellschaft_a_g_logo.jpg\",\"width\":200,\"height\":200,\"caption\":\"Uelzener Versicherungen\"},\"image\":{\"@id\":\"https:\/\/uelzener.de\/magazin\/#\/schema\/logo\/image\/\"},\"sameAs\":[\"https:\/\/www.facebook.com\/Uelzener\",\"https:\/\/instagram.com\/uelzener\",\"https:\/\/www.xing.com\/pages\/uelzenerallgemeineversicherungs-gesellschafta-g\",\"https:\/\/www.youtube.com\/UelzenerVersicherungen\"]}]}<\/script>\n<!-- \/ Yoast SEO Premium plugin. -->","yoast_head_json":{"title":"Kastanien: Einzigartige Merkmale am Pferdebein | Uelzener Magazin","description":"Was sind Kastanien beim Pferd? Lerne ihre Bedeutung, Pflege und das richtige Vorgehen beim Umgang mit ihnen.","robots":{"index":"index","follow":"follow","max-snippet":"max-snippet:-1","max-image-preview":"max-image-preview:large","max-video-preview":"max-video-preview:-1"},"canonical":"https:\/\/uelzener.de\/magazin\/pferd\/haeufige-fragen\/kastanien-merkmale-am-pferdebein\/","og_locale":"de_DE","og_type":"article","og_title":"Kastanien: Einzigartige Merkmale am Pferdebein","og_description":"Was sind Kastanien beim Pferd? Lerne ihre Bedeutung, Pflege und das richtige Vorgehen beim Umgang mit ihnen.","og_url":"https:\/\/uelzener.de\/magazin\/pferd\/haeufige-fragen\/kastanien-merkmale-am-pferdebein\/","og_site_name":"Uelzener Tier-Magazin","article_publisher":"https:\/\/www.facebook.com\/Uelzener","og_image":[{"width":1025,"height":450,"url":"https:\/\/uelzener.de\/magazin\/app\/uploads\/2025\/09\/kastanien-beim-pferd.png","type":"image\/png"}],"twitter_card":"summary_large_image","twitter_misc":{"Gesch\u00e4tzte Lesezeit":"6\u00a0Minuten"},"schema":{"@context":"https:\/\/schema.org","@graph":[{"@type":"WebPage","@id":"https:\/\/uelzener.de\/magazin\/pferd\/haeufige-fragen\/kastanien-merkmale-am-pferdebein\/","url":"https:\/\/uelzener.de\/magazin\/pferd\/haeufige-fragen\/kastanien-merkmale-am-pferdebein\/","name":"Kastanien: Einzigartige Merkmale am Pferdebein | Uelzener Magazin","isPartOf":{"@id":"https:\/\/uelzener.de\/magazin\/#website"},"primaryImageOfPage":{"@id":"https:\/\/uelzener.de\/magazin\/pferd\/haeufige-fragen\/kastanien-merkmale-am-pferdebein\/#primaryimage"},"image":{"@id":"https:\/\/uelzener.de\/magazin\/pferd\/haeufige-fragen\/kastanien-merkmale-am-pferdebein\/#primaryimage"},"thumbnailUrl":"https:\/\/uelzener.de\/magazin\/app\/uploads\/2025\/09\/kastanien-beim-pferd.png","datePublished":"2025-09-04T12:11:36+00:00","description":"Was sind Kastanien beim Pferd? Lerne ihre Bedeutung, Pflege und das richtige Vorgehen beim Umgang mit ihnen.","breadcrumb":{"@id":"https:\/\/uelzener.de\/magazin\/pferd\/haeufige-fragen\/kastanien-merkmale-am-pferdebein\/#breadcrumb"},"inLanguage":"de","potentialAction":[{"@type":"ReadAction","target":["https:\/\/uelzener.de\/magazin\/pferd\/haeufige-fragen\/kastanien-merkmale-am-pferdebein\/"]}]},{"@type":"ImageObject","inLanguage":"de","@id":"https:\/\/uelzener.de\/magazin\/pferd\/haeufige-fragen\/kastanien-merkmale-am-pferdebein\/#primaryimage","url":"https:\/\/uelzener.de\/magazin\/app\/uploads\/2025\/09\/kastanien-beim-pferd.png","contentUrl":"https:\/\/uelzener.de\/magazin\/app\/uploads\/2025\/09\/kastanien-beim-pferd.png","width":1025,"height":450,"caption":"Pferdebeine mit Kastanien an den Gelenken."},{"@type":"WebSite","@id":"https:\/\/uelzener.de\/magazin\/#website","url":"https:\/\/uelzener.de\/magazin\/","name":"Uelzener Tiermagazin","description":"Online Tierratgeber der Uelzener Versicherungen","publisher":{"@id":"https:\/\/uelzener.de\/magazin\/#organization"},"potentialAction":[{"@type":"SearchAction","target":{"@type":"EntryPoint","urlTemplate":"https:\/\/uelzener.de\/magazin\/?s={search_term_string}"},"query-input":{"@type":"PropertyValueSpecification","valueRequired":true,"valueName":"search_term_string"}}],"inLanguage":"de"},{"@type":"Organization","@id":"https:\/\/uelzener.de\/magazin\/#organization","name":"Uelzener Versicherungen","url":"https:\/\/uelzener.de\/magazin\/","logo":{"@type":"ImageObject","inLanguage":"de","@id":"https:\/\/uelzener.de\/magazin\/#\/schema\/logo\/image\/","url":"https:\/\/uelzener.de\/magazin\/app\/uploads\/2024\/11\/uelzener_allgemeine_versicherungsgesellschaft_a_g_logo.jpg","contentUrl":"https:\/\/uelzener.de\/magazin\/app\/uploads\/2024\/11\/uelzener_allgemeine_versicherungsgesellschaft_a_g_logo.jpg","width":200,"height":200,"caption":"Uelzener Versicherungen"},"image":{"@id":"https:\/\/uelzener.de\/magazin\/#\/schema\/logo\/image\/"},"sameAs":["https:\/\/www.facebook.com\/Uelzener","https:\/\/instagram.com\/uelzener","https:\/\/www.xing.com\/pages\/uelzenerallgemeineversicherungs-gesellschafta-g","https:\/\/www.youtube.com\/UelzenerVersicherungen"]}]}},"_links":{"self":[{"href":"https:\/\/uelzener.de\/magazin\/wp-json\/wp\/v2\/pages\/19158","targetHints":{"allow":["GET"]}}],"collection":[{"href":"https:\/\/uelzener.de\/magazin\/wp-json\/wp\/v2\/pages"}],"about":[{"href":"https:\/\/uelzener.de\/magazin\/wp-json\/wp\/v2\/types\/page"}],"author":[{"embeddable":true,"href":"https:\/\/uelzener.de\/magazin\/wp-json\/wp\/v2\/users\/11"}],"replies":[{"embeddable":true,"href":"https:\/\/uelzener.de\/magazin\/wp-json\/wp\/v2\/comments?post=19158"}],"version-history":[{"count":1,"href":"https:\/\/uelzener.de\/magazin\/wp-json\/wp\/v2\/pages\/19158\/revisions"}],"predecessor-version":[{"id":19160,"href":"https:\/\/uelzener.de\/magazin\/wp-json\/wp\/v2\/pages\/19158\/revisions\/19160"}],"up":[{"embeddable":true,"href":"https:\/\/uelzener.de\/magazin\/wp-json\/wp\/v2\/pages\/11685"}],"wp:featuredmedia":[{"embeddable":true,"href":"https:\/\/uelzener.de\/magazin\/wp-json\/wp\/v2\/media\/19159"}],"wp:attachment":[{"href":"https:\/\/uelzener.de\/magazin\/wp-json\/wp\/v2\/media?parent=19158"}],"curies":[{"name":"wp","href":"https:\/\/api.w.org\/{rel}","templated":true}]}}