{"id":18911,"date":"2025-08-25T10:12:42","date_gmt":"2025-08-25T08:12:42","guid":{"rendered":"https:\/\/uelzener.de\/magazin\/?page_id=18911"},"modified":"2025-08-25T10:13:18","modified_gmt":"2025-08-25T08:13:18","slug":"scottish-fold-faltohrkatzen","status":"publish","type":"page","link":"https:\/\/uelzener.de\/magazin\/katze\/rasseportrait\/scottish-fold-faltohrkatzen\/","title":{"rendered":"Scottish Fold: Was du \u00fcber Faltohrkatzen wissen musst"},"content":{"rendered":"<p><span style=\"font-weight: 400;\">Mit ihrem runden Gesicht, den gro\u00dfen Kulleraugen und vor allem ihren charakteristisch nach vorn gefalteten Ohren erobert die schottische Faltohrkatze (Scottish Fold) das Herz vieler Menschen im Sturm. Ihr Aussehen mutet niedlich und sanft an, fast k\u00f6nnte man glauben, man habe ein Pl\u00fcschtier vor sich. Ihre knuddelige Optik macht sie besonders beliebt in den sozialen Medien und bei Z\u00fcchtern. Doch ihre gr\u00f6\u00dfte Besonderheit ist auch ihre gr\u00f6\u00dfte Schw\u00e4che: Die Ohrenfaltung entsteht durch eine genetische Mutation, die den gesamten Knorpel- und Knochenstoffwechsel betrifft, einschlie\u00dflich der Ohren, Gelenke und Wirbels\u00e4ule. Die Folge k\u00f6nnen erhebliche Erkrankungen sein, was in schweren F\u00e4llen dazu f\u00fchren kann, dass betroffene Tiere aufgrund starker Schmerzen und Bewegungseinschr\u00e4nkungen fr\u00fchzeitig eingeschl\u00e4fert werden m\u00fcssen. Wer Katzen liebt, sollte sich umfassend \u00fcber die Rasse informieren, bevor er oder sie sich f\u00fcr eine Scottish Fold entscheidet \u2013 denn hinter der s\u00fc\u00dfen Fassade verbirgt sich eine ethisch und gesundheitlich problematische Zuchtgeschichte.<\/span><\/p>\n<h2>Herkunft und Geschichte der Katzenrasse Scottish Fold<\/h2>\n<p><span style=\"font-weight: 400;\">Die Urspr\u00fcnge der Scottish Fold liegen \u2013 wie der Name vermuten l\u00e4sst \u2013 in Schottland. 1961 entdeckte der Sch\u00e4fer William Ross auf einem Bauernhof eine Katze mit ungew\u00f6hnlich gefalteten Ohren: \u201eSusie\u201c. Aus ihren Nachkommen entwickelte sich schlie\u00dflich eine neue Rasse, die ab 1966 gezielt gez\u00fcchtet wurde. Schon bald jedoch zeigten sich gesundheitliche Probleme, weshalb der britische Zuchtverband (GCCF) die Anerkennung der Rasse 1971 wieder zur\u00fcckzog. In den USA dagegen begann ein regelrechter Zuchtboom. Dort wurde die Scottish Fold von mehreren Katzenverb\u00e4nden wie CFA und TICA anerkannt und in der Folge verbreitete sich die Rasse international.\u00a0\u00a0<\/span><\/p>\n<p><span style=\"font-weight: 400;\">Kritik kam vor allem aus der Tiermedizin: Die Mutation, die die Ohrenform bewirkt, ist mit einer erblich bedingten Knorpel-Knochen-Erkrankung verbunden, der sogenannten Osteochondrodysplasie. Infolgedessen sind Zucht und Handel der schottischen Faltohrkatze in mehreren L\u00e4ndern inzwischen verboten, unter anderem in \u00d6sterreich und den Niederlanden. In L\u00e4ndern wie den USA oder Russland ist sie weiterhin sehr beliebt.\u00a0<\/span><\/p>\n<p><span style=\"font-weight: 400;\">In Deutschland ist die rechtliche Situation in Sachen Qualzuchten generell ein wenig kompliziert. Das Tierschutzgesetz l\u00e4sst bundesweite Durchf\u00fchrungsrichtlinien vermissen. Selbst wenn Veterin\u00e4rbeh\u00f6rden oder Gutachter die Zucht als tierschutzwidrig einstufen, f\u00fchrt das nicht automatisch zu einem allgemeinen Verbot oder zur konsequenten Ahndung von Verst\u00f6\u00dfen. Die Bundestier\u00e4rztekammer spricht sich in ihrem Qualzucht-Gutachten aufgrund der gesundheitlichen Probleme der Scottish Fold klar f\u00fcr ein Zuchtverbot aus. In einigen Bundesl\u00e4ndern gibt es Regelungen, beispielsweise durch die Veterin\u00e4r\u00e4mter, die basierend auf den Experteneinsch\u00e4tzungen die Zucht und den Handel der Tiere untersagen oder einschr\u00e4nken. Es ist daher wichtig, sich \u00fcber die jeweils geltenden \u00f6rtlichen Bestimmungen zu informieren.\u00a0<\/span><\/p>\n<h2>Charakterkatze mit Knuddelfaktor: Darum ist die Scottish Fold beliebt<\/h2>\n<p><span style=\"font-weight: 400;\">Die Scottish Fold ist mittelgro\u00df, mit kr\u00e4ftigem, rundlichem K\u00f6rper, kurzen Beinen und einem relativ kurzen, dicken Schwanz. Ihr Gesicht wirkt durch die gro\u00dfen, runden Augen und den kurzen Nasenr\u00fccken besonders ausdrucksstark.<\/span><\/p>\n<p><span style=\"font-weight: 400;\">Die auff\u00e4lligsten Merkmale sind die gefalteten Ohren. Sie liegen flach am Kopf an und geben der Katze ihr typisches Aussehen. Die K\u00e4tzchen kommen \u00fcbrigens mit normal geformten \u00d6hrchen zur Welt. Der Knick bildet sich erst nach einigen Wochen aus. Die Fellstruktur kann je nach Zuchtlinie kurzhaarig (Scottish Fold Shorthair) oder langhaarig (Highland Fold) sein. Beide Varianten kommen in vielen Farben und Musterungen vor. Charakterlich gelten Scottish Fold Katzen als ruhig, anh\u00e4nglich, freundlich und intelligent. Sie bauen enge Bindungen zu ihren Menschen auf, sind selten laut, aber durchaus verspielt. Mit Kindern und anderen Haustieren kommen sie in der Regel gut zurecht, was sie zu beliebten Wohnungskatzen macht.<\/span><\/p>\n<h2>Haltung und Pflege der Schottischen Faltohrkatze<\/h2>\n<p><span style=\"font-weight: 400;\">Scottish Folds sind anpassungsf\u00e4hig und eignen sich sehr gut f\u00fcr die reine Wohnungshaltung. Sie brauchen kein gro\u00dfes Revier, aber ein anregendes Umfeld: Kratzb\u00e4ume, Klettergelegenheiten und Intelligenzspielzeug helfen, Langeweile zu vermeiden.<\/span><\/p>\n<p><span style=\"font-weight: 400;\">Je nach Felltyp variiert der Pflegeaufwand. Bei Kurzhaartieren reicht es aus, wenn man das Fell gelegentlich b\u00fcrstet. Bei Langhaarkatzen ist etwas mehr Pflege vonn\u00f6ten, um Verfilzungen zu verhindern. Es empfiehlt sich, das Fell regelm\u00e4\u00dfig zu b\u00fcrsten.\u00a0<\/span><\/p>\n<p><span style=\"font-weight: 400;\">Wichtig ist au\u00dferdem eine ausgewogene Ern\u00e4hrung, da die Rasse zu \u00dcbergewicht neigt, was sich zus\u00e4tzlich nachteilig auf die Gelenkgesundheit auswirken kann. Hochwertiges Futter, regelm\u00e4\u00dfige Gewichtskontrollen und ausreichend Bewegung sind essenziell, um der Katze dabei zu helfen, ihr Idealgewicht zu halten.<\/span><\/p>\n<h2>Qualzuchtvorw\u00fcrfe und rassespezifische Gesundheitsprobleme der Scottish Fold<\/h2>\n<p><span style=\"font-weight: 400;\">Die Genmutation, die die gefalteten Ohren verursacht, wirkt sich nicht nur auf das Ohr aus. Sie betrifft den gesamten Knorpel- und Knochenstoffwechsel, insbesondere die Gelenke an Schwanz, Beinen und Wirbels\u00e4ule. Betroffene Tiere leiden an Osteochondrodysplasie, einer fortschreitenden Erkrankung, die zu Gelenkverformungen, Schmerzen und Bewegungseinschr\u00e4nkungen f\u00fchren kann. Selbst bei heterozygoten Katzen (nur ein mutiertes Gen) sind Symptome nicht auszuschlie\u00dfen. Bei homozygoten Katzen (zwei mutierte Gene) ist die Erkrankung meist deutlich schwerer und zeigt sich schon im fr\u00fchen Alter. H\u00e4ufige Folgen sind steife oder verdickte Gliedma\u00dfen, Lahmheit, Schmerzen bei Ber\u00fchrung oder Bewegung. In schweren F\u00e4llen muss das Tier eingeschl\u00e4fert werden, da die Prognose quasi aussichtslos ist und die Katze zeitlebens unter starken Einschr\u00e4nkungen und Schmerzen leidet. Zudem neigen Scottish Folds aufgrund ihrer Ohrenform zu vermehrten Ohrentz\u00fcndungen, da das Ohrinnere schlechter bel\u00fcftet ist.<\/span><\/p>\n<p><span style=\"font-weight: 400;\">Zahlreiche Tierschutzorganisationen \u2013 darunter PETA, RSPCA und Tier\u00e4rzteverb\u00e4nde \u2013 stufen die Scottish Fold als Qualzucht ein. In Deutschland empfiehlt der Bundesrat, die Zucht zu verbieten, weil sie mit \u201evermeidbarem Leid\u201c verbunden ist. Wer sich trotz allem f\u00fcr die Anschaffung einer Schottischen Faltohrkatze entscheidet, sollte das Tier unbedingt bei einem seri\u00f6sen Z\u00fcchter kaufen, der darauf achtet, niemals zwei Faltohrkatzen zu kreuzen. Es ist wichtig, Scottish Folds nur mit genetisch getesteten Tieren zu kreuzen, die das Mutationstr\u00e4ger-Gen nicht besitzen, da sich die negativen Auswirkungen des Gendefekts andernfalls immer weiter verst\u00e4rken.<\/span><\/p>\n\n<div class=\"related_articles boxed\">\n    <h2>Mehr zum Thema<\/h2>\n    \n    <div class=\"wrapper\"><div class=\"title align-center\"><h3><a href=\"https:\/\/uelzener.de\/magazin\/katze\/rasseportrait\/katzenrassen-die-haeufiger-krank-werden\/\">Katzenrassen, die h\u00e4ufiger krank werden<\/a><\/h3><\/div><div class=\"img align-center\"><img decoding=\"async\" width=\"315\" height=\"180\" src=\"https:\/\/uelzener.de\/magazin\/app\/uploads\/2025\/01\/abessinier-315x180.jpg\" class=\"attachment-315x180 size-315x180 wp-post-image\" alt=\"Abessinier-Katze\" \/><\/div><\/div><div class=\"wrapper\"><div class=\"title align-center\"><h3><a href=\"https:\/\/uelzener.de\/magazin\/katze\/tiergesundheit\/hydrocephalus-bei-katzen\/\">Hydrocephalus bei Katzen: Symptome, Behandlung und Kosten<\/a><\/h3><\/div><div class=\"img align-center\"><img decoding=\"async\" width=\"315\" height=\"180\" src=\"https:\/\/uelzener.de\/magazin\/app\/uploads\/2023\/01\/hydrocephalus-katze-315x180.jpg\" class=\"attachment-315x180 size-315x180 wp-post-image\" alt=\"Hydrocephalus oder Wasserkopf bei Katzen kann sich in Schielen in jungen Jahren zeigen. Besonders h\u00e4ufig bei Qualzuchten.\" \/><\/div><\/div><div class=\"wrapper\"><div class=\"title align-center\"><h3><a href=\"https:\/\/uelzener.de\/magazin\/katze\/haeufige-fragen\/qualzucht-bei-katzen\/\">Qualzucht bei Katzen: Darauf musst du achten<\/a><\/h3><\/div><div class=\"img align-center\"><img decoding=\"async\" width=\"315\" height=\"180\" src=\"https:\/\/uelzener.de\/magazin\/app\/uploads\/2023\/04\/qualzucht-bei-katzen-highland-fold-315x180.jpg\" class=\"attachment-315x180 size-315x180 wp-post-image\" alt=\"Highland Fold Katze mit gefalteten Ohren und kurzen Beinen. Diese Rasse geh\u00f6rt zu den Qualzuchten bei Katzen.\" \/><\/div><\/div><\/div>\n\n<h2>Fazit<\/h2>\n<p><span style=\"font-weight: 400;\">Die Scottish Fold ist eine ruhige und charmante Katze mit hohem Kuschelfaktor. Ihre sanfte Art und das unverkennbare Aussehen machen sie zu einer der beliebtesten Rassen weltweit. Doch genau dieses Aussehen beruht auf einem Gendefekt, der mit ernsthaften gesundheitlichen Problemen verbunden ist. Wer sich f\u00fcr eine Scottish Fold interessiert, sollte sich dar\u00fcber im Klaren sein, dass die au\u00dfergew\u00f6hnliche Optik mit erheblichen gesundheitlichen Einschr\u00e4nkungen und gro\u00dfem Leid f\u00fcr die Katze einhergehen kann. Die Anschaffung gesundheitlich vorbelasteter Katzenrassen geht zudem oft mit einem erh\u00f6hten finanziellen Aufwand einher, den zum Beispiel die n\u00f6tigen tier\u00e4rztlichen Behandlungen verursachen. Eine <\/span><span style=\"font-weight: 400;\">Katzenkrankenversicherung<\/span><span style=\"font-weight: 400;\"> sch\u00fctzt vor dem finanziellen Risiko.<\/span><\/p>\n\n<div class=\"banner\">\n    <a href=\"https:\/\/uelzener.de\/katze\/katzen-krankenversicherung\/?agt=0000104925&sem=true&utm_medium=magazin&utm_source=wordpress&utm_campaign=katze_kv&utm_content=banner\">\n        <img decoding=\"async\" width=\"300\" height=\"212\" src=\"https:\/\/uelzener.de\/magazin\/app\/uploads\/2025\/01\/Katzen-Kranken-Versicherung.jpg\" class=\"attachment-medium size-medium\" alt=\"Banner Katzen-Kranken-Versicherung\" \/>    <\/a>\n<\/div>\n\n<h2>FAQ: H\u00e4ufig gestellte Fragen zur schottischen Faltohrkatze<\/h2>\n<h3>Darf die Scottish Fold Katze in Deutschland gez\u00fcchtet werden?<\/h3>\n<p><span style=\"font-weight: 400;\">Die Zucht ist in Deutschland bislang nicht durch ein ausdr\u00fcckliches Bundesgesetz verboten, wird aber nach \u00a7\u202f11b Tierschutzgesetz als problematisch eingestuft. Der Bundesrat hat bereits 2021 empfohlen, die Zucht von Faltohrkatzen zu untersagen. In einigen Bundesl\u00e4ndern wird sie regional stark eingeschr\u00e4nkt oder in Einzelf\u00e4llen verboten.<\/span><\/p>\n<h3>Ist die Faltohrkatze eine Qualzucht?<\/h3>\n<p><span style=\"font-weight: 400;\">Ja. Die genetisch bedingte Ohrfaltung ist untrennbar mit einem Gendefekt verbunden, der schmerzhafte Gelenkprobleme verursachen kann. Laut deutschem Tierschutzgesetz (\u00a7 11b) gilt die Rasse daher als \u201eQualzucht\u201c.<\/span><\/p>\n<h3>Eignet sich die Scottish Fold als Wohnungskatze?<\/h3>\n<p><span style=\"font-weight: 400;\">Grunds\u00e4tzlich ja. Sie ist ruhig, ausgeglichen und braucht keinen Freigang. Wichtig ist aber, dass sie ausreichend Besch\u00e4ftigung und Bewegungsm\u00f6glichkeiten hat. Scottish Folds neigen zu \u00dcbergewicht, daher ist Aktivit\u00e4t besonders wichtig.<\/span><\/p>\n<h3>Wie alt werden Scottish Fold Katzen?<\/h3>\n<p><span style=\"font-weight: 400;\">Scottish Folds k\u00f6nnen circa 12 bis 15 Jahre alt werden, vorausgesetzt, sie zeigen keine schweren gesundheitlichen Einschr\u00e4nkungen durch die Osteochondrodysplasie.<\/span><\/p>\n<h3>Welche gesundheitlichen Probleme k\u00f6nnen auftreten?<\/h3>\n<p><span style=\"font-weight: 400;\">Die Hauptprobleme betreffen die Knochen- und Gelenkgesundheit. Betroffene Katzen leiden oft an Schmerzen, Bewegungseinschr\u00e4nkungen oder Missbildungen. Auch Ohrinfektionen kommen durch die gez\u00fcchtete Ohrform h\u00e4ufiger vor.<\/span><\/p>\n","protected":false},"excerpt":{"rendered":"<p>Mit ihrem runden Gesicht, den gro\u00dfen Kulleraugen und vor allem ihren charakteristisch nach vorn gefalteten Ohren erobert die schottische Faltohrkatze (Scottish Fold) das Herz vieler Menschen im Sturm. Ihr Aussehen mutet niedlich und sanft an, fast k\u00f6nnte man glauben, man habe ein Pl\u00fcschtier vor sich. Ihre knuddelige Optik macht sie besonders beliebt in den sozialen [&hellip;]<\/p>\n","protected":false},"author":11,"featured_media":18912,"parent":2482,"menu_order":7,"comment_status":"closed","ping_status":"closed","template":"templates\/blog.php","meta":{"_acf_changed":false,"_crdt_document":"","footnotes":"","beyondwords_generate_audio":"","beyondwords_project_id":"","beyondwords_content_id":"","beyondwords_preview_token":"","beyondwords_player_style":"","beyondwords_language_id":"","beyondwords_title_voice_id":"","beyondwords_body_voice_id":"","beyondwords_summary_voice_id":"","beyondwords_error_message":"","beyondwords_disabled":"","beyondwords_delete_content":"","beyondwords_podcast_id":"","beyondwords_hash":"","publish_post_to_speechkit":"","speechkit_hash":"","speechkit_generate_audio":"","speechkit_project_id":"","speechkit_podcast_id":"","speechkit_error_message":"","speechkit_disabled":"","speechkit_access_key":"","speechkit_error":"","speechkit_info":"","speechkit_response":"","speechkit_retries":"","speechkit_status":"","speechkit_updated_at":"","_speechkit_link":"","_speechkit_text":""},"class_list":["post-18911","page","type-page","status-publish","has-post-thumbnail","hentry"],"acf":[],"yoast_head":"<!-- This site is optimized with the Yoast SEO Premium plugin  - https:\/\/yoast.com\/product\/yoast-seo-premium-wordpress\/ -->\n<title>Scottish Fold: Was du \u00fcber Faltohrkatzen wissen musst | Uelzener Magazin<\/title>\n<meta name=\"description\" content=\"Die schottische Faltohrkatze fasziniert mit ihrem Aussehen, bringt jedoch auch genetische gesundheitliche Herausforderungen mit sich.\" \/>\n<meta name=\"robots\" content=\"index, follow, max-snippet:-1, max-image-preview:large, max-video-preview:-1\" \/>\n<link rel=\"canonical\" href=\"https:\/\/uelzener.de\/magazin\/katze\/rasseportrait\/scottish-fold-faltohrkatzen\/\" \/>\n<meta property=\"og:locale\" content=\"de_DE\" \/>\n<meta property=\"og:type\" content=\"article\" \/>\n<meta property=\"og:title\" content=\"Scottish Fold: Was du \u00fcber Faltohrkatzen wissen musst\" \/>\n<meta property=\"og:description\" content=\"Die schottische Faltohrkatze fasziniert mit ihrem Aussehen, bringt jedoch auch genetische gesundheitliche Herausforderungen mit sich.\" \/>\n<meta property=\"og:url\" content=\"https:\/\/uelzener.de\/magazin\/katze\/rasseportrait\/scottish-fold-faltohrkatzen\/\" \/>\n<meta property=\"og:site_name\" content=\"Uelzener Tier-Magazin\" \/>\n<meta property=\"article:publisher\" content=\"https:\/\/www.facebook.com\/Uelzener\" \/>\n<meta property=\"article:modified_time\" content=\"2025-08-25T08:13:18+00:00\" \/>\n<meta property=\"og:image\" content=\"https:\/\/uelzener.de\/magazin\/app\/uploads\/2025\/08\/scottish-fold.png\" \/>\n\t<meta property=\"og:image:width\" content=\"1025\" \/>\n\t<meta property=\"og:image:height\" content=\"450\" \/>\n\t<meta property=\"og:image:type\" content=\"image\/png\" \/>\n<meta name=\"twitter:card\" content=\"summary_large_image\" \/>\n<meta name=\"twitter:label1\" content=\"Gesch\u00e4tzte Lesezeit\" \/>\n\t<meta name=\"twitter:data1\" content=\"7\u00a0Minuten\" \/>\n<script type=\"application\/ld+json\" class=\"yoast-schema-graph\">{\"@context\":\"https:\/\/schema.org\",\"@graph\":[{\"@type\":\"WebPage\",\"@id\":\"https:\/\/uelzener.de\/magazin\/katze\/rasseportrait\/scottish-fold-faltohrkatzen\/\",\"url\":\"https:\/\/uelzener.de\/magazin\/katze\/rasseportrait\/scottish-fold-faltohrkatzen\/\",\"name\":\"Scottish Fold: Was du \u00fcber Faltohrkatzen wissen musst | Uelzener Magazin\",\"isPartOf\":{\"@id\":\"https:\/\/uelzener.de\/magazin\/#website\"},\"primaryImageOfPage\":{\"@id\":\"https:\/\/uelzener.de\/magazin\/katze\/rasseportrait\/scottish-fold-faltohrkatzen\/#primaryimage\"},\"image\":{\"@id\":\"https:\/\/uelzener.de\/magazin\/katze\/rasseportrait\/scottish-fold-faltohrkatzen\/#primaryimage\"},\"thumbnailUrl\":\"https:\/\/uelzener.de\/magazin\/app\/uploads\/2025\/08\/scottish-fold.png\",\"datePublished\":\"2025-08-25T08:12:42+00:00\",\"dateModified\":\"2025-08-25T08:13:18+00:00\",\"description\":\"Die schottische Faltohrkatze fasziniert mit ihrem Aussehen, bringt jedoch auch genetische gesundheitliche Herausforderungen mit sich.\",\"breadcrumb\":{\"@id\":\"https:\/\/uelzener.de\/magazin\/katze\/rasseportrait\/scottish-fold-faltohrkatzen\/#breadcrumb\"},\"inLanguage\":\"de\",\"potentialAction\":[{\"@type\":\"ReadAction\",\"target\":[\"https:\/\/uelzener.de\/magazin\/katze\/rasseportrait\/scottish-fold-faltohrkatzen\/\"]}]},{\"@type\":\"ImageObject\",\"inLanguage\":\"de\",\"@id\":\"https:\/\/uelzener.de\/magazin\/katze\/rasseportrait\/scottish-fold-faltohrkatzen\/#primaryimage\",\"url\":\"https:\/\/uelzener.de\/magazin\/app\/uploads\/2025\/08\/scottish-fold.png\",\"contentUrl\":\"https:\/\/uelzener.de\/magazin\/app\/uploads\/2025\/08\/scottish-fold.png\",\"width\":1025,\"height\":450,\"caption\":\"Zwei Scottish Fold Katzen.\"},{\"@type\":\"WebSite\",\"@id\":\"https:\/\/uelzener.de\/magazin\/#website\",\"url\":\"https:\/\/uelzener.de\/magazin\/\",\"name\":\"Uelzener Tiermagazin\",\"description\":\"Online Tierratgeber der Uelzener Versicherungen\",\"publisher\":{\"@id\":\"https:\/\/uelzener.de\/magazin\/#organization\"},\"potentialAction\":[{\"@type\":\"SearchAction\",\"target\":{\"@type\":\"EntryPoint\",\"urlTemplate\":\"https:\/\/uelzener.de\/magazin\/?s={search_term_string}\"},\"query-input\":{\"@type\":\"PropertyValueSpecification\",\"valueRequired\":true,\"valueName\":\"search_term_string\"}}],\"inLanguage\":\"de\"},{\"@type\":\"Organization\",\"@id\":\"https:\/\/uelzener.de\/magazin\/#organization\",\"name\":\"Uelzener Versicherungen\",\"url\":\"https:\/\/uelzener.de\/magazin\/\",\"logo\":{\"@type\":\"ImageObject\",\"inLanguage\":\"de\",\"@id\":\"https:\/\/uelzener.de\/magazin\/#\/schema\/logo\/image\/\",\"url\":\"https:\/\/uelzener.de\/magazin\/app\/uploads\/2024\/11\/uelzener_allgemeine_versicherungsgesellschaft_a_g_logo.jpg\",\"contentUrl\":\"https:\/\/uelzener.de\/magazin\/app\/uploads\/2024\/11\/uelzener_allgemeine_versicherungsgesellschaft_a_g_logo.jpg\",\"width\":200,\"height\":200,\"caption\":\"Uelzener Versicherungen\"},\"image\":{\"@id\":\"https:\/\/uelzener.de\/magazin\/#\/schema\/logo\/image\/\"},\"sameAs\":[\"https:\/\/www.facebook.com\/Uelzener\",\"https:\/\/instagram.com\/uelzener\",\"https:\/\/www.xing.com\/pages\/uelzenerallgemeineversicherungs-gesellschafta-g\",\"https:\/\/www.youtube.com\/UelzenerVersicherungen\"]}]}<\/script>\n<!-- \/ Yoast SEO Premium plugin. -->","yoast_head_json":{"title":"Scottish Fold: Was du \u00fcber Faltohrkatzen wissen musst | Uelzener Magazin","description":"Die schottische Faltohrkatze fasziniert mit ihrem Aussehen, bringt jedoch auch genetische gesundheitliche Herausforderungen mit sich.","robots":{"index":"index","follow":"follow","max-snippet":"max-snippet:-1","max-image-preview":"max-image-preview:large","max-video-preview":"max-video-preview:-1"},"canonical":"https:\/\/uelzener.de\/magazin\/katze\/rasseportrait\/scottish-fold-faltohrkatzen\/","og_locale":"de_DE","og_type":"article","og_title":"Scottish Fold: Was du \u00fcber Faltohrkatzen wissen musst","og_description":"Die schottische Faltohrkatze fasziniert mit ihrem Aussehen, bringt jedoch auch genetische gesundheitliche Herausforderungen mit sich.","og_url":"https:\/\/uelzener.de\/magazin\/katze\/rasseportrait\/scottish-fold-faltohrkatzen\/","og_site_name":"Uelzener Tier-Magazin","article_publisher":"https:\/\/www.facebook.com\/Uelzener","article_modified_time":"2025-08-25T08:13:18+00:00","og_image":[{"width":1025,"height":450,"url":"https:\/\/uelzener.de\/magazin\/app\/uploads\/2025\/08\/scottish-fold.png","type":"image\/png"}],"twitter_card":"summary_large_image","twitter_misc":{"Gesch\u00e4tzte Lesezeit":"7\u00a0Minuten"},"schema":{"@context":"https:\/\/schema.org","@graph":[{"@type":"WebPage","@id":"https:\/\/uelzener.de\/magazin\/katze\/rasseportrait\/scottish-fold-faltohrkatzen\/","url":"https:\/\/uelzener.de\/magazin\/katze\/rasseportrait\/scottish-fold-faltohrkatzen\/","name":"Scottish Fold: Was du \u00fcber Faltohrkatzen wissen musst | Uelzener Magazin","isPartOf":{"@id":"https:\/\/uelzener.de\/magazin\/#website"},"primaryImageOfPage":{"@id":"https:\/\/uelzener.de\/magazin\/katze\/rasseportrait\/scottish-fold-faltohrkatzen\/#primaryimage"},"image":{"@id":"https:\/\/uelzener.de\/magazin\/katze\/rasseportrait\/scottish-fold-faltohrkatzen\/#primaryimage"},"thumbnailUrl":"https:\/\/uelzener.de\/magazin\/app\/uploads\/2025\/08\/scottish-fold.png","datePublished":"2025-08-25T08:12:42+00:00","dateModified":"2025-08-25T08:13:18+00:00","description":"Die schottische Faltohrkatze fasziniert mit ihrem Aussehen, bringt jedoch auch genetische gesundheitliche Herausforderungen mit sich.","breadcrumb":{"@id":"https:\/\/uelzener.de\/magazin\/katze\/rasseportrait\/scottish-fold-faltohrkatzen\/#breadcrumb"},"inLanguage":"de","potentialAction":[{"@type":"ReadAction","target":["https:\/\/uelzener.de\/magazin\/katze\/rasseportrait\/scottish-fold-faltohrkatzen\/"]}]},{"@type":"ImageObject","inLanguage":"de","@id":"https:\/\/uelzener.de\/magazin\/katze\/rasseportrait\/scottish-fold-faltohrkatzen\/#primaryimage","url":"https:\/\/uelzener.de\/magazin\/app\/uploads\/2025\/08\/scottish-fold.png","contentUrl":"https:\/\/uelzener.de\/magazin\/app\/uploads\/2025\/08\/scottish-fold.png","width":1025,"height":450,"caption":"Zwei Scottish Fold Katzen."},{"@type":"WebSite","@id":"https:\/\/uelzener.de\/magazin\/#website","url":"https:\/\/uelzener.de\/magazin\/","name":"Uelzener Tiermagazin","description":"Online Tierratgeber der Uelzener Versicherungen","publisher":{"@id":"https:\/\/uelzener.de\/magazin\/#organization"},"potentialAction":[{"@type":"SearchAction","target":{"@type":"EntryPoint","urlTemplate":"https:\/\/uelzener.de\/magazin\/?s={search_term_string}"},"query-input":{"@type":"PropertyValueSpecification","valueRequired":true,"valueName":"search_term_string"}}],"inLanguage":"de"},{"@type":"Organization","@id":"https:\/\/uelzener.de\/magazin\/#organization","name":"Uelzener Versicherungen","url":"https:\/\/uelzener.de\/magazin\/","logo":{"@type":"ImageObject","inLanguage":"de","@id":"https:\/\/uelzener.de\/magazin\/#\/schema\/logo\/image\/","url":"https:\/\/uelzener.de\/magazin\/app\/uploads\/2024\/11\/uelzener_allgemeine_versicherungsgesellschaft_a_g_logo.jpg","contentUrl":"https:\/\/uelzener.de\/magazin\/app\/uploads\/2024\/11\/uelzener_allgemeine_versicherungsgesellschaft_a_g_logo.jpg","width":200,"height":200,"caption":"Uelzener Versicherungen"},"image":{"@id":"https:\/\/uelzener.de\/magazin\/#\/schema\/logo\/image\/"},"sameAs":["https:\/\/www.facebook.com\/Uelzener","https:\/\/instagram.com\/uelzener","https:\/\/www.xing.com\/pages\/uelzenerallgemeineversicherungs-gesellschafta-g","https:\/\/www.youtube.com\/UelzenerVersicherungen"]}]}},"_links":{"self":[{"href":"https:\/\/uelzener.de\/magazin\/wp-json\/wp\/v2\/pages\/18911","targetHints":{"allow":["GET"]}}],"collection":[{"href":"https:\/\/uelzener.de\/magazin\/wp-json\/wp\/v2\/pages"}],"about":[{"href":"https:\/\/uelzener.de\/magazin\/wp-json\/wp\/v2\/types\/page"}],"author":[{"embeddable":true,"href":"https:\/\/uelzener.de\/magazin\/wp-json\/wp\/v2\/users\/11"}],"replies":[{"embeddable":true,"href":"https:\/\/uelzener.de\/magazin\/wp-json\/wp\/v2\/comments?post=18911"}],"version-history":[{"count":2,"href":"https:\/\/uelzener.de\/magazin\/wp-json\/wp\/v2\/pages\/18911\/revisions"}],"predecessor-version":[{"id":18914,"href":"https:\/\/uelzener.de\/magazin\/wp-json\/wp\/v2\/pages\/18911\/revisions\/18914"}],"up":[{"embeddable":true,"href":"https:\/\/uelzener.de\/magazin\/wp-json\/wp\/v2\/pages\/2482"}],"wp:featuredmedia":[{"embeddable":true,"href":"https:\/\/uelzener.de\/magazin\/wp-json\/wp\/v2\/media\/18912"}],"wp:attachment":[{"href":"https:\/\/uelzener.de\/magazin\/wp-json\/wp\/v2\/media?parent=18911"}],"curies":[{"name":"wp","href":"https:\/\/api.w.org\/{rel}","templated":true}]}}