{"id":18849,"date":"2025-08-13T10:53:09","date_gmt":"2025-08-13T08:53:09","guid":{"rendered":"https:\/\/uelzener.de\/magazin\/?page_id=18849"},"modified":"2025-08-26T10:31:02","modified_gmt":"2025-08-26T08:31:02","slug":"satteldruck-beim-pferd-erkennen-vorbeugen","status":"publish","type":"page","link":"https:\/\/uelzener.de\/magazin\/pferd\/tiergesundheit\/satteldruck-beim-pferd-erkennen-vorbeugen\/","title":{"rendered":"Satteldruck beim Pferd erkennen und vorbeugen"},"content":{"rendered":"<p><span style=\"font-weight: 400;\">Ein passender und korrekt aufgelegter Sattel ist beim Reiten eines Pferdes unverzichtbar. Er stellt das Verbindungsglied zwischen Tier und Mensch dar und sorgt f\u00fcr eine gleichm\u00e4\u00dfige Verteilung des Gewichts des Reiters oder der Reiterin, um den Pferder\u00fccken bestm\u00f6glich zu schonen. Sitzt der Sattel nicht richtig, erschwert das nicht nur die Kommunikation beim Reiten, sondern kann sich auch negativ auf die Gesundheit des Vierbeiners auswirken. Denn: Ein dr\u00fcckender Sattel kann f\u00fcr das Pferd sehr schmerzhaft sein und zu gravierenden Sch\u00e4den an Gewebe und Muskulatur f\u00fchren. In diesem Artikel erf\u00e4hrst du, woran du Satteldruck erkennst und wie du ihm am besten vorbeugst.<\/span><\/p>\n<h2>Was ist Satteldruck und wie erkennt man ihn?<\/h2>\n<p><span style=\"font-weight: 400;\">Als Satteldruck bezeichnet man schmerzhafte Druckstellen in der Sattellage des Pferdes. H\u00e4ufig werden diese durch falsch sitzendes Sattelzeug verursacht, sie k\u00f6nnen jedoch auch durch andere Faktoren entstehen.\u00a0<\/span><\/p>\n<p><span style=\"font-weight: 400;\">Die ersten Anzeichen f\u00fcr Satteldruck sind meist subtil und werden leider oft \u00fcbersehen. Aufgeraute Haare nach dem Abnehmen des Sattels, stumpfes oder verklebtes Fell in der Sattellage und ein ungleichm\u00e4\u00dfiges Schwitzbild sind erste Warnsignale daf\u00fcr, dass sich der Sattel nicht f\u00fcr das Pferd eignet. Manche Pferde zeigen bei aufkommendem Satteldruck Unruhe und abwehrendes Verhalten beim Satteln und Gurten. Dieser sogenannte Sattel- bzw. Gurtzwang kann sich durch angelegte Ohren, hochgezogene N\u00fcstern, Schnappen oder Bei\u00dfen, das Schlagen mit dem Kopf oder Drohen mit dem Hinterbein \u00e4u\u00dfern.<\/span><\/p>\n<p><span style=\"font-weight: 400;\">Wird der Satteldruck nicht rechtzeitig erkannt, folgen ernstere Symptome. Das Spektrum reicht von Schwellungen und Hautr\u00f6tungen bis hin zu offenen Wunden oder eitrigen Fisteln. Auch Verhaltens\u00e4nderungen, Probleme beim Reiten wie Bocken oder Steigen und ein pl\u00f6tzlicher Leistungsabfall k\u00f6nnen Hinweise sein.\u00a0<\/span><\/p>\n<p><span style=\"font-weight: 400;\">Wiederholte Druckbelastungen hinterlassen oft bleibende Spuren, etwa in Form von wei\u00dfen Haaren im Fell, die auf Gewebesch\u00e4den hinweisen. Meist bleiben diese Stellen im weiteren Verlauf des Lebens empfindlich und anf\u00e4llig. Dar\u00fcber hinaus kann es bei schwerem Satteldruck zu Knochenabzessen an Widerrist oder Wirbels\u00e4ule kommen, die zu permanenten Sch\u00e4den bis hin zu einer spinalen Ataxie f\u00fchren k\u00f6nnen. Manche Pferde entwickeln eine solche Abneigung gegen das Satteln, dass sie nicht mehr reitbar sind.<\/span><\/p>\n<h2>Wodurch entsteht Satteldruck?<\/h2>\n<p><span style=\"font-weight: 400;\">Satteldruck kann nicht nur durch unpassendes Sattelzeug entstehen, sondern vielf\u00e4ltige Ursachen haben. Als Reiter oder Reiterin ist es wichtig, sich diesen bewusst zu sein, um die Situation bei aufkommender Symptomatik einsch\u00e4tzen und schnell handeln zu k\u00f6nnen.\u00a0<\/span><\/p>\n<p><span style=\"font-weight: 400;\">Ale Ursachen f\u00fcr Satteldruck im \u00dcberblick:<\/span><\/p>\n<ul>\n<li><b>Unpassender Sattel:<\/b><span style=\"font-weight: 400;\"> Ein schlecht sitzender Sattel verteilt das Gewicht nicht gleichm\u00e4\u00dfig und verursacht eine \u00fcberm\u00e4\u00dfige punktuelle Belastung.<\/span><\/li>\n<li><b>Unregelm\u00e4\u00dfige Anpassungen: <\/b><span style=\"font-weight: 400;\">Der Sitz des Sattels muss regelm\u00e4\u00dfig gepr\u00fcft und angepasst werden, denn der K\u00f6rperbau eines Pferdes kann sich ver\u00e4ndern \u2013 genauso wie die Anforderungen im Training.<\/span><\/li>\n<li><b>Falsches Auflegen: <\/b><span style=\"font-weight: 400;\">Sattel, Satteldecken, Pads oder Schabracken m\u00fcssen glatt aufliegen und korrekt positioniert sein.<\/span><\/li>\n<li><b>Unzureichende Reinigung: <\/b><span style=\"font-weight: 400;\">Schwei\u00df, Staub und Schmutz am Equipment oder im Fell des Pferdes k\u00f6nnen unter dem Sattel wie Schmirgelpapier wirken und Hautreizungen verursachen.<\/span><\/li>\n<li><b>Reiter oder Reiterin:<\/b><span style=\"font-weight: 400;\"> Zu viel Gewicht auf dem Pferder\u00fccken und falsches Sitzen k\u00f6nnen dazu f\u00fchren, dass der Sattel nicht korrekt auf dem Pferder\u00fccken aufliegt, obwohl er eigentlich passt.<\/span><\/li>\n<li><b>Sattelgurt zu locker oder zu fest: <\/b><span style=\"font-weight: 400;\">Durch einen falsch angelegten Gurt kann Satteldruck in der Gurtlage entstehen.<\/span> <span style=\"font-weight: 400;\">Ist der Gurt zu locker eingestellt, rutscht der Sattel, insbesondere beim Aufsteigen, in Wendungen oder beim Springen. Das kann zu unangenehmer Reibung und Scheuerstellen f\u00fchren. Ist der Gurt zu stark angezogen, wird der Sattel unnat\u00fcrlich auf den Pferder\u00fccken gepresst, was ebenfalls Druck verursacht.\u00a0<\/span><\/li>\n<\/ul>\n<p><span style=\"font-weight: 400;\">Es k\u00f6nnen auch mehrere Faktoren zusammenkommen und zu Satteldruck f\u00fchren. Wer sein Pferd gesund halten will, sollte Sattel, Gurtung und die eigene Reitweise daher regelm\u00e4\u00dfig \u00fcberpr\u00fcfen (lassen), um rechtzeitig gegensteuern zu k\u00f6nnen.<\/span><\/p>\n\n<div class=\"related_articles boxed\">\n    <h2>Mehr zum Thema<\/h2>\n    \n    <div class=\"wrapper\"><div class=\"title align-center\"><h3><a href=\"https:\/\/uelzener.de\/magazin\/pferd\/erziehung-und-training\/wenn-das-pferd-steigt-ursachen-risiken-und-loesungsansaetze\/\">Wenn das Pferd steigt: Ursachen, Risiken und L\u00f6sungsans\u00e4tze<\/a><\/h3><\/div><div class=\"img align-center\"><img decoding=\"async\" width=\"315\" height=\"180\" src=\"https:\/\/uelzener.de\/magazin\/app\/uploads\/2025\/02\/pferde_steigen-315x180.jpg\" class=\"attachment-315x180 size-315x180 wp-post-image\" alt=\"Ein Reiter mit dunkler Kleidung und Hut sitzt auf einem sich aufb\u00e4umenden, grauen Pferd mit rotem Zaumzeug. Die Szene spielt sich in einer weiten, kargen Landschaft mit schneebedeckten Bergen im Hintergrund w\u00e4hrend der D\u00e4mmerung ab. Ein Hund ist im Vordergrund zu sehen und beobachtet die Situation.\" \/><\/div><\/div><div class=\"wrapper\"><div class=\"title align-center\"><h3><a href=\"https:\/\/uelzener.de\/magazin\/pferd\/pflege\/pferd-richtig-putzen\/\">Pferd richtig putzen: Wissenswertes rund um die Pflege<\/a><\/h3><\/div><div class=\"img align-center\"><img decoding=\"async\" width=\"315\" height=\"180\" src=\"https:\/\/uelzener.de\/magazin\/app\/uploads\/2024\/06\/pferd-richtig-putzen-315x180.jpg\" class=\"attachment-315x180 size-315x180 wp-post-image\" alt=\"Mann putzt ein Pferd im Freien.\" \/><\/div><\/div><div class=\"wrapper\"><div class=\"title align-center\"><h3><a href=\"https:\/\/uelzener.de\/magazin\/pferd\/tiergesundheit\/hautpilz-bei-pferden-erkennen-behandeln-und-vorbeugen\/\">Hautpilz bei Pferden erkennen, behandeln und vorbeugen<\/a><\/h3><\/div><div class=\"img align-center\"><img decoding=\"async\" width=\"315\" height=\"180\" src=\"https:\/\/uelzener.de\/magazin\/app\/uploads\/2025\/07\/pferd-hautpilz-315x180.jpg\" class=\"attachment-315x180 size-315x180 wp-post-image\" alt=\"Pferd zeigt Symptome von einem Hautpilz.\" \/><\/div><\/div><\/div>\n\n<h2>Was hilft gegen Satteldruck? Ma\u00dfnahmen im \u00dcberblick<\/h2>\n<p><span style=\"font-weight: 400;\">Bei Verdacht auf Satteldruck ist als Erstes eine Reitpause einzulegen, um den betroffenen Bereich zu entlasten. Liegt eine Schwellung vor, muss diese gek\u00fchlt werden. Bis die Druckstellen vollst\u00e4ndig abgeheilt sind, ist auf das Anlegen von Sattel und Gurt zu verzichten.<\/span><\/p>\n<p><span style=\"font-weight: 400;\">Bei gereizter oder ger\u00f6teter Haut k\u00f6nnen pflegende Salben mit Arnika, Calendula oder Dexpanthenol helfen \u2013 allerdings nur, wenn die Hautoberfl\u00e4che intakt ist. Bei offenen Wunden oder eitrigen Stellen ist medizinische Hilfe unumg\u00e4nglich. Der Tierarzt oder die Tier\u00e4rztin pr\u00fcft, ob eine medikament\u00f6se Behandlung der betroffenen Stellen von N\u00f6ten ist, um Sekund\u00e4rinfektionen vorzubeugen. Eine <\/span><span style=\"font-weight: 400;\">Pferdekrankenversicherung<\/span><span style=\"font-weight: 400;\"> leistet in dem Zusammenhang gute Dienste, da sie die Kosten f\u00fcr Diagnose und Behandlung \u00fcbernimmt. Auch eine Physiotherapie kann hilfreich sein, wenn es darum geht, die verspannte Muskulatur zu lockern und die Beweglichkeit des Pferdes wiederherzustellen.<\/span><\/p>\n\n<div class=\"banner\">\n    <a href=\"https:\/\/uelzener.de\/pferd\/herden-versicherung\/?agt=0000104925&sem=true&utm_medium=magazin&utm_source=wordpress&utm_campaign=pferd_kv&utm_content=banner    \">\n        <img decoding=\"async\" width=\"300\" height=\"212\" src=\"https:\/\/uelzener.de\/magazin\/app\/uploads\/2025\/01\/Pferde-Kranken-Versicherung.jpg\" class=\"attachment-medium size-medium\" alt=\"Banner Pferde-Kranken-Versicherung\" \/>    <\/a>\n<\/div>\n\n<p><span style=\"font-weight: 400;\">Allerdings ist es mit der Behandlung der Symptomatik nicht getan. Wichtig ist, die Ursache f\u00fcr den Satteldruck zu finden und zu beheben, damit er nicht wiederkehrt. Nur eine professionelle Begutachtung durch einen erfahrenen Sattler oder eine erfahrene Sattlerin kann sicherstellen, dass der Sattel korrekt sitzt und das Gewicht gleichm\u00e4\u00dfig verteilt. Dabei\u00a0 k\u00f6nnen auch technische Hilfsmittel wie Druckmesssysteme zum Einsatz kommen.<\/span><\/p>\n<h2>Satteldruck vorbeugen<\/h2>\n<p><span style=\"font-weight: 400;\">Zeigt dein Pferd erste Anzeichen von Unwohlsein oder merkst du beim Reiten, dass du nicht mehr richtig im Sattel sitzt, solltest du unbedingt einen Kontrolltermin beim Sattler oder bei der Sattlerin machen. Grunds\u00e4tzlich sollten regelm\u00e4\u00dfige Kontrollen des Sattels zur Routine geh\u00f6ren \u2013 im Schnitt alle sechs bis zw\u00f6lf Monate, wenn sich das Pferd in der Statur kaum ver\u00e4ndert. Bei Pferden im Wachstum oder bei Tieren, die beispielsweise trainings- oder krankheitsbedingt zu- oder abgenommen haben, sind Sattelkontrollen alle drei bis vier Monate oder h\u00e4ufiger erforderlich.\u00a0<\/span><\/p>\n<p><span style=\"font-weight: 400;\">Bei der Auswahl des Sattels ist stets auf eine gute Passform zu achten. Kammerweite, Kissenform und Kopfeisen m\u00fcssen auf die Anatomie des Pferdes abgestimmt sein, um eine ung\u00fcnstige Druckverteilung und Bewegungseinschr\u00e4nkungen zu vermeiden. Spezielle Pads k\u00f6nnen helfen, punktuellen Druck auszugleichen, sind aber kein Ersatz f\u00fcr einen fachgerecht angepassten Sattel.<\/span><\/p>\n<p><span style=\"font-weight: 400;\">Auch beim Satteln ist Gewissenhaftigkeit gefragt: Die Satteldecke muss glatt aufliegen, der Gurt darf weder zu locker noch zu fest angezogen sein und der Sattel sollte nicht auf den Widerrist dr\u00fccken oder auf der Wirbels\u00e4ule aufliegen. Wichtig ist auch, den Pferder\u00fccken zu reinigen und zu pflegen und ausschlie\u00dflich saubere Sattelunterlagen zu verwenden.<\/span><\/p>\n<h2>Fazit<\/h2>\n<p><span style=\"font-weight: 400;\">Satteldruck kann bei Pferden Schmerzen und gesundheitliche Sch\u00e4den verursachen. Deswegen ist es wichtig, Symptome fr\u00fchzeitig zu erkennen und zu behandeln sowie die Ursache ausfindig zu machen und zu beheben. Ein gut angepasster Sattel, korrektes Auflegen, regelm\u00e4\u00dfige Kontrollen und ein aufmerksamer Blick auf das Verhalten des Pferdes geh\u00f6ren zur Basis verantwortungsvollen Reitens. Denn nur ein schmerzfreies Pferd kann willig, losgelassen und gesund arbeiten.<\/span><\/p>\n<h2>FAQ: H\u00e4ufig gestellte Fragen zum Thema Satteldruck<\/h2>\n<h3>Wie schnell kann sich Satteldruck entwickeln?<\/h3>\n<p><span style=\"font-weight: 400;\">Satteldruck kann sich je nach Intensit\u00e4t der Belastung innerhalb kurzer Zeit\u00a0 entwickeln \u2013 vor allem, wenn der Sattel sehr schlecht sitzt. Bei geringf\u00fcgig ungleichm\u00e4\u00dfigem Druck kann es einige Wochen dauern, bis erste Anzeichen sichtbar werden.<\/span><\/p>\n<h3>Kann ein neuer Sattel Satteldruck verursachen?<\/h3>\n<p><span style=\"font-weight: 400;\">Ja. Ein neuer Sattel ist keine Garantie f\u00fcr Passgenauigkeit. Eine sorgf\u00e4ltige Anpassung durch eine fachkundige, ausgebildete Person ist entscheidend. Zudem ben\u00f6tigt das Pferd h\u00e4ufig eine Eingew\u00f6hnungszeit, in der kleinere Nachjustierungen n\u00f6tig sein k\u00f6nnen.<\/span><\/p>\n<h3>Kann man ein Pferd bei leichtem Satteldruck weiter reiten?<\/h3>\n<p><span style=\"font-weight: 400;\">Davon ist dringend abzuraten. Auch leichte Druckstellen k\u00f6nnen f\u00fcr das Pferd sehr unangenehm sein. Eine weitere Belastung kann die Situation verschlimmern.<\/span><\/p>\n<h3>Wie lange dauert die Heilung bei Satteldruck?<\/h3>\n<p><span style=\"font-weight: 400;\">Das h\u00e4ngt vom Ausma\u00df der Sch\u00e4digung ab. Leichte Reizungen k\u00f6nnen innerhalb weniger Tage abklingen, w\u00e4hrend tiefgreifende Gewebesch\u00e4den Wochen oder sogar Monate Pause erfordern \u2013 in schweren F\u00e4llen kann es auch sein, dass sie gar nicht komplett ausheilen. Idealerweise wird der Heilungsprozess professionell betreut und durch therapeutische Ma\u00dfnahmen begleitet. Das Training sollte nur in Absprache mit einem Tierarzt oder einer Tier\u00e4rztin wieder aufgenommen werden.<\/span><\/p>\n","protected":false},"excerpt":{"rendered":"<p>Ein passender und korrekt aufgelegter Sattel ist beim Reiten eines Pferdes unverzichtbar. Er stellt das Verbindungsglied zwischen Tier und Mensch dar und sorgt f\u00fcr eine gleichm\u00e4\u00dfige Verteilung des Gewichts des Reiters oder der Reiterin, um den Pferder\u00fccken bestm\u00f6glich zu schonen. Sitzt der Sattel nicht richtig, erschwert das nicht nur die Kommunikation beim Reiten, sondern kann [&hellip;]<\/p>\n","protected":false},"author":11,"featured_media":18853,"parent":11706,"menu_order":29,"comment_status":"closed","ping_status":"closed","template":"templates\/blog.php","meta":{"_acf_changed":false,"_crdt_document":"","footnotes":"","beyondwords_generate_audio":"","beyondwords_project_id":"","beyondwords_content_id":"","beyondwords_preview_token":"","beyondwords_player_style":"","beyondwords_language_id":"","beyondwords_title_voice_id":"","beyondwords_body_voice_id":"","beyondwords_summary_voice_id":"","beyondwords_error_message":"","beyondwords_disabled":"","beyondwords_delete_content":"","beyondwords_podcast_id":"","beyondwords_hash":"","publish_post_to_speechkit":"","speechkit_hash":"","speechkit_generate_audio":"","speechkit_project_id":"","speechkit_podcast_id":"","speechkit_error_message":"","speechkit_disabled":"","speechkit_access_key":"","speechkit_error":"","speechkit_info":"","speechkit_response":"","speechkit_retries":"","speechkit_status":"","speechkit_updated_at":"","_speechkit_link":"","_speechkit_text":""},"class_list":["post-18849","page","type-page","status-publish","has-post-thumbnail","hentry"],"acf":[],"yoast_head":"<!-- This site is optimized with the Yoast SEO Premium plugin  - https:\/\/yoast.com\/product\/yoast-seo-premium-wordpress\/ -->\n<title>Satteldruck beim Pferd erkennen und vorbeugen | Uelzener Magazin<\/title>\n<meta name=\"description\" content=\"Lerne die wichtigsten Anzeichen von Satteldruck kennen und sch\u00fctze dein Pferd vor schmerzhaften Druckstellen.\" \/>\n<meta name=\"robots\" content=\"index, follow, max-snippet:-1, max-image-preview:large, max-video-preview:-1\" \/>\n<link rel=\"canonical\" href=\"https:\/\/uelzener.de\/magazin\/pferd\/tiergesundheit\/satteldruck-beim-pferd-erkennen-vorbeugen\/\" \/>\n<meta property=\"og:locale\" content=\"de_DE\" \/>\n<meta property=\"og:type\" content=\"article\" \/>\n<meta property=\"og:title\" content=\"Satteldruck beim Pferd erkennen und vorbeugen\" \/>\n<meta property=\"og:description\" content=\"Lerne die wichtigsten Anzeichen von Satteldruck kennen und sch\u00fctze dein Pferd vor schmerzhaften Druckstellen.\" \/>\n<meta property=\"og:url\" content=\"https:\/\/uelzener.de\/magazin\/pferd\/tiergesundheit\/satteldruck-beim-pferd-erkennen-vorbeugen\/\" \/>\n<meta property=\"og:site_name\" content=\"Uelzener Tier-Magazin\" \/>\n<meta property=\"article:publisher\" content=\"https:\/\/www.facebook.com\/Uelzener\" \/>\n<meta property=\"article:modified_time\" content=\"2025-08-26T08:31:02+00:00\" \/>\n<meta property=\"og:image\" content=\"https:\/\/uelzener.de\/magazin\/app\/uploads\/2025\/08\/satteldruck.jpg\" \/>\n\t<meta property=\"og:image:width\" content=\"1025\" \/>\n\t<meta property=\"og:image:height\" content=\"450\" \/>\n\t<meta property=\"og:image:type\" content=\"image\/jpeg\" \/>\n<meta name=\"twitter:card\" content=\"summary_large_image\" \/>\n<meta name=\"twitter:label1\" content=\"Gesch\u00e4tzte Lesezeit\" \/>\n\t<meta name=\"twitter:data1\" content=\"7\u00a0Minuten\" \/>\n<script type=\"application\/ld+json\" class=\"yoast-schema-graph\">{\"@context\":\"https:\/\/schema.org\",\"@graph\":[{\"@type\":\"WebPage\",\"@id\":\"https:\/\/uelzener.de\/magazin\/pferd\/tiergesundheit\/satteldruck-beim-pferd-erkennen-vorbeugen\/\",\"url\":\"https:\/\/uelzener.de\/magazin\/pferd\/tiergesundheit\/satteldruck-beim-pferd-erkennen-vorbeugen\/\",\"name\":\"Satteldruck beim Pferd erkennen und vorbeugen | Uelzener Magazin\",\"isPartOf\":{\"@id\":\"https:\/\/uelzener.de\/magazin\/#website\"},\"primaryImageOfPage\":{\"@id\":\"https:\/\/uelzener.de\/magazin\/pferd\/tiergesundheit\/satteldruck-beim-pferd-erkennen-vorbeugen\/#primaryimage\"},\"image\":{\"@id\":\"https:\/\/uelzener.de\/magazin\/pferd\/tiergesundheit\/satteldruck-beim-pferd-erkennen-vorbeugen\/#primaryimage\"},\"thumbnailUrl\":\"https:\/\/uelzener.de\/magazin\/app\/uploads\/2025\/08\/satteldruck.jpg\",\"datePublished\":\"2025-08-13T08:53:09+00:00\",\"dateModified\":\"2025-08-26T08:31:02+00:00\",\"description\":\"Lerne die wichtigsten Anzeichen von Satteldruck kennen und sch\u00fctze dein Pferd vor schmerzhaften Druckstellen.\",\"breadcrumb\":{\"@id\":\"https:\/\/uelzener.de\/magazin\/pferd\/tiergesundheit\/satteldruck-beim-pferd-erkennen-vorbeugen\/#breadcrumb\"},\"inLanguage\":\"de\",\"potentialAction\":[{\"@type\":\"ReadAction\",\"target\":[\"https:\/\/uelzener.de\/magazin\/pferd\/tiergesundheit\/satteldruck-beim-pferd-erkennen-vorbeugen\/\"]}]},{\"@type\":\"ImageObject\",\"inLanguage\":\"de\",\"@id\":\"https:\/\/uelzener.de\/magazin\/pferd\/tiergesundheit\/satteldruck-beim-pferd-erkennen-vorbeugen\/#primaryimage\",\"url\":\"https:\/\/uelzener.de\/magazin\/app\/uploads\/2025\/08\/satteldruck.jpg\",\"contentUrl\":\"https:\/\/uelzener.de\/magazin\/app\/uploads\/2025\/08\/satteldruck.jpg\",\"width\":1025,\"height\":450,\"caption\":\"Beim Aufsatteln auf den Satteldruck achten.\"},{\"@type\":\"WebSite\",\"@id\":\"https:\/\/uelzener.de\/magazin\/#website\",\"url\":\"https:\/\/uelzener.de\/magazin\/\",\"name\":\"Uelzener Tiermagazin\",\"description\":\"Online Tierratgeber der Uelzener Versicherungen\",\"publisher\":{\"@id\":\"https:\/\/uelzener.de\/magazin\/#organization\"},\"potentialAction\":[{\"@type\":\"SearchAction\",\"target\":{\"@type\":\"EntryPoint\",\"urlTemplate\":\"https:\/\/uelzener.de\/magazin\/?s={search_term_string}\"},\"query-input\":{\"@type\":\"PropertyValueSpecification\",\"valueRequired\":true,\"valueName\":\"search_term_string\"}}],\"inLanguage\":\"de\"},{\"@type\":\"Organization\",\"@id\":\"https:\/\/uelzener.de\/magazin\/#organization\",\"name\":\"Uelzener Versicherungen\",\"url\":\"https:\/\/uelzener.de\/magazin\/\",\"logo\":{\"@type\":\"ImageObject\",\"inLanguage\":\"de\",\"@id\":\"https:\/\/uelzener.de\/magazin\/#\/schema\/logo\/image\/\",\"url\":\"https:\/\/uelzener.de\/magazin\/app\/uploads\/2024\/11\/uelzener_allgemeine_versicherungsgesellschaft_a_g_logo.jpg\",\"contentUrl\":\"https:\/\/uelzener.de\/magazin\/app\/uploads\/2024\/11\/uelzener_allgemeine_versicherungsgesellschaft_a_g_logo.jpg\",\"width\":200,\"height\":200,\"caption\":\"Uelzener Versicherungen\"},\"image\":{\"@id\":\"https:\/\/uelzener.de\/magazin\/#\/schema\/logo\/image\/\"},\"sameAs\":[\"https:\/\/www.facebook.com\/Uelzener\",\"https:\/\/instagram.com\/uelzener\",\"https:\/\/www.xing.com\/pages\/uelzenerallgemeineversicherungs-gesellschafta-g\",\"https:\/\/www.youtube.com\/UelzenerVersicherungen\"]}]}<\/script>\n<!-- \/ Yoast SEO Premium plugin. -->","yoast_head_json":{"title":"Satteldruck beim Pferd erkennen und vorbeugen | Uelzener Magazin","description":"Lerne die wichtigsten Anzeichen von Satteldruck kennen und sch\u00fctze dein Pferd vor schmerzhaften Druckstellen.","robots":{"index":"index","follow":"follow","max-snippet":"max-snippet:-1","max-image-preview":"max-image-preview:large","max-video-preview":"max-video-preview:-1"},"canonical":"https:\/\/uelzener.de\/magazin\/pferd\/tiergesundheit\/satteldruck-beim-pferd-erkennen-vorbeugen\/","og_locale":"de_DE","og_type":"article","og_title":"Satteldruck beim Pferd erkennen und vorbeugen","og_description":"Lerne die wichtigsten Anzeichen von Satteldruck kennen und sch\u00fctze dein Pferd vor schmerzhaften Druckstellen.","og_url":"https:\/\/uelzener.de\/magazin\/pferd\/tiergesundheit\/satteldruck-beim-pferd-erkennen-vorbeugen\/","og_site_name":"Uelzener Tier-Magazin","article_publisher":"https:\/\/www.facebook.com\/Uelzener","article_modified_time":"2025-08-26T08:31:02+00:00","og_image":[{"width":1025,"height":450,"url":"https:\/\/uelzener.de\/magazin\/app\/uploads\/2025\/08\/satteldruck.jpg","type":"image\/jpeg"}],"twitter_card":"summary_large_image","twitter_misc":{"Gesch\u00e4tzte Lesezeit":"7\u00a0Minuten"},"schema":{"@context":"https:\/\/schema.org","@graph":[{"@type":"WebPage","@id":"https:\/\/uelzener.de\/magazin\/pferd\/tiergesundheit\/satteldruck-beim-pferd-erkennen-vorbeugen\/","url":"https:\/\/uelzener.de\/magazin\/pferd\/tiergesundheit\/satteldruck-beim-pferd-erkennen-vorbeugen\/","name":"Satteldruck beim Pferd erkennen und vorbeugen | Uelzener Magazin","isPartOf":{"@id":"https:\/\/uelzener.de\/magazin\/#website"},"primaryImageOfPage":{"@id":"https:\/\/uelzener.de\/magazin\/pferd\/tiergesundheit\/satteldruck-beim-pferd-erkennen-vorbeugen\/#primaryimage"},"image":{"@id":"https:\/\/uelzener.de\/magazin\/pferd\/tiergesundheit\/satteldruck-beim-pferd-erkennen-vorbeugen\/#primaryimage"},"thumbnailUrl":"https:\/\/uelzener.de\/magazin\/app\/uploads\/2025\/08\/satteldruck.jpg","datePublished":"2025-08-13T08:53:09+00:00","dateModified":"2025-08-26T08:31:02+00:00","description":"Lerne die wichtigsten Anzeichen von Satteldruck kennen und sch\u00fctze dein Pferd vor schmerzhaften Druckstellen.","breadcrumb":{"@id":"https:\/\/uelzener.de\/magazin\/pferd\/tiergesundheit\/satteldruck-beim-pferd-erkennen-vorbeugen\/#breadcrumb"},"inLanguage":"de","potentialAction":[{"@type":"ReadAction","target":["https:\/\/uelzener.de\/magazin\/pferd\/tiergesundheit\/satteldruck-beim-pferd-erkennen-vorbeugen\/"]}]},{"@type":"ImageObject","inLanguage":"de","@id":"https:\/\/uelzener.de\/magazin\/pferd\/tiergesundheit\/satteldruck-beim-pferd-erkennen-vorbeugen\/#primaryimage","url":"https:\/\/uelzener.de\/magazin\/app\/uploads\/2025\/08\/satteldruck.jpg","contentUrl":"https:\/\/uelzener.de\/magazin\/app\/uploads\/2025\/08\/satteldruck.jpg","width":1025,"height":450,"caption":"Beim Aufsatteln auf den Satteldruck achten."},{"@type":"WebSite","@id":"https:\/\/uelzener.de\/magazin\/#website","url":"https:\/\/uelzener.de\/magazin\/","name":"Uelzener Tiermagazin","description":"Online Tierratgeber der Uelzener Versicherungen","publisher":{"@id":"https:\/\/uelzener.de\/magazin\/#organization"},"potentialAction":[{"@type":"SearchAction","target":{"@type":"EntryPoint","urlTemplate":"https:\/\/uelzener.de\/magazin\/?s={search_term_string}"},"query-input":{"@type":"PropertyValueSpecification","valueRequired":true,"valueName":"search_term_string"}}],"inLanguage":"de"},{"@type":"Organization","@id":"https:\/\/uelzener.de\/magazin\/#organization","name":"Uelzener Versicherungen","url":"https:\/\/uelzener.de\/magazin\/","logo":{"@type":"ImageObject","inLanguage":"de","@id":"https:\/\/uelzener.de\/magazin\/#\/schema\/logo\/image\/","url":"https:\/\/uelzener.de\/magazin\/app\/uploads\/2024\/11\/uelzener_allgemeine_versicherungsgesellschaft_a_g_logo.jpg","contentUrl":"https:\/\/uelzener.de\/magazin\/app\/uploads\/2024\/11\/uelzener_allgemeine_versicherungsgesellschaft_a_g_logo.jpg","width":200,"height":200,"caption":"Uelzener Versicherungen"},"image":{"@id":"https:\/\/uelzener.de\/magazin\/#\/schema\/logo\/image\/"},"sameAs":["https:\/\/www.facebook.com\/Uelzener","https:\/\/instagram.com\/uelzener","https:\/\/www.xing.com\/pages\/uelzenerallgemeineversicherungs-gesellschafta-g","https:\/\/www.youtube.com\/UelzenerVersicherungen"]}]}},"_links":{"self":[{"href":"https:\/\/uelzener.de\/magazin\/wp-json\/wp\/v2\/pages\/18849","targetHints":{"allow":["GET"]}}],"collection":[{"href":"https:\/\/uelzener.de\/magazin\/wp-json\/wp\/v2\/pages"}],"about":[{"href":"https:\/\/uelzener.de\/magazin\/wp-json\/wp\/v2\/types\/page"}],"author":[{"embeddable":true,"href":"https:\/\/uelzener.de\/magazin\/wp-json\/wp\/v2\/users\/11"}],"replies":[{"embeddable":true,"href":"https:\/\/uelzener.de\/magazin\/wp-json\/wp\/v2\/comments?post=18849"}],"version-history":[{"count":4,"href":"https:\/\/uelzener.de\/magazin\/wp-json\/wp\/v2\/pages\/18849\/revisions"}],"predecessor-version":[{"id":18984,"href":"https:\/\/uelzener.de\/magazin\/wp-json\/wp\/v2\/pages\/18849\/revisions\/18984"}],"up":[{"embeddable":true,"href":"https:\/\/uelzener.de\/magazin\/wp-json\/wp\/v2\/pages\/11706"}],"wp:featuredmedia":[{"embeddable":true,"href":"https:\/\/uelzener.de\/magazin\/wp-json\/wp\/v2\/media\/18853"}],"wp:attachment":[{"href":"https:\/\/uelzener.de\/magazin\/wp-json\/wp\/v2\/media?parent=18849"}],"curies":[{"name":"wp","href":"https:\/\/api.w.org\/{rel}","templated":true}]}}