{"id":18843,"date":"2025-08-13T10:30:28","date_gmt":"2025-08-13T08:30:28","guid":{"rendered":"https:\/\/uelzener.de\/magazin\/?page_id=18843"},"modified":"2025-08-13T10:30:28","modified_gmt":"2025-08-13T08:30:28","slug":"hepatitis-beim-hund","status":"publish","type":"page","link":"https:\/\/uelzener.de\/magazin\/hund\/tiergesundheit\/hepatitis-beim-hund\/","title":{"rendered":"Hepatitis beim Hund: Wenn die Leber erkrankt"},"content":{"rendered":"<p><span style=\"font-weight: 400;\">Hepatitis beim Hund kommt in den westlichen europ\u00e4ischen L\u00e4ndern aufgrund konsequenter Impfungen zwar nur noch selten vor, ist in anderen Teilen der Welt aber nach wie vor verbreitet. Es handelt sich dabei um eine Infektionskrankheit, die mit einer Entz\u00fcndung der Leber einhergeht. Die Verl\u00e4ufe sind sehr unterschiedlich. W\u00e4hrend ein Gro\u00dfteil erkrankter Tiere gar keine oder nur geringe Beschwerden zeigt, sind andere schwer betroffen und k\u00f6nnen sogar daran versterben. Vor allem ungeimpfte Tiere und Welpen, die noch keinen umfassenden Immunschutz aufgebaut haben, sind dahingehend gef\u00e4hrdet. In diesem Artikel geben wir dir einen \u00dcberblick \u00fcber die Entstehung, Symptomatik und Behandlung einer Hepatitis und verraten dir, wie du deinen Hund am besten sch\u00fctzen kannst.<\/span><\/p>\n<h2>Was ist eine Hepatitis beim Hund?<\/h2>\n<p><span style=\"font-weight: 400;\">Hepatitis ist der medizinische Begriff f\u00fcr Leberentz\u00fcndung. Bei Hunden spricht man konkret von der Hepatitis contagiosa canis (HCC). Hierbei handelt es sich um eine ansteckende Leberentz\u00fcndung, die durch das canine Adenovirus Typ 1 (CAV-1) verursacht wird. Das Virus ist \u00fcberall auf der Welt verbreitet und sehr umweltresistent, spielt in Deutschland und anderen westeurop\u00e4ischen L\u00e4ndern aufgrund von Impfma\u00dfnahmen jedoch keine gro\u00dfe Rolle mehr. Dadurch kommt die Hepatitis contagiosa canis in ihrer akuten Form hierzulande nur noch selten vor. Allerdings wird angenommen, dass sie die chronische (dauerhafte) Leberentz\u00fcndung mitverursacht, die bei Hunden verh\u00e4ltnism\u00e4\u00dfig h\u00e4ufig auftritt. Hier kommt es nach einer weitgehend symptomlosen Infektion im Verlauf der Zeit zu krankhaften Leberver\u00e4nderungen, die dann in einer chronischen Leberentz\u00fcndung resultieren.\u00a0<\/span><\/p>\n<h3>Zur Ansteckung und \u00dcbertragung von Hepatitis contagiosa canis<\/h3>\n<p><span style=\"font-weight: 400;\">Hunde k\u00f6nnen sich auf verschiedene Weise mit dem Erreger der Hepatitis contagiosa canis infizieren. Grunds\u00e4tzlich tritt das Virus \u00fcber den Nasen-Rachen-Raum in den Organismus des Hundes ein. Die Ansteckung erfolgt \u00fcber den direkten Kontakt mit infiziertem Kot, Urin oder Speichel. Dazu muss man wissen, dass Hunde, die einmal erkrankt waren, den Erreger auch dann noch ausscheiden, wenn sie die Erkrankung \u00fcberstanden haben \u2013 und zwar bis zu einem Jahr lang. Hinzu kommt, dass das canine Adenovirus Typ 1 sehr widerstandsf\u00e4hig ist und lange in der Umgebung \u00fcberlebt. Das Ansteckungsrisiko ist dementsprechend hoch, vor allem an Orten, wo mehrere Hunde zusammenkommen. Eine Infektion ist auch m\u00f6glich, wenn Hunde unmittelbaren K\u00f6rperkontakt haben oder wenn ein Tier Futter oder Wasser zu sich nimmt, das mit infiziertem Sekret kontaminiert ist. Eine \u00dcbertragung auf den Menschen ist ausgeschlossen. Allerdings k\u00f6nnen sich andere Tiere wie Dachse, W\u00f6lfe, F\u00fcchse und Stinktiere infizieren.<\/span><\/p>\n<p><span style=\"font-weight: 400;\">Generell k\u00f6nnen Hunde jeder Rasse und jeden Alters an Hepatitis erkranken. Besonders gef\u00e4hrdet sind Welpen und ungeimpfte Junghunde. Sie infizieren sich schneller und haben ein h\u00f6heres Risiko f\u00fcr schwere Verl\u00e4ufe.\u00a0<\/span><\/p>\n<h2>Hepatitis beim Hund erkennen: Typische Symptome im \u00dcberblick<\/h2>\n<p><span style=\"font-weight: 400;\">Die Symptomatik bei einer Hepatitis contagiosa canis variiert in ihrer Auspr\u00e4gung stark. Der Gro\u00dfteil infizierter Hunde zeigt kaum bis gar keine Symptome. Das hat zur Folge, dass die Lebererkrankung oft gar nicht erkannt wird. Es gibt aber auch sehr schwere und lebensbedrohliche Verl\u00e4ufe. Im Schnitt zeigen sich die ersten Symptome zwei bis f\u00fcnf Tage nach der Infektion und treten im Fall einer akuten Leberentz\u00fcndung nicht allm\u00e4hlich, sondern schlagartig auf. Hier ein \u00dcberblick \u00fcber m\u00f6gliche Anzeichen f\u00fcr eine Hepatitis contagiosa canis:<\/span><\/p>\n<ul>\n<li style=\"font-weight: 400;\" aria-level=\"1\"><span style=\"font-weight: 400;\">Verschlechterung des Allgemeinzustands<\/span><\/li>\n<li style=\"font-weight: 400;\" aria-level=\"1\"><span style=\"font-weight: 400;\">Apathie, Teilnahmslosigkeit<\/span><\/li>\n<li style=\"font-weight: 400;\" aria-level=\"1\"><span style=\"font-weight: 400;\">Fieber<\/span><\/li>\n<li style=\"font-weight: 400;\" aria-level=\"1\"><span style=\"font-weight: 400;\">Durchfall<\/span><\/li>\n<li style=\"font-weight: 400;\" aria-level=\"1\"><span style=\"font-weight: 400;\">Erbrechen<\/span><\/li>\n<li style=\"font-weight: 400;\" aria-level=\"1\"><span style=\"font-weight: 400;\">Bauchschmerzen<\/span><\/li>\n<li style=\"font-weight: 400;\" aria-level=\"1\"><span style=\"font-weight: 400;\">Durst<\/span><\/li>\n<li style=\"font-weight: 400;\" aria-level=\"1\"><span style=\"font-weight: 400;\">Verweigerung der Nahrungsaufnahme<\/span><\/li>\n<li style=\"font-weight: 400;\" aria-level=\"1\"><span style=\"font-weight: 400;\">Wassereinlagerungen (\u00d6deme) an Kopf, Hals und Brust<\/span><\/li>\n<li style=\"font-weight: 400;\" aria-level=\"1\"><span style=\"font-weight: 400;\">Wassereinlagerungen in der Hornhaut der Augen (blau-graue Tr\u00fcbung)<\/span><\/li>\n<li style=\"font-weight: 400;\" aria-level=\"1\"><span style=\"font-weight: 400;\">Blutungen von Haut und Schleimh\u00e4uten<\/span><\/li>\n<li style=\"font-weight: 400;\" aria-level=\"1\"><span style=\"font-weight: 400;\">Augenentz\u00fcndungen<\/span><\/li>\n<\/ul>\n<p><span style=\"font-weight: 400;\">Bei Hunden, die nicht gegen CAV-1 geimpft oder immunschwach sind, kann eine ansteckende Leberentz\u00fcndung innerhalb weniger Stunden zum Tod f\u00fchren. In dem Zusammenhang spricht man von einem perakuten Verlauf. Hier kommt es lediglich zu Blutungen infolge von Gerinnungsst\u00f6rungen, andere Symptome bleiben aus. Aus diesem Grund passiert es h\u00e4ufig, dass f\u00e4lschlicherweise von einer Vergiftung ausgegangen wird.\u00a0<\/span><\/p>\n<p><span style=\"font-weight: 400;\">Hat sich ein Hund mit CAV-1 infiziert, entwickelt er Antik\u00f6rper gegen das Virus und ist somit gegen eine erneute Infektion gesch\u00fctzt. Produziert der K\u00f6rper jedoch nicht ausreichend Antik\u00f6rper, kann das zu einer chronischen Leberentz\u00fcndung f\u00fchren. Infolge von Umbauvorg\u00e4ngen (Leberfibrose und -zirrhose) vernarbt das Lebergewebe zunehmend, was die Leber in ihrer Funktion beeintr\u00e4chtigt. Der Hund kann dann eine Gelbsucht (gelblich verf\u00e4rbte Augen und Haut) und eine Bauchwassersucht (Fl\u00fcssigkeitsansammlung im Bauch) entwickeln.\u00a0<\/span><\/p>\n<h2>Wie wird Hepatitis beim Hund diagnostiziert?<\/h2>\n<p><span style=\"font-weight: 400;\">Eine Hepatitis contagiosa canis sicher zu diagnostizieren, ist nicht so einfach, da die Symptome auch auf andere Erkrankungen hindeuten k\u00f6nnen. Einen Anhaltspunkt kann eine Blutuntersuchung liefern. Ist die Anzahl an wei\u00dfen Blutk\u00f6rperchen (Leukozyten) und Blutpl\u00e4ttchen (Thrombozyten) verringert, kann das auf eine Hepatitis hindeuten. Das gleiche gilt, wenn die Leberwerte erh\u00f6ht sind. Allerdings k\u00f6nnen auch andere Erkrankungen daf\u00fcr infrage kommen. Eine weitere M\u00f6glichkeit ist, Nasensekret, Blut oder Urin des Hundes auf das canine Adenovirus Typ 1 zu testen. Der einzig sichere Weg, eine ansteckende Leberentz\u00fcndung nachzuweisen, besteht jedoch in einer Biopsie. Dabei wird Lebergewebe entnommen und untersucht. Bis solche Schritte veranlasst werden, kann es aufgrund der schwierigen Symptomatik jedoch dauern.<\/span><\/p>\n<h2>Hepatitis beim Hund behandeln: Diese M\u00f6glichkeiten gibt es<\/h2>\n<p><span style=\"font-weight: 400;\">Eine Hepatitis beim Hund kann nicht urs\u00e4chlich, sondern nur symptomatisch behandelt werden. Man versucht also, die Symptome so gut es geht unter Kontrolle zu bekommen und den Hund zu stabilisieren. Dazu werden beispielsweise Medikamente gegen Erbrechen, Schmerzmittel, Antibiotika gegen Sekund\u00e4rinfektionen und Infusionen verabreicht, die den Fl\u00fcssigkeits- und Elektrolythaushalt aufrechterhalten.<\/span><\/p>\n<p><span style=\"font-weight: 400;\">Sollte die Behandlung anschlagen, ist das noch keine Garantie daf\u00fcr, dass die Hepatitis vollst\u00e4ndig ausheilt. So k\u00f6nnen beispielsweise Folgesch\u00e4den wie eine getr\u00fcbte Hornhaut sowie Nieren- oder Lebersch\u00e4den zur\u00fcckbleiben. Bilden sich nicht genug Antik\u00f6rper, kann es au\u00dferdem immer noch zu einer chronischen Leberentz\u00fcndung kommen, die dann ein Leben lang behandelt werden muss. Die Prognosen h\u00e4ngen immer vom jeweiligen Verlauf ab. Je pl\u00f6tzlicher und st\u00e4rker die Symptome in Erscheinung treten, desto schlechter stehen die Heilungs- und \u00dcberlebenschancen.<\/span><\/p>\n\n<div class=\"related_articles boxed\">\n    <h2>Mehr zum Thema<\/h2>\n    \n    <div class=\"wrapper\"><div class=\"title align-center\"><h3><a href=\"https:\/\/uelzener.de\/magazin\/hund\/tiergesundheit\/impfungen-hund\/\">Impfungen beim Hund: Wann sind welche Impfungen sinnvoll?<\/a><\/h3><\/div><div class=\"img align-center\"><img decoding=\"async\" width=\"315\" height=\"180\" src=\"https:\/\/uelzener.de\/magazin\/app\/uploads\/2023\/05\/hund-impfungen-315x180.jpg\" class=\"attachment-315x180 size-315x180 wp-post-image\" alt=\"Hund bekommt eine Impfung per Spritze.\" \/><\/div><\/div><div class=\"wrapper\"><div class=\"title align-center\"><h3><a href=\"https:\/\/uelzener.de\/magazin\/hund\/tiergesundheit\/hundekrankheiten-unfaelle\/\">Hundekrankheiten und Unf\u00e4lle, die du unbedingt kennen musst<\/a><\/h3><\/div><div class=\"img align-center\"><img decoding=\"async\" width=\"315\" height=\"180\" src=\"https:\/\/uelzener.de\/magazin\/app\/uploads\/2023\/01\/haeufige-hundekrankheiten-unfaelle-315x180.jpg\" class=\"attachment-315x180 size-315x180 wp-post-image\" alt=\"Kranker Hund wird gestreichelt.\" \/><\/div><\/div><div class=\"wrapper\"><div class=\"title align-center\"><h3><a href=\"https:\/\/uelzener.de\/magazin\/hund\/tiergesundheit\/zwingerhusten-beim-hund\/\">Zwingerhusten beim Hund erkennen, behandeln und vorbeugen<\/a><\/h3><\/div><div class=\"img align-center\"><img decoding=\"async\" width=\"315\" height=\"180\" src=\"https:\/\/uelzener.de\/magazin\/app\/uploads\/2023\/03\/zwingerhusten-hund-315x180.jpg\" class=\"attachment-315x180 size-315x180 wp-post-image\" alt=\"Gro\u00dfer Hund niest mit verzerrtem Gesicht. Leidet er an Zwingerhusten?\" \/><\/div><\/div><\/div>\n\n<h2>Hepatitis beim Hund vorbeugen<\/h2>\n<p><span style=\"font-weight: 400;\">Eine Impfung ist der beste Weg, um einen Hund vor Hepatitis zu sch\u00fctzen. Oft handelt es sich dabei um eine Kombinationsimpfung, die auch Staupe, Parvovirose und Leptospirose abdeckt. Zwar kommt das canine Adenovirus Typ 1 in Westeuropa kaum noch vor, es kann aber sporadisch noch nachgewiesen werden. Aus diesem Grund ist es sinnvoll, nicht auf eine Impfung zu verzichten \u2013 erst recht nicht, wenn du vorhast, mit deinem Hund in ein Land zu reisen, in dem das Virus noch verbreitet ist.\u00a0<\/span><\/p>\n<p><span style=\"font-weight: 400;\">Die Impfung sollte fr\u00fchestm\u00f6glich erfolgen, also idealerweise ab der 8. Lebenswoche. F\u00fcr die Grundimmunisierung sind meist noch zwei weitere Impfungen im Abstand von vier Wochen notwendig. Danach empfiehlt sich eine Auffrischungsimpfung alle zwei bis drei Jahre \u2013 je nach Impfstoff. Eine <\/span><span style=\"font-weight: 400;\">Hundekrankenversicherung<\/span><span style=\"font-weight: 400;\"> mit j\u00e4hrlicher Vorsorgepauschale leistet in dem Zusammenhang gute Dienste. Damit kannst du dir die Impfkosten erstatten lassen und deinen Hund optimal sch\u00fctzen.<\/span><\/p>\n\n<div class=\"banner\">\n    <a href=\"https:\/\/uelzener.de\/hund\/hunde-krankenversicherung\/?agt=0000104925&sem=true&utm_medium=magazin&utm_source=wordpress&utm_campaign=hund_kv&utm_content=banner\">\n        <img decoding=\"async\" width=\"300\" height=\"212\" src=\"https:\/\/uelzener.de\/magazin\/app\/uploads\/2025\/01\/Hunde-Kranken-Versicherung.jpg\" class=\"attachment-medium size-medium\" alt=\"Banner Hunde-Kranken-Versicherung\" \/>    <\/a>\n<\/div>\n\n<h2>Fazit<\/h2>\n<p><span style=\"font-weight: 400;\">Hepatitis beim Hund ist eine Erkrankung, die sehr individuell verl\u00e4uft. Ein Gro\u00dfteil betroffener Tiere zeigt kaum bis gar keine Anzeichen, w\u00e4hrend andere mit schwersten Symptomen zu k\u00e4mpfen haben, die sogar zum Tod f\u00fchren k\u00f6nnen. Vor allem Welpen und Junghunde, die nicht ausreichend immunisiert sind, sind einem erh\u00f6hten Risiko f\u00fcr schwere Verl\u00e4ufe ausgesetzt. Eine Impfung ist die beste Ma\u00dfnahme, deinen Hund vor einer Erkrankung zu sch\u00fctzen und eine Verbreitung des Erregers zu verhindern.<\/span><\/p>\n<h2>FAQ: H\u00e4ufig gestellte Fragen zum Thema Hepatitis beim Hund<\/h2>\n<h3>Wann muss ich zum Arzt, wenn mein Hund Anzeichen einer Hepatitis zeigt?<\/h3>\n<p><span style=\"font-weight: 400;\">Sofort. Je akuter die Symptome sind, desto schwerer kann der Verlauf werden \u2013 vor allem, wenn das Tier ungeimpft oder immungeschw\u00e4cht ist. Grunds\u00e4tzlich empfiehlt es sich, bei auftretenden Symptomen einen Tierarzt oder eine Tier\u00e4rztin aufzusuchen, da auch andere gef\u00e4hrliche Erkrankungen dahinterstecken k\u00f6nnen.<\/span><\/p>\n<h3>Geben H\u00fcndinnen, die eine Hepatitis \u00fcberstanden haben, ihre Antik\u00f6rper an Welpen weiter?<\/h3>\n<p><span style=\"font-weight: 400;\">Ja, aber die Schutzwirkung h\u00e4lt nicht lange an. W\u00e4hrend der Schwangerschaft geben H\u00fcndinnen etwa ein F\u00fcnftel ihrer Antik\u00f6rper an die ungeborenen Welpen weiter. Auch mit der Muttermilch wird der Nachwuchs noch mit Antik\u00f6rpern versorgt. Allerdings kann daraus kein nachhaltiger Immunschutz aufgebaut werden. Schon nach acht bis neun Tagen l\u00e4sst die Schutzwirkung nach, so dass sich die Welpen mit CAV-1 infizieren und an Hepatitis erkranken k\u00f6nnen. Deswegen ist eine fr\u00fchestm\u00f6gliche Impfung so wichtig.<\/span><\/p>\n<h3>Wie lange \u00fcberlebt CAV-1 in der Umwelt?<\/h3>\n<p><span style=\"font-weight: 400;\">Das canine Adenovirus Typ 1 ist au\u00dferordentlich widerstandsf\u00e4hig. In der Umwelt kann es \u2013 abh\u00e4ngig von Temperatur und Feuchtigkeit \u2013 mehrere Wochen bis Monate infekti\u00f6s bleiben. Besonders an Orten, wo viele Hunde zusammenkommen, besteht eine gro\u00dfe Ansteckungsgefahr, seien es Hundewiesen, Zwingeranlagen oder Tierheime.<\/span><\/p>\n","protected":false},"excerpt":{"rendered":"<p>Hepatitis beim Hund kommt in den westlichen europ\u00e4ischen L\u00e4ndern aufgrund konsequenter Impfungen zwar nur noch selten vor, ist in anderen Teilen der Welt aber nach wie vor verbreitet. Es handelt sich dabei um eine Infektionskrankheit, die mit einer Entz\u00fcndung der Leber einhergeht. Die Verl\u00e4ufe sind sehr unterschiedlich. W\u00e4hrend ein Gro\u00dfteil erkrankter Tiere gar keine oder [&hellip;]<\/p>\n","protected":false},"author":11,"featured_media":18847,"parent":11701,"menu_order":23,"comment_status":"closed","ping_status":"closed","template":"templates\/blog.php","meta":{"_acf_changed":false,"_crdt_document":"","footnotes":"","beyondwords_generate_audio":"","beyondwords_project_id":"","beyondwords_content_id":"","beyondwords_preview_token":"","beyondwords_player_style":"","beyondwords_language_id":"","beyondwords_title_voice_id":"","beyondwords_body_voice_id":"","beyondwords_summary_voice_id":"","beyondwords_error_message":"","beyondwords_disabled":"","beyondwords_delete_content":"","beyondwords_podcast_id":"","beyondwords_hash":"","publish_post_to_speechkit":"","speechkit_hash":"","speechkit_generate_audio":"","speechkit_project_id":"","speechkit_podcast_id":"","speechkit_error_message":"","speechkit_disabled":"","speechkit_access_key":"","speechkit_error":"","speechkit_info":"","speechkit_response":"","speechkit_retries":"","speechkit_status":"","speechkit_updated_at":"","_speechkit_link":"","_speechkit_text":""},"class_list":["post-18843","page","type-page","status-publish","has-post-thumbnail","hentry"],"acf":[],"yoast_head":"<!-- This site is optimized with the Yoast SEO Premium plugin  - https:\/\/yoast.com\/product\/yoast-seo-premium-wordpress\/ -->\n<title>Hepatitis beim Hund: Wenn die Leber erkrankt | Uelzener Magazin<\/title>\n<meta name=\"description\" content=\"Informiere dich \u00fcber Hepatitis contagiosa canis und wie du deinen Hund vor gef\u00e4hrlichen Leberentz\u00fcndungen sch\u00fctzen kannst.\" \/>\n<meta name=\"robots\" content=\"index, follow, max-snippet:-1, max-image-preview:large, max-video-preview:-1\" \/>\n<link rel=\"canonical\" href=\"https:\/\/uelzener.de\/magazin\/hund\/tiergesundheit\/hepatitis-beim-hund\/\" \/>\n<meta property=\"og:locale\" content=\"de_DE\" \/>\n<meta property=\"og:type\" content=\"article\" \/>\n<meta property=\"og:title\" content=\"Hepatitis beim Hund: Wenn die Leber erkrankt\" \/>\n<meta property=\"og:description\" content=\"Informiere dich \u00fcber Hepatitis contagiosa canis und wie du deinen Hund vor gef\u00e4hrlichen Leberentz\u00fcndungen sch\u00fctzen kannst.\" \/>\n<meta property=\"og:url\" content=\"https:\/\/uelzener.de\/magazin\/hund\/tiergesundheit\/hepatitis-beim-hund\/\" \/>\n<meta property=\"og:site_name\" content=\"Uelzener Tier-Magazin\" \/>\n<meta property=\"article:publisher\" content=\"https:\/\/www.facebook.com\/Uelzener\" \/>\n<meta property=\"og:image\" content=\"https:\/\/uelzener.de\/magazin\/app\/uploads\/2025\/08\/hepatitis-hund.jpg\" \/>\n\t<meta property=\"og:image:width\" content=\"1025\" \/>\n\t<meta property=\"og:image:height\" content=\"450\" \/>\n\t<meta property=\"og:image:type\" content=\"image\/jpeg\" \/>\n<meta name=\"twitter:card\" content=\"summary_large_image\" \/>\n<meta name=\"twitter:label1\" content=\"Gesch\u00e4tzte Lesezeit\" \/>\n\t<meta name=\"twitter:data1\" content=\"8\u00a0Minuten\" \/>\n<script type=\"application\/ld+json\" class=\"yoast-schema-graph\">{\"@context\":\"https:\/\/schema.org\",\"@graph\":[{\"@type\":\"WebPage\",\"@id\":\"https:\/\/uelzener.de\/magazin\/hund\/tiergesundheit\/hepatitis-beim-hund\/\",\"url\":\"https:\/\/uelzener.de\/magazin\/hund\/tiergesundheit\/hepatitis-beim-hund\/\",\"name\":\"Hepatitis beim Hund: Wenn die Leber erkrankt | Uelzener Magazin\",\"isPartOf\":{\"@id\":\"https:\/\/uelzener.de\/magazin\/#website\"},\"primaryImageOfPage\":{\"@id\":\"https:\/\/uelzener.de\/magazin\/hund\/tiergesundheit\/hepatitis-beim-hund\/#primaryimage\"},\"image\":{\"@id\":\"https:\/\/uelzener.de\/magazin\/hund\/tiergesundheit\/hepatitis-beim-hund\/#primaryimage\"},\"thumbnailUrl\":\"https:\/\/uelzener.de\/magazin\/app\/uploads\/2025\/08\/hepatitis-hund.jpg\",\"datePublished\":\"2025-08-13T08:30:28+00:00\",\"description\":\"Informiere dich \u00fcber Hepatitis contagiosa canis und wie du deinen Hund vor gef\u00e4hrlichen Leberentz\u00fcndungen sch\u00fctzen kannst.\",\"breadcrumb\":{\"@id\":\"https:\/\/uelzener.de\/magazin\/hund\/tiergesundheit\/hepatitis-beim-hund\/#breadcrumb\"},\"inLanguage\":\"de\",\"potentialAction\":[{\"@type\":\"ReadAction\",\"target\":[\"https:\/\/uelzener.de\/magazin\/hund\/tiergesundheit\/hepatitis-beim-hund\/\"]}]},{\"@type\":\"ImageObject\",\"inLanguage\":\"de\",\"@id\":\"https:\/\/uelzener.de\/magazin\/hund\/tiergesundheit\/hepatitis-beim-hund\/#primaryimage\",\"url\":\"https:\/\/uelzener.de\/magazin\/app\/uploads\/2025\/08\/hepatitis-hund.jpg\",\"contentUrl\":\"https:\/\/uelzener.de\/magazin\/app\/uploads\/2025\/08\/hepatitis-hund.jpg\",\"width\":1025,\"height\":450,\"caption\":\"Hund wird beim Arzt auf Hepatitis untersucht.\"},{\"@type\":\"WebSite\",\"@id\":\"https:\/\/uelzener.de\/magazin\/#website\",\"url\":\"https:\/\/uelzener.de\/magazin\/\",\"name\":\"Uelzener Tiermagazin\",\"description\":\"Online Tierratgeber der Uelzener Versicherungen\",\"publisher\":{\"@id\":\"https:\/\/uelzener.de\/magazin\/#organization\"},\"potentialAction\":[{\"@type\":\"SearchAction\",\"target\":{\"@type\":\"EntryPoint\",\"urlTemplate\":\"https:\/\/uelzener.de\/magazin\/?s={search_term_string}\"},\"query-input\":{\"@type\":\"PropertyValueSpecification\",\"valueRequired\":true,\"valueName\":\"search_term_string\"}}],\"inLanguage\":\"de\"},{\"@type\":\"Organization\",\"@id\":\"https:\/\/uelzener.de\/magazin\/#organization\",\"name\":\"Uelzener Versicherungen\",\"url\":\"https:\/\/uelzener.de\/magazin\/\",\"logo\":{\"@type\":\"ImageObject\",\"inLanguage\":\"de\",\"@id\":\"https:\/\/uelzener.de\/magazin\/#\/schema\/logo\/image\/\",\"url\":\"https:\/\/uelzener.de\/magazin\/app\/uploads\/2024\/11\/uelzener_allgemeine_versicherungsgesellschaft_a_g_logo.jpg\",\"contentUrl\":\"https:\/\/uelzener.de\/magazin\/app\/uploads\/2024\/11\/uelzener_allgemeine_versicherungsgesellschaft_a_g_logo.jpg\",\"width\":200,\"height\":200,\"caption\":\"Uelzener Versicherungen\"},\"image\":{\"@id\":\"https:\/\/uelzener.de\/magazin\/#\/schema\/logo\/image\/\"},\"sameAs\":[\"https:\/\/www.facebook.com\/Uelzener\",\"https:\/\/instagram.com\/uelzener\",\"https:\/\/www.xing.com\/pages\/uelzenerallgemeineversicherungs-gesellschafta-g\",\"https:\/\/www.youtube.com\/UelzenerVersicherungen\"]}]}<\/script>\n<!-- \/ Yoast SEO Premium plugin. -->","yoast_head_json":{"title":"Hepatitis beim Hund: Wenn die Leber erkrankt | Uelzener Magazin","description":"Informiere dich \u00fcber Hepatitis contagiosa canis und wie du deinen Hund vor gef\u00e4hrlichen Leberentz\u00fcndungen sch\u00fctzen kannst.","robots":{"index":"index","follow":"follow","max-snippet":"max-snippet:-1","max-image-preview":"max-image-preview:large","max-video-preview":"max-video-preview:-1"},"canonical":"https:\/\/uelzener.de\/magazin\/hund\/tiergesundheit\/hepatitis-beim-hund\/","og_locale":"de_DE","og_type":"article","og_title":"Hepatitis beim Hund: Wenn die Leber erkrankt","og_description":"Informiere dich \u00fcber Hepatitis contagiosa canis und wie du deinen Hund vor gef\u00e4hrlichen Leberentz\u00fcndungen sch\u00fctzen kannst.","og_url":"https:\/\/uelzener.de\/magazin\/hund\/tiergesundheit\/hepatitis-beim-hund\/","og_site_name":"Uelzener Tier-Magazin","article_publisher":"https:\/\/www.facebook.com\/Uelzener","og_image":[{"width":1025,"height":450,"url":"https:\/\/uelzener.de\/magazin\/app\/uploads\/2025\/08\/hepatitis-hund.jpg","type":"image\/jpeg"}],"twitter_card":"summary_large_image","twitter_misc":{"Gesch\u00e4tzte Lesezeit":"8\u00a0Minuten"},"schema":{"@context":"https:\/\/schema.org","@graph":[{"@type":"WebPage","@id":"https:\/\/uelzener.de\/magazin\/hund\/tiergesundheit\/hepatitis-beim-hund\/","url":"https:\/\/uelzener.de\/magazin\/hund\/tiergesundheit\/hepatitis-beim-hund\/","name":"Hepatitis beim Hund: Wenn die Leber erkrankt | Uelzener Magazin","isPartOf":{"@id":"https:\/\/uelzener.de\/magazin\/#website"},"primaryImageOfPage":{"@id":"https:\/\/uelzener.de\/magazin\/hund\/tiergesundheit\/hepatitis-beim-hund\/#primaryimage"},"image":{"@id":"https:\/\/uelzener.de\/magazin\/hund\/tiergesundheit\/hepatitis-beim-hund\/#primaryimage"},"thumbnailUrl":"https:\/\/uelzener.de\/magazin\/app\/uploads\/2025\/08\/hepatitis-hund.jpg","datePublished":"2025-08-13T08:30:28+00:00","description":"Informiere dich \u00fcber Hepatitis contagiosa canis und wie du deinen Hund vor gef\u00e4hrlichen Leberentz\u00fcndungen sch\u00fctzen kannst.","breadcrumb":{"@id":"https:\/\/uelzener.de\/magazin\/hund\/tiergesundheit\/hepatitis-beim-hund\/#breadcrumb"},"inLanguage":"de","potentialAction":[{"@type":"ReadAction","target":["https:\/\/uelzener.de\/magazin\/hund\/tiergesundheit\/hepatitis-beim-hund\/"]}]},{"@type":"ImageObject","inLanguage":"de","@id":"https:\/\/uelzener.de\/magazin\/hund\/tiergesundheit\/hepatitis-beim-hund\/#primaryimage","url":"https:\/\/uelzener.de\/magazin\/app\/uploads\/2025\/08\/hepatitis-hund.jpg","contentUrl":"https:\/\/uelzener.de\/magazin\/app\/uploads\/2025\/08\/hepatitis-hund.jpg","width":1025,"height":450,"caption":"Hund wird beim Arzt auf Hepatitis untersucht."},{"@type":"WebSite","@id":"https:\/\/uelzener.de\/magazin\/#website","url":"https:\/\/uelzener.de\/magazin\/","name":"Uelzener Tiermagazin","description":"Online Tierratgeber der Uelzener Versicherungen","publisher":{"@id":"https:\/\/uelzener.de\/magazin\/#organization"},"potentialAction":[{"@type":"SearchAction","target":{"@type":"EntryPoint","urlTemplate":"https:\/\/uelzener.de\/magazin\/?s={search_term_string}"},"query-input":{"@type":"PropertyValueSpecification","valueRequired":true,"valueName":"search_term_string"}}],"inLanguage":"de"},{"@type":"Organization","@id":"https:\/\/uelzener.de\/magazin\/#organization","name":"Uelzener Versicherungen","url":"https:\/\/uelzener.de\/magazin\/","logo":{"@type":"ImageObject","inLanguage":"de","@id":"https:\/\/uelzener.de\/magazin\/#\/schema\/logo\/image\/","url":"https:\/\/uelzener.de\/magazin\/app\/uploads\/2024\/11\/uelzener_allgemeine_versicherungsgesellschaft_a_g_logo.jpg","contentUrl":"https:\/\/uelzener.de\/magazin\/app\/uploads\/2024\/11\/uelzener_allgemeine_versicherungsgesellschaft_a_g_logo.jpg","width":200,"height":200,"caption":"Uelzener Versicherungen"},"image":{"@id":"https:\/\/uelzener.de\/magazin\/#\/schema\/logo\/image\/"},"sameAs":["https:\/\/www.facebook.com\/Uelzener","https:\/\/instagram.com\/uelzener","https:\/\/www.xing.com\/pages\/uelzenerallgemeineversicherungs-gesellschafta-g","https:\/\/www.youtube.com\/UelzenerVersicherungen"]}]}},"_links":{"self":[{"href":"https:\/\/uelzener.de\/magazin\/wp-json\/wp\/v2\/pages\/18843","targetHints":{"allow":["GET"]}}],"collection":[{"href":"https:\/\/uelzener.de\/magazin\/wp-json\/wp\/v2\/pages"}],"about":[{"href":"https:\/\/uelzener.de\/magazin\/wp-json\/wp\/v2\/types\/page"}],"author":[{"embeddable":true,"href":"https:\/\/uelzener.de\/magazin\/wp-json\/wp\/v2\/users\/11"}],"replies":[{"embeddable":true,"href":"https:\/\/uelzener.de\/magazin\/wp-json\/wp\/v2\/comments?post=18843"}],"version-history":[{"count":3,"href":"https:\/\/uelzener.de\/magazin\/wp-json\/wp\/v2\/pages\/18843\/revisions"}],"predecessor-version":[{"id":18846,"href":"https:\/\/uelzener.de\/magazin\/wp-json\/wp\/v2\/pages\/18843\/revisions\/18846"}],"up":[{"embeddable":true,"href":"https:\/\/uelzener.de\/magazin\/wp-json\/wp\/v2\/pages\/11701"}],"wp:featuredmedia":[{"embeddable":true,"href":"https:\/\/uelzener.de\/magazin\/wp-json\/wp\/v2\/media\/18847"}],"wp:attachment":[{"href":"https:\/\/uelzener.de\/magazin\/wp-json\/wp\/v2\/media?parent=18843"}],"curies":[{"name":"wp","href":"https:\/\/api.w.org\/{rel}","templated":true}]}}