{"id":18707,"date":"2025-07-28T11:08:47","date_gmt":"2025-07-28T09:08:47","guid":{"rendered":"https:\/\/uelzener.de\/magazin\/?page_id=18707"},"modified":"2025-08-18T13:07:00","modified_gmt":"2025-08-18T11:07:00","slug":"warum-flehmen-pferde","status":"publish","type":"page","link":"https:\/\/uelzener.de\/magazin\/pferd\/haeufige-fragen\/warum-flehmen-pferde\/","title":{"rendered":"Warum flehmen Pferde?"},"content":{"rendered":"<p><span style=\"font-weight: 400;\">Ein gestreckter Kopf und eine Mimik, die an ein Grinsen erinnert: Das Flehmen eines Pferdes sieht oft lustig aus und ist fest in ihrer Natur verankert. Wann und warum ein Pferd flehmt, kann sehr individuell sein und in einigen F\u00e4llen auch einen ernsten Hintergrund haben. Daher ist es wichtig, sich mit potenziellen Gr\u00fcnden f\u00fcr dieses Verhalten auseinanderzusetzen. In diesem Artikel erf\u00e4hrst du, weshalb Pferde flehmen, auf welche Erkrankungen es hinweisen kann und wie du deinem Pferd das Flehmen als Trick beibringen kannst.<\/span><\/p>\n<h2>Was passiert beim Flehmen?<\/h2>\n<p><span style=\"font-weight: 400;\">Flehmen ist daran erkennbar, dass das Pferd seinen Kopf nach vorne streckt und die Oberlippe kr\u00e4uselnd hochzieht. Dabei verschlie\u00dft der Vierbeiner seine N\u00fcstern, wodurch Ger\u00fcche gezielt in das sogenannte vomeronasonale Organ, auch Jacobsonsches Organ genannt, str\u00f6men. Dieses liegt in der Nasennebenh\u00f6hle und \u00f6ffnet sich in den hinteren Gaumenbereich. Das Jacobsonsche Organ dient zus\u00e4tzlich zur Nase der olfaktorischen Wahrnehmung. Pferde k\u00f6nnen damit Ger\u00fcche noch intensiver wahrnehmen und analysieren, da diese schnell zum limbischen System weitergeleitet werden, das im Gehirn f\u00fcr die Verarbeitung von Emotionen zust\u00e4ndig ist.<\/span><\/p>\n<h2>Typische Ausl\u00f6ser f\u00fcr das Flehmen bei Pferden<\/h2>\n<p><span style=\"font-weight: 400;\">Die Gr\u00fcnde f\u00fcrs Flehmen k\u00f6nnen vielf\u00e4ltig sein und lassen sich oft an der H\u00e4ufigkeit und den Situationen, in denen sich das Verhalten zeigt, identifizieren.<\/span><\/p>\n<ul>\n<li><b>Interessante Ger\u00fcche:<\/b><span style=\"font-weight: 400;\"> Wenn ein Pferd flehmt, ist es in der Lage, Ger\u00fcche intensiver wahrzunehmen. Es kann also sein, dass es durch das Flehmen einen neuen oder besonderen Duft besser riechen m\u00f6chte.<\/span><\/li>\n<li><b>Pheromone: <\/b><span style=\"font-weight: 400;\">Flehmen ist h\u00e4ufig bei Hengsten zu beobachten, die feststellen m\u00f6chten, ob eine Stute rossig ist. Es ist daher nicht ungew\u00f6hnlich, dass Hengste \u00f6fter flehmen als Wallache und Stuten.<\/span><\/li>\n<li><b>Wohlbefinden: <\/b><span style=\"font-weight: 400;\">Bei einigen Pferden kann das Flehmen als Zeichen des Wohlgef\u00fchls gedeutet werden. Sie zeigen es beispielsweise beim intensiven Strecken oder wenn sie gekrault werden.<\/span><\/li>\n<li><b>Unwohlsein und Schmerzen: <\/b><span style=\"font-weight: 400;\">Gegens\u00e4tzlich ist das Flehmen manchmal auch auf gesundheitliche Gr\u00fcnde, wie ein Magengeschw\u00fcr oder eine Kolik, zur\u00fcckzuf\u00fchren. Hier sollte genauestens auf begleitende Symptome geachtet werden.<\/span><\/li>\n<li><b>Gelerntes Verhalten: <\/b><span style=\"font-weight: 400;\">Einige Pferde setzen das Flehmen bewusst zum Betteln ein, insbesondere wenn sie in der Vergangenheit schon daf\u00fcr belohnt wurden, beispielsweise beim Erlernen des Flehmens auf Kommando.<\/span><\/li>\n<\/ul>\n<p><span style=\"font-weight: 400;\">Flehmen ist eine nat\u00fcrliche Verhaltensweise bei Pferden, kann jedoch sehr individuelle Hintergr\u00fcnde haben. Es ist daher wichtig, im Blick zu behalten, in welchen Situationen und wie oft das Tier normalerweise flehmt. Wer wei\u00df, wie der Normalzustand beim eigenen Pferd aussieht, der kann ungew\u00f6hnliche Verhaltensmuster erkennen und bei Bedarf schnell handeln.<\/span><\/p>\n<h2>Wann sollte das Flehmen eines Pferdes alarmieren?<\/h2>\n<p><span style=\"font-weight: 400;\">Flehmt ein Pferd in gewohnter Umgebung h\u00e4ufiger und ohne erkennbaren Grund, kann ein Magengeschw\u00fcr dahinter stecken. Begleitende Symptome, die darauf hinweisen k\u00f6nnen, sind \u00fcberm\u00e4\u00dfiges G\u00e4hnen, Leerkauen, stumpfes Fell oder ein abwehrendes Verhalten beim Anlegen des Sattels. Viele Pferde zeigen zudem eine ver\u00e4nderte Grundstimmung: sie sind teilweise abgeschlagen, in sich gekehrt oder verhalten sich aggressiv.\u00a0<\/span><\/p>\n<p><span style=\"font-weight: 400;\">Weitere Krankheiten, die ein Pferd h\u00e4ufig durch vermehrtes Flehmen anzeigt, sind Koliken oder auch Erkrankungen im Kopfbereich, zum Beispiel Entz\u00fcndungen. Wer sich unsicher ist oder vermutet, dass das Flehmen ein Anzeichen f\u00fcr eine ernstzunehmende Erkrankung sein k\u00f6nnte, sollte schnell handeln und einen Tierarzt oder eine Tier\u00e4rztin zu Rate ziehen. Um im Ernstfall nicht auf hohen Kosten sitzenzubleiben, ist der Abschluss einer <\/span><span style=\"font-weight: 400;\">Pferdekrankenversicherung<\/span><span style=\"font-weight: 400;\"> ratsam. Sie \u00fcbernimmt die Kosten f\u00fcr Diagnose und Behandlung, so dass Mensch und Tier optimal abgesichert sind.<\/span><\/p>\n\n<div class=\"banner\">\n    <a href=\"https:\/\/uelzener.de\/pferd\/herden-versicherung\/?agt=0000104925&sem=true&utm_medium=magazin&utm_source=wordpress&utm_campaign=pferd_kv&utm_content=banner    \">\n        <img decoding=\"async\" width=\"300\" height=\"212\" src=\"https:\/\/uelzener.de\/magazin\/app\/uploads\/2025\/01\/Pferde-Kranken-Versicherung.jpg\" class=\"attachment-medium size-medium\" alt=\"Banner Pferde-Kranken-Versicherung\" \/>    <\/a>\n<\/div>\n\n<h2>Lustiger Trick: Wie du deinem Pferd das Flehmen auf Kommando beibringst<\/h2>\n<p><span style=\"font-weight: 400;\">Das Flehmen auf Kommando ist ein beliebter Trick, den Pferde mit etwas \u00dcbung leicht erlernen k\u00f6nnen. Halte dazu ein Leckerli vor die Nasenspitze deines Pferdes und bewege es leicht nach oben. Gleichzeitig gibst du ein klares Kommando, zum Beispiel ein Wort oder ein Handzeichen. Hebt das Pferd daraufhin die Oberlippe, lobe es sofort und gib ihm die Belohnung. Wiederhole diese \u00dcbung regelm\u00e4\u00dfig, bis dein Pferd zuverl\u00e4ssig die Oberlippe hebt, sobald du das Leckerli ansetzt.\u00a0<\/span><\/p>\n<p><span style=\"font-weight: 400;\">Im n\u00e4chsten Schritt beginnst du, das Leckerli etwas weiter entfernt zu halten und f\u00fchrst ein zweites Signal ein, etwa das Heben des Zeigefingers. So lernt dein Pferd, auch ohne direkten Futterreiz das gew\u00fcnschte Verhalten zu zeigen. Mit etwas Geduld, Lob und Konsequenz wird dein Pferd schon bald aus der Distanz auf dein Kommando flehmen.\u00a0<\/span><\/p>\n<p><span style=\"font-weight: 400;\">Ein No-Go ist die Nutzung von streng riechenden Cremes auf den N\u00fcstern des Pferdes, um es zum Flehmen zu bringen, denn diese k\u00f6nnen die empfindlichen Schleimh\u00e4ute reizen und besch\u00e4digen.<\/span><\/p>\n\n<div class=\"related_articles boxed\">\n    <h2>Mehr zum Thema<\/h2>\n    \n    <div class=\"wrapper\"><div class=\"title align-center\"><h3><a href=\"https:\/\/uelzener.de\/magazin\/pferd\/tiergesundheit\/giftig-fuer-pferde-maigloeckchen\/\">Achtung, giftig f\u00fcr Pferde! Maigl\u00f6ckchen erkennen, Vergiftungen vermeiden<\/a><\/h3><\/div><div class=\"img align-center\"><img decoding=\"async\" width=\"315\" height=\"180\" src=\"https:\/\/uelzener.de\/magazin\/app\/uploads\/2023\/05\/maigloeckchen-315x180.jpg\" class=\"attachment-315x180 size-315x180 wp-post-image\" alt=\"Maigl\u00f6ckchen sind giftig f\u00fcr Pferde.\" \/><\/div><\/div><div class=\"wrapper\"><div class=\"title align-center\"><h3><a href=\"https:\/\/uelzener.de\/magazin\/hund\/haeufige-fragen\/gaehnen-hunde-katzen-pferde\/\">Warum g\u00e4hnen Hunde, Katzen und Pferde?<\/a><\/h3><\/div><div class=\"img align-center\"><img decoding=\"async\" width=\"315\" height=\"180\" src=\"https:\/\/uelzener.de\/magazin\/app\/uploads\/2016\/12\/8141e027-41c3-4257-ba6e-21d00ca9fdfe-315x180.jpg\" class=\"attachment-315x180 size-315x180 wp-post-image\" alt=\"Kleiner grauer Welpe g\u00e4hnt entspannt mit heraush\u00e4ngender Zunge.\" srcset=\"https:\/\/uelzener.de\/magazin\/app\/uploads\/2016\/12\/8141e027-41c3-4257-ba6e-21d00ca9fdfe-315x180.jpg 315w, https:\/\/uelzener.de\/magazin\/app\/uploads\/2016\/12\/8141e027-41c3-4257-ba6e-21d00ca9fdfe-650x369.jpg 650w\" sizes=\"(max-width: 315px) 100vw, 315px\" \/><\/div><\/div><div class=\"wrapper\"><div class=\"title align-center\"><h3><a href=\"https:\/\/uelzener.de\/magazin\/pferd\/tiergesundheit\/satteldruck-beim-pferd-erkennen-vorbeugen\/\">Satteldruck beim Pferd erkennen und vorbeugen<\/a><\/h3><\/div><div class=\"img align-center\"><img decoding=\"async\" width=\"315\" height=\"180\" src=\"https:\/\/uelzener.de\/magazin\/app\/uploads\/2025\/08\/satteldruck-315x180.jpg\" class=\"attachment-315x180 size-315x180 wp-post-image\" alt=\"Beim Aufsatteln auf den Satteldruck achten.\" \/><\/div><\/div><\/div>\n\n<h2>Fazit<\/h2>\n<p><span style=\"font-weight: 400;\">Flehmen ist ein nat\u00fcrliches Verhalten von Pferden, das vielf\u00e4ltige Gr\u00fcnde haben kann. Es dient nicht nur der intensiveren Geruchswahrnehmung, sondern kann auch einen Hinweis auf das Befinden des Tieres geben. In vielen F\u00e4llen ist das Flehmen Ausdruck von Neugier oder Wohlgef\u00fchl ist, tritt es jedoch h\u00e4ufiger oder pl\u00f6tzlich auf, kann es ein Warnsignal f\u00fcr gesundheitliche Beschwerden sein. Daher ist es wichtig, das individuelle Verhalten des eigenen Pferdes gut zu kennen und bei Auff\u00e4lligkeiten schnell zu reagieren.<\/span><\/p>\n<h2>FAQ: H\u00e4ufig gestellte Fragen zum Flehmen<\/h2>\n<h3>Flehmen auch andere Tiere?<\/h3>\n<p><span style=\"font-weight: 400;\">Ja, alle S\u00e4ugetiere, mit Ausnahme von Menschen und maritimen S\u00e4ugetieren, verf\u00fcgen \u00fcber das Jacobsonsche Organ. Das Flehmen kann daher bei vielen Tierarten, zum Beispiel bei Katzen und Hunden oder auch bei Nash\u00f6rnern und Tigern beobachtet werden.<\/span><\/p>\n<h3>Sollte ich mir Sorgen machen, wenn mein Pferd kaum flehmt?<\/h3>\n<p><span style=\"font-weight: 400;\">Nicht unbedingt. Manche Pferde zeigen dieses Verhalten einfach seltener. Wichtig ist, dass das Tier insgesamt gesund wirkt und keine auff\u00e4lligen Ver\u00e4nderungen im Verhalten zeigt.<\/span><\/p>\n<h3>Warum flehmen Pferde, wenn man sie an der Oberlippe krault?<\/h3>\n<p><span style=\"font-weight: 400;\">Manche Pferde sind an dieser Stelle kitzlig und flehmen daher als Reaktion auf diesen Reiz.<\/span><\/p>\n<h3>Kann Flehmen auf Vergiftungen hinweisen?<\/h3>\n<p><span style=\"font-weight: 400;\">Die Symptome einer Vergiftung k\u00f6nnen in manchen F\u00e4llen denen einer Kolik \u00e4hnlich sein. Demnach ist es nicht auszuschlie\u00dfen, dass Pferde in Folge einer Vergiftung flehmen. Weitere Anzeichen daf\u00fcr k\u00f6nnen Kreislaufprobleme, Durchfall oder Muskelkr\u00e4mpfe sein.<\/span><\/p>\n<h3>Ist Flehmen mit Z\u00e4hnezeigen oder Drohverhalten zu verwechseln?<\/h3>\n<p><span style=\"font-weight: 400;\">Ja, f\u00fcr Unwissende kann das Flehmen einem Drohgesicht \u00e4hneln, besonders wenn die Oberlippe stark hochgezogen wird. Beim Drohen ist jedoch meist eine angespannte K\u00f6rpersprache mit stark angelegten Ohren erkennbar, w\u00e4hrend das Flehmen eher konzentriert oder neugierig wirkt.<\/span><\/p>\n","protected":false},"excerpt":{"rendered":"<p>Ein gestreckter Kopf und eine Mimik, die an ein Grinsen erinnert: Das Flehmen eines Pferdes sieht oft lustig aus und ist fest in ihrer Natur verankert. Wann und warum ein Pferd flehmt, kann sehr individuell sein und in einigen F\u00e4llen auch einen ernsten Hintergrund haben. Daher ist es wichtig, sich mit potenziellen Gr\u00fcnden f\u00fcr dieses [&hellip;]<\/p>\n","protected":false},"author":11,"featured_media":18708,"parent":11685,"menu_order":4,"comment_status":"closed","ping_status":"closed","template":"templates\/blog.php","meta":{"_acf_changed":false,"_crdt_document":"","footnotes":"","beyondwords_generate_audio":"","beyondwords_project_id":"","beyondwords_content_id":"","beyondwords_preview_token":"","beyondwords_player_style":"","beyondwords_language_id":"","beyondwords_title_voice_id":"","beyondwords_body_voice_id":"","beyondwords_summary_voice_id":"","beyondwords_error_message":"","beyondwords_disabled":"","beyondwords_delete_content":"","beyondwords_podcast_id":"","beyondwords_hash":"","publish_post_to_speechkit":"","speechkit_hash":"","speechkit_generate_audio":"","speechkit_project_id":"","speechkit_podcast_id":"","speechkit_error_message":"","speechkit_disabled":"","speechkit_access_key":"","speechkit_error":"","speechkit_info":"","speechkit_response":"","speechkit_retries":"","speechkit_status":"","speechkit_updated_at":"","_speechkit_link":"","_speechkit_text":""},"class_list":["post-18707","page","type-page","status-publish","has-post-thumbnail","hentry"],"acf":[],"yoast_head":"<!-- This site is optimized with the Yoast SEO Premium plugin  - https:\/\/yoast.com\/product\/yoast-seo-premium-wordpress\/ -->\n<title>Warum flehmen Pferde? | Uelzener Magazin<\/title>\n<meta name=\"description\" content=\"Flehmen: Erfahre alles \u00fcber dieses typische Verhalten von Pferden und was es \u00fcber ihr Wohlbefinden aussagt.\" \/>\n<meta name=\"robots\" content=\"index, follow, max-snippet:-1, max-image-preview:large, max-video-preview:-1\" \/>\n<link rel=\"canonical\" href=\"https:\/\/uelzener.de\/magazin\/pferd\/haeufige-fragen\/warum-flehmen-pferde\/\" \/>\n<meta property=\"og:locale\" content=\"de_DE\" \/>\n<meta property=\"og:type\" content=\"article\" \/>\n<meta property=\"og:title\" content=\"Warum flehmen Pferde?\" \/>\n<meta property=\"og:description\" content=\"Flehmen: Erfahre alles \u00fcber dieses typische Verhalten von Pferden und was es \u00fcber ihr Wohlbefinden aussagt.\" \/>\n<meta property=\"og:url\" content=\"https:\/\/uelzener.de\/magazin\/pferd\/haeufige-fragen\/warum-flehmen-pferde\/\" \/>\n<meta property=\"og:site_name\" content=\"Uelzener Tier-Magazin\" \/>\n<meta property=\"article:publisher\" content=\"https:\/\/www.facebook.com\/Uelzener\" \/>\n<meta property=\"article:modified_time\" content=\"2025-08-18T11:07:00+00:00\" \/>\n<meta property=\"og:image\" content=\"https:\/\/uelzener.de\/magazin\/app\/uploads\/2025\/07\/pferd-flehmen.jpg\" \/>\n\t<meta property=\"og:image:width\" content=\"1025\" \/>\n\t<meta property=\"og:image:height\" content=\"450\" \/>\n\t<meta property=\"og:image:type\" content=\"image\/jpeg\" \/>\n<meta name=\"twitter:card\" content=\"summary_large_image\" \/>\n<meta name=\"twitter:label1\" content=\"Gesch\u00e4tzte Lesezeit\" \/>\n\t<meta name=\"twitter:data1\" content=\"6\u00a0Minuten\" \/>\n<script type=\"application\/ld+json\" class=\"yoast-schema-graph\">{\"@context\":\"https:\\\/\\\/schema.org\",\"@graph\":[{\"@type\":\"WebPage\",\"@id\":\"https:\\\/\\\/uelzener.de\\\/magazin\\\/pferd\\\/haeufige-fragen\\\/warum-flehmen-pferde\\\/\",\"url\":\"https:\\\/\\\/uelzener.de\\\/magazin\\\/pferd\\\/haeufige-fragen\\\/warum-flehmen-pferde\\\/\",\"name\":\"Warum flehmen Pferde? | Uelzener Magazin\",\"isPartOf\":{\"@id\":\"https:\\\/\\\/uelzener.de\\\/magazin\\\/#website\"},\"primaryImageOfPage\":{\"@id\":\"https:\\\/\\\/uelzener.de\\\/magazin\\\/pferd\\\/haeufige-fragen\\\/warum-flehmen-pferde\\\/#primaryimage\"},\"image\":{\"@id\":\"https:\\\/\\\/uelzener.de\\\/magazin\\\/pferd\\\/haeufige-fragen\\\/warum-flehmen-pferde\\\/#primaryimage\"},\"thumbnailUrl\":\"https:\\\/\\\/uelzener.de\\\/magazin\\\/app\\\/uploads\\\/2025\\\/07\\\/pferd-flehmen.jpg\",\"datePublished\":\"2025-07-28T09:08:47+00:00\",\"dateModified\":\"2025-08-18T11:07:00+00:00\",\"description\":\"Flehmen: Erfahre alles \u00fcber dieses typische Verhalten von Pferden und was es \u00fcber ihr Wohlbefinden aussagt.\",\"breadcrumb\":{\"@id\":\"https:\\\/\\\/uelzener.de\\\/magazin\\\/pferd\\\/haeufige-fragen\\\/warum-flehmen-pferde\\\/#breadcrumb\"},\"inLanguage\":\"de\",\"potentialAction\":[{\"@type\":\"ReadAction\",\"target\":[\"https:\\\/\\\/uelzener.de\\\/magazin\\\/pferd\\\/haeufige-fragen\\\/warum-flehmen-pferde\\\/\"]}]},{\"@type\":\"ImageObject\",\"inLanguage\":\"de\",\"@id\":\"https:\\\/\\\/uelzener.de\\\/magazin\\\/pferd\\\/haeufige-fragen\\\/warum-flehmen-pferde\\\/#primaryimage\",\"url\":\"https:\\\/\\\/uelzener.de\\\/magazin\\\/app\\\/uploads\\\/2025\\\/07\\\/pferd-flehmen.jpg\",\"contentUrl\":\"https:\\\/\\\/uelzener.de\\\/magazin\\\/app\\\/uploads\\\/2025\\\/07\\\/pferd-flehmen.jpg\",\"width\":1025,\"height\":450,\"caption\":\"Pferd flehmt.\"},{\"@type\":\"WebSite\",\"@id\":\"https:\\\/\\\/uelzener.de\\\/magazin\\\/#website\",\"url\":\"https:\\\/\\\/uelzener.de\\\/magazin\\\/\",\"name\":\"Uelzener Tiermagazin\",\"description\":\"Online Tierratgeber der Uelzener Versicherungen\",\"publisher\":{\"@id\":\"https:\\\/\\\/uelzener.de\\\/magazin\\\/#organization\"},\"potentialAction\":[{\"@type\":\"SearchAction\",\"target\":{\"@type\":\"EntryPoint\",\"urlTemplate\":\"https:\\\/\\\/uelzener.de\\\/magazin\\\/?s={search_term_string}\"},\"query-input\":{\"@type\":\"PropertyValueSpecification\",\"valueRequired\":true,\"valueName\":\"search_term_string\"}}],\"inLanguage\":\"de\"},{\"@type\":\"Organization\",\"@id\":\"https:\\\/\\\/uelzener.de\\\/magazin\\\/#organization\",\"name\":\"Uelzener Versicherungen\",\"url\":\"https:\\\/\\\/uelzener.de\\\/magazin\\\/\",\"logo\":{\"@type\":\"ImageObject\",\"inLanguage\":\"de\",\"@id\":\"https:\\\/\\\/uelzener.de\\\/magazin\\\/#\\\/schema\\\/logo\\\/image\\\/\",\"url\":\"https:\\\/\\\/uelzener.de\\\/magazin\\\/app\\\/uploads\\\/2024\\\/11\\\/uelzener_allgemeine_versicherungsgesellschaft_a_g_logo.jpg\",\"contentUrl\":\"https:\\\/\\\/uelzener.de\\\/magazin\\\/app\\\/uploads\\\/2024\\\/11\\\/uelzener_allgemeine_versicherungsgesellschaft_a_g_logo.jpg\",\"width\":200,\"height\":200,\"caption\":\"Uelzener Versicherungen\"},\"image\":{\"@id\":\"https:\\\/\\\/uelzener.de\\\/magazin\\\/#\\\/schema\\\/logo\\\/image\\\/\"},\"sameAs\":[\"https:\\\/\\\/www.facebook.com\\\/Uelzener\",\"https:\\\/\\\/instagram.com\\\/uelzener\",\"https:\\\/\\\/www.xing.com\\\/pages\\\/uelzenerallgemeineversicherungs-gesellschafta-g\",\"https:\\\/\\\/www.youtube.com\\\/UelzenerVersicherungen\"]}]}<\/script>\n<!-- \/ Yoast SEO Premium plugin. -->","yoast_head_json":{"title":"Warum flehmen Pferde? | Uelzener Magazin","description":"Flehmen: Erfahre alles \u00fcber dieses typische Verhalten von Pferden und was es \u00fcber ihr Wohlbefinden aussagt.","robots":{"index":"index","follow":"follow","max-snippet":"max-snippet:-1","max-image-preview":"max-image-preview:large","max-video-preview":"max-video-preview:-1"},"canonical":"https:\/\/uelzener.de\/magazin\/pferd\/haeufige-fragen\/warum-flehmen-pferde\/","og_locale":"de_DE","og_type":"article","og_title":"Warum flehmen Pferde?","og_description":"Flehmen: Erfahre alles \u00fcber dieses typische Verhalten von Pferden und was es \u00fcber ihr Wohlbefinden aussagt.","og_url":"https:\/\/uelzener.de\/magazin\/pferd\/haeufige-fragen\/warum-flehmen-pferde\/","og_site_name":"Uelzener Tier-Magazin","article_publisher":"https:\/\/www.facebook.com\/Uelzener","article_modified_time":"2025-08-18T11:07:00+00:00","og_image":[{"width":1025,"height":450,"url":"https:\/\/uelzener.de\/magazin\/app\/uploads\/2025\/07\/pferd-flehmen.jpg","type":"image\/jpeg"}],"twitter_card":"summary_large_image","twitter_misc":{"Gesch\u00e4tzte Lesezeit":"6\u00a0Minuten"},"schema":{"@context":"https:\/\/schema.org","@graph":[{"@type":"WebPage","@id":"https:\/\/uelzener.de\/magazin\/pferd\/haeufige-fragen\/warum-flehmen-pferde\/","url":"https:\/\/uelzener.de\/magazin\/pferd\/haeufige-fragen\/warum-flehmen-pferde\/","name":"Warum flehmen Pferde? | Uelzener Magazin","isPartOf":{"@id":"https:\/\/uelzener.de\/magazin\/#website"},"primaryImageOfPage":{"@id":"https:\/\/uelzener.de\/magazin\/pferd\/haeufige-fragen\/warum-flehmen-pferde\/#primaryimage"},"image":{"@id":"https:\/\/uelzener.de\/magazin\/pferd\/haeufige-fragen\/warum-flehmen-pferde\/#primaryimage"},"thumbnailUrl":"https:\/\/uelzener.de\/magazin\/app\/uploads\/2025\/07\/pferd-flehmen.jpg","datePublished":"2025-07-28T09:08:47+00:00","dateModified":"2025-08-18T11:07:00+00:00","description":"Flehmen: Erfahre alles \u00fcber dieses typische Verhalten von Pferden und was es \u00fcber ihr Wohlbefinden aussagt.","breadcrumb":{"@id":"https:\/\/uelzener.de\/magazin\/pferd\/haeufige-fragen\/warum-flehmen-pferde\/#breadcrumb"},"inLanguage":"de","potentialAction":[{"@type":"ReadAction","target":["https:\/\/uelzener.de\/magazin\/pferd\/haeufige-fragen\/warum-flehmen-pferde\/"]}]},{"@type":"ImageObject","inLanguage":"de","@id":"https:\/\/uelzener.de\/magazin\/pferd\/haeufige-fragen\/warum-flehmen-pferde\/#primaryimage","url":"https:\/\/uelzener.de\/magazin\/app\/uploads\/2025\/07\/pferd-flehmen.jpg","contentUrl":"https:\/\/uelzener.de\/magazin\/app\/uploads\/2025\/07\/pferd-flehmen.jpg","width":1025,"height":450,"caption":"Pferd flehmt."},{"@type":"WebSite","@id":"https:\/\/uelzener.de\/magazin\/#website","url":"https:\/\/uelzener.de\/magazin\/","name":"Uelzener Tiermagazin","description":"Online Tierratgeber der Uelzener Versicherungen","publisher":{"@id":"https:\/\/uelzener.de\/magazin\/#organization"},"potentialAction":[{"@type":"SearchAction","target":{"@type":"EntryPoint","urlTemplate":"https:\/\/uelzener.de\/magazin\/?s={search_term_string}"},"query-input":{"@type":"PropertyValueSpecification","valueRequired":true,"valueName":"search_term_string"}}],"inLanguage":"de"},{"@type":"Organization","@id":"https:\/\/uelzener.de\/magazin\/#organization","name":"Uelzener Versicherungen","url":"https:\/\/uelzener.de\/magazin\/","logo":{"@type":"ImageObject","inLanguage":"de","@id":"https:\/\/uelzener.de\/magazin\/#\/schema\/logo\/image\/","url":"https:\/\/uelzener.de\/magazin\/app\/uploads\/2024\/11\/uelzener_allgemeine_versicherungsgesellschaft_a_g_logo.jpg","contentUrl":"https:\/\/uelzener.de\/magazin\/app\/uploads\/2024\/11\/uelzener_allgemeine_versicherungsgesellschaft_a_g_logo.jpg","width":200,"height":200,"caption":"Uelzener Versicherungen"},"image":{"@id":"https:\/\/uelzener.de\/magazin\/#\/schema\/logo\/image\/"},"sameAs":["https:\/\/www.facebook.com\/Uelzener","https:\/\/instagram.com\/uelzener","https:\/\/www.xing.com\/pages\/uelzenerallgemeineversicherungs-gesellschafta-g","https:\/\/www.youtube.com\/UelzenerVersicherungen"]}]}},"_links":{"self":[{"href":"https:\/\/uelzener.de\/magazin\/wp-json\/wp\/v2\/pages\/18707","targetHints":{"allow":["GET"]}}],"collection":[{"href":"https:\/\/uelzener.de\/magazin\/wp-json\/wp\/v2\/pages"}],"about":[{"href":"https:\/\/uelzener.de\/magazin\/wp-json\/wp\/v2\/types\/page"}],"author":[{"embeddable":true,"href":"https:\/\/uelzener.de\/magazin\/wp-json\/wp\/v2\/users\/11"}],"replies":[{"embeddable":true,"href":"https:\/\/uelzener.de\/magazin\/wp-json\/wp\/v2\/comments?post=18707"}],"version-history":[{"count":2,"href":"https:\/\/uelzener.de\/magazin\/wp-json\/wp\/v2\/pages\/18707\/revisions"}],"predecessor-version":[{"id":18879,"href":"https:\/\/uelzener.de\/magazin\/wp-json\/wp\/v2\/pages\/18707\/revisions\/18879"}],"up":[{"embeddable":true,"href":"https:\/\/uelzener.de\/magazin\/wp-json\/wp\/v2\/pages\/11685"}],"wp:featuredmedia":[{"embeddable":true,"href":"https:\/\/uelzener.de\/magazin\/wp-json\/wp\/v2\/media\/18708"}],"wp:attachment":[{"href":"https:\/\/uelzener.de\/magazin\/wp-json\/wp\/v2\/media?parent=18707"}],"curies":[{"name":"wp","href":"https:\/\/api.w.org\/{rel}","templated":true}]}}