{"id":18506,"date":"2025-05-14T11:21:31","date_gmt":"2025-05-14T09:21:31","guid":{"rendered":"https:\/\/uelzener.de\/magazin\/?page_id=18506"},"modified":"2025-07-07T13:45:22","modified_gmt":"2025-07-07T11:45:22","slug":"was-hilft-wenn-katze-angst-vor-gewitter-hat","status":"publish","type":"page","link":"https:\/\/uelzener.de\/magazin\/katze\/haeufige-fragen\/was-hilft-wenn-katze-angst-vor-gewitter-hat\/","title":{"rendered":"Was hilft, wenn die Katze Angst vor Gewitter hat?"},"content":{"rendered":"<p class=\"ai-optimize-6 ai-optimize-introduction\"><span style=\"font-weight: 400;\">\u00c4hnlich wie Feuerwerk in der Silvesternacht k\u00f6nnen Gewitter extremen Stress bei Katzen verursachen. Starker Regenfall, pfeifender Wind, krachender Donner, grelle Lichtblitze \u2013 all das hat eine bedrohliche und be\u00e4ngstigende Wirkung auf unsere Samtpfoten, was sich unterschiedlich \u00e4u\u00dfern kann. Manche Tiere verkriechen sich stundenlang unter dem Sofa, andere reagieren gereizt oder stehen unter permanenter Anspannung. Wir zeigen dir, wie du deine Katze mit gezieltem Training unterst\u00fctzen kannst, bei Gewitter gelassen zu bleiben.<\/span><\/p>\n<h2 class=\"ai-optimize-7\">Wie Katzen auf Gewitter reagieren<\/h2>\n<p class=\"ai-optimize-8\"><span style=\"font-weight: 400;\">Einen Wetterwechsel sp\u00fcren Katzen meist schon fr\u00fchzeitig. Sie registrieren mithilfe ihrer feinen Schnurrhaare selbst kleinste Ver\u00e4nderungen des Luftdrucks und werden unruhig, noch bevor das Gewitter \u00fcberhaupt einsetzt. Auch das ferne Grollen, das wir Menschen gar nicht oder kaum bemerken, nehmen Katzen dank ihres guten H\u00f6rverm\u00f6gens viel eher wahr. Da die Tiere au\u00dferdem hervorragend sehen k\u00f6nnen, erscheinen Lichtblitze f\u00fcr sie intensiver als f\u00fcr uns Menschen.\u00a0\u00a0<\/span><\/p>\n<p class=\"ai-optimize-9\"><span style=\"font-weight: 400;\">Kurzum: Katzen sind extrem wetterf\u00fchlig und reagieren bei pl\u00f6tzlichen Temperatur- oder atmosph\u00e4rischen Schwankungen nicht selten k\u00f6rperlich, beispielsweise mit erh\u00f6htem Blutdruck oder Gelenkschmerzen. Sie bemerken sogar, wenn sich ihr Fell elektrostatisch aufl\u00e4dt, und beginnen damit, es ausgiebig zu putzen.\u00a0<\/span><\/p>\n<p class=\"ai-optimize-10\"><span style=\"font-weight: 400;\">Wie sich das Verhalten einer Katze bei Gewitter \u00e4ndert, ist sehr individuell. Manche Tiere laufen nerv\u00f6s in der Wohnung umher, andere suchen sich einen sicheren R\u00fcckzugsort, aus dem sie nicht mehr hervorkommen, bis die Gefahr vor\u00fcber ist. Es gibt auch Katzen, die fast panisch auf Gewitter reagieren und anfangen, laut zu miauen oder zu zittern. In Extremf\u00e4llen kann es zum Urinieren und Absetzen von Kot kommen.<\/span><\/p>\n<h2 class=\"ai-optimize-11\">Katze hat Angst vor Gewitter \u2013 schnelle Hilfe bei Blitz und Donner<\/h2>\n<p class=\"ai-optimize-12\"><span style=\"font-weight: 400;\">Es gibt einiges, was du tun kannst, um deine Katze bei Gewitter zu unterst\u00fctzen. Folgende Ma\u00dfnahmen helfen ihr dabei, gelassener durchs Unwetter zu kommen:<\/span><\/p>\n<ul>\n<li class=\"ai-optimize-13\"><b>R\u00fcckzugsorte schaffen: <\/b><span style=\"font-weight: 400;\">Biete deiner Katze bei Gewitter einen gesch\u00fctzten und ruhigen Platz an. Katzenh\u00f6hlen eignen sich hervorragend als Unterschlupf. Aber auch ein Karton mit einer Decke kann ausreichen, um Sicherheit zu vermitteln.<\/span><\/li>\n<li class=\"ai-optimize-14\"><b>Wohnung abdunkeln: <\/b><span style=\"font-weight: 400;\">Damit deine Katze m\u00f6glichst wenig von Blitz und Donner mitbekommt, empfiehlt es sich, die Wohnung mit Vorh\u00e4ngen oder Rollos abzudunkeln. Wenn du die M\u00f6glichkeit hast, kannst du auch die Rolll\u00e4den herunterlassen, um die Ger\u00e4uschkulisse von drau\u00dfen abzuschirmen. Vertraute Musik oder ein laufender Fernseher k\u00f6nnen dabei helfen, das Donnergrollen auszublenden und der Katze ein Gef\u00fchl von Normalit\u00e4t zu geben.\u00a0<\/span><\/li>\n<li class=\"ai-optimize-15\"><b>Ruhe bewahren:<\/b><span style=\"font-weight: 400;\"> Deine Katze sp\u00fcrt, wenn du aufgeregt oder \u00e4ngstlich bist. Versuche also, ruhig und gelassen zu bleiben und so zu tun, als sei alles wie immer. Wenn sich deine Katze einen Unterschlupf in der Wohnung gesucht hat, solltest du ihr den R\u00fcckzug einr\u00e4umen und dich weiter unauff\u00e4llig verhalten.<\/span><\/li>\n<li class=\"ai-optimize-16\"><b>N\u00e4he bieten bei Bedarf: <\/b><span style=\"font-weight: 400;\">Wenn deine Katze N\u00e4he sucht, kannst du sie nat\u00fcrlich mit Streicheleinheiten ablenken.\u00a0\u00a0<\/span><\/li>\n<li class=\"ai-optimize-17\"><b>Pheromone zur Beruhigung nutzen: <\/b><span style=\"font-weight: 400;\">Manche Katzen sprechen positiv auf Pheromone an. Dabei handelt es sich um Duftstoffe, die es beispielsweise in Form von Sprays oder Verdampfern f\u00fcr die Steckdose gibt.\u00a0<\/span><\/li>\n<li class=\"ai-optimize-18\"><b>Tier\u00e4rztliche Pr\u00e4parate einsetzen: <\/b><span style=\"font-weight: 400;\">Reagiert deine Katze sehr sensibel auf Gewitter und zeigt extreme Angstsymptome, k\u00f6nnen nach tier\u00e4rztlicher Absprache spezielle Beruhigungspr\u00e4parate helfen.<\/span><\/li>\n<\/ul>\n<h2 class=\"ai-optimize-19\">Gewitterangst bei Katzen: Ger\u00e4uschsensibilisierung als Trainingsmethode<\/h2>\n<p class=\"ai-optimize-20\"><span style=\"font-weight: 400;\">Um einer Katze die Angst vor Gewitter zu nehmen, kann ein gezieltes Training helfen. Eine bew\u00e4hrte Methode ist die Ger\u00e4uschsensibilisierung. Hier wird die Katze schrittweise und in gewohnter Umgebung an laute und ungew\u00f6hnliche Ger\u00e4usche gew\u00f6hnt. Wichtig dabei ist, das Tier nicht zu stressen oder zu \u00fcberfordern. Dementsprechend ist viel Geduld gefragt. So ein Training ist nicht innerhalb weniger Tage abgeschlossen, sondern kann mehrere Wochen bis Monate dauern.<\/span><\/p>\n<p class=\"ai-optimize-21\"><span style=\"font-weight: 400;\">Ziel ist es, die Katze an typische Gewitterger\u00e4usche heranzuf\u00fchren. In den ersten Trainingseinheiten werden dazu Donneraufnahmen \u00fcber Lautsprecher abgespielt \u2013 erst einmal in sehr geringer Lautst\u00e4rke, so dass sie f\u00fcr den Menschen kaum h\u00f6rbar sind. Reagiert die Katze bereits auf diese leisen T\u00f6ne, werden sie in den kommenden Tagen immer mal wieder abgespielt. Das passiert so lange, bis das Tier keine Reaktion mehr zeigt. Dann wird die Lautst\u00e4rke langsam und behutsam gesteigert. Bei der Katze soll keinesfalls Stress entstehen. Das Training wird \u00fcber mehrere Wochen hinweg durchgef\u00fchrt, wobei die Ger\u00e4usche im Verlauf der Zeit immer lauter und l\u00e4nger abgespielt werden.<\/span><\/p>\n<p class=\"ai-optimize-22\"><span style=\"font-weight: 400;\">Solltest du tier\u00e4rztliche Hilfe ben\u00f6tigen, um einen Trainingsplan f\u00fcr deine Katze zu erstellen, bist du mit der <\/span><span style=\"font-weight: 400;\">Uelzener Krankenversicherung f\u00fcr Katzen<\/span><span style=\"font-weight: 400;\"> gut abgesichert. Im ersten Schritt kannst du dich in deiner Tierarztpraxis beraten lassen, wie du deine Samtpfote bestm\u00f6glich unterst\u00fctzen kannst. Kommt eine Verhaltenstherapie f\u00fcr deine Katze in Frage, bist du mit dem Zusatzbaustein Gesundheit PLUS auf der sicheren Seite, der solche Leistungen abdeckt. So bist du auch bei l\u00e4ngerfristigen Ma\u00dfnahmen vor hohen Kosten gesch\u00fctzt.<\/span><\/p>\n<p class=\"ai-optimize-23\">\n<div class=\"banner\">\n    <a href=\"https:\/\/uelzener.de\/katze\/katzen-krankenversicherung\/?agt=0000104925&sem=true&utm_medium=magazin&utm_source=wordpress&utm_campaign=katze_kv&utm_content=banner\">\n        <img decoding=\"async\" width=\"300\" height=\"212\" src=\"https:\/\/uelzener.de\/magazin\/app\/uploads\/2025\/01\/Katzen-Kranken-Versicherung.jpg\" class=\"attachment-medium size-medium\" alt=\"Banner Katzen-Kranken-Versicherung\" \/>    <\/a>\n<\/div>\n<\/p>\n<h2 class=\"ai-optimize-24\">Freig\u00e4nger vor Gewitter sch\u00fctzen<\/h2>\n<p class=\"ai-optimize-25\"><span style=\"font-weight: 400;\">Freig\u00e4nger lieben es, in der Nachbarschaft herumstreunen und die Natur zu entdecken. Doch was tun, wenn ein Gewitter naht?<\/span><\/p>\n<p class=\"ai-optimize-26\"><span style=\"font-weight: 400;\">Falls sich deine Fellnase noch im Haus befindet, solltest du das Gewitter abwarten, bevor du sie rausl\u00e4sst. Selbst gewitter-erprobte Samtpfoten k\u00f6nnen sich erschrecken oder in Panik geraten, wenn das Unwetter besonders heftig ausf\u00e4llt. Ist deine Katze bereits drau\u00dfen unterwegs, besteht zun\u00e4chst kein Grund zur Sorge. Im Regelfall bemerken Katzen schon lange vor uns Menschen, dass ein Gewitter naht. Oftmals schaffen sie es sogar, rechtzeitig nach Hause zur\u00fcckzukehren.<\/span><\/p>\n<p class=\"ai-optimize-27\"><span style=\"font-weight: 400;\">Gelingt das nicht, suchen sich die meisten Katzen einen Unterschlupf, in dem sie ausharren, bis das Schlimmste vor\u00fcber ist. Allerdings kann genau das gef\u00e4hrlich werden: beispielsweise dann, wenn die Katze nicht mehr ohne Hilfe aus ihrem Versteck herauskommt oder darin eingesperrt wird. Bei schwerem Gewitter k\u00f6nnen auch herunterfallende \u00c4ste, Dachziegel und andere Gegenst\u00e4nde eine Gefahr darstellen. Ist das Gewitter vorbeigezogen, solltest du nach deiner Katze Ausschau halten und pr\u00fcfen, ob sie alles gut \u00fcberstanden hat.<\/span><\/p>\n<p class=\"ai-optimize-28\">\n<div class=\"related_articles boxed\">\n    <h2>Mehr zum Thema<\/h2>\n    \n    <div class=\"wrapper\"><div class=\"title align-center\"><h3><a href=\"https:\/\/uelzener.de\/magazin\/katze\/haltung\/wohnung-katzensicher-machen\/\">Wohnung katzensicher machen: 9 Tipps f\u00fcr dein Zuhause<\/a><\/h3><\/div><div class=\"img align-center\"><img decoding=\"async\" width=\"315\" height=\"180\" src=\"https:\/\/uelzener.de\/magazin\/app\/uploads\/2020\/05\/d0fe97ae-9fc2-4e23-be3b-874ce1a56c9a-315x180.png\" class=\"attachment-315x180 size-315x180 wp-post-image\" alt=\"Die richtigen Tipps um die Wohnung Katzensicher zu machen sind schwer zu finden. Die kleine Katze hat auf dem Tisch nichts zu suchen.\" \/><\/div><\/div><div class=\"wrapper\"><div class=\"title align-center\"><h3><a href=\"https:\/\/uelzener.de\/magazin\/katze\/erziehung-und-training\/katze-erziehen\/\">Katze erziehen: Grundlagen, Ideen und \u00dcbungen<\/a><\/h3><\/div><div class=\"img align-center\"><img decoding=\"async\" width=\"315\" height=\"180\" src=\"https:\/\/uelzener.de\/magazin\/app\/uploads\/2023\/02\/katze-erziehen-315x180.jpg\" class=\"attachment-315x180 size-315x180 wp-post-image\" alt=\"Erzogene Katze an der Leine vor einer Transportbox.\" \/><\/div><\/div><div class=\"wrapper\"><div class=\"title align-center\"><h3><a href=\"https:\/\/uelzener.de\/magazin\/katze\/erziehung-und-training\/clickertraining-katzen-apportieren-beibringen\/\">Clickertraining: Katzen apportieren beibringen<\/a><\/h3><\/div><div class=\"img align-center\"><img decoding=\"async\" width=\"315\" height=\"180\" src=\"https:\/\/uelzener.de\/magazin\/app\/uploads\/2023\/03\/clickertraining-katzen-lernen-315x180.jpg\" class=\"attachment-315x180 size-315x180 wp-post-image\" alt=\"Katzen mit Clickertraining und Leckerlis das Lernen beibringen.\" \/><\/div><\/div><\/div>\n<\/p>\n<h2 class=\"ai-optimize-29\">Fazit<\/h2>\n<p class=\"ai-optimize-30\"><span style=\"font-weight: 400;\">Gewitter k\u00f6nnen f\u00fcr Katzen mit gro\u00dfem Stress verbunden sein. W\u00e4hrend sich manche Tiere \u00e4u\u00dferlich nichts anmerken lassen, zeigen andere heftige Reaktionen wie Zittern oder Unsauberkeit. Doch mit den richtigen Ma\u00dfnahmen und Trainingsmethoden l\u00e4sst sich einiges ausrichten, um der Samtpfote die Angst zu nehmen. Mit etwas Vorbereitung und viel F\u00fcrsorge und Aufmerksamkeit hilfst du deiner Katze, Gewitter k\u00fcnftig entspannter zu \u00fcberstehen.<\/span><\/p>\n<h2 class=\"ai-optimize-31\">FAQ: H\u00e4ufig gestellte Fragen zur Gewitterangst bei Katzen<\/h2>\n<h3 class=\"ai-optimize-32\">Woran ist zu erkennen, dass eine Katze Angst vor Gewitter hat?<\/h3>\n<p class=\"ai-optimize-33\"><span style=\"font-weight: 400;\">Unruhe oder R\u00fcckzug sind h\u00e4ufige Anzeichen. Manche Katzen miauen lautstark, w\u00e4hrend sich andere intensiv der Fellpflege widmen, um Stress abzubauen. Heftige Symptome sind Zittern oder pl\u00f6tzliche Unsauberkeit.<\/span><\/p>\n<h3 class=\"ai-optimize-34\">Was tun, wenn die Freig\u00e4ngerkatze unbedingt raus m\u00f6chte?<\/h3>\n<p class=\"ai-optimize-35\"><span style=\"font-weight: 400;\">Bei drohendem Gewitter solltest du deine Katze im Haus behalten, auch wenn sie nach drau\u00dfen m\u00f6chte. L\u00e4sst du sie ins Freie, besteht die Gefahr, dass sie in Panik verf\u00e4llt und sich verletzt. Drinnen ist sie am sichersten.<\/span><\/p>\n<h3 class=\"ai-optimize-36\">Wann sollte professionelle Hilfe in Anspruch genommen werden?<\/h3>\n<p class=\"ai-optimize-37\"><span style=\"font-weight: 400;\">Reagiert eine Katze \u00e4ngstlich bei Gewitter, lohnt es sich, die Tierarztpraxis aufzusuchen und sich umfassend beraten zu lassen, was f\u00fcr M\u00f6glichkeiten und Ma\u00dfnahmen es gibt, um dem Tier zu helfen. In schwierigen F\u00e4llen ist verhaltenstherapeutische Unterst\u00fctzung vonn\u00f6ten.\u00a0<\/span><\/p>\n","protected":false},"excerpt":{"rendered":"<p>\u00c4hnlich wie Feuerwerk in der Silvesternacht k\u00f6nnen Gewitter extremen Stress bei Katzen verursachen. Starker Regenfall, pfeifender Wind, krachender Donner, grelle Lichtblitze \u2013 all das hat eine bedrohliche und be\u00e4ngstigende Wirkung auf unsere Samtpfoten, was sich unterschiedlich \u00e4u\u00dfern kann. Manche Tiere verkriechen sich stundenlang unter dem Sofa, andere reagieren gereizt oder stehen unter permanenter Anspannung. Wir [&hellip;]<\/p>\n","protected":false},"author":11,"featured_media":18508,"parent":11691,"menu_order":11,"comment_status":"closed","ping_status":"closed","template":"templates\/blog.php","meta":{"_acf_changed":false,"_crdt_document":"","footnotes":"","beyondwords_generate_audio":"","beyondwords_project_id":"","beyondwords_content_id":"","beyondwords_preview_token":"","beyondwords_player_style":"","beyondwords_language_id":"","beyondwords_title_voice_id":"","beyondwords_body_voice_id":"","beyondwords_summary_voice_id":"","beyondwords_error_message":"","beyondwords_disabled":"","beyondwords_delete_content":"","beyondwords_podcast_id":"","beyondwords_hash":"","publish_post_to_speechkit":"","speechkit_hash":"","speechkit_generate_audio":"","speechkit_project_id":"","speechkit_podcast_id":"","speechkit_error_message":"","speechkit_disabled":"","speechkit_access_key":"","speechkit_error":"","speechkit_info":"","speechkit_response":"","speechkit_retries":"","speechkit_status":"","speechkit_updated_at":"","_speechkit_link":"","_speechkit_text":""},"class_list":["post-18506","page","type-page","status-publish","has-post-thumbnail","hentry"],"acf":[],"yoast_head":"<!-- This site is optimized with the Yoast SEO Premium plugin  - https:\/\/yoast.com\/product\/yoast-seo-premium-wordpress\/ -->\n<title>Was hilft, wenn die Katze Angst vor Gewitter hat? | Uelzener Magazin<\/title>\n<meta name=\"description\" content=\"Starke Wetterwechsel m\u00fcssen nicht stressig sein. Bew\u00e4ltige die Angst vor Gewitter bei deiner Katze mit unseren bew\u00e4hrten Methoden.\" \/>\n<meta name=\"robots\" content=\"index, follow, max-snippet:-1, max-image-preview:large, max-video-preview:-1\" \/>\n<link rel=\"canonical\" href=\"https:\/\/uelzener.de\/magazin\/katze\/haeufige-fragen\/was-hilft-wenn-katze-angst-vor-gewitter-hat\/\" \/>\n<meta property=\"og:locale\" content=\"de_DE\" \/>\n<meta property=\"og:type\" content=\"article\" \/>\n<meta property=\"og:title\" content=\"Was hilft, wenn die Katze Angst vor Gewitter hat?\" \/>\n<meta property=\"og:description\" content=\"Starke Wetterwechsel m\u00fcssen nicht stressig sein. Bew\u00e4ltige die Angst vor Gewitter bei deiner Katze mit unseren bew\u00e4hrten Methoden.\" \/>\n<meta property=\"og:url\" content=\"https:\/\/uelzener.de\/magazin\/katze\/haeufige-fragen\/was-hilft-wenn-katze-angst-vor-gewitter-hat\/\" \/>\n<meta property=\"og:site_name\" content=\"Uelzener Tier-Magazin\" \/>\n<meta property=\"article:publisher\" content=\"https:\/\/www.facebook.com\/Uelzener\" \/>\n<meta property=\"article:modified_time\" content=\"2025-07-07T11:45:22+00:00\" \/>\n<meta property=\"og:image\" content=\"https:\/\/uelzener.de\/magazin\/app\/uploads\/2025\/05\/katze-angst-gewitter.jpg\" \/>\n\t<meta property=\"og:image:width\" content=\"1025\" \/>\n\t<meta property=\"og:image:height\" content=\"450\" \/>\n\t<meta property=\"og:image:type\" content=\"image\/jpeg\" \/>\n<meta name=\"twitter:card\" content=\"summary_large_image\" \/>\n<meta name=\"twitter:label1\" content=\"Gesch\u00e4tzte Lesezeit\" \/>\n\t<meta name=\"twitter:data1\" content=\"7\u00a0Minuten\" \/>\n<script type=\"application\/ld+json\" class=\"yoast-schema-graph\">{\"@context\":\"https:\/\/schema.org\",\"@graph\":[{\"@type\":\"WebPage\",\"@id\":\"https:\/\/uelzener.de\/magazin\/katze\/haeufige-fragen\/was-hilft-wenn-katze-angst-vor-gewitter-hat\/\",\"url\":\"https:\/\/uelzener.de\/magazin\/katze\/haeufige-fragen\/was-hilft-wenn-katze-angst-vor-gewitter-hat\/\",\"name\":\"Was hilft, wenn die Katze Angst vor Gewitter hat? | Uelzener Magazin\",\"isPartOf\":{\"@id\":\"https:\/\/uelzener.de\/magazin\/#website\"},\"primaryImageOfPage\":{\"@id\":\"https:\/\/uelzener.de\/magazin\/katze\/haeufige-fragen\/was-hilft-wenn-katze-angst-vor-gewitter-hat\/#primaryimage\"},\"image\":{\"@id\":\"https:\/\/uelzener.de\/magazin\/katze\/haeufige-fragen\/was-hilft-wenn-katze-angst-vor-gewitter-hat\/#primaryimage\"},\"thumbnailUrl\":\"https:\/\/uelzener.de\/magazin\/app\/uploads\/2025\/05\/katze-angst-gewitter.jpg\",\"datePublished\":\"2025-05-14T09:21:31+00:00\",\"dateModified\":\"2025-07-07T11:45:22+00:00\",\"description\":\"Starke Wetterwechsel m\u00fcssen nicht stressig sein. Bew\u00e4ltige die Angst vor Gewitter bei deiner Katze mit unseren bew\u00e4hrten Methoden.\",\"breadcrumb\":{\"@id\":\"https:\/\/uelzener.de\/magazin\/katze\/haeufige-fragen\/was-hilft-wenn-katze-angst-vor-gewitter-hat\/#breadcrumb\"},\"inLanguage\":\"de\",\"potentialAction\":[{\"@type\":\"ReadAction\",\"target\":[\"https:\/\/uelzener.de\/magazin\/katze\/haeufige-fragen\/was-hilft-wenn-katze-angst-vor-gewitter-hat\/\"]}]},{\"@type\":\"ImageObject\",\"inLanguage\":\"de\",\"@id\":\"https:\/\/uelzener.de\/magazin\/katze\/haeufige-fragen\/was-hilft-wenn-katze-angst-vor-gewitter-hat\/#primaryimage\",\"url\":\"https:\/\/uelzener.de\/magazin\/app\/uploads\/2025\/05\/katze-angst-gewitter.jpg\",\"contentUrl\":\"https:\/\/uelzener.de\/magazin\/app\/uploads\/2025\/05\/katze-angst-gewitter.jpg\",\"width\":1025,\"height\":450,\"caption\":\"Zwei Katzen auf Fensterbank. Drau\u00dfen regnet es. Das K\u00e4tzchen hat Angst vor Gewitter.\"},{\"@type\":\"WebSite\",\"@id\":\"https:\/\/uelzener.de\/magazin\/#website\",\"url\":\"https:\/\/uelzener.de\/magazin\/\",\"name\":\"Uelzener Tiermagazin\",\"description\":\"Online Tierratgeber der Uelzener Versicherungen\",\"publisher\":{\"@id\":\"https:\/\/uelzener.de\/magazin\/#organization\"},\"potentialAction\":[{\"@type\":\"SearchAction\",\"target\":{\"@type\":\"EntryPoint\",\"urlTemplate\":\"https:\/\/uelzener.de\/magazin\/?s={search_term_string}\"},\"query-input\":{\"@type\":\"PropertyValueSpecification\",\"valueRequired\":true,\"valueName\":\"search_term_string\"}}],\"inLanguage\":\"de\"},{\"@type\":\"Organization\",\"@id\":\"https:\/\/uelzener.de\/magazin\/#organization\",\"name\":\"Uelzener Versicherungen\",\"url\":\"https:\/\/uelzener.de\/magazin\/\",\"logo\":{\"@type\":\"ImageObject\",\"inLanguage\":\"de\",\"@id\":\"https:\/\/uelzener.de\/magazin\/#\/schema\/logo\/image\/\",\"url\":\"https:\/\/uelzener.de\/magazin\/app\/uploads\/2024\/11\/uelzener_allgemeine_versicherungsgesellschaft_a_g_logo.jpg\",\"contentUrl\":\"https:\/\/uelzener.de\/magazin\/app\/uploads\/2024\/11\/uelzener_allgemeine_versicherungsgesellschaft_a_g_logo.jpg\",\"width\":200,\"height\":200,\"caption\":\"Uelzener Versicherungen\"},\"image\":{\"@id\":\"https:\/\/uelzener.de\/magazin\/#\/schema\/logo\/image\/\"},\"sameAs\":[\"https:\/\/www.facebook.com\/Uelzener\",\"https:\/\/instagram.com\/uelzener\",\"https:\/\/www.xing.com\/pages\/uelzenerallgemeineversicherungs-gesellschafta-g\",\"https:\/\/www.youtube.com\/UelzenerVersicherungen\"]}]}<\/script>\n<!-- \/ Yoast SEO Premium plugin. -->","yoast_head_json":{"title":"Was hilft, wenn die Katze Angst vor Gewitter hat? | Uelzener Magazin","description":"Starke Wetterwechsel m\u00fcssen nicht stressig sein. Bew\u00e4ltige die Angst vor Gewitter bei deiner Katze mit unseren bew\u00e4hrten Methoden.","robots":{"index":"index","follow":"follow","max-snippet":"max-snippet:-1","max-image-preview":"max-image-preview:large","max-video-preview":"max-video-preview:-1"},"canonical":"https:\/\/uelzener.de\/magazin\/katze\/haeufige-fragen\/was-hilft-wenn-katze-angst-vor-gewitter-hat\/","og_locale":"de_DE","og_type":"article","og_title":"Was hilft, wenn die Katze Angst vor Gewitter hat?","og_description":"Starke Wetterwechsel m\u00fcssen nicht stressig sein. Bew\u00e4ltige die Angst vor Gewitter bei deiner Katze mit unseren bew\u00e4hrten Methoden.","og_url":"https:\/\/uelzener.de\/magazin\/katze\/haeufige-fragen\/was-hilft-wenn-katze-angst-vor-gewitter-hat\/","og_site_name":"Uelzener Tier-Magazin","article_publisher":"https:\/\/www.facebook.com\/Uelzener","article_modified_time":"2025-07-07T11:45:22+00:00","og_image":[{"width":1025,"height":450,"url":"https:\/\/uelzener.de\/magazin\/app\/uploads\/2025\/05\/katze-angst-gewitter.jpg","type":"image\/jpeg"}],"twitter_card":"summary_large_image","twitter_misc":{"Gesch\u00e4tzte Lesezeit":"7\u00a0Minuten"},"schema":{"@context":"https:\/\/schema.org","@graph":[{"@type":"WebPage","@id":"https:\/\/uelzener.de\/magazin\/katze\/haeufige-fragen\/was-hilft-wenn-katze-angst-vor-gewitter-hat\/","url":"https:\/\/uelzener.de\/magazin\/katze\/haeufige-fragen\/was-hilft-wenn-katze-angst-vor-gewitter-hat\/","name":"Was hilft, wenn die Katze Angst vor Gewitter hat? | Uelzener Magazin","isPartOf":{"@id":"https:\/\/uelzener.de\/magazin\/#website"},"primaryImageOfPage":{"@id":"https:\/\/uelzener.de\/magazin\/katze\/haeufige-fragen\/was-hilft-wenn-katze-angst-vor-gewitter-hat\/#primaryimage"},"image":{"@id":"https:\/\/uelzener.de\/magazin\/katze\/haeufige-fragen\/was-hilft-wenn-katze-angst-vor-gewitter-hat\/#primaryimage"},"thumbnailUrl":"https:\/\/uelzener.de\/magazin\/app\/uploads\/2025\/05\/katze-angst-gewitter.jpg","datePublished":"2025-05-14T09:21:31+00:00","dateModified":"2025-07-07T11:45:22+00:00","description":"Starke Wetterwechsel m\u00fcssen nicht stressig sein. Bew\u00e4ltige die Angst vor Gewitter bei deiner Katze mit unseren bew\u00e4hrten Methoden.","breadcrumb":{"@id":"https:\/\/uelzener.de\/magazin\/katze\/haeufige-fragen\/was-hilft-wenn-katze-angst-vor-gewitter-hat\/#breadcrumb"},"inLanguage":"de","potentialAction":[{"@type":"ReadAction","target":["https:\/\/uelzener.de\/magazin\/katze\/haeufige-fragen\/was-hilft-wenn-katze-angst-vor-gewitter-hat\/"]}]},{"@type":"ImageObject","inLanguage":"de","@id":"https:\/\/uelzener.de\/magazin\/katze\/haeufige-fragen\/was-hilft-wenn-katze-angst-vor-gewitter-hat\/#primaryimage","url":"https:\/\/uelzener.de\/magazin\/app\/uploads\/2025\/05\/katze-angst-gewitter.jpg","contentUrl":"https:\/\/uelzener.de\/magazin\/app\/uploads\/2025\/05\/katze-angst-gewitter.jpg","width":1025,"height":450,"caption":"Zwei Katzen auf Fensterbank. Drau\u00dfen regnet es. Das K\u00e4tzchen hat Angst vor Gewitter."},{"@type":"WebSite","@id":"https:\/\/uelzener.de\/magazin\/#website","url":"https:\/\/uelzener.de\/magazin\/","name":"Uelzener Tiermagazin","description":"Online Tierratgeber der Uelzener Versicherungen","publisher":{"@id":"https:\/\/uelzener.de\/magazin\/#organization"},"potentialAction":[{"@type":"SearchAction","target":{"@type":"EntryPoint","urlTemplate":"https:\/\/uelzener.de\/magazin\/?s={search_term_string}"},"query-input":{"@type":"PropertyValueSpecification","valueRequired":true,"valueName":"search_term_string"}}],"inLanguage":"de"},{"@type":"Organization","@id":"https:\/\/uelzener.de\/magazin\/#organization","name":"Uelzener Versicherungen","url":"https:\/\/uelzener.de\/magazin\/","logo":{"@type":"ImageObject","inLanguage":"de","@id":"https:\/\/uelzener.de\/magazin\/#\/schema\/logo\/image\/","url":"https:\/\/uelzener.de\/magazin\/app\/uploads\/2024\/11\/uelzener_allgemeine_versicherungsgesellschaft_a_g_logo.jpg","contentUrl":"https:\/\/uelzener.de\/magazin\/app\/uploads\/2024\/11\/uelzener_allgemeine_versicherungsgesellschaft_a_g_logo.jpg","width":200,"height":200,"caption":"Uelzener Versicherungen"},"image":{"@id":"https:\/\/uelzener.de\/magazin\/#\/schema\/logo\/image\/"},"sameAs":["https:\/\/www.facebook.com\/Uelzener","https:\/\/instagram.com\/uelzener","https:\/\/www.xing.com\/pages\/uelzenerallgemeineversicherungs-gesellschafta-g","https:\/\/www.youtube.com\/UelzenerVersicherungen"]}]}},"_links":{"self":[{"href":"https:\/\/uelzener.de\/magazin\/wp-json\/wp\/v2\/pages\/18506","targetHints":{"allow":["GET"]}}],"collection":[{"href":"https:\/\/uelzener.de\/magazin\/wp-json\/wp\/v2\/pages"}],"about":[{"href":"https:\/\/uelzener.de\/magazin\/wp-json\/wp\/v2\/types\/page"}],"author":[{"embeddable":true,"href":"https:\/\/uelzener.de\/magazin\/wp-json\/wp\/v2\/users\/11"}],"replies":[{"embeddable":true,"href":"https:\/\/uelzener.de\/magazin\/wp-json\/wp\/v2\/comments?post=18506"}],"version-history":[{"count":4,"href":"https:\/\/uelzener.de\/magazin\/wp-json\/wp\/v2\/pages\/18506\/revisions"}],"predecessor-version":[{"id":18650,"href":"https:\/\/uelzener.de\/magazin\/wp-json\/wp\/v2\/pages\/18506\/revisions\/18650"}],"up":[{"embeddable":true,"href":"https:\/\/uelzener.de\/magazin\/wp-json\/wp\/v2\/pages\/11691"}],"wp:featuredmedia":[{"embeddable":true,"href":"https:\/\/uelzener.de\/magazin\/wp-json\/wp\/v2\/media\/18508"}],"wp:attachment":[{"href":"https:\/\/uelzener.de\/magazin\/wp-json\/wp\/v2\/media?parent=18506"}],"curies":[{"name":"wp","href":"https:\/\/api.w.org\/{rel}","templated":true}]}}