{"id":18354,"date":"2025-04-15T08:38:58","date_gmt":"2025-04-15T06:38:58","guid":{"rendered":"https:\/\/uelzener.de\/magazin\/?page_id=18354"},"modified":"2025-07-07T13:47:55","modified_gmt":"2025-07-07T11:47:55","slug":"geschwollene-schlauchtasche-beim-pferd","status":"publish","type":"page","link":"https:\/\/uelzener.de\/magazin\/pferd\/tiergesundheit\/geschwollene-schlauchtasche-beim-pferd\/","title":{"rendered":"Geschwollene Schlauchtasche beim Pferd: Was steckt dahinter?"},"content":{"rendered":"<p><span style=\"font-weight: 400;\">Bei der Pferdepflege achten die meisten Halterinnen und Halter ganz selbstverst\u00e4ndlich auf Fell, Hufe, Augen, Ohren und Maul, um sich ein Bild vom Allgemeinzustand ihres Vierbeiners zu machen. Doch es gibt K\u00f6rperregionen, die mitunter \u00fcbersehen werden. Eine davon ist die Schlauchtasche. Sie geh\u00f6rt zum Intimbereich von m\u00e4nnlichen Pferden, der bei der Pflege und Begutachtung nicht immer Ber\u00fccksichtigung findet. Die Gr\u00fcnde daf\u00fcr k\u00f6nnen vielf\u00e4ltig sein. Manchen Besitzern und Besitzerinnen ist das Thema schlicht unangenehm, anderen nicht so pr\u00e4sent und wieder andere untersch\u00e4tzen, wie wichtig die Gesunderhaltung der Intimzone f\u00fcr das Wohlbefinden des Pferdes ist. Probleme mit der Schlauchtasche werden oft erst dann ersichtlich, wenn sich eine Schwellung zeigt. Dann liegt jedoch mit gro\u00dfer Wahrscheinlichkeit schon l\u00e4nger etwas im Argen. Was dahinterstecken kann und welche Ma\u00dfnahmen zur Behandlung und Vorbeugung es gibt, erkl\u00e4ren wir in diesem Artikel.<\/span><\/p>\n<h2>Was ist die Schlauchtasche beim Pferd?<\/h2>\n<p><span style=\"font-weight: 400;\">Bei der Schlauchtasche handelt es sich um eine Hautfalte, die den Pferdeschlauch (Schlauch = Penis) ummantelt. Sie sch\u00fctzt das Geschlechtsorgan des Tieres und fungiert wie eine \u00e4u\u00dfere Vorhaut. Innenliegend wird der Schlauch mit einer weiteren Hautfalte bedeckt, die dem Hengst oder Wallach das Ausschachten (Erigieren und Ausfahren) erleichtert. Aufgrund ihrer Lage ist die Schlauchtasche allerhand Beanspruchungen ausgesetzt. Schwillt sie an, l\u00e4sst sich daraus schlie\u00dfen, dass ein gesundheitliches Problem zugrunde liegt und das Pferd Schmerzen hat oder in seinem Wohlbefinden zumindest eingeschr\u00e4nkt ist.<\/span><\/p>\n<h2>M\u00f6gliche Ursachen f\u00fcr eine geschwollene Schlauchtasche beim Pferd<\/h2>\n<p><span style=\"font-weight: 400;\">Eine geschwollene Schlauchtasche ist in erster Linie ein Symptom und kann auf unterschiedliche gesundheitliche Probleme hindeuten. Wir geben einen \u00dcberblick \u00fcber m\u00f6gliche Ursachen:<\/span><\/p>\n<ul>\n<li style=\"font-weight: 400;\" aria-level=\"1\"><b>Ansammlung von Smegma<\/b><span style=\"font-weight: 400;\">: Anatomiebedingt k\u00f6nnen sich in der Schlauchtasche allerhand K\u00f6rpersekrete ansammeln. Ein Problem kann das sogenannte Smegma darstellen. Dabei handelt es sich um eine Mischung aus Talg, Sperma, Urin und abgestorbenen Hautzellen. Lagert sich zu viel davon in der Schlauchtasche an, kann das zu Reizungen, Irritationen und Entz\u00fcndungen f\u00fchren, zumal durch die wachsartige Konsistenz weiterer Schmutz aus der Umgebung h\u00e4ngen bleibt. Smegma-Ablagerungen k\u00f6nnen f\u00fcr Pferde sehr schmerzhaft sein und das Wasserlassen erschweren. Hengste haben damit tendenziell weniger Probleme als Wallache. Grund daf\u00fcr ist, dass Hengste aufgrund ihres Sexualtriebs und der Deckakte h\u00e4ufiger ausschachten. Das hilft ihnen dabei, solche Ansammlungen loszuwerden. Bei Wallachen tritt das Ausschachten kastrationsbedingt seltener auf.<\/span><\/li>\n<li style=\"font-weight: 400;\" aria-level=\"1\"><b>Infektion: <\/b><span style=\"font-weight: 400;\">Wundinfektionen durch Bakterien sowie Pilzinfektionen k\u00f6nnen ebenfalls Entz\u00fcndungen hervorrufen und Ursache f\u00fcr eine geschwollene Schlauchtasche sein. Zudem tritt eine Entz\u00fcndung der Schleimhaut (Balanoposthitis) h\u00e4ufig in Zusammenhang mit dem Equinen Herpesvirus (EHV-3) auf.\u00a0<\/span><\/li>\n<li style=\"font-weight: 400;\" aria-level=\"1\"><b>Trauma:<\/b><span style=\"font-weight: 400;\"> Durch Prellungen beim Deckakt, St\u00f6\u00dfe oder Tritte kann es zu Gewebeverletzungen und Bluterg\u00fcssen im Intimbereich kommen, die zu einer Schwellung der Schlauchtasche f\u00fchren.\u00a0<\/span><\/li>\n<li style=\"font-weight: 400;\" aria-level=\"1\"><b>Lymphstau<\/b><span style=\"font-weight: 400;\">: Eine geschwollene Schlauchtasche kann auch durch einen gest\u00f6rten Lymphabfluss verursacht werden. Indem Lymphfl\u00fcssigkeit nicht mehr richtig abtransportiert wird, bilden sich \u00d6deme, die f\u00fcr die Schwellung verantwortlich sind. Angelaufene Beine sind dahingehend ein typisches Warnzeichen. Ursache f\u00fcr einen Lymphstau ist meist mangelnde Bewegung. Auch Herz-Kreislauf-Probleme k\u00f6nnen den Lymphabfluss beeintr\u00e4chtigen. Da bei \u00e4lteren Pferden h\u00e4ufig beides zusammenkommt, sind sie besonders anf\u00e4llig daf\u00fcr.<\/span><\/li>\n<li style=\"font-weight: 400;\" aria-level=\"1\"><b>Allergische Reaktion<\/b><span style=\"font-weight: 400;\">: Eine Schwellung an der Schlauchtasche kann auch eine allergische Reaktion beispielsweise auf einen Insektenstich oder ein Kontaktallergen (Einstreu, Pflegeprodukte etc.) sein.\u00a0\u00a0<\/span><\/li>\n<\/ul>\n<p><span style=\"font-weight: 400;\">Gutartige oder b\u00f6sartige Tumore k\u00f6nnen ebenfalls dazu f\u00fchren, dass die Schlauchtasche anschwillt. Das kommt allerdings selten vor.<\/span><\/p>\n<h2>Was tun, wenn die Schlauchtasche beim Pferd geschwollen ist?<\/h2>\n<p><span style=\"font-weight: 400;\">Ist die Schlauchtasche beim Pferd geschwollen, sollte das Tier dem Tierarzt oder der Tier\u00e4rztin vorgestellt werden. Eine professionelle Untersuchung ist wichtig, um die Ursache ausfindig zu machen und geeignete Gegenma\u00dfnahmen zu treffen. Ist das Pferd inspiziert und abgetastet worden, schlie\u00dfen sich gegebenenfalls weitere Diagnoseverfahren an. <\/span><\/p>\n<ul>\n<li><span style=\"font-weight: 400;\">Ein Ultraschall erm\u00f6glicht es, sich einen Eindruck von tieferliegenden Gewebestrukturen zu verschaffen und eventuelle Neubildungen oder Wucherungen zu identifizieren. <\/span><\/li>\n<li><span style=\"font-weight: 400;\">Eine Blutuntersuchung liefert Entz\u00fcndungswerte und gibt Aufschluss dar\u00fcber, ob eine Infektion vorliegt. <\/span><\/li>\n<li><span style=\"font-weight: 400;\">Auch eine Urinprobe kann sinnvoll sein, um ermitteln zu k\u00f6nnen, ob das Tier an einem Harnwegsinfekt leidet. <\/span><\/li>\n<\/ul>\n<p><span style=\"font-weight: 400;\">In erster Linie geht es darum, das \u00dcbel an der Wurzel zu packen und die Prim\u00e4rursache zu behandeln. Ist diese behoben, bildet sich im Normalfall auch die Schwellung zur\u00fcck.<\/span><\/p>\n<p><span style=\"font-weight: 400;\">In vielen F\u00e4llen liegt einer geschwollenen Schlauchtasche keine Prim\u00e4rerkrankung zugrunde. H\u00e4ufig sind es Smegma-Ablagerungen, die f\u00fcr Reizungen und Irritationen sorgen und die Schwellung hervorrufen. Mitunter bilden sich im Bereich des Harnr\u00f6hrenausgangs harte, talg\u00e4hnliche Klumpen, sogenannte Smegma-Steine, die einen unangenehmen Druck und Schmerzen verursachen k\u00f6nnen. Diese sollten vorsichtig entfernt werden. Theoretisch k\u00f6nnen Pferdehalter und -halterinnen diese Aufgabe selbst \u00fcbernehmen. Allerdings sind daf\u00fcr Erfahrung und Feingef\u00fchl gefragt. Geht man zu grob oder unsachgem\u00e4\u00df vor, k\u00f6nnen Verletzungen und weitere Entz\u00fcndungen die Folge sein. Hat das Pferd bei der Behandlung Schmerzen oder f\u00fchlt sich unwohl, kann es f\u00fcr den Menschen sogar gef\u00e4hrlich werden. Im Zweifel ist es daher besser, den Tierarzt oder die Tier\u00e4rztin mit der Aufgabe zu betrauen. Eine <\/span><span style=\"font-weight: 400;\">Pferdekrankenversicherung<\/span><span style=\"font-weight: 400;\"> bietet finanziellen Schutz, so dass das Pferd im Ernstfall optimal behandelt werden kann.<\/span><\/p>\n\n<div class=\"banner\">\n    <a href=\"https:\/\/uelzener.de\/pferd\/herden-versicherung\/?agt=0000104925&sem=true&utm_medium=magazin&utm_source=wordpress&utm_campaign=pferd_kv&utm_content=banner    \">\n        <img decoding=\"async\" width=\"300\" height=\"212\" src=\"https:\/\/uelzener.de\/magazin\/app\/uploads\/2025\/01\/Pferde-Kranken-Versicherung.jpg\" class=\"attachment-medium size-medium\" alt=\"Banner Pferde-Kranken-Versicherung\" \/>    <\/a>\n<\/div>\n\n<h2>So kann man Schwellungen der Schlauchtasche vorbeugen<\/h2>\n<p><span style=\"font-weight: 400;\">Eine geschwollene Schlauchtasche kann vielf\u00e4ltige Ursachen haben, daher gibt es kein allgemeing\u00fcltiges Konzept zur Vorbeugung. Trotzdem kann man als Halter oder Halterin ein paar Vorsichtsma\u00dfnahmen treffen:<\/span><\/p>\n<ul>\n<li style=\"font-weight: 400;\" aria-level=\"1\"><b>Regelm\u00e4\u00dfige Sichtkontrollen<\/b><span style=\"font-weight: 400;\">: Es ist wichtig, das Pferd regelm\u00e4\u00dfig von Kopf bis Fu\u00df zu begutachten, um Ver\u00e4nderungen oder Auff\u00e4lligkeiten fr\u00fchzeitig zu erkennen. Dazu geh\u00f6rt auch eine Inspektion des Intimbereichs. Ebenso wichtig ist es, das Verhalten des Pferdes zu beobachten, um beispielsweise herauszufinden, ob es Schwierigkeiten beim Wasserlassen hat.<\/span><\/li>\n<li style=\"font-weight: 400;\" aria-level=\"1\"><b>Tier\u00e4rztliche Untersuchungen<\/b><span style=\"font-weight: 400;\">: Regelm\u00e4\u00dfige Check-ups beim Tierarzt oder bei der Tier\u00e4rztin helfen dabei, gesundheitliche Probleme zu identifizieren, die f\u00fcr Halter und Halterinnen nicht ohne weiteres erkennbar sind.\u00a0\u00a0<\/span><\/li>\n<li style=\"font-weight: 400;\" aria-level=\"1\"><b>Hygienema\u00dfnahmen<\/b><span style=\"font-weight: 400;\">: Eine sachgem\u00e4\u00dfe Intimpflege ist f\u00fcr die Gesunderhaltung eines Pferdes sehr wichtig. Das hei\u00dft nicht, dass Schlauch und Schlauchtasche t\u00e4glich gereinigt werden m\u00fcssen. Das w\u00e4re sogar kontraproduktiv, da man dadurch das nat\u00fcrliche Mikrobiom zerst\u00f6ren w\u00fcrde. Eine Waschung alle paar Monate ist ausreichend. Scharfe Reinigungsmittel braucht es daf\u00fcr nicht. Warmes Wasser und Jodseife sind schonender zur Haut und reinigen genauso gut.\u00a0<\/span><\/li>\n<\/ul>\n<p><span style=\"font-weight: 400;\">Auf die Gesundheit seines Pferdes zu achten, bedeutet, auf s\u00e4mtliche Bereiche zu schauen, die f\u00fcr sein Wohlbefinden relevant sind und Themen, die einem vielleicht unangenehm sind, nicht auszublenden. Verantwortung endet n\u00e4mlich nicht dort, wo es unbequem wird. Wer sich mit allen Aspekten der Pferdepflege auseinandersetzt, st\u00e4rkt letztlich auch die Bindung zu seinem Tier.\u00a0<\/span><\/p>\n\n<div class=\"related_articles boxed\">\n    <h2>Mehr zum Thema<\/h2>\n    \n    <div class=\"wrapper\"><div class=\"title align-center\"><h3><a href=\"https:\/\/uelzener.de\/magazin\/pferd\/tiergesundheit\/blasenentzuendung-pferd\/\">Blasenentz\u00fcndung beim Pferd: Ursachen, Symptome und Behandlung<\/a><\/h3><\/div><div class=\"img align-center\"><img decoding=\"async\" width=\"315\" height=\"180\" src=\"https:\/\/uelzener.de\/magazin\/app\/uploads\/2023\/05\/blasenentzuendung-pferd-315x180.jpg\" class=\"attachment-315x180 size-315x180 wp-post-image\" alt=\"Stute hat Blasenentz\u00fcndung und pinkelt auf die Wiese.\" \/><\/div><\/div><div class=\"wrapper\"><div class=\"title align-center\"><h3><a href=\"https:\/\/uelzener.de\/magazin\/pferd\/haltung\/einstreu-stroh-pellets-pferd\/\">Einstreu f\u00fcr Pferde: So triffst du die richtige Wahl!<\/a><\/h3><\/div><div class=\"img align-center\"><img decoding=\"async\" width=\"315\" height=\"180\" src=\"https:\/\/uelzener.de\/magazin\/app\/uploads\/2022\/12\/einstreu-pferd-315x180.jpg\" class=\"attachment-315x180 size-315x180 wp-post-image\" alt=\"Alter Holzstall mit Heu als Einstreu f\u00fcr Pferde.\" \/><\/div><\/div><\/div>\n\n<h2>Fazit<\/h2>\n<p><span style=\"font-weight: 400;\">Auch wenn die Schlauchtasche im Pflegealltag vieler Pferdehalter und -halterinnen nicht im Vordergrund steht, sollte sie regelm\u00e4\u00dfig kontrolliert und bei Bedarf gereinigt werden. Schwellungen in dem Bereich sind nicht immer ein Grund zur Sorge \u2013 oft steckt lediglich eine Verschmutzung dahinter. Allerdings kann eine geschwollene Schlauchtasche auch auf eine Entz\u00fcndung, Verletzung oder andere gesundheitliche Probleme hinweisen. Wer sein Pferd gut kennt und auf Ver\u00e4nderungen achtet, kann fr\u00fchzeitig handeln und seinem Vierbeiner wieder zu mehr Wohlbefinden verhelfen.\u00a0\u00a0<\/span><\/p>\n<h2>FAQ: H\u00e4ufig gestellte Fragen zum Thema geschwollene Schlauchtasche beim Pferd<\/h2>\n<h3>Die Schlauchtasche meines Pferdes ist geschwollen. Wann muss ich zum Tierarzt?<\/h3>\n<p><span style=\"font-weight: 400;\">Wenn die Schwellung pl\u00f6tzlich auftritt, sehr gro\u00df oder hart ist, schmerzhaft wirkt oder nicht von selbst zur\u00fcckgeht, sollte das Pferd schnellstm\u00f6glich tier\u00e4rztlich untersucht werden. Dasselbe gilt bei Verdacht auf eine Infektion, Verletzung oder Smegma-Steine im Harnr\u00f6hrenausgang.<\/span><b>\u00a0<\/b><\/p>\n<h3>Was tun, wenn mein Pferd sich an der Schlauchtasche nicht anfassen l\u00e4sst?<\/h3>\n<p><span style=\"font-weight: 400;\">Dann sollte man behutsam vorgehen und versuchen, langsam Vertrauen aufzubauen. Viele Pferde sind in diesem Bereich sehr empfindlich. Wenn eine Reinigung n\u00f6tig ist, kann auch ein Tierarzt oder eine Tier\u00e4rztin helfen \u2013 gegebenenfalls unter leichter Sedierung.<\/span><\/p>\n<h3>K\u00f6nnen Parasiten Schwellungen der Schlauchtasche verursachen?<\/h3>\n<p><span style=\"font-weight: 400;\">Ja, Milben und andere Hautparasiten k\u00f6nnen in seltenen F\u00e4llen Reizungen oder Entz\u00fcndungen der Schlauchtasche ausl\u00f6sen. <\/span><\/p>\n","protected":false},"excerpt":{"rendered":"<p>Bei der Pferdepflege achten die meisten Halterinnen und Halter ganz selbstverst\u00e4ndlich auf Fell, Hufe, Augen, Ohren und Maul, um sich ein Bild vom Allgemeinzustand ihres Vierbeiners zu machen. Doch es gibt K\u00f6rperregionen, die mitunter \u00fcbersehen werden. Eine davon ist die Schlauchtasche. Sie geh\u00f6rt zum Intimbereich von m\u00e4nnlichen Pferden, der bei der Pflege und Begutachtung nicht [&hellip;]<\/p>\n","protected":false},"author":11,"featured_media":18387,"parent":11706,"menu_order":34,"comment_status":"closed","ping_status":"closed","template":"templates\/blog.php","meta":{"_acf_changed":false,"_crdt_document":"","footnotes":"","beyondwords_generate_audio":"","beyondwords_project_id":"","beyondwords_content_id":"","beyondwords_preview_token":"","beyondwords_player_style":"","beyondwords_language_id":"","beyondwords_title_voice_id":"","beyondwords_body_voice_id":"","beyondwords_summary_voice_id":"","beyondwords_error_message":"","beyondwords_disabled":"","beyondwords_delete_content":"","beyondwords_podcast_id":"","beyondwords_hash":"","publish_post_to_speechkit":"","speechkit_hash":"","speechkit_generate_audio":"","speechkit_project_id":"","speechkit_podcast_id":"","speechkit_error_message":"","speechkit_disabled":"","speechkit_access_key":"","speechkit_error":"","speechkit_info":"","speechkit_response":"","speechkit_retries":"","speechkit_status":"","speechkit_updated_at":"","_speechkit_link":"","_speechkit_text":""},"class_list":["post-18354","page","type-page","status-publish","has-post-thumbnail","hentry"],"acf":[],"yoast_head":"<!-- This site is optimized with the Yoast SEO Premium plugin  - https:\/\/yoast.com\/product\/yoast-seo-premium-wordpress\/ -->\n<title>Geschwollene Schlauchtasche beim Pferd: Was steckt dahinter? | Uelzener Magazin<\/title>\n<meta name=\"description\" content=\"Entdecke die Bedeutung der Schlauchtasche in der Pferdepflege und wie sie das Wohlbefinden deines Pferdes beeinflusst.\" \/>\n<meta name=\"robots\" content=\"index, follow, max-snippet:-1, max-image-preview:large, max-video-preview:-1\" \/>\n<link rel=\"canonical\" href=\"https:\/\/uelzener.de\/magazin\/pferd\/tiergesundheit\/geschwollene-schlauchtasche-beim-pferd\/\" \/>\n<meta property=\"og:locale\" content=\"de_DE\" \/>\n<meta property=\"og:type\" content=\"article\" \/>\n<meta property=\"og:title\" content=\"Geschwollene Schlauchtasche beim Pferd: Was steckt dahinter?\" \/>\n<meta property=\"og:description\" content=\"Entdecke die Bedeutung der Schlauchtasche in der Pferdepflege und wie sie das Wohlbefinden deines Pferdes beeinflusst.\" \/>\n<meta property=\"og:url\" content=\"https:\/\/uelzener.de\/magazin\/pferd\/tiergesundheit\/geschwollene-schlauchtasche-beim-pferd\/\" \/>\n<meta property=\"og:site_name\" content=\"Uelzener Tier-Magazin\" \/>\n<meta property=\"article:publisher\" content=\"https:\/\/www.facebook.com\/Uelzener\" \/>\n<meta property=\"article:modified_time\" content=\"2025-07-07T11:47:55+00:00\" \/>\n<meta property=\"og:image\" content=\"https:\/\/uelzener.de\/magazin\/app\/uploads\/2025\/04\/schlauchtasche.jpg\" \/>\n\t<meta property=\"og:image:width\" content=\"1025\" \/>\n\t<meta property=\"og:image:height\" content=\"450\" \/>\n\t<meta property=\"og:image:type\" content=\"image\/jpeg\" \/>\n<meta name=\"twitter:card\" content=\"summary_large_image\" \/>\n<meta name=\"twitter:label1\" content=\"Gesch\u00e4tzte Lesezeit\" \/>\n\t<meta name=\"twitter:data1\" content=\"7\u00a0Minuten\" \/>\n<script type=\"application\/ld+json\" class=\"yoast-schema-graph\">{\"@context\":\"https:\\\/\\\/schema.org\",\"@graph\":[{\"@type\":\"WebPage\",\"@id\":\"https:\\\/\\\/uelzener.de\\\/magazin\\\/pferd\\\/tiergesundheit\\\/geschwollene-schlauchtasche-beim-pferd\\\/\",\"url\":\"https:\\\/\\\/uelzener.de\\\/magazin\\\/pferd\\\/tiergesundheit\\\/geschwollene-schlauchtasche-beim-pferd\\\/\",\"name\":\"Geschwollene Schlauchtasche beim Pferd: Was steckt dahinter? | Uelzener Magazin\",\"isPartOf\":{\"@id\":\"https:\\\/\\\/uelzener.de\\\/magazin\\\/#website\"},\"primaryImageOfPage\":{\"@id\":\"https:\\\/\\\/uelzener.de\\\/magazin\\\/pferd\\\/tiergesundheit\\\/geschwollene-schlauchtasche-beim-pferd\\\/#primaryimage\"},\"image\":{\"@id\":\"https:\\\/\\\/uelzener.de\\\/magazin\\\/pferd\\\/tiergesundheit\\\/geschwollene-schlauchtasche-beim-pferd\\\/#primaryimage\"},\"thumbnailUrl\":\"https:\\\/\\\/uelzener.de\\\/magazin\\\/app\\\/uploads\\\/2025\\\/04\\\/schlauchtasche.jpg\",\"datePublished\":\"2025-04-15T06:38:58+00:00\",\"dateModified\":\"2025-07-07T11:47:55+00:00\",\"description\":\"Entdecke die Bedeutung der Schlauchtasche in der Pferdepflege und wie sie das Wohlbefinden deines Pferdes beeinflusst.\",\"breadcrumb\":{\"@id\":\"https:\\\/\\\/uelzener.de\\\/magazin\\\/pferd\\\/tiergesundheit\\\/geschwollene-schlauchtasche-beim-pferd\\\/#breadcrumb\"},\"inLanguage\":\"de\",\"potentialAction\":[{\"@type\":\"ReadAction\",\"target\":[\"https:\\\/\\\/uelzener.de\\\/magazin\\\/pferd\\\/tiergesundheit\\\/geschwollene-schlauchtasche-beim-pferd\\\/\"]}]},{\"@type\":\"ImageObject\",\"inLanguage\":\"de\",\"@id\":\"https:\\\/\\\/uelzener.de\\\/magazin\\\/pferd\\\/tiergesundheit\\\/geschwollene-schlauchtasche-beim-pferd\\\/#primaryimage\",\"url\":\"https:\\\/\\\/uelzener.de\\\/magazin\\\/app\\\/uploads\\\/2025\\\/04\\\/schlauchtasche.jpg\",\"contentUrl\":\"https:\\\/\\\/uelzener.de\\\/magazin\\\/app\\\/uploads\\\/2025\\\/04\\\/schlauchtasche.jpg\",\"width\":1025,\"height\":450,\"caption\":\"Schlauchtasche beim Pferd.\"},{\"@type\":\"WebSite\",\"@id\":\"https:\\\/\\\/uelzener.de\\\/magazin\\\/#website\",\"url\":\"https:\\\/\\\/uelzener.de\\\/magazin\\\/\",\"name\":\"Uelzener Tiermagazin\",\"description\":\"Online Tierratgeber der Uelzener Versicherungen\",\"publisher\":{\"@id\":\"https:\\\/\\\/uelzener.de\\\/magazin\\\/#organization\"},\"potentialAction\":[{\"@type\":\"SearchAction\",\"target\":{\"@type\":\"EntryPoint\",\"urlTemplate\":\"https:\\\/\\\/uelzener.de\\\/magazin\\\/?s={search_term_string}\"},\"query-input\":{\"@type\":\"PropertyValueSpecification\",\"valueRequired\":true,\"valueName\":\"search_term_string\"}}],\"inLanguage\":\"de\"},{\"@type\":\"Organization\",\"@id\":\"https:\\\/\\\/uelzener.de\\\/magazin\\\/#organization\",\"name\":\"Uelzener Versicherungen\",\"url\":\"https:\\\/\\\/uelzener.de\\\/magazin\\\/\",\"logo\":{\"@type\":\"ImageObject\",\"inLanguage\":\"de\",\"@id\":\"https:\\\/\\\/uelzener.de\\\/magazin\\\/#\\\/schema\\\/logo\\\/image\\\/\",\"url\":\"https:\\\/\\\/uelzener.de\\\/magazin\\\/app\\\/uploads\\\/2024\\\/11\\\/uelzener_allgemeine_versicherungsgesellschaft_a_g_logo.jpg\",\"contentUrl\":\"https:\\\/\\\/uelzener.de\\\/magazin\\\/app\\\/uploads\\\/2024\\\/11\\\/uelzener_allgemeine_versicherungsgesellschaft_a_g_logo.jpg\",\"width\":200,\"height\":200,\"caption\":\"Uelzener Versicherungen\"},\"image\":{\"@id\":\"https:\\\/\\\/uelzener.de\\\/magazin\\\/#\\\/schema\\\/logo\\\/image\\\/\"},\"sameAs\":[\"https:\\\/\\\/www.facebook.com\\\/Uelzener\",\"https:\\\/\\\/instagram.com\\\/uelzener\",\"https:\\\/\\\/www.xing.com\\\/pages\\\/uelzenerallgemeineversicherungs-gesellschafta-g\",\"https:\\\/\\\/www.youtube.com\\\/UelzenerVersicherungen\"]}]}<\/script>\n<!-- \/ Yoast SEO Premium plugin. -->","yoast_head_json":{"title":"Geschwollene Schlauchtasche beim Pferd: Was steckt dahinter? | Uelzener Magazin","description":"Entdecke die Bedeutung der Schlauchtasche in der Pferdepflege und wie sie das Wohlbefinden deines Pferdes beeinflusst.","robots":{"index":"index","follow":"follow","max-snippet":"max-snippet:-1","max-image-preview":"max-image-preview:large","max-video-preview":"max-video-preview:-1"},"canonical":"https:\/\/uelzener.de\/magazin\/pferd\/tiergesundheit\/geschwollene-schlauchtasche-beim-pferd\/","og_locale":"de_DE","og_type":"article","og_title":"Geschwollene Schlauchtasche beim Pferd: Was steckt dahinter?","og_description":"Entdecke die Bedeutung der Schlauchtasche in der Pferdepflege und wie sie das Wohlbefinden deines Pferdes beeinflusst.","og_url":"https:\/\/uelzener.de\/magazin\/pferd\/tiergesundheit\/geschwollene-schlauchtasche-beim-pferd\/","og_site_name":"Uelzener Tier-Magazin","article_publisher":"https:\/\/www.facebook.com\/Uelzener","article_modified_time":"2025-07-07T11:47:55+00:00","og_image":[{"width":1025,"height":450,"url":"https:\/\/uelzener.de\/magazin\/app\/uploads\/2025\/04\/schlauchtasche.jpg","type":"image\/jpeg"}],"twitter_card":"summary_large_image","twitter_misc":{"Gesch\u00e4tzte Lesezeit":"7\u00a0Minuten"},"schema":{"@context":"https:\/\/schema.org","@graph":[{"@type":"WebPage","@id":"https:\/\/uelzener.de\/magazin\/pferd\/tiergesundheit\/geschwollene-schlauchtasche-beim-pferd\/","url":"https:\/\/uelzener.de\/magazin\/pferd\/tiergesundheit\/geschwollene-schlauchtasche-beim-pferd\/","name":"Geschwollene Schlauchtasche beim Pferd: Was steckt dahinter? | Uelzener Magazin","isPartOf":{"@id":"https:\/\/uelzener.de\/magazin\/#website"},"primaryImageOfPage":{"@id":"https:\/\/uelzener.de\/magazin\/pferd\/tiergesundheit\/geschwollene-schlauchtasche-beim-pferd\/#primaryimage"},"image":{"@id":"https:\/\/uelzener.de\/magazin\/pferd\/tiergesundheit\/geschwollene-schlauchtasche-beim-pferd\/#primaryimage"},"thumbnailUrl":"https:\/\/uelzener.de\/magazin\/app\/uploads\/2025\/04\/schlauchtasche.jpg","datePublished":"2025-04-15T06:38:58+00:00","dateModified":"2025-07-07T11:47:55+00:00","description":"Entdecke die Bedeutung der Schlauchtasche in der Pferdepflege und wie sie das Wohlbefinden deines Pferdes beeinflusst.","breadcrumb":{"@id":"https:\/\/uelzener.de\/magazin\/pferd\/tiergesundheit\/geschwollene-schlauchtasche-beim-pferd\/#breadcrumb"},"inLanguage":"de","potentialAction":[{"@type":"ReadAction","target":["https:\/\/uelzener.de\/magazin\/pferd\/tiergesundheit\/geschwollene-schlauchtasche-beim-pferd\/"]}]},{"@type":"ImageObject","inLanguage":"de","@id":"https:\/\/uelzener.de\/magazin\/pferd\/tiergesundheit\/geschwollene-schlauchtasche-beim-pferd\/#primaryimage","url":"https:\/\/uelzener.de\/magazin\/app\/uploads\/2025\/04\/schlauchtasche.jpg","contentUrl":"https:\/\/uelzener.de\/magazin\/app\/uploads\/2025\/04\/schlauchtasche.jpg","width":1025,"height":450,"caption":"Schlauchtasche beim Pferd."},{"@type":"WebSite","@id":"https:\/\/uelzener.de\/magazin\/#website","url":"https:\/\/uelzener.de\/magazin\/","name":"Uelzener Tiermagazin","description":"Online Tierratgeber der Uelzener Versicherungen","publisher":{"@id":"https:\/\/uelzener.de\/magazin\/#organization"},"potentialAction":[{"@type":"SearchAction","target":{"@type":"EntryPoint","urlTemplate":"https:\/\/uelzener.de\/magazin\/?s={search_term_string}"},"query-input":{"@type":"PropertyValueSpecification","valueRequired":true,"valueName":"search_term_string"}}],"inLanguage":"de"},{"@type":"Organization","@id":"https:\/\/uelzener.de\/magazin\/#organization","name":"Uelzener Versicherungen","url":"https:\/\/uelzener.de\/magazin\/","logo":{"@type":"ImageObject","inLanguage":"de","@id":"https:\/\/uelzener.de\/magazin\/#\/schema\/logo\/image\/","url":"https:\/\/uelzener.de\/magazin\/app\/uploads\/2024\/11\/uelzener_allgemeine_versicherungsgesellschaft_a_g_logo.jpg","contentUrl":"https:\/\/uelzener.de\/magazin\/app\/uploads\/2024\/11\/uelzener_allgemeine_versicherungsgesellschaft_a_g_logo.jpg","width":200,"height":200,"caption":"Uelzener Versicherungen"},"image":{"@id":"https:\/\/uelzener.de\/magazin\/#\/schema\/logo\/image\/"},"sameAs":["https:\/\/www.facebook.com\/Uelzener","https:\/\/instagram.com\/uelzener","https:\/\/www.xing.com\/pages\/uelzenerallgemeineversicherungs-gesellschafta-g","https:\/\/www.youtube.com\/UelzenerVersicherungen"]}]}},"_links":{"self":[{"href":"https:\/\/uelzener.de\/magazin\/wp-json\/wp\/v2\/pages\/18354","targetHints":{"allow":["GET"]}}],"collection":[{"href":"https:\/\/uelzener.de\/magazin\/wp-json\/wp\/v2\/pages"}],"about":[{"href":"https:\/\/uelzener.de\/magazin\/wp-json\/wp\/v2\/types\/page"}],"author":[{"embeddable":true,"href":"https:\/\/uelzener.de\/magazin\/wp-json\/wp\/v2\/users\/11"}],"replies":[{"embeddable":true,"href":"https:\/\/uelzener.de\/magazin\/wp-json\/wp\/v2\/comments?post=18354"}],"version-history":[{"count":4,"href":"https:\/\/uelzener.de\/magazin\/wp-json\/wp\/v2\/pages\/18354\/revisions"}],"predecessor-version":[{"id":18386,"href":"https:\/\/uelzener.de\/magazin\/wp-json\/wp\/v2\/pages\/18354\/revisions\/18386"}],"up":[{"embeddable":true,"href":"https:\/\/uelzener.de\/magazin\/wp-json\/wp\/v2\/pages\/11706"}],"wp:featuredmedia":[{"embeddable":true,"href":"https:\/\/uelzener.de\/magazin\/wp-json\/wp\/v2\/media\/18387"}],"wp:attachment":[{"href":"https:\/\/uelzener.de\/magazin\/wp-json\/wp\/v2\/media?parent=18354"}],"curies":[{"name":"wp","href":"https:\/\/api.w.org\/{rel}","templated":true}]}}