{"id":18350,"date":"2025-04-14T13:54:06","date_gmt":"2025-04-14T11:54:06","guid":{"rendered":"https:\/\/uelzener.de\/magazin\/?page_id=18350"},"modified":"2025-11-13T11:49:36","modified_gmt":"2025-11-13T10:49:36","slug":"landen-katzen-wirklich-immer-auf-den-pfoten","status":"publish","type":"page","link":"https:\/\/uelzener.de\/magazin\/katze\/haeufige-fragen\/landen-katzen-wirklich-immer-auf-den-pfoten\/","title":{"rendered":"Landen Katzen wirklich immer auf den Pfoten?"},"content":{"rendered":"<p><span style=\"font-weight: 400;\">Katzen faszinieren uns Menschen schon seit Jahrhunderten und so ranken sich zahlreiche Mythen um die eleganten Samtpfoten. Einer davon besagt, dass Katzen immer auf ihren Pfoten landen. Wir nehmen die Behauptung genauer unter die Lupe und kl\u00e4ren, ob Katzen tats\u00e4chlich jeden Sturz sicher abfangen k\u00f6nnen oder ob hinter dieser verbreiteten Annahme doch nur ein Irrglaube steckt.<\/span><\/p>\n<h2>Der perfekte Fall: Landung auf vier Pfoten<\/h2>\n<p><span style=\"font-weight: 400;\">Die meisten Katzen lieben es zu klettern und sind wahre Athleten und Gleichgewichtsk\u00fcnstler. Trotzdem kann es passieren, dass sie aus der Balance\u00a0 geraten und herunterst\u00fcrzen. Handelt es sich um eine gesundheitlich fitte und normalgewichtige Katze,\u00a0 ist die Wahrscheinlichkeit, dass sie auf vier Pfoten landet, gro\u00df. Vorausgesetzt, die H\u00f6he, aus der der Sturz erfolgt, reicht aus, um den sogenannten Stellreflex auszul\u00f6sen. Dieser ist angeboren und wird automatisch aktiviert, sobald sich eine Katze im freien Fall befindet.\u00a0<\/span><\/p>\n<h3>Stellreflex der Katze kurz erkl\u00e4rt<\/h3>\n<p><span style=\"font-weight: 400;\">Das Ph\u00e4nomen des Stellreflexes wurde bereits im Jahr 1894 genauer untersucht. Der franz\u00f6sische Physiologe und Erfinder \u00c9tienne Jules Marey nutzte sein umfangreiches Wissen \u00fcber Kinematografie, um den freien Fall einer Katze fotografisch festzuhalten. Mit 60 Aufnahmen pro Sekunde konnte er die faszinierende Bewegung der Katze im freien Fall aufzeichnen und in Zeitlupe analysieren. Heute wei\u00df man, dass das Gleichgewichtsorgan, auch Vestibularorgan genannt, den Stellreflex ausl\u00f6st. F\u00e4llt eine Katze von irgendwo herunter, sorgt es daf\u00fcr, dass sich die vier Pfoten blitzschnell in Richtung Boden drehen.\u00a0<\/span><\/p>\n<p><span style=\"font-weight: 400;\">Im Detail kannst du dir das folgenderma\u00dfen vorstellen: Eine Katze verliert den Halt und f\u00e4llt mit dem R\u00fccken voran Richtung Erde. Der Stellreflex wird aktiviert, sobald das Gleichgewichtsorgan eine ver\u00e4nderte Lage wahrnimmt. Dabei folgt der K\u00f6rper der Katze einem festen Bewegungsablauf. Zun\u00e4chst dreht die Katze Kopf und Vorderk\u00f6rper mitsamt Vorderpfoten in Richtung Boden und fixiert diesen mit den Augen. Das Anziehen der Vorderbeine hilft dabei, diese Drehung schnell und gezielt zu vollf\u00fchren. Der hintere K\u00f6rperteil folgt mit einer weiteren Drehung. Der Schwanz der Katze tr\u00e4gt zur Stabilisierung bei. Schlie\u00dflich zeigen alle vier Pfoten nach unten. Kurz bevor die Katze auf dem Boden aufkommt, macht sie ihren R\u00fccken rund. Um den Aufprall abzufedern, beugt sie die Beine leicht durch. Schwere Verletzungen lassen sich so verhindern.<\/span><\/p>\n<h2>Warum ein Sturz f\u00fcr Katzen nicht immer glimpflich ausgeht<\/h2>\n<p><span style=\"font-weight: 400;\">Ob die Katze wirklich unbeschadet auf allen vier Pfoten landet, ist von mehreren Faktoren abh\u00e4ngig, dazu z\u00e4hlen:<\/span><\/p>\n<ul>\n<li style=\"font-weight: 400;\" aria-level=\"1\"><span style=\"font-weight: 400;\">Fallh\u00f6he<\/span><\/li>\n<li style=\"font-weight: 400;\" aria-level=\"1\"><span style=\"font-weight: 400;\">Gewicht der Katze<\/span><\/li>\n<li style=\"font-weight: 400;\" aria-level=\"1\"><span style=\"font-weight: 400;\">etwaige Bewegungseinschr\u00e4nkungen<\/span><\/li>\n<\/ul>\n<p><span style=\"font-weight: 400;\">Ein Sturz aus zu geringer H\u00f6he kann dazu f\u00fchren, dass dem Stubentiger im freien Fall nicht genug Zeit bleibt, um auf den Pfoten zu landen. So ist es durchaus m\u00f6glich, dass eine Katze, die von einer niedrigen Mauer f\u00e4llt, st\u00e4rkere Verletzungen erleidet als eine, die aus gro\u00dfer H\u00f6he st\u00fcrzt.\u00a0<\/span><\/p>\n<p><span style=\"font-weight: 400;\">Aus einer Studie aus dem Jahr 1987 geht hervor, dass sich Katzen bei St\u00fcrzen aus mittleren H\u00f6hen (etwa bis zum sechsten Stockwerk) tendenziell schwerere Verletzungen zuziehen als Katzen, die aus h\u00f6heren Stockwerken fallen. Zumindest gilt dies f\u00fcr 132 Katzen, auf denen die Studie beruht. Die Gr\u00fcnde hierf\u00fcr sind vielf\u00e4ltig. Zum einen scheinen Katzen, die aus geringerer H\u00f6he fallen, in ihren Bewegungen verkrampfter zu sein. Bei einem Sturz aus gr\u00f6\u00dferer H\u00f6he hingegen erreichen sie eine Endgeschwindigkeit von bis zu 100 km\/h und fokussieren sich st\u00e4rker auf die Landung. Dabei strecken sie ihren K\u00f6rper \u00e4hnlich wie ein Gleith\u00f6rnchen und nehmen eine Fallschirmhaltung ein, die den Luftwiderstand erh\u00f6ht. Gleichzeitig bedeutet das aber auch, dass sie mit einer breiten K\u00f6rperfl\u00e4che auf dem Boden landen, statt nur auf vier Pfoten. Das wiederum kann zu anderweitigen Verletzungen f\u00fchren. Genauso aber wurde festgestellt, dass l\u00e4ngst nicht alle Katzen St\u00fcrze \u00fcberleben. Zehn Prozent der Katzen aus der Studie sind gestorben.\u00a0<\/span><\/p>\n<p><span style=\"font-weight: 400;\">Wie eine Katze einen Sturz \u00fcbersteht, h\u00e4ngt nicht nur von der Fallh\u00f6he, sondern auch vom Untergrund ab, auf dem sie aufkommt. Auf hartem Beton etwa ist der Aufprall deutlich heftiger als auf lockerer Erde oder weichem Gras. Zu beachten ist: Auch wenn eine Katze auf vier Pfoten landet, kann sie durch den Aufprall schwere Verletzungen erleiden. Hat sich die Katze wehgetan, f\u00e4llt das manchmal erst Tage sp\u00e4ter auf, da die Samtpfoten ihre Schmerzen sehr gut verstecken k\u00f6nnen.\u00a0<\/span><\/p>\n<p><span style=\"font-weight: 400;\">Die k\u00f6rperliche Fitness spielt ebenfalls eine Rolle: Starkes \u00dcbergewicht bei Katzen f\u00fchrt per se\u00a0 zu einer h\u00f6heren Belastung von Knochen und Gelenken. Zudem erh\u00f6ht es das Verletzungsrisiko bei einem Sturz, denn die Rotation des K\u00f6rpers, die beim Stellreflex m\u00f6glichst schnell erfolgen muss, l\u00e4uft bei \u00fcbergewichtigen Katzen deutlich langsamer ab. Auch \u00e4ltere Katzen und solche mit krankheitsbedingten Bewegungseinschr\u00e4nkungen k\u00f6nnen sich aufgrund steifer Gelenke und reduzierter Muskelkraft nicht schnell genug in die richtige Position drehen. Dar\u00fcber hinaus kann es vorkommen, dass ihre Reflexe verz\u00f6gert ausgel\u00f6st werden, was wertvolle Zeit kostet. Zus\u00e4tzlich k\u00f6nnen Ver\u00e4nderungen des Gleichgewichtsorgans und Koordinationsprobleme eine sichere Landung auf vier Pfoten erschweren.<\/span><\/p>\n<h2>Tipps zum Vorbeugen von St\u00fcrzen<\/h2>\n<p><span style=\"font-weight: 400;\">Katzen sind wahre Kletterk\u00fcnstler und lieben es, in schwindelerregenden H\u00f6hen zu balancieren. Zwar lassen sich St\u00fcrze kaum verhindern, vor allem nicht bei Freig\u00e4ngern, die unbeobachtet H\u00e4user, B\u00e4ume und Mauern erklimmen, dennoch kannst du einige Vorsichtsma\u00dfnahmen treffen.<\/span><\/p>\n<p><span style=\"font-weight: 400;\">Hat die Katze Zutritt auf den Balkon, sollte dieser gesichert sein. Daf\u00fcr gibt es praktische Katzennetze, die sich einfach montieren lassen. Auch offene oder gekippte Fenster stellen eine gro\u00dfe Gefahr dar. Um das zu verhindern, gibt es Fensterschutzgitter und Katzenschutznetze, die sich vors Fenster spannen lassen.<\/span><\/p>\n\n<div class=\"related_articles boxed\">\n    <h2>Mehr zum Thema<\/h2>\n    \n    <div class=\"wrapper\"><div class=\"title align-center\"><h3><a href=\"https:\/\/uelzener.de\/magazin\/katze\/haltung\/katzen-aussengehege-planen-bauen\/\">Gesicherter Freilauf f\u00fcr Katzen: Au\u00dfengehege planen und bauen<\/a><\/h3><\/div><div class=\"img align-center\"><img decoding=\"async\" width=\"315\" height=\"180\" src=\"https:\/\/uelzener.de\/magazin\/app\/uploads\/2024\/05\/aussengehege-fuer-katzen-315x180.jpg\" class=\"attachment-315x180 size-315x180 wp-post-image\" alt=\"Schwarze Katze im Aussengehege.\" \/><\/div><\/div><div class=\"wrapper\"><div class=\"title align-center\"><h3><a href=\"https:\/\/uelzener.de\/magazin\/katze\/haltung\/balkon-katzensicher-machen\/\">Balkon katzensicher machen: Gesch\u00fctzter Zugang zur Frischluft f\u00fcr deinen Vierbeiner<\/a><\/h3><\/div><div class=\"img align-center\"><img decoding=\"async\" width=\"315\" height=\"180\" src=\"https:\/\/uelzener.de\/magazin\/app\/uploads\/2023\/01\/balkon-katzensicher-machen-315x180.jpg\" class=\"attachment-315x180 size-315x180 wp-post-image\" alt=\"Katze sitzt auf einem katzensicheren Balkon und sonnt sich.\" \/><\/div><\/div><div class=\"wrapper\"><div class=\"title align-center\"><h3><a href=\"https:\/\/uelzener.de\/magazin\/katze\/tiergesundheit\/katze-koerpersprache-schmerzen\/\">K\u00f6rpersprache: Wie zeigen Katzen Schmerzen?<\/a><\/h3><\/div><div class=\"img align-center\"><img decoding=\"async\" width=\"315\" height=\"180\" src=\"https:\/\/uelzener.de\/magazin\/app\/uploads\/2022\/09\/Schmerzen-erkennen-bei-Katzen-315x180.jpg\" class=\"attachment-315x180 size-315x180 wp-post-image\" alt=\"K\u00f6rpersprache: Eine dreifarbige Katze liegt und schaut m\u00fcde.\" \/><\/div><\/div><\/div>\n\n<h2>Schnelle Hilfe bei Verletzungen<\/h2>\n<p><span style=\"font-weight: 400;\">Bei einem Sturz aus gro\u00dfer H\u00f6he k\u00f6nnen sich Katzen vielf\u00e4ltige Verletzungen zuziehen. Dazu z\u00e4hlen beispielsweise:<\/span><\/p>\n<ul>\n<li style=\"font-weight: 400;\" aria-level=\"1\"><span style=\"font-weight: 400;\">Frakturen (vor allem an Extremit\u00e4ten und am Becken)<\/span><\/li>\n<li style=\"font-weight: 400;\" aria-level=\"1\"><span style=\"font-weight: 400;\">Verletzungen des Brustkorbs wie H\u00e4mothorax (Blutansammlung im Brustraum), Pneumothorax (Luftansammlung im Brustraum) oder Lungenprellungen<\/span><\/li>\n<li style=\"font-weight: 400;\" aria-level=\"1\"><span style=\"font-weight: 400;\">Verletzungen am Kopf und im Maul, z. B. Kieferbr\u00fcche<\/span><\/li>\n<li style=\"font-weight: 400;\" aria-level=\"1\"><span style=\"font-weight: 400;\">Verletzungen innerer Organe<\/span><\/li>\n<li style=\"font-weight: 400;\" aria-level=\"1\"><span style=\"font-weight: 400;\">innere Blutungen<\/span><\/li>\n<\/ul>\n<p><span style=\"font-weight: 400;\">Ein Besuch in der Tierarztpraxis ist nach einem Sturz aus gro\u00dfer H\u00f6he in jedem Fall ratsam. Das gilt insbesondere dann, wenn du Ver\u00e4nderungen bei den Bewegungsabl\u00e4ufen deiner Katze feststellst. Auch eine ver\u00e4nderte Atmung, Zur\u00fcckgezogenheit, Apathie und Gleichgewichtsst\u00f6rungen nach einem Aufprall sollten tier\u00e4rztlich abgekl\u00e4rt werden. Mit der <\/span><span style=\"font-weight: 400;\">Katzenkrankenversicherung der Uelzener<\/span><span style=\"font-weight: 400;\"> bist du in solchen F\u00e4llen finanziell abgesichert.\u00a0<\/span><\/p>\n\n<div class=\"banner\">\n    <a href=\"https:\/\/uelzener.de\/katze\/katzen-krankenversicherung\/?agt=0000104925&sem=true&utm_medium=magazin&utm_source=wordpress&utm_campaign=katze_kv&utm_content=banner\">\n        <img decoding=\"async\" width=\"300\" height=\"212\" src=\"https:\/\/uelzener.de\/magazin\/app\/uploads\/2025\/01\/Katzen-Kranken-Versicherung.jpg\" class=\"attachment-medium size-medium\" alt=\"Banner Katzen-Kranken-Versicherung\" \/>    <\/a>\n<\/div>\n\n<h2>Fazit<\/h2>\n<p><span style=\"font-weight: 400;\">Landen Katzen nun wirklich immer auf den Pfoten? Nein. Wenn sie fallen, gelingt es ihnen nur unter g\u00fcnstigen Bedingungen, auf allen Vieren zu landen. Dank ihres Stellreflexes schaffen sie das zwar oft. Ist die Fallh\u00f6he aber zu gering oder zu hoch und kommen weitere ung\u00fcnstige Faktoren hinzu, ist eine Bruchlandung unvermeidlich.\u00a0<\/span><\/p>\n<h2>FAQ: H\u00e4ufig gestellte Fragen zur Landung von Katzen auf vier Pfoten<\/h2>\n<h3>Wie k\u00f6nnen St\u00fcrze aus gro\u00dfer H\u00f6he verhindert werden?<\/h3>\n<p><span style=\"font-weight: 400;\">Um das Risiko zu reduzieren, dass deine Katze st\u00fcrzt und sich verletzt, solltest du Balkon und Fenster mit speziellen Katzennetzen sichern. Achtung: Fliegennetze sind aufgrund des Materials und der Befestigungsart daf\u00fcr ungeeignet und halten den Krallen einer Katze nicht stand.\u00a0<\/span><\/p>\n<h3>Was ist das Hochhaus-Syndrom?<\/h3>\n<p><span style=\"font-weight: 400;\">Unter dem Begriff Hochhaus-Syndrom (aus dem Englischen: <\/span><i><span style=\"font-weight: 400;\">high rise syndrom<\/span><\/i><span style=\"font-weight: 400;\">) werden Verletzungen zusammengefasst, die aufgrund von St\u00fcrzen aus gro\u00dfer H\u00f6he verursacht werden. Daneben gibt es das Kippfenster-Syndrom, das Verletzungen umschreibt, die Katzen durch Quetschungen im Fensterspalt erleiden \u2013 ein weiterer Grund, das Fenster katzensicher zu machen.\u00a0<\/span><\/p>\n<h3>Ist nach jedem Sturz eine tiermedizinische Abkl\u00e4rung n\u00f6tig?<\/h3>\n<p><span style=\"font-weight: 400;\">Wenn eine Katze nach einem Sturz aus geringer H\u00f6he scheinbar unversehrt auf allen vier Pfoten landet und keine Anzeichen von Schmerzen oder Verletzungen zeigt, ist ein Tierarztbesuch nicht zwingend erforderlich. Du solltest sie aber aufmerksam beobachten. Bei einem Sturz aus mittlerer bis gro\u00dfer H\u00f6he und einem Aufprall auf hartem Untergrund bist du auf der sicheren Seite, wenn du deine Katze tier\u00e4rztlich untersuchen l\u00e4sst.<\/span><\/p>\n<h3>Funktioniert der Stellreflex auch bei schwanzlosen Katzenrassen?<\/h3>\n<p><span style=\"font-weight: 400;\">Ja, allerdings spielt der Schwanz eine wichtige Rolle bei der Rotation und Stabilisierung des K\u00f6rpers. Fehlt dieser, m\u00fcssen Rumpf und Gliedma\u00dfen st\u00e4rker eingesetzt werden, um den K\u00f6rper in die richtige Richtung zu drehen. Dadurch kann der Bewegungsablauf leicht verz\u00f6gert sein.<\/span><\/p>\n","protected":false},"excerpt":{"rendered":"<p>Katzen faszinieren uns Menschen schon seit Jahrhunderten und so ranken sich zahlreiche Mythen um die eleganten Samtpfoten. Einer davon besagt, dass Katzen immer auf ihren Pfoten landen. Wir nehmen die Behauptung genauer unter die Lupe und kl\u00e4ren, ob Katzen tats\u00e4chlich jeden Sturz sicher abfangen k\u00f6nnen oder ob hinter dieser verbreiteten Annahme doch nur ein Irrglaube [&hellip;]<\/p>\n","protected":false},"author":11,"featured_media":18357,"parent":11691,"menu_order":28,"comment_status":"closed","ping_status":"closed","template":"templates\/blog.php","meta":{"_acf_changed":false,"_crdt_document":"","footnotes":"","beyondwords_generate_audio":"","beyondwords_project_id":"","beyondwords_content_id":"","beyondwords_preview_token":"","beyondwords_player_style":"","beyondwords_language_id":"","beyondwords_title_voice_id":"","beyondwords_body_voice_id":"","beyondwords_summary_voice_id":"","beyondwords_error_message":"","beyondwords_disabled":"","beyondwords_delete_content":"","beyondwords_podcast_id":"","beyondwords_hash":"","publish_post_to_speechkit":"","speechkit_hash":"","speechkit_generate_audio":"","speechkit_project_id":"","speechkit_podcast_id":"","speechkit_error_message":"","speechkit_disabled":"","speechkit_access_key":"","speechkit_error":"","speechkit_info":"","speechkit_response":"","speechkit_retries":"","speechkit_status":"","speechkit_updated_at":"","_speechkit_link":"","_speechkit_text":""},"class_list":["post-18350","page","type-page","status-publish","has-post-thumbnail","hentry"],"acf":[],"yoast_head":"<!-- This site is optimized with the Yoast SEO Premium plugin  - https:\/\/yoast.com\/product\/yoast-seo-premium-wordpress\/ -->\n<title>Landen Katzen wirklich immer auf den Pfoten? | Uelzener Magazin<\/title>\n<meta name=\"description\" content=\"Entdecke, ob Katzen wirklich immer auf den Pfoten landen. Wir kl\u00e4ren den Mythos um die eleganten Samtpfoten.\" \/>\n<meta name=\"robots\" content=\"index, follow, max-snippet:-1, max-image-preview:large, max-video-preview:-1\" \/>\n<link rel=\"canonical\" href=\"https:\/\/uelzener.de\/magazin\/katze\/haeufige-fragen\/landen-katzen-wirklich-immer-auf-den-pfoten\/\" \/>\n<meta property=\"og:locale\" content=\"de_DE\" \/>\n<meta property=\"og:type\" content=\"article\" \/>\n<meta property=\"og:title\" content=\"Landen Katzen wirklich immer auf den Pfoten?\" \/>\n<meta property=\"og:description\" content=\"Entdecke, ob Katzen wirklich immer auf den Pfoten landen. Wir kl\u00e4ren den Mythos um die eleganten Samtpfoten.\" \/>\n<meta property=\"og:url\" content=\"https:\/\/uelzener.de\/magazin\/katze\/haeufige-fragen\/landen-katzen-wirklich-immer-auf-den-pfoten\/\" \/>\n<meta property=\"og:site_name\" content=\"Uelzener Tier-Magazin\" \/>\n<meta property=\"article:publisher\" content=\"https:\/\/www.facebook.com\/Uelzener\" \/>\n<meta property=\"article:modified_time\" content=\"2025-11-13T10:49:36+00:00\" \/>\n<meta property=\"og:image\" content=\"https:\/\/uelzener.de\/magazin\/app\/uploads\/2025\/04\/landen-katzen-auf-pfoten.jpg\" \/>\n\t<meta property=\"og:image:width\" content=\"1025\" \/>\n\t<meta property=\"og:image:height\" content=\"450\" \/>\n\t<meta property=\"og:image:type\" content=\"image\/jpeg\" \/>\n<meta name=\"twitter:card\" content=\"summary_large_image\" \/>\n<meta name=\"twitter:label1\" content=\"Gesch\u00e4tzte Lesezeit\" \/>\n\t<meta name=\"twitter:data1\" content=\"8\u00a0Minuten\" \/>\n<script type=\"application\/ld+json\" class=\"yoast-schema-graph\">{\"@context\":\"https:\\\/\\\/schema.org\",\"@graph\":[{\"@type\":\"WebPage\",\"@id\":\"https:\\\/\\\/uelzener.de\\\/magazin\\\/katze\\\/haeufige-fragen\\\/landen-katzen-wirklich-immer-auf-den-pfoten\\\/\",\"url\":\"https:\\\/\\\/uelzener.de\\\/magazin\\\/katze\\\/haeufige-fragen\\\/landen-katzen-wirklich-immer-auf-den-pfoten\\\/\",\"name\":\"Landen Katzen wirklich immer auf den Pfoten? | Uelzener Magazin\",\"isPartOf\":{\"@id\":\"https:\\\/\\\/uelzener.de\\\/magazin\\\/#website\"},\"primaryImageOfPage\":{\"@id\":\"https:\\\/\\\/uelzener.de\\\/magazin\\\/katze\\\/haeufige-fragen\\\/landen-katzen-wirklich-immer-auf-den-pfoten\\\/#primaryimage\"},\"image\":{\"@id\":\"https:\\\/\\\/uelzener.de\\\/magazin\\\/katze\\\/haeufige-fragen\\\/landen-katzen-wirklich-immer-auf-den-pfoten\\\/#primaryimage\"},\"thumbnailUrl\":\"https:\\\/\\\/uelzener.de\\\/magazin\\\/app\\\/uploads\\\/2025\\\/04\\\/landen-katzen-auf-pfoten.jpg\",\"datePublished\":\"2025-04-14T11:54:06+00:00\",\"dateModified\":\"2025-11-13T10:49:36+00:00\",\"description\":\"Entdecke, ob Katzen wirklich immer auf den Pfoten landen. Wir kl\u00e4ren den Mythos um die eleganten Samtpfoten.\",\"breadcrumb\":{\"@id\":\"https:\\\/\\\/uelzener.de\\\/magazin\\\/katze\\\/haeufige-fragen\\\/landen-katzen-wirklich-immer-auf-den-pfoten\\\/#breadcrumb\"},\"inLanguage\":\"de\",\"potentialAction\":[{\"@type\":\"ReadAction\",\"target\":[\"https:\\\/\\\/uelzener.de\\\/magazin\\\/katze\\\/haeufige-fragen\\\/landen-katzen-wirklich-immer-auf-den-pfoten\\\/\"]}]},{\"@type\":\"ImageObject\",\"inLanguage\":\"de\",\"@id\":\"https:\\\/\\\/uelzener.de\\\/magazin\\\/katze\\\/haeufige-fragen\\\/landen-katzen-wirklich-immer-auf-den-pfoten\\\/#primaryimage\",\"url\":\"https:\\\/\\\/uelzener.de\\\/magazin\\\/app\\\/uploads\\\/2025\\\/04\\\/landen-katzen-auf-pfoten.jpg\",\"contentUrl\":\"https:\\\/\\\/uelzener.de\\\/magazin\\\/app\\\/uploads\\\/2025\\\/04\\\/landen-katzen-auf-pfoten.jpg\",\"width\":1025,\"height\":450,\"caption\":\"Landen Katzen immer auf ihren Pfoten?\"},{\"@type\":\"WebSite\",\"@id\":\"https:\\\/\\\/uelzener.de\\\/magazin\\\/#website\",\"url\":\"https:\\\/\\\/uelzener.de\\\/magazin\\\/\",\"name\":\"Uelzener Tiermagazin\",\"description\":\"Online Tierratgeber der Uelzener Versicherungen\",\"publisher\":{\"@id\":\"https:\\\/\\\/uelzener.de\\\/magazin\\\/#organization\"},\"potentialAction\":[{\"@type\":\"SearchAction\",\"target\":{\"@type\":\"EntryPoint\",\"urlTemplate\":\"https:\\\/\\\/uelzener.de\\\/magazin\\\/?s={search_term_string}\"},\"query-input\":{\"@type\":\"PropertyValueSpecification\",\"valueRequired\":true,\"valueName\":\"search_term_string\"}}],\"inLanguage\":\"de\"},{\"@type\":\"Organization\",\"@id\":\"https:\\\/\\\/uelzener.de\\\/magazin\\\/#organization\",\"name\":\"Uelzener Versicherungen\",\"url\":\"https:\\\/\\\/uelzener.de\\\/magazin\\\/\",\"logo\":{\"@type\":\"ImageObject\",\"inLanguage\":\"de\",\"@id\":\"https:\\\/\\\/uelzener.de\\\/magazin\\\/#\\\/schema\\\/logo\\\/image\\\/\",\"url\":\"https:\\\/\\\/uelzener.de\\\/magazin\\\/app\\\/uploads\\\/2024\\\/11\\\/uelzener_allgemeine_versicherungsgesellschaft_a_g_logo.jpg\",\"contentUrl\":\"https:\\\/\\\/uelzener.de\\\/magazin\\\/app\\\/uploads\\\/2024\\\/11\\\/uelzener_allgemeine_versicherungsgesellschaft_a_g_logo.jpg\",\"width\":200,\"height\":200,\"caption\":\"Uelzener Versicherungen\"},\"image\":{\"@id\":\"https:\\\/\\\/uelzener.de\\\/magazin\\\/#\\\/schema\\\/logo\\\/image\\\/\"},\"sameAs\":[\"https:\\\/\\\/www.facebook.com\\\/Uelzener\",\"https:\\\/\\\/instagram.com\\\/uelzener\",\"https:\\\/\\\/www.xing.com\\\/pages\\\/uelzenerallgemeineversicherungs-gesellschafta-g\",\"https:\\\/\\\/www.youtube.com\\\/UelzenerVersicherungen\"]}]}<\/script>\n<!-- \/ Yoast SEO Premium plugin. -->","yoast_head_json":{"title":"Landen Katzen wirklich immer auf den Pfoten? | Uelzener Magazin","description":"Entdecke, ob Katzen wirklich immer auf den Pfoten landen. Wir kl\u00e4ren den Mythos um die eleganten Samtpfoten.","robots":{"index":"index","follow":"follow","max-snippet":"max-snippet:-1","max-image-preview":"max-image-preview:large","max-video-preview":"max-video-preview:-1"},"canonical":"https:\/\/uelzener.de\/magazin\/katze\/haeufige-fragen\/landen-katzen-wirklich-immer-auf-den-pfoten\/","og_locale":"de_DE","og_type":"article","og_title":"Landen Katzen wirklich immer auf den Pfoten?","og_description":"Entdecke, ob Katzen wirklich immer auf den Pfoten landen. Wir kl\u00e4ren den Mythos um die eleganten Samtpfoten.","og_url":"https:\/\/uelzener.de\/magazin\/katze\/haeufige-fragen\/landen-katzen-wirklich-immer-auf-den-pfoten\/","og_site_name":"Uelzener Tier-Magazin","article_publisher":"https:\/\/www.facebook.com\/Uelzener","article_modified_time":"2025-11-13T10:49:36+00:00","og_image":[{"width":1025,"height":450,"url":"https:\/\/uelzener.de\/magazin\/app\/uploads\/2025\/04\/landen-katzen-auf-pfoten.jpg","type":"image\/jpeg"}],"twitter_card":"summary_large_image","twitter_misc":{"Gesch\u00e4tzte Lesezeit":"8\u00a0Minuten"},"schema":{"@context":"https:\/\/schema.org","@graph":[{"@type":"WebPage","@id":"https:\/\/uelzener.de\/magazin\/katze\/haeufige-fragen\/landen-katzen-wirklich-immer-auf-den-pfoten\/","url":"https:\/\/uelzener.de\/magazin\/katze\/haeufige-fragen\/landen-katzen-wirklich-immer-auf-den-pfoten\/","name":"Landen Katzen wirklich immer auf den Pfoten? | Uelzener Magazin","isPartOf":{"@id":"https:\/\/uelzener.de\/magazin\/#website"},"primaryImageOfPage":{"@id":"https:\/\/uelzener.de\/magazin\/katze\/haeufige-fragen\/landen-katzen-wirklich-immer-auf-den-pfoten\/#primaryimage"},"image":{"@id":"https:\/\/uelzener.de\/magazin\/katze\/haeufige-fragen\/landen-katzen-wirklich-immer-auf-den-pfoten\/#primaryimage"},"thumbnailUrl":"https:\/\/uelzener.de\/magazin\/app\/uploads\/2025\/04\/landen-katzen-auf-pfoten.jpg","datePublished":"2025-04-14T11:54:06+00:00","dateModified":"2025-11-13T10:49:36+00:00","description":"Entdecke, ob Katzen wirklich immer auf den Pfoten landen. Wir kl\u00e4ren den Mythos um die eleganten Samtpfoten.","breadcrumb":{"@id":"https:\/\/uelzener.de\/magazin\/katze\/haeufige-fragen\/landen-katzen-wirklich-immer-auf-den-pfoten\/#breadcrumb"},"inLanguage":"de","potentialAction":[{"@type":"ReadAction","target":["https:\/\/uelzener.de\/magazin\/katze\/haeufige-fragen\/landen-katzen-wirklich-immer-auf-den-pfoten\/"]}]},{"@type":"ImageObject","inLanguage":"de","@id":"https:\/\/uelzener.de\/magazin\/katze\/haeufige-fragen\/landen-katzen-wirklich-immer-auf-den-pfoten\/#primaryimage","url":"https:\/\/uelzener.de\/magazin\/app\/uploads\/2025\/04\/landen-katzen-auf-pfoten.jpg","contentUrl":"https:\/\/uelzener.de\/magazin\/app\/uploads\/2025\/04\/landen-katzen-auf-pfoten.jpg","width":1025,"height":450,"caption":"Landen Katzen immer auf ihren Pfoten?"},{"@type":"WebSite","@id":"https:\/\/uelzener.de\/magazin\/#website","url":"https:\/\/uelzener.de\/magazin\/","name":"Uelzener Tiermagazin","description":"Online Tierratgeber der Uelzener Versicherungen","publisher":{"@id":"https:\/\/uelzener.de\/magazin\/#organization"},"potentialAction":[{"@type":"SearchAction","target":{"@type":"EntryPoint","urlTemplate":"https:\/\/uelzener.de\/magazin\/?s={search_term_string}"},"query-input":{"@type":"PropertyValueSpecification","valueRequired":true,"valueName":"search_term_string"}}],"inLanguage":"de"},{"@type":"Organization","@id":"https:\/\/uelzener.de\/magazin\/#organization","name":"Uelzener Versicherungen","url":"https:\/\/uelzener.de\/magazin\/","logo":{"@type":"ImageObject","inLanguage":"de","@id":"https:\/\/uelzener.de\/magazin\/#\/schema\/logo\/image\/","url":"https:\/\/uelzener.de\/magazin\/app\/uploads\/2024\/11\/uelzener_allgemeine_versicherungsgesellschaft_a_g_logo.jpg","contentUrl":"https:\/\/uelzener.de\/magazin\/app\/uploads\/2024\/11\/uelzener_allgemeine_versicherungsgesellschaft_a_g_logo.jpg","width":200,"height":200,"caption":"Uelzener Versicherungen"},"image":{"@id":"https:\/\/uelzener.de\/magazin\/#\/schema\/logo\/image\/"},"sameAs":["https:\/\/www.facebook.com\/Uelzener","https:\/\/instagram.com\/uelzener","https:\/\/www.xing.com\/pages\/uelzenerallgemeineversicherungs-gesellschafta-g","https:\/\/www.youtube.com\/UelzenerVersicherungen"]}]}},"_links":{"self":[{"href":"https:\/\/uelzener.de\/magazin\/wp-json\/wp\/v2\/pages\/18350","targetHints":{"allow":["GET"]}}],"collection":[{"href":"https:\/\/uelzener.de\/magazin\/wp-json\/wp\/v2\/pages"}],"about":[{"href":"https:\/\/uelzener.de\/magazin\/wp-json\/wp\/v2\/types\/page"}],"author":[{"embeddable":true,"href":"https:\/\/uelzener.de\/magazin\/wp-json\/wp\/v2\/users\/11"}],"replies":[{"embeddable":true,"href":"https:\/\/uelzener.de\/magazin\/wp-json\/wp\/v2\/comments?post=18350"}],"version-history":[{"count":5,"href":"https:\/\/uelzener.de\/magazin\/wp-json\/wp\/v2\/pages\/18350\/revisions"}],"predecessor-version":[{"id":19511,"href":"https:\/\/uelzener.de\/magazin\/wp-json\/wp\/v2\/pages\/18350\/revisions\/19511"}],"up":[{"embeddable":true,"href":"https:\/\/uelzener.de\/magazin\/wp-json\/wp\/v2\/pages\/11691"}],"wp:featuredmedia":[{"embeddable":true,"href":"https:\/\/uelzener.de\/magazin\/wp-json\/wp\/v2\/media\/18357"}],"wp:attachment":[{"href":"https:\/\/uelzener.de\/magazin\/wp-json\/wp\/v2\/media?parent=18350"}],"curies":[{"name":"wp","href":"https:\/\/api.w.org\/{rel}","templated":true}]}}