{"id":18261,"date":"2025-03-13T16:20:34","date_gmt":"2025-03-13T15:20:34","guid":{"rendered":"https:\/\/uelzener.de\/magazin\/?page_id=18261"},"modified":"2025-11-20T11:21:07","modified_gmt":"2025-11-20T10:21:07","slug":"koppen-alle-fakten-zur-verhaltensstoerung-beim-pferd","status":"publish","type":"page","link":"https:\/\/uelzener.de\/magazin\/pferd\/tiergesundheit\/koppen-alle-fakten-zur-verhaltensstoerung-beim-pferd\/","title":{"rendered":"Koppen: Alle Fakten zur Verhaltensst\u00f6rung beim Pferd"},"content":{"rendered":"<p>Vielleicht hast du folgende Situation schon einmal beobachtet: Dein Pferd steht in der Box und presst seine Schneidez\u00e4hne auf eine Kante. Es spannt die Halsmuskulatur an und pl\u00f6tzlich ert\u00f6nt ein Ger\u00e4usch, das sich anh\u00f6rt wie ein R\u00fclpsen. Das mag zun\u00e4chst witzig anmuten, kehrt das Verhalten jedoch wieder, solltest du alarmiert sein. Man spricht in dem Zusammenhang vom sogenannten Koppen. Dabei handelt es sich um eine Verhaltensst\u00f6rung, die dem Pferd dabei hilft, Stress abzubauen. Die Ursachen daf\u00fcr k\u00f6nnen vielf\u00e4ltig sein. Was es mit dem Koppen beim Pferd auf sich hat und wie du dem Verhalten vorbeugen kannst, fassen wir an dieser Stelle f\u00fcr dich zusammen.<\/p>\n<h2>Ungew\u00f6hnliches Verhalten: Wenn Pferde koppen<\/h2>\n<p>Das Koppen geh\u00f6rt zu den Stereotypien, womit sich wiederholende, gleichf\u00f6rmige Bewegungsmuster ohne erkennbaren Zweck und Nutzen beschrieben werden. Sch\u00e4tzungen zufolge sind bis zu acht Prozent aller Pferde davon betroffen.<\/p>\n<p>Grunds\u00e4tzlich lassen sich zwei Arten des Koppens differenzieren:<\/p>\n<ul>\n<li aria-level=\"1\"><b>Aufsetzkoppen: <\/b>Pferde, die diese Variante zeigen, werden auch als Aufsetzkopper bezeichnet. Hierbei setzt das Tier die oberen Schneidez\u00e4hne auf einem Gegenstand ab (beispielsweise auf dem Boxenrand, Zaun oder Futtertrog) und spannt die Halsmuskulatur an, um den Schlundkopf zu \u00f6ffnen und Luft in die Speiser\u00f6hre str\u00f6men zu lassen. Dabei ert\u00f6nt das charakteristische Koppger\u00e4usch. Einige Pferde wiederholen dieses Verhalten wie unter Zwang mehrmals hintereinander.<\/li>\n<li aria-level=\"1\"><b>Freikoppen<\/b>: Freikopper hingegen neigen ihren Kopf erst Richtung Brust und lassen diesen dann in einer ruckartigen Bewegung hochschnellen. Sie setzen ihre Z\u00e4hne also nicht erst auf einen Gegenstand auf. Auch das Freikoppen wird teils mehrmals hintereinander wiederholt.<\/li>\n<\/ul>\n<p>Das Aufsetzkoppen ist st\u00e4rker verbreitet, das Freikoppen hingegen seltener zu beobachten.<\/p>\n<h2>M\u00f6gliche Gr\u00fcnde und Ursachen f\u00fcrs Koppen<\/h2>\n<p>Wenn dein Pferd anf\u00e4ngt zu koppen, kann das unterschiedliche Ursachen haben. Grunds\u00e4tzlich nutzen die Tiere dieses Verhalten zum Stressabbau. Sowohl beim Aufsetzkoppen als auch beim Freikoppen werden Endorphine ausgesch\u00fcttet, durch die sich das Pferd beruhigt und entspannt. Das f\u00fchrt dazu, dass es immer wieder das Verhalten zeigt. Extreme Kopper verbringen sogar bis zu 65 Prozent des Tages damit.<\/p>\n<h3>Ursachen f\u00fcr die Verhaltensst\u00f6rung beim Pferd<\/h3>\n<p>Als Ursache f\u00fcrs \u201eR\u00fclpsen\u201d kommen mehrere Faktoren in Frage. Dazu geh\u00f6ren zum Beispiel:<\/p>\n<ul>\n<li aria-level=\"1\">nicht artgerechte Haltung<\/li>\n<li aria-level=\"1\">ungen\u00fcgende oder mangelhafte F\u00fctterung<\/li>\n<li aria-level=\"1\">falsche oder unpassende Trainingspraktiken<\/li>\n<li aria-level=\"1\">Bewegungsmangel<\/li>\n<li aria-level=\"1\">soziale Aspekte\n<ul>\n<li aria-level=\"2\">zu fr\u00fche Trennung vom Muttertier<\/li>\n<li aria-level=\"2\">extreme Stresssituationen im jungen Alter<\/li>\n<li aria-level=\"2\">Einsamkeit<\/li>\n<li aria-level=\"2\">zu wenig Zuwendung<\/li>\n<\/ul>\n<\/li>\n<li aria-level=\"1\">Langeweile<\/li>\n<\/ul>\n<p>Hinzu kommt eine m\u00f6gliche genetische Disposition, die jedoch meist nur in Kombination mit anderen Faktoren zu dieser Verhaltensst\u00f6rung f\u00fchrt.<\/p>\n<h2>H\u00e4ufige Anzeichen f\u00fcrs Koppen<\/h2>\n<p>Wenn du vermutest, dass ein Pferd koppt, es aber noch nie direkt dabei beobachtet hast, gibt es mehrere Dinge, auf die du achten kannst.<\/p>\n<p>Bei Aufsetzkoppern geben die Z\u00e4hne bereits einen Hinweis. Durch das wiederholte Aufsetzen der oberen Schneidez\u00e4hne auf harte Gegenst\u00e4nde kommt es zu einem unnat\u00fcrlichen Abrieb. Zudem kannst du Objekte auf Maulh\u00f6he des Pferdes auf Abnutzungsspuren untersuchen. Sind an der Box, am Zaun oder am Futtertrog Zahnspuren erkennbar, ist das ein Indiz daf\u00fcr, dass das Pferd koppt.<\/p>\n<p>Freikopper sind schwieriger als solche zu erkennen, da weder die Z\u00e4hne noch Gegenst\u00e4nde der Umgebung Abnutzungsspuren aufweisen. Allerdings k\u00f6nnen Verhaltensver\u00e4nderungen und eine ausgepr\u00e4gtere Halsmuskulatur auf die Verhaltensst\u00f6rung hindeuten. Diese Anzeichen sollten genauer beobachtet und ernst genommen werden.<\/p>\n<h2>Auswirkungen der Verhaltensst\u00f6rung aufs Pferd<\/h2>\n<p>Koppen ist ein zwanghaftes Verhalten, das das Pferd nicht einfach so abstellen kann. Es kann eine erhebliche psychische Belastung darstellen, aber auch zu k\u00f6rperlichen Beeintr\u00e4chtigungen f\u00fchren.<\/p>\n<p>Wenn dein Pferd ein Aufsetzkopper ist, wirst du mit der Zeit ein sogenanntes Koppergebiss bemerken. Die oberen Schneidez\u00e4hne zeigen dann deutliche Abnutzungserscheinungen. In manchen F\u00e4llen schreitet der Zahnschaden so weit voran, dass das Pferd Schwierigkeiten bei der Futteraufnahme hat.<\/p>\n<p>Ein m\u00f6glicher Zusammenhang zwischen Koppen und Koliken wurde lange vermutet, konnte jedoch durch Studien widerlegt werden. Die Annahme entstand aufgrund der \u00fcberm\u00e4\u00dfigen Luftaufnahme beim Koppen. Tats\u00e4chlich entweicht jedoch der Gro\u00dfteil der Luft direkt wieder. In den Magen-Darm-Trakt gelangt nur ein geringer Anteil. Nichtsdestotrotz kann es durch das Koppen zu vermehrten Bauchschmerzen kommen.<\/p>\n<p>Bei einigen Koppern l\u00e4sst sich auch eine Gewichtsabnahme feststellen. Dazu kann es beispielsweise kommen, wenn die besch\u00e4digte Zahnsubstanz das Bei\u00dfen und Kauen erschwert. Extreme Kopper bringen den Gro\u00dfteil des Tages mit dem Koppen zu, so dass schlicht weniger Zeit f\u00fcr die Nahrungsaufnahme bleibt.<\/p>\n<h2>Koppen: Vorbeugung und Abgew\u00f6hnung<\/h2>\n<p>Stellst du fest, dass dein Pferd koppt, solltest du dir tier\u00e4rztliche Unterst\u00fctzung holen. Die Uelzener Pferde-Krankenversicherung sch\u00fctzt dich vor hohen Tierarztkosten und bietet dir umfassenden Schutz.<\/p>\n\n<div class=\"banner\">\n    <a href=\"https:\/\/uelzener.de\/pferd\/herden-versicherung\/?agt=0000104925&sem=true&utm_medium=magazin&utm_source=wordpress&utm_campaign=pferd_kv&utm_content=banner    \">\n        <img decoding=\"async\" width=\"300\" height=\"212\" src=\"https:\/\/uelzener.de\/magazin\/app\/uploads\/2025\/01\/Pferde-Kranken-Versicherung.jpg\" class=\"attachment-medium size-medium\" alt=\"Banner Pferde-Kranken-Versicherung\" \/>    <\/a>\n<\/div>\n\n<p>Im\u00a0 ersten Schritt muss der Ursache f\u00fcr das Koppen auf den Grund gegangen werden. Da diese nicht immer eindeutig erkennbar ist, kann es n\u00f6tig sein, mehrere Ans\u00e4tze auszuprobieren. Der erste und wichtigste Schritt besteht darin, die Haltungsbedingungen so zu optimieren, dass sie den nat\u00fcrlichen Bed\u00fcrfnissen deines Pferdes bestm\u00f6glich entsprechen. Dazu geh\u00f6ren auch ein optimal zusammengesetztes Futter mit geringem Kraftfutteranteil und ein dauerhafter Zugang zu Heu. Gleicherma\u00dfen wichtig sind soziale Kontakte, Besch\u00e4ftigungsm\u00f6glichkeiten und ausreichend Bewegung.<\/p>\n<p>Keinesfalls sollte das Koppen mit Ma\u00dfnahmen wie Kopperriemen oder operativen Eingriffen, bei denen bestimmte Halsmuskeln und -nerven durchtrennt werden, unterdr\u00fcckt werden. Das f\u00fchrt meist zu noch mehr Stress und kann weitere Verhaltensst\u00f6rungen ausl\u00f6sen.<\/p>\n<p>Stattdessen sollte der Fokus darauf liegen, die Haltungs- und Lebensbedingungen des Pferdes zu verbessern. Trotzdem bleibt das Koppen in vielen F\u00e4llen bestehen. Das Verhaltensmuster gilt als residual-reaktiv, was bedeutet, dass es trotz Beseitigung der Ursache weiterhin auftreten kann.<\/p>\n\n<div class=\"related_articles boxed\">\n    <h2>Mehr zum Thema<\/h2>\n    \n    <div class=\"wrapper\"><div class=\"title align-center\"><h3><a href=\"https:\/\/uelzener.de\/magazin\/pferd\/haltung\/aktivstall-konzept-einer-artgerechten-pferdehaltung\/\">Aktivstall: Konzept einer artgerechten Pferdehaltung<\/a><\/h3><\/div><div class=\"img align-center\"><img decoding=\"async\" width=\"315\" height=\"180\" src=\"https:\/\/uelzener.de\/magazin\/app\/uploads\/2024\/11\/aktivstall-315x180.jpg\" class=\"attachment-315x180 size-315x180 wp-post-image\" alt=\"Aktivstall\" \/><\/div><\/div><div class=\"wrapper\"><div class=\"title align-center\"><h3><a href=\"https:\/\/uelzener.de\/magazin\/pferd\/haeufige-fragen\/warum-scharrt-ein-pferd-mit-den-hufen\/\">Warum scharrt ein Pferd mit den Hufen?<\/a><\/h3><\/div><div class=\"img align-center\"><img decoding=\"async\" width=\"315\" height=\"180\" src=\"https:\/\/uelzener.de\/magazin\/app\/uploads\/2025\/11\/hufscharren-315x180.jpg\" class=\"attachment-315x180 size-315x180 wp-post-image\" alt=\"\" \/><\/div><\/div><div class=\"wrapper\"><div class=\"title align-center\"><h3><a href=\"https:\/\/uelzener.de\/magazin\/pferd\/haltung\/pferdespielzeug-gegen-langeweile-bei-pferden\/\">Pferdespielzeug gegen Langeweile im Stall und auf der Weide<\/a><\/h3><\/div><div class=\"img align-center\"><img decoding=\"async\" width=\"315\" height=\"180\" src=\"https:\/\/uelzener.de\/magazin\/app\/uploads\/2022\/06\/Spielzeug-fuer-Pferde-315x180.jpg\" class=\"attachment-315x180 size-315x180 wp-post-image\" alt=\"Das Pferd schubst den rosa Ball \u00fcber seine Koppel, Pferdespielzeug hilft gegen Langeweile.\" \/><\/div><\/div><\/div>\n\n<h2>Fazit<\/h2>\n<p>Koppen ist eine ernstzunehmende Verhaltensst\u00f6rung. Wenn du den Verdacht hast, dass dein Pferd davon betroffen ist, solltest du schnell handeln und tier\u00e4rztlichen Rat einholen. Ein wichtige Ma\u00dfnahme ist,\u00a0 Stress zu minimieren und das Wohlbefinden des Tieres wiederherzustellen. Ist\u00a0 die Ursache gefunden und behoben, kann es zwar sein, dass das Koppen nicht vollst\u00e4ndig endet. Trotzdem ist es entscheidend, dem Pferd ein stressfreies Umfeld zu bieten. So kann es sich wohlf\u00fchlen, entspannen und das Koppen zumindest reduzieren.<\/p>\n<h2>FAQ: H\u00e4ufig gestellte Fragen zum Koppen<\/h2>\n<h3>Ahmen Pferde das Koppen nach?<\/h3>\n<p>Koppen ist eine Verhaltensst\u00f6rung und wird in der Intensit\u00e4t von anderen Pferden nicht nachgeahmt. Wenn mehrere Pferde in einem Stall koppen, liegt das wahrscheinlich eher an widrigen Haltungsbedingungen.<\/p>\n<h3>Kann es trotz optimaler Haltungsbedingungen zum Koppen kommen?<\/h3>\n<p>Es gibt viele m\u00f6gliche Ursachen f\u00fcr das Koppen, daher kann es selbst unter idealen Haltungs- und F\u00fctterungsbedingungen nicht g\u00e4nzlich ausgeschlossen werden. Auch einmalige extreme Stresssituationen oder eine zu fr\u00fche Trennung von der Mutter k\u00f6nnen Ausl\u00f6ser sein.<\/p>\n<h3>Was gilt es beim Pferdekauf in Bezug aufs Koppen zu beachten?<\/h3>\n<p>Das Koppen ist ein Grund f\u00fcr eine Wertminderung des Pferdes und stellt im rechtlichen Sinne einen Sachmangel dar.<\/p>\n","protected":false},"excerpt":{"rendered":"<p>Vielleicht hast du folgende Situation schon einmal beobachtet: Dein Pferd steht in der Box und presst seine Schneidez\u00e4hne auf eine Kante. Es spannt die Halsmuskulatur an und pl\u00f6tzlich ert\u00f6nt ein Ger\u00e4usch, das sich anh\u00f6rt wie ein R\u00fclpsen. Das mag zun\u00e4chst witzig anmuten, kehrt das Verhalten jedoch wieder, solltest du alarmiert sein. Man spricht in dem [&hellip;]<\/p>\n","protected":false},"author":21,"featured_media":18262,"parent":11706,"menu_order":17,"comment_status":"closed","ping_status":"closed","template":"templates\/blog.php","meta":{"_acf_changed":false,"_crdt_document":"","footnotes":"","beyondwords_generate_audio":"","beyondwords_project_id":"","beyondwords_content_id":"","beyondwords_preview_token":"","beyondwords_player_style":"","beyondwords_language_id":"","beyondwords_title_voice_id":"","beyondwords_body_voice_id":"","beyondwords_summary_voice_id":"","beyondwords_error_message":"","beyondwords_disabled":"","beyondwords_delete_content":"","beyondwords_podcast_id":"","beyondwords_hash":"","publish_post_to_speechkit":"","speechkit_hash":"","speechkit_generate_audio":"","speechkit_project_id":"","speechkit_podcast_id":"","speechkit_error_message":"","speechkit_disabled":"","speechkit_access_key":"","speechkit_error":"","speechkit_info":"","speechkit_response":"","speechkit_retries":"","speechkit_status":"","speechkit_updated_at":"","_speechkit_link":"","_speechkit_text":""},"class_list":["post-18261","page","type-page","status-publish","has-post-thumbnail","hentry"],"acf":[],"yoast_head":"<!-- This site is optimized with the Yoast SEO Premium plugin  - https:\/\/yoast.com\/product\/yoast-seo-premium-wordpress\/ -->\n<title>Koppen: Alle Fakten zur Verhaltensst\u00f6rung beim Pferd | Uelzener Magazin<\/title>\n<meta name=\"description\" content=\"Koppen beim Pferd \u2013 Ursachen, Risiken und m\u00f6gliche L\u00f6sungen. Erfahre, warum Pferde koppen, welche Folgen es hat und wie du damit umgehen kannst.\" \/>\n<meta name=\"robots\" content=\"index, follow, max-snippet:-1, max-image-preview:large, max-video-preview:-1\" \/>\n<link rel=\"canonical\" href=\"https:\/\/uelzener.de\/magazin\/pferd\/tiergesundheit\/koppen-alle-fakten-zur-verhaltensstoerung-beim-pferd\/\" \/>\n<meta property=\"og:locale\" content=\"de_DE\" \/>\n<meta property=\"og:type\" content=\"article\" \/>\n<meta property=\"og:title\" content=\"Koppen: Alle Fakten zur Verhaltensst\u00f6rung beim Pferd\" \/>\n<meta property=\"og:description\" content=\"Koppen beim Pferd \u2013 Ursachen, Risiken und m\u00f6gliche L\u00f6sungen. Erfahre, warum Pferde koppen, welche Folgen es hat und wie du damit umgehen kannst.\" \/>\n<meta property=\"og:url\" content=\"https:\/\/uelzener.de\/magazin\/pferd\/tiergesundheit\/koppen-alle-fakten-zur-verhaltensstoerung-beim-pferd\/\" \/>\n<meta property=\"og:site_name\" content=\"Uelzener Tier-Magazin\" \/>\n<meta property=\"article:publisher\" content=\"https:\/\/www.facebook.com\/Uelzener\" \/>\n<meta property=\"article:modified_time\" content=\"2025-11-20T10:21:07+00:00\" \/>\n<meta property=\"og:image\" content=\"https:\/\/uelzener.de\/magazin\/app\/uploads\/2025\/03\/Pferd_koppen.jpg\" \/>\n\t<meta property=\"og:image:width\" content=\"1025\" \/>\n\t<meta property=\"og:image:height\" content=\"450\" \/>\n\t<meta property=\"og:image:type\" content=\"image\/jpeg\" \/>\n<meta name=\"twitter:card\" content=\"summary_large_image\" \/>\n<meta name=\"twitter:label1\" content=\"Gesch\u00e4tzte Lesezeit\" \/>\n\t<meta name=\"twitter:data1\" content=\"6\u00a0Minuten\" \/>\n<script type=\"application\/ld+json\" class=\"yoast-schema-graph\">{\"@context\":\"https:\/\/schema.org\",\"@graph\":[{\"@type\":\"WebPage\",\"@id\":\"https:\/\/uelzener.de\/magazin\/pferd\/tiergesundheit\/koppen-alle-fakten-zur-verhaltensstoerung-beim-pferd\/\",\"url\":\"https:\/\/uelzener.de\/magazin\/pferd\/tiergesundheit\/koppen-alle-fakten-zur-verhaltensstoerung-beim-pferd\/\",\"name\":\"Koppen: Alle Fakten zur Verhaltensst\u00f6rung beim Pferd | Uelzener Magazin\",\"isPartOf\":{\"@id\":\"https:\/\/uelzener.de\/magazin\/#website\"},\"primaryImageOfPage\":{\"@id\":\"https:\/\/uelzener.de\/magazin\/pferd\/tiergesundheit\/koppen-alle-fakten-zur-verhaltensstoerung-beim-pferd\/#primaryimage\"},\"image\":{\"@id\":\"https:\/\/uelzener.de\/magazin\/pferd\/tiergesundheit\/koppen-alle-fakten-zur-verhaltensstoerung-beim-pferd\/#primaryimage\"},\"thumbnailUrl\":\"https:\/\/uelzener.de\/magazin\/app\/uploads\/2025\/03\/Pferd_koppen.jpg\",\"datePublished\":\"2025-03-13T15:20:34+00:00\",\"dateModified\":\"2025-11-20T10:21:07+00:00\",\"description\":\"Koppen beim Pferd \u2013 Ursachen, Risiken und m\u00f6gliche L\u00f6sungen. Erfahre, warum Pferde koppen, welche Folgen es hat und wie du damit umgehen kannst.\",\"breadcrumb\":{\"@id\":\"https:\/\/uelzener.de\/magazin\/pferd\/tiergesundheit\/koppen-alle-fakten-zur-verhaltensstoerung-beim-pferd\/#breadcrumb\"},\"inLanguage\":\"de\",\"potentialAction\":[{\"@type\":\"ReadAction\",\"target\":[\"https:\/\/uelzener.de\/magazin\/pferd\/tiergesundheit\/koppen-alle-fakten-zur-verhaltensstoerung-beim-pferd\/\"]}]},{\"@type\":\"ImageObject\",\"inLanguage\":\"de\",\"@id\":\"https:\/\/uelzener.de\/magazin\/pferd\/tiergesundheit\/koppen-alle-fakten-zur-verhaltensstoerung-beim-pferd\/#primaryimage\",\"url\":\"https:\/\/uelzener.de\/magazin\/app\/uploads\/2025\/03\/Pferd_koppen.jpg\",\"contentUrl\":\"https:\/\/uelzener.de\/magazin\/app\/uploads\/2025\/03\/Pferd_koppen.jpg\",\"width\":1025,\"height\":450,\"caption\":\"Ein Pferd bei\u00dft verkrampft auf einen Zaun.\"},{\"@type\":\"WebSite\",\"@id\":\"https:\/\/uelzener.de\/magazin\/#website\",\"url\":\"https:\/\/uelzener.de\/magazin\/\",\"name\":\"Uelzener Tiermagazin\",\"description\":\"Online Tierratgeber der Uelzener Versicherungen\",\"publisher\":{\"@id\":\"https:\/\/uelzener.de\/magazin\/#organization\"},\"potentialAction\":[{\"@type\":\"SearchAction\",\"target\":{\"@type\":\"EntryPoint\",\"urlTemplate\":\"https:\/\/uelzener.de\/magazin\/?s={search_term_string}\"},\"query-input\":{\"@type\":\"PropertyValueSpecification\",\"valueRequired\":true,\"valueName\":\"search_term_string\"}}],\"inLanguage\":\"de\"},{\"@type\":\"Organization\",\"@id\":\"https:\/\/uelzener.de\/magazin\/#organization\",\"name\":\"Uelzener Versicherungen\",\"url\":\"https:\/\/uelzener.de\/magazin\/\",\"logo\":{\"@type\":\"ImageObject\",\"inLanguage\":\"de\",\"@id\":\"https:\/\/uelzener.de\/magazin\/#\/schema\/logo\/image\/\",\"url\":\"https:\/\/uelzener.de\/magazin\/app\/uploads\/2024\/11\/uelzener_allgemeine_versicherungsgesellschaft_a_g_logo.jpg\",\"contentUrl\":\"https:\/\/uelzener.de\/magazin\/app\/uploads\/2024\/11\/uelzener_allgemeine_versicherungsgesellschaft_a_g_logo.jpg\",\"width\":200,\"height\":200,\"caption\":\"Uelzener Versicherungen\"},\"image\":{\"@id\":\"https:\/\/uelzener.de\/magazin\/#\/schema\/logo\/image\/\"},\"sameAs\":[\"https:\/\/www.facebook.com\/Uelzener\",\"https:\/\/instagram.com\/uelzener\",\"https:\/\/www.xing.com\/pages\/uelzenerallgemeineversicherungs-gesellschafta-g\",\"https:\/\/www.youtube.com\/UelzenerVersicherungen\"]}]}<\/script>\n<!-- \/ Yoast SEO Premium plugin. -->","yoast_head_json":{"title":"Koppen: Alle Fakten zur Verhaltensst\u00f6rung beim Pferd | Uelzener Magazin","description":"Koppen beim Pferd \u2013 Ursachen, Risiken und m\u00f6gliche L\u00f6sungen. Erfahre, warum Pferde koppen, welche Folgen es hat und wie du damit umgehen kannst.","robots":{"index":"index","follow":"follow","max-snippet":"max-snippet:-1","max-image-preview":"max-image-preview:large","max-video-preview":"max-video-preview:-1"},"canonical":"https:\/\/uelzener.de\/magazin\/pferd\/tiergesundheit\/koppen-alle-fakten-zur-verhaltensstoerung-beim-pferd\/","og_locale":"de_DE","og_type":"article","og_title":"Koppen: Alle Fakten zur Verhaltensst\u00f6rung beim Pferd","og_description":"Koppen beim Pferd \u2013 Ursachen, Risiken und m\u00f6gliche L\u00f6sungen. Erfahre, warum Pferde koppen, welche Folgen es hat und wie du damit umgehen kannst.","og_url":"https:\/\/uelzener.de\/magazin\/pferd\/tiergesundheit\/koppen-alle-fakten-zur-verhaltensstoerung-beim-pferd\/","og_site_name":"Uelzener Tier-Magazin","article_publisher":"https:\/\/www.facebook.com\/Uelzener","article_modified_time":"2025-11-20T10:21:07+00:00","og_image":[{"width":1025,"height":450,"url":"https:\/\/uelzener.de\/magazin\/app\/uploads\/2025\/03\/Pferd_koppen.jpg","type":"image\/jpeg"}],"twitter_card":"summary_large_image","twitter_misc":{"Gesch\u00e4tzte Lesezeit":"6\u00a0Minuten"},"schema":{"@context":"https:\/\/schema.org","@graph":[{"@type":"WebPage","@id":"https:\/\/uelzener.de\/magazin\/pferd\/tiergesundheit\/koppen-alle-fakten-zur-verhaltensstoerung-beim-pferd\/","url":"https:\/\/uelzener.de\/magazin\/pferd\/tiergesundheit\/koppen-alle-fakten-zur-verhaltensstoerung-beim-pferd\/","name":"Koppen: Alle Fakten zur Verhaltensst\u00f6rung beim Pferd | Uelzener Magazin","isPartOf":{"@id":"https:\/\/uelzener.de\/magazin\/#website"},"primaryImageOfPage":{"@id":"https:\/\/uelzener.de\/magazin\/pferd\/tiergesundheit\/koppen-alle-fakten-zur-verhaltensstoerung-beim-pferd\/#primaryimage"},"image":{"@id":"https:\/\/uelzener.de\/magazin\/pferd\/tiergesundheit\/koppen-alle-fakten-zur-verhaltensstoerung-beim-pferd\/#primaryimage"},"thumbnailUrl":"https:\/\/uelzener.de\/magazin\/app\/uploads\/2025\/03\/Pferd_koppen.jpg","datePublished":"2025-03-13T15:20:34+00:00","dateModified":"2025-11-20T10:21:07+00:00","description":"Koppen beim Pferd \u2013 Ursachen, Risiken und m\u00f6gliche L\u00f6sungen. Erfahre, warum Pferde koppen, welche Folgen es hat und wie du damit umgehen kannst.","breadcrumb":{"@id":"https:\/\/uelzener.de\/magazin\/pferd\/tiergesundheit\/koppen-alle-fakten-zur-verhaltensstoerung-beim-pferd\/#breadcrumb"},"inLanguage":"de","potentialAction":[{"@type":"ReadAction","target":["https:\/\/uelzener.de\/magazin\/pferd\/tiergesundheit\/koppen-alle-fakten-zur-verhaltensstoerung-beim-pferd\/"]}]},{"@type":"ImageObject","inLanguage":"de","@id":"https:\/\/uelzener.de\/magazin\/pferd\/tiergesundheit\/koppen-alle-fakten-zur-verhaltensstoerung-beim-pferd\/#primaryimage","url":"https:\/\/uelzener.de\/magazin\/app\/uploads\/2025\/03\/Pferd_koppen.jpg","contentUrl":"https:\/\/uelzener.de\/magazin\/app\/uploads\/2025\/03\/Pferd_koppen.jpg","width":1025,"height":450,"caption":"Ein Pferd bei\u00dft verkrampft auf einen Zaun."},{"@type":"WebSite","@id":"https:\/\/uelzener.de\/magazin\/#website","url":"https:\/\/uelzener.de\/magazin\/","name":"Uelzener Tiermagazin","description":"Online Tierratgeber der Uelzener Versicherungen","publisher":{"@id":"https:\/\/uelzener.de\/magazin\/#organization"},"potentialAction":[{"@type":"SearchAction","target":{"@type":"EntryPoint","urlTemplate":"https:\/\/uelzener.de\/magazin\/?s={search_term_string}"},"query-input":{"@type":"PropertyValueSpecification","valueRequired":true,"valueName":"search_term_string"}}],"inLanguage":"de"},{"@type":"Organization","@id":"https:\/\/uelzener.de\/magazin\/#organization","name":"Uelzener Versicherungen","url":"https:\/\/uelzener.de\/magazin\/","logo":{"@type":"ImageObject","inLanguage":"de","@id":"https:\/\/uelzener.de\/magazin\/#\/schema\/logo\/image\/","url":"https:\/\/uelzener.de\/magazin\/app\/uploads\/2024\/11\/uelzener_allgemeine_versicherungsgesellschaft_a_g_logo.jpg","contentUrl":"https:\/\/uelzener.de\/magazin\/app\/uploads\/2024\/11\/uelzener_allgemeine_versicherungsgesellschaft_a_g_logo.jpg","width":200,"height":200,"caption":"Uelzener Versicherungen"},"image":{"@id":"https:\/\/uelzener.de\/magazin\/#\/schema\/logo\/image\/"},"sameAs":["https:\/\/www.facebook.com\/Uelzener","https:\/\/instagram.com\/uelzener","https:\/\/www.xing.com\/pages\/uelzenerallgemeineversicherungs-gesellschafta-g","https:\/\/www.youtube.com\/UelzenerVersicherungen"]}]}},"_links":{"self":[{"href":"https:\/\/uelzener.de\/magazin\/wp-json\/wp\/v2\/pages\/18261","targetHints":{"allow":["GET"]}}],"collection":[{"href":"https:\/\/uelzener.de\/magazin\/wp-json\/wp\/v2\/pages"}],"about":[{"href":"https:\/\/uelzener.de\/magazin\/wp-json\/wp\/v2\/types\/page"}],"author":[{"embeddable":true,"href":"https:\/\/uelzener.de\/magazin\/wp-json\/wp\/v2\/users\/21"}],"replies":[{"embeddable":true,"href":"https:\/\/uelzener.de\/magazin\/wp-json\/wp\/v2\/comments?post=18261"}],"version-history":[{"count":5,"href":"https:\/\/uelzener.de\/magazin\/wp-json\/wp\/v2\/pages\/18261\/revisions"}],"predecessor-version":[{"id":19547,"href":"https:\/\/uelzener.de\/magazin\/wp-json\/wp\/v2\/pages\/18261\/revisions\/19547"}],"up":[{"embeddable":true,"href":"https:\/\/uelzener.de\/magazin\/wp-json\/wp\/v2\/pages\/11706"}],"wp:featuredmedia":[{"embeddable":true,"href":"https:\/\/uelzener.de\/magazin\/wp-json\/wp\/v2\/media\/18262"}],"wp:attachment":[{"href":"https:\/\/uelzener.de\/magazin\/wp-json\/wp\/v2\/media?parent=18261"}],"curies":[{"name":"wp","href":"https:\/\/api.w.org\/{rel}","templated":true}]}}