{"id":18245,"date":"2025-03-10T12:06:29","date_gmt":"2025-03-10T11:06:29","guid":{"rendered":"https:\/\/uelzener.de\/magazin\/?page_id=18245"},"modified":"2025-04-08T15:20:29","modified_gmt":"2025-04-08T13:20:29","slug":"cobbing-beim-hund-was-steckt-dahinter-wenn-dein-vierbeiner-knabbert","status":"publish","type":"page","link":"https:\/\/uelzener.de\/magazin\/hund\/tiergesundheit\/cobbing-beim-hund-was-steckt-dahinter-wenn-dein-vierbeiner-knabbert\/","title":{"rendered":"Cobbing beim Hund: Was steckt dahinter, wenn dein Vierbeiner knabbert?"},"content":{"rendered":"<p>Vielleicht kennst du die Situation: Du kommst mit deinem Hund von einem aufregenden Spaziergang nach Hause. Dein Vierbeiner rennt zu seinem K\u00f6rbchen, schnappt sich sein Lieblingspl\u00fcschtier und beginnt, mit den Vorderz\u00e4hnen hingebungsvoll daran zu knabbern. Eventuell ist es dir auch schon einmal passiert, dass sich dein Hund beim Schmusen auf der Couch mit ganz kleinen, sanften Bissen an deiner Hand, deinem Arm oder deinem Fu\u00df zu schaffen macht. Hast du dich schon einmal gefragt, was dahintersteckt? In der Fachwelt spricht man vom sogenannten Cobbing. Darunter ist ein z\u00e4rtliches Knabbern zu verstehen, das mit Bei\u00dfen oder Kauen nichts zu tun hat. Vielmehr handelt es sich um ein Verhalten, mit dem Hunde beschwichtigen, sich selbst beruhigen oder ihre Zuneigung zum Ausdruck bringen. In diesem Artikel erkl\u00e4ren wir dir, worauf Cobbing beim Hund zur\u00fcckzuf\u00fchren ist, in welchen Situationen es normal ist und wann es problematisch wird.<\/p>\n<h2>Was ist Cobbing?<\/h2>\n<p>Cobbing ist ein nat\u00fcrliches und angeborenes Verhalten bei Hunden, das sich bereits im Welpenalter zeigt. Nach der Geburt sind die Tiere zun\u00e4chst einmal blind und taub und k\u00f6nnen sich in ihrer Umgebung kaum orientieren. Lediglich der Geruchssinn ist vorhanden, was es ihnen erm\u00f6glicht, ihre Mutter zu orten. Eine wesentliche Rolle spielt dabei das Jacobson-Organ, eine anatomische Besonderheit, mit der alle Hunde auf die Welt kommen. Es befindet sich im Gaumen und dient dazu, Pheromone wahrzunehmen. Das Cobbing unterst\u00fctzt dabei. Durch das Knabbern sind die Tiere in der Lage, zus\u00e4tzliche Pheromone aufzunehmen und zu verarbeiten. Au\u00dferdem hilft es den Welpen, den Milchfluss der Zitzen anzuregen, wenn sie von der Mutter ges\u00e4ugt werden.<\/p>\n<p>In vielen F\u00e4llen zeigt sich das Verhalten auch noch im Erwachsenenalter \u2013 und zwar aus verschiedenen Gr\u00fcnden. So wird das sanfte Knabbern als Kommunikationsmittel genutzt, dient der Fellpflege oder Stressbew\u00e4ltigung. Wir geben einen \u00dcberblick, was es bedeuten kann, wenn Hunde cobben.<\/p>\n<h3>Cobbing als Liebesbeweis<\/h3>\n<p>Wenn Hunde sanft an einem Artgenossen oder an ihrem Menschen knabbern, dr\u00fccken sie damit in aller Regel ihre Zuneigung aus. Im Rudel kommt es beispielsweise vor, dass sich Hunde beim entspannten Zusammenliegen untereinander am Ohr, Vorder- oder Hinterbein \u201eknibbeln\u201c, um Fellpflege zu betreiben, sich gegenseitig F\u00fcrsorge entgegenzubringen und die Bindung zu st\u00e4rken. M\u00f6glicherweise ist es dir auch schon passiert, dass dein Hund beim Schmusen pl\u00f6tzlich anfing, an deiner Hand oder deinem \u00c4rmel zu knabbern. Das ist durchaus als Liebesbeweis zu verstehen.<\/p>\n<h3>Cobbing als Beschwichtigungssignal<\/h3>\n<p>Cobbing kann auch ein Ausdruck von Beschwichtigung sein. Hunde zeigen das Verhalten, wenn sie Vertrauen aufbauen und ihrem Gegen\u00fcber verdeutlichen m\u00f6chten, dass sie nichts B\u00f6ses im Sinn haben. So kann das Verhalten beispielsweise im Zuge einer Auseinandersetzung oder bei Rangordnungsproblemen auftreten. In solchen F\u00e4llen versucht der Hund, durch Cobbing deeskalierend zu wirken und seinen Artgenossen mild zu stimmen. Knabbern als Beschwichtigungssignal kommt sowohl in der Kommunikation von Hund zu Hund als auch von Hund zu Mensch vor.<\/p>\n<h3>Cobbing zur Entspannung<\/h3>\n<p>Cobbing hilft Hunden ebenfalls beim Umgang mit Stress. Hat der Vierbeiner beispielsweise eine aufregende Gassirunde mit vielen Hundebegegnungen hinter sich, kann es sein, dass er gleich nach dem Heimkommen damit beginnt, an einem Spielzeug, einer Decke oder seinem K\u00f6rbchen zu knabbern. Cobbing kann also auch eine Methode sein, mit der Hunde sich selbst beruhigen. Ein m\u00f6glicher Grund f\u00fcr den entspannenden Effekt ist, dass das Knabbern an die Welpenzeit erinnert und Assoziationen von W\u00e4rme und Geborgenheit weckt. Teils erscheint das Knabbern auch als \u00dcbersprungshandlung, wenn Hunde aufgeregt sind und nicht wissen, wohin mit ihrer Energie.<\/p>\n<h3>Cobbing f\u00fcr mehr Aufmerksamkeit<\/h3>\n<p>Hunde cobben auch, um mehr Aufmerksamkeit zu erlangen. Liegt dein Hund neben dir, robbt an dich heran und f\u00e4ngt an, z\u00e4rtlich an deinem Arm zu knabbern, deutet das ziemlich sicher darauf hin, dass er jetzt mit dir kuscheln oder spielen m\u00f6chte. Auch in der Hund-Hund-Kommunikation zeigt sich das Verhalten. In dem Fall ist es als Aufforderung zur positiven Interaktion zu verstehen.<\/p>\n<h3>Cobbing gegen Langeweile und Frust<\/h3>\n<p>Hat ein Hund Langeweile oder f\u00fchlt sich ignoriert, kann das ebenfalls ein Anlass f\u00fcr Cobbing sein. Oft knabbern die Tiere dann an sich selbst oder einem Gegenstand, um sich in irgendeiner Weise zu besch\u00e4ftigen bzw. mit ihrer Frustration umzugehen. Wenn das Verhalten schnell wieder endet, besteht kein Grund zur Sorge. Bei anhaltendem und permanent wiederkehrendem Knabbern solltest du \u00fcberlegen, ob dein Hund ausreichend ausgelastet ist und gegebenenfalls eure Alltagsroutine \u00fcberdenken.<\/p>\n<h2>Wann Cobbing zum Problem werden kann<\/h2>\n<p>Cobbing ist ein Verhalten, das durch viele Faktoren ausgel\u00f6st werden kann und oft harmlos ist. Meist nutzen es Hunde als Kommunikationsmittel und verleihen ihren Bed\u00fcrfnissen damit Ausdruck. Es gibt aber auch ernste Gr\u00fcnde, die hinter Cobbing stecken k\u00f6nnen. Wir verraten dir, welche das sein k\u00f6nnen:<\/p>\n<ul>\n<li aria-level=\"1\"><b>Juckreiz<\/b>: Wenn ein Hund an sich knabbert, kann es sein, dass er damit Juckreiz zu lindern versucht. Nat\u00fcrlich kommt es immer mal vor, dass hier und da etwas juckt. Sollte das Knabbern aber anhalten oder sich das Fell an der Stelle schon lichten, solltest du dein Tier medizinisch untersuchen lassen. Eine Hundekrankenversicherung sch\u00fctzt dich vor hohen Tierarztkosten, so dass dein Vierbeiner optimal behandelt werden kann.<\/li>\n<li aria-level=\"1\"><b>Schmerzen<\/b>: Hunde reagieren auf Schmerzen h\u00e4ufig durch vermehrtes Lecken, Kratzen und Knabbern. Wenn du den Eindruck hast, dass sich dein Hund auf eine bestimmte Stelle fokussiert, solltest du sie n\u00e4her in Augenschein nehmen. Fiept oder winselt dein Hund, wenn du die Stelle ber\u00fchrst, oder versucht er, sich herauszuwinden, ist das ein Indiz f\u00fcr Schmerzhaftigkeit. Auch hier ist ein Besuch beim Tierarzt oder bei einer Tier\u00e4rztin anzuraten.<\/li>\n<li aria-level=\"1\"><b>Zahnen<\/b>: Cobbing kann auch beim Zahnen auftreten.\u00a0 Ab der dritten Lebenswoche brechen bei Welpen die Milchz\u00e4hne durch. Die Phase kann mit Schmerzen und juckendem Zahnfleisch verbunden sein, so dass sich die Tiere durch Knabbern Linderung zu schaffen versuchen. Wichtig w\u00e4hrend des Zahnens ist, das Gebiss regelm\u00e4\u00dfig zu pr\u00fcfen, um Komplikationen fr\u00fchzeitig zu erkennen und behandeln lassen zu k\u00f6nnen.<\/li>\n<li aria-level=\"1\"><b>Angst<\/b>: Cobbing hilft Hunden dabei, sich selbst zu beruhigen und Stress abzubauen. Das Verhalten kann jedoch auch ein Hinweis auf Angst oder Trauma sein. Kann dein Hund beispielsweise nicht alleine sein und knabbert er permanent w\u00e4hrend deiner Abwesenheit, ist das als Ausdruck von negativem Stress zu deuten. In dem Fall m\u00fcsst ihr die Ursache angehen und das Alleinebleiben kleinteilig aufbauen. Ein Hundetrainer oder eine Hundetrainerin kann dir dabei helfen.<\/li>\n<li aria-level=\"1\"><b>Verhaltensst\u00f6rung<\/b>: Bei manchen Hunden entwickelt sich das Cobbing zu einer ausgepr\u00e4gten Verhaltensst\u00f6rung. Das ist insofern problematisch, als das st\u00e4ndige Knabbern zu Fellverlust und Hautentz\u00fcndungen an den jeweiligen Stellen f\u00fchren kann. Hast du den Eindruck, dass das Cobbing bei deinem Hund exzessiv wird oder reagiert er aggressiv, wenn du ihn dabei unterbrichst, solltest du dir professionelle Unterst\u00fctzung holen, um den Grund herauszufinden und entgegenwirken zu k\u00f6nnen.<\/li>\n<\/ul>\n<p>Cobbing beim Hund wird auch dann zum Problem, wenn das Knabbern f\u00fcr Artgenossen oder Menschen mit Schmerzen verbunden ist. Manche Tiere haben noch keine ausreichende Bei\u00dfhemmung entwickelt oder werden irgendwann \u00fcberm\u00fctig, so dass aus dem Knabbern schnell mal ein handfestes Zwicken wird. In solchen Situationen gilt es, dem Hund konsequent Grenzen aufzuzeigen und klar zu machen, dass so ein Verhalten nicht erw\u00fcnscht ist.<\/p>\n\n<div class=\"banner\">\n    <a href=\"https:\/\/uelzener.de\/hund\/hunde-krankenversicherung\/?agt=0000104925&sem=true&utm_medium=magazin&utm_source=wordpress&utm_campaign=hund_kv&utm_content=banner\">\n        <img decoding=\"async\" width=\"300\" height=\"212\" src=\"https:\/\/uelzener.de\/magazin\/app\/uploads\/2025\/01\/Hunde-Kranken-Versicherung.jpg\" class=\"attachment-medium size-medium\" alt=\"Banner Hunde-Kranken-Versicherung\" \/>    <\/a>\n<\/div>\n\n<h2>Fazit<\/h2>\n<p>Bei vielen Hunden spielt Cobbing eine wichtige Rolle in der Kommunikation und sozialen Interaktion. Ob als Zeichen von Zuneigung, Spielaufforderung oder Bew\u00e4ltigungsstrategie gegen Stress \u2013 es gibt viele Dinge, die Hunde mit diesem Verhalten zum Ausdruck bringen k\u00f6nnen. Um es richtig interpretieren zu k\u00f6nnen, ist es entscheidend, den Kontext und weitere k\u00f6rpersprachliche Signale des Tieres einzubeziehen. Zeigt der Hund Anzeichen von Schmerz, Aggression oder Angst, gilt es, die Ursache ausfindig zu machen und sich medizinische oder therapeutische Hilfe zu holen. Solange es beim sanften Knabbern bleibt, das Cobbing keine exzessiven Ausma\u00dfe annimmt und sich der Hund ansonsten normal und ruhig verh\u00e4lt, besteht kein Grund zur Sorge. Im Gegenteil: Es kann eine tolle Gelegenheit sein, die Bindung zwischen Mensch und Hund zu st\u00e4rken. Also ruhig mal genie\u00dfen, wenn dein Vierbeiner sanft an deiner Hand knabbert \u2013 mit hoher Wahrscheinlichkeit ist es einfach seine Art zu sagen: \u201eIch mag dich!\u201c<\/p>\n\n<div class=\"related_articles boxed\">\n    <h2>Mehr zum Thema<\/h2>\n    \n    <div class=\"wrapper\"><div class=\"title align-center\"><h3><a href=\"https:\/\/uelzener.de\/magazin\/hund\/haltung\/hund-allein-zu-hause-lassen-beschaeftigungstipps\/\">Den Hund allein zu Hause lassen: Besch\u00e4ftigungstipps gegen Langeweile und Stress<\/a><\/h3><\/div><div class=\"img align-center\"><img decoding=\"async\" width=\"315\" height=\"180\" src=\"https:\/\/uelzener.de\/magazin\/app\/uploads\/2024\/06\/hund-allein-wohnung-315x180.jpg\" class=\"attachment-315x180 size-315x180 wp-post-image\" alt=\"Hund g\u00e4hnt, ist alleine in der Wohnung.\" \/><\/div><\/div><div class=\"wrapper\"><div class=\"title align-center\"><h3><a href=\"https:\/\/uelzener.de\/magazin\/hund\/tiergesundheit\/zahnwechsel-beim-hund\/\">Zahnwechsel beim Hund: So kommt der Welpe gut durch die Zeit<\/a><\/h3><\/div><div class=\"img align-center\"><img decoding=\"async\" width=\"315\" height=\"180\" src=\"https:\/\/uelzener.de\/magazin\/app\/uploads\/2023\/08\/zahnwechsel-welpe-315x180.jpg\" class=\"attachment-315x180 size-315x180 wp-post-image\" alt=\"Welpe im Zahnwechsel.\" \/><\/div><\/div><\/div>\n\n<h2>FAQ: H\u00e4ufig gestellte Fragen zum Thema Cobbing beim Hund<\/h2>\n<h3>Ist Cobbing ein Zeichen von Aggression?<\/h3>\n<p>Nein, Cobbing ist in der Regel kein aggressives Verhalten, sondern liebevoll und beschwichtigend gemeint. Falls ein Hund jedoch zu grob wird oder dabei Anzeichen von Stress zeigt, solltest du die Sache genauer beobachten.<\/p>\n<h3>Cobben alle Hunde?<\/h3>\n<p>Viele Hunde behalten das Cobben im Erwachsenenalter bei, es gibt aber auch Tiere, bei denen es nach der Welpenzeit nicht mehr auftritt. Die individuelle Pers\u00f6nlichkeit, der Kontakt zu Artgenossen und die Beziehung zum Menschen k\u00f6nnen hierbei eine Rolle spielen.<\/p>\n<h3>Was tun, wenn der Hund zu fest cobbt?<\/h3>\n<p>Falls das Cobbing unangenehm wird, solltest du deinen Hund sanft, aber bestimmt stoppen, indem du ruhig \u201eNein!\u201c oder \u201eSchluss!\u201c\u201c sagst und deine Hand wegziehst. Sollte er dein Veto nicht akzeptieren und aufdringlich werden, brichst du die Situation ab, stehst auf und gehst. Alternativ kannst du versuchen, seine Energie auf ein Kauspielzeug zu lenken.<\/p>\n<h3>Gibt es Rassen, die Cobbing h\u00e4ufiger zeigen?<\/h3>\n<p>Es gibt keine wissenschaftlichen Belege daf\u00fcr, dass bestimmte Rassen h\u00e4ufiger cobben. Allerdings neigen anh\u00e4ngliche, verspielte oder sehr menschenbezogene Hunde eher zu dem Verhalten.<\/p>\n<h3>Wie kann ich erkennen, ob das Cobbing Ausdruck von Stress ist?<\/h3>\n<p>Wenn ein Hund cobbt und gleichzeitig andere Stresssignale zeigt (Hecheln, Speicheln, angelegte Ohren, eingezogene Rute oder Unruhe), kann es sein, dass er mit der Situation \u00fcberfordert ist. In dem Fall solltest du \u00fcberlegen, was den Stress verursachen k\u00f6nnte, und deinem Vierbeiner Alternativen bieten, sich zu beruhigen.<\/p>\n","protected":false},"excerpt":{"rendered":"<p>Vielleicht kennst du die Situation: Du kommst mit deinem Hund von einem aufregenden Spaziergang nach Hause. Dein Vierbeiner rennt zu seinem K\u00f6rbchen, schnappt sich sein Lieblingspl\u00fcschtier und beginnt, mit den Vorderz\u00e4hnen hingebungsvoll daran zu knabbern. Eventuell ist es dir auch schon einmal passiert, dass sich dein Hund beim Schmusen auf der Couch mit ganz kleinen, [&hellip;]<\/p>\n","protected":false},"author":21,"featured_media":18248,"parent":11701,"menu_order":9,"comment_status":"closed","ping_status":"closed","template":"templates\/blog.php","meta":{"_acf_changed":false,"_crdt_document":"","footnotes":"","beyondwords_generate_audio":"","beyondwords_project_id":"","beyondwords_content_id":"","beyondwords_preview_token":"","beyondwords_player_style":"","beyondwords_language_id":"","beyondwords_title_voice_id":"","beyondwords_body_voice_id":"","beyondwords_summary_voice_id":"","beyondwords_error_message":"","beyondwords_disabled":"","beyondwords_delete_content":"","beyondwords_podcast_id":"","beyondwords_hash":"","publish_post_to_speechkit":"","speechkit_hash":"","speechkit_generate_audio":"","speechkit_project_id":"","speechkit_podcast_id":"","speechkit_error_message":"","speechkit_disabled":"","speechkit_access_key":"","speechkit_error":"","speechkit_info":"","speechkit_response":"","speechkit_retries":"","speechkit_status":"","speechkit_updated_at":"","_speechkit_link":"","_speechkit_text":""},"class_list":["post-18245","page","type-page","status-publish","has-post-thumbnail","hentry"],"acf":[],"yoast_head":"<!-- This site is optimized with the Yoast SEO Premium plugin  - https:\/\/yoast.com\/product\/yoast-seo-premium-wordpress\/ -->\n<title>Cobbing beim Hund: Was steckt dahinter, wenn dein Vierbeiner knabbert? | Uelzener Magazin<\/title>\n<meta name=\"description\" content=\"Cobbing ist der Begriff f\u00fcr ein z\u00e4rtliches Knabbern eines Hundes. Es kann viele Hintergr\u00fcnde haben, so zeigen manche Hunde so ihre Zuneigung.\" \/>\n<meta name=\"robots\" content=\"index, follow, max-snippet:-1, max-image-preview:large, max-video-preview:-1\" \/>\n<link rel=\"canonical\" href=\"https:\/\/uelzener.de\/magazin\/hund\/tiergesundheit\/cobbing-beim-hund-was-steckt-dahinter-wenn-dein-vierbeiner-knabbert\/\" \/>\n<meta property=\"og:locale\" content=\"de_DE\" \/>\n<meta property=\"og:type\" content=\"article\" \/>\n<meta property=\"og:title\" content=\"Cobbing beim Hund: Was steckt dahinter, wenn dein Vierbeiner knabbert?\" \/>\n<meta property=\"og:description\" content=\"Cobbing ist der Begriff f\u00fcr ein z\u00e4rtliches Knabbern eines Hundes. Es kann viele Hintergr\u00fcnde haben, so zeigen manche Hunde so ihre Zuneigung.\" \/>\n<meta property=\"og:url\" content=\"https:\/\/uelzener.de\/magazin\/hund\/tiergesundheit\/cobbing-beim-hund-was-steckt-dahinter-wenn-dein-vierbeiner-knabbert\/\" \/>\n<meta property=\"og:site_name\" content=\"Uelzener Tier-Magazin\" \/>\n<meta property=\"article:publisher\" content=\"https:\/\/www.facebook.com\/Uelzener\" \/>\n<meta property=\"article:modified_time\" content=\"2025-04-08T13:20:29+00:00\" \/>\n<meta property=\"og:image\" content=\"https:\/\/uelzener.de\/magazin\/app\/uploads\/2025\/03\/hund_cobbing.jpg\" \/>\n\t<meta property=\"og:image:width\" content=\"1025\" \/>\n\t<meta property=\"og:image:height\" content=\"450\" \/>\n\t<meta property=\"og:image:type\" content=\"image\/jpeg\" \/>\n<meta name=\"twitter:card\" content=\"summary_large_image\" \/>\n<meta name=\"twitter:label1\" content=\"Gesch\u00e4tzte Lesezeit\" \/>\n\t<meta name=\"twitter:data1\" content=\"9\u00a0Minuten\" \/>\n<script type=\"application\/ld+json\" class=\"yoast-schema-graph\">{\"@context\":\"https:\/\/schema.org\",\"@graph\":[{\"@type\":\"WebPage\",\"@id\":\"https:\/\/uelzener.de\/magazin\/hund\/tiergesundheit\/cobbing-beim-hund-was-steckt-dahinter-wenn-dein-vierbeiner-knabbert\/\",\"url\":\"https:\/\/uelzener.de\/magazin\/hund\/tiergesundheit\/cobbing-beim-hund-was-steckt-dahinter-wenn-dein-vierbeiner-knabbert\/\",\"name\":\"Cobbing beim Hund: Was steckt dahinter, wenn dein Vierbeiner knabbert? | Uelzener Magazin\",\"isPartOf\":{\"@id\":\"https:\/\/uelzener.de\/magazin\/#website\"},\"primaryImageOfPage\":{\"@id\":\"https:\/\/uelzener.de\/magazin\/hund\/tiergesundheit\/cobbing-beim-hund-was-steckt-dahinter-wenn-dein-vierbeiner-knabbert\/#primaryimage\"},\"image\":{\"@id\":\"https:\/\/uelzener.de\/magazin\/hund\/tiergesundheit\/cobbing-beim-hund-was-steckt-dahinter-wenn-dein-vierbeiner-knabbert\/#primaryimage\"},\"thumbnailUrl\":\"https:\/\/uelzener.de\/magazin\/app\/uploads\/2025\/03\/hund_cobbing.jpg\",\"datePublished\":\"2025-03-10T11:06:29+00:00\",\"dateModified\":\"2025-04-08T13:20:29+00:00\",\"description\":\"Cobbing ist der Begriff f\u00fcr ein z\u00e4rtliches Knabbern eines Hundes. Es kann viele Hintergr\u00fcnde haben, so zeigen manche Hunde so ihre Zuneigung.\",\"breadcrumb\":{\"@id\":\"https:\/\/uelzener.de\/magazin\/hund\/tiergesundheit\/cobbing-beim-hund-was-steckt-dahinter-wenn-dein-vierbeiner-knabbert\/#breadcrumb\"},\"inLanguage\":\"de\",\"potentialAction\":[{\"@type\":\"ReadAction\",\"target\":[\"https:\/\/uelzener.de\/magazin\/hund\/tiergesundheit\/cobbing-beim-hund-was-steckt-dahinter-wenn-dein-vierbeiner-knabbert\/\"]}]},{\"@type\":\"ImageObject\",\"inLanguage\":\"de\",\"@id\":\"https:\/\/uelzener.de\/magazin\/hund\/tiergesundheit\/cobbing-beim-hund-was-steckt-dahinter-wenn-dein-vierbeiner-knabbert\/#primaryimage\",\"url\":\"https:\/\/uelzener.de\/magazin\/app\/uploads\/2025\/03\/hund_cobbing.jpg\",\"contentUrl\":\"https:\/\/uelzener.de\/magazin\/app\/uploads\/2025\/03\/hund_cobbing.jpg\",\"width\":1025,\"height\":450,\"caption\":\"Ein kleiner Hund knabbert an einem Teppich.\"},{\"@type\":\"WebSite\",\"@id\":\"https:\/\/uelzener.de\/magazin\/#website\",\"url\":\"https:\/\/uelzener.de\/magazin\/\",\"name\":\"Uelzener Tiermagazin\",\"description\":\"Online Tierratgeber der Uelzener Versicherungen\",\"publisher\":{\"@id\":\"https:\/\/uelzener.de\/magazin\/#organization\"},\"potentialAction\":[{\"@type\":\"SearchAction\",\"target\":{\"@type\":\"EntryPoint\",\"urlTemplate\":\"https:\/\/uelzener.de\/magazin\/?s={search_term_string}\"},\"query-input\":{\"@type\":\"PropertyValueSpecification\",\"valueRequired\":true,\"valueName\":\"search_term_string\"}}],\"inLanguage\":\"de\"},{\"@type\":\"Organization\",\"@id\":\"https:\/\/uelzener.de\/magazin\/#organization\",\"name\":\"Uelzener Versicherungen\",\"url\":\"https:\/\/uelzener.de\/magazin\/\",\"logo\":{\"@type\":\"ImageObject\",\"inLanguage\":\"de\",\"@id\":\"https:\/\/uelzener.de\/magazin\/#\/schema\/logo\/image\/\",\"url\":\"https:\/\/uelzener.de\/magazin\/app\/uploads\/2024\/11\/uelzener_allgemeine_versicherungsgesellschaft_a_g_logo.jpg\",\"contentUrl\":\"https:\/\/uelzener.de\/magazin\/app\/uploads\/2024\/11\/uelzener_allgemeine_versicherungsgesellschaft_a_g_logo.jpg\",\"width\":200,\"height\":200,\"caption\":\"Uelzener Versicherungen\"},\"image\":{\"@id\":\"https:\/\/uelzener.de\/magazin\/#\/schema\/logo\/image\/\"},\"sameAs\":[\"https:\/\/www.facebook.com\/Uelzener\",\"https:\/\/instagram.com\/uelzener\",\"https:\/\/www.xing.com\/pages\/uelzenerallgemeineversicherungs-gesellschafta-g\",\"https:\/\/www.youtube.com\/UelzenerVersicherungen\"]}]}<\/script>\n<!-- \/ Yoast SEO Premium plugin. -->","yoast_head_json":{"title":"Cobbing beim Hund: Was steckt dahinter, wenn dein Vierbeiner knabbert? | Uelzener Magazin","description":"Cobbing ist der Begriff f\u00fcr ein z\u00e4rtliches Knabbern eines Hundes. Es kann viele Hintergr\u00fcnde haben, so zeigen manche Hunde so ihre Zuneigung.","robots":{"index":"index","follow":"follow","max-snippet":"max-snippet:-1","max-image-preview":"max-image-preview:large","max-video-preview":"max-video-preview:-1"},"canonical":"https:\/\/uelzener.de\/magazin\/hund\/tiergesundheit\/cobbing-beim-hund-was-steckt-dahinter-wenn-dein-vierbeiner-knabbert\/","og_locale":"de_DE","og_type":"article","og_title":"Cobbing beim Hund: Was steckt dahinter, wenn dein Vierbeiner knabbert?","og_description":"Cobbing ist der Begriff f\u00fcr ein z\u00e4rtliches Knabbern eines Hundes. Es kann viele Hintergr\u00fcnde haben, so zeigen manche Hunde so ihre Zuneigung.","og_url":"https:\/\/uelzener.de\/magazin\/hund\/tiergesundheit\/cobbing-beim-hund-was-steckt-dahinter-wenn-dein-vierbeiner-knabbert\/","og_site_name":"Uelzener Tier-Magazin","article_publisher":"https:\/\/www.facebook.com\/Uelzener","article_modified_time":"2025-04-08T13:20:29+00:00","og_image":[{"width":1025,"height":450,"url":"https:\/\/uelzener.de\/magazin\/app\/uploads\/2025\/03\/hund_cobbing.jpg","type":"image\/jpeg"}],"twitter_card":"summary_large_image","twitter_misc":{"Gesch\u00e4tzte Lesezeit":"9\u00a0Minuten"},"schema":{"@context":"https:\/\/schema.org","@graph":[{"@type":"WebPage","@id":"https:\/\/uelzener.de\/magazin\/hund\/tiergesundheit\/cobbing-beim-hund-was-steckt-dahinter-wenn-dein-vierbeiner-knabbert\/","url":"https:\/\/uelzener.de\/magazin\/hund\/tiergesundheit\/cobbing-beim-hund-was-steckt-dahinter-wenn-dein-vierbeiner-knabbert\/","name":"Cobbing beim Hund: Was steckt dahinter, wenn dein Vierbeiner knabbert? | Uelzener Magazin","isPartOf":{"@id":"https:\/\/uelzener.de\/magazin\/#website"},"primaryImageOfPage":{"@id":"https:\/\/uelzener.de\/magazin\/hund\/tiergesundheit\/cobbing-beim-hund-was-steckt-dahinter-wenn-dein-vierbeiner-knabbert\/#primaryimage"},"image":{"@id":"https:\/\/uelzener.de\/magazin\/hund\/tiergesundheit\/cobbing-beim-hund-was-steckt-dahinter-wenn-dein-vierbeiner-knabbert\/#primaryimage"},"thumbnailUrl":"https:\/\/uelzener.de\/magazin\/app\/uploads\/2025\/03\/hund_cobbing.jpg","datePublished":"2025-03-10T11:06:29+00:00","dateModified":"2025-04-08T13:20:29+00:00","description":"Cobbing ist der Begriff f\u00fcr ein z\u00e4rtliches Knabbern eines Hundes. Es kann viele Hintergr\u00fcnde haben, so zeigen manche Hunde so ihre Zuneigung.","breadcrumb":{"@id":"https:\/\/uelzener.de\/magazin\/hund\/tiergesundheit\/cobbing-beim-hund-was-steckt-dahinter-wenn-dein-vierbeiner-knabbert\/#breadcrumb"},"inLanguage":"de","potentialAction":[{"@type":"ReadAction","target":["https:\/\/uelzener.de\/magazin\/hund\/tiergesundheit\/cobbing-beim-hund-was-steckt-dahinter-wenn-dein-vierbeiner-knabbert\/"]}]},{"@type":"ImageObject","inLanguage":"de","@id":"https:\/\/uelzener.de\/magazin\/hund\/tiergesundheit\/cobbing-beim-hund-was-steckt-dahinter-wenn-dein-vierbeiner-knabbert\/#primaryimage","url":"https:\/\/uelzener.de\/magazin\/app\/uploads\/2025\/03\/hund_cobbing.jpg","contentUrl":"https:\/\/uelzener.de\/magazin\/app\/uploads\/2025\/03\/hund_cobbing.jpg","width":1025,"height":450,"caption":"Ein kleiner Hund knabbert an einem Teppich."},{"@type":"WebSite","@id":"https:\/\/uelzener.de\/magazin\/#website","url":"https:\/\/uelzener.de\/magazin\/","name":"Uelzener Tiermagazin","description":"Online Tierratgeber der Uelzener Versicherungen","publisher":{"@id":"https:\/\/uelzener.de\/magazin\/#organization"},"potentialAction":[{"@type":"SearchAction","target":{"@type":"EntryPoint","urlTemplate":"https:\/\/uelzener.de\/magazin\/?s={search_term_string}"},"query-input":{"@type":"PropertyValueSpecification","valueRequired":true,"valueName":"search_term_string"}}],"inLanguage":"de"},{"@type":"Organization","@id":"https:\/\/uelzener.de\/magazin\/#organization","name":"Uelzener Versicherungen","url":"https:\/\/uelzener.de\/magazin\/","logo":{"@type":"ImageObject","inLanguage":"de","@id":"https:\/\/uelzener.de\/magazin\/#\/schema\/logo\/image\/","url":"https:\/\/uelzener.de\/magazin\/app\/uploads\/2024\/11\/uelzener_allgemeine_versicherungsgesellschaft_a_g_logo.jpg","contentUrl":"https:\/\/uelzener.de\/magazin\/app\/uploads\/2024\/11\/uelzener_allgemeine_versicherungsgesellschaft_a_g_logo.jpg","width":200,"height":200,"caption":"Uelzener Versicherungen"},"image":{"@id":"https:\/\/uelzener.de\/magazin\/#\/schema\/logo\/image\/"},"sameAs":["https:\/\/www.facebook.com\/Uelzener","https:\/\/instagram.com\/uelzener","https:\/\/www.xing.com\/pages\/uelzenerallgemeineversicherungs-gesellschafta-g","https:\/\/www.youtube.com\/UelzenerVersicherungen"]}]}},"_links":{"self":[{"href":"https:\/\/uelzener.de\/magazin\/wp-json\/wp\/v2\/pages\/18245","targetHints":{"allow":["GET"]}}],"collection":[{"href":"https:\/\/uelzener.de\/magazin\/wp-json\/wp\/v2\/pages"}],"about":[{"href":"https:\/\/uelzener.de\/magazin\/wp-json\/wp\/v2\/types\/page"}],"author":[{"embeddable":true,"href":"https:\/\/uelzener.de\/magazin\/wp-json\/wp\/v2\/users\/21"}],"replies":[{"embeddable":true,"href":"https:\/\/uelzener.de\/magazin\/wp-json\/wp\/v2\/comments?post=18245"}],"version-history":[{"count":6,"href":"https:\/\/uelzener.de\/magazin\/wp-json\/wp\/v2\/pages\/18245\/revisions"}],"predecessor-version":[{"id":18334,"href":"https:\/\/uelzener.de\/magazin\/wp-json\/wp\/v2\/pages\/18245\/revisions\/18334"}],"up":[{"embeddable":true,"href":"https:\/\/uelzener.de\/magazin\/wp-json\/wp\/v2\/pages\/11701"}],"wp:featuredmedia":[{"embeddable":true,"href":"https:\/\/uelzener.de\/magazin\/wp-json\/wp\/v2\/media\/18248"}],"wp:attachment":[{"href":"https:\/\/uelzener.de\/magazin\/wp-json\/wp\/v2\/media?parent=18245"}],"curies":[{"name":"wp","href":"https:\/\/api.w.org\/{rel}","templated":true}]}}