{"id":17776,"date":"2024-10-08T14:58:23","date_gmt":"2024-10-08T12:58:23","guid":{"rendered":"https:\/\/uelzener.de\/magazin\/?page_id=17776"},"modified":"2025-04-28T09:53:31","modified_gmt":"2025-04-28T07:53:31","slug":"wie-verhalten-sich-katzen-im-rudel","status":"publish","type":"page","link":"https:\/\/uelzener.de\/magazin\/katze\/haeufige-fragen\/wie-verhalten-sich-katzen-im-rudel\/","title":{"rendered":"Wie verhalten sich Katzen im Rudel?"},"content":{"rendered":"<p><span style=\"font-weight: 400;\">Katze gelten allgemein als Einzelg\u00e4nger, das hei\u00dft jedoch nicht, dass sie keine sozialen Kontakte pflegen oder die Gesellschaft von Artgenossen nicht zu sch\u00e4tzen w\u00fcssten. Sie sind zwar keine ausgepr\u00e4gten Rudeltiere, k\u00f6nnen aber durchaus in einer Gemeinschaft zusammenleben. So wurde beispielsweise bei manchen Wildkatzenarten beobachtet, dass sich verwandte Tiere in lockeren Gruppen zusammenfinden, um beispielsweise gemeinsam ihre Jungen aufzuziehen oder ihr Revier zu verteidigen.\u00a0<\/span><\/p>\n<p><span style=\"font-weight: 400;\">Das Sozialverhalten von Hauskatzen ist aufgrund der Domestizierung nicht mit dem von <a href=\"https:\/\/uelzener.de\/magazin\/katze\/haeufige-fragen\/wildkatze\/\" target=\"_blank\" rel=\"noopener\">Wildkatzen<\/a> zu vergleichen. Sie haben mit ihrem Menschen eine Bezugsperson, die sie versorgt, so dass sie kein Rudel brauchen, um ihr \u00dcberleben zu sichern. Trotzdem zeigen manche Katzen in Einzelhaltung Anzeichen von Einsamkeit und Langeweile, wenn sie viel alleine sind. Das ist ein h\u00e4ufiger Grund, weshalb sich Halter und Halterinnen dazu entschlie\u00dfen, mehrere Katzen zu halten. Aber wie funktioniert das Zusammenleben genau und was zeichnet das Rudelverhalten von Wild- und Hauskatzen aus? Wir bringen Licht ins Dunkel.<\/span><\/p>\n<h2>Typische Verhaltensweisen von Wildkatzen im Rudel<\/h2>\n<p><span style=\"font-weight: 400;\">Wild lebende Katzen bilden soziale Gef\u00fcge, in denen Hierarchien zwar eine Rolle spielen, aber flexibler und weniger strikt sind als bei Rudeltieren wie W\u00f6lfen oder Hunden. Die Rangordnung wird neu aufgestellt, sobald sich die Zusammensetzung der Gruppe \u00e4ndert. Das ist der Fall, wenn neue Katzen der Gemeinschaft beitreten, Mitglieder das Rudel verlassen oder ein ranghohes Tier verstirbt. Was das Verhalten innerhalb des Rudels betrifft, zeigen sich Unterschiede zwischen m\u00e4nnlichen und weiblichen Katzen.<\/span><\/p>\n<h3>Rudelverhalten unter m\u00e4nnlichen Katzen<\/h3>\n<p><span style=\"font-weight: 400;\">Kater haben meist einen ausgepr\u00e4gten Fortpflanzungstrieb und erheben Macht- und Revieranspr\u00fcche, was zu Konflikten und Auseinandersetzungen f\u00fchrt. Sie k\u00e4mpfen um ihre soziale Stellung, wobei diese K\u00e4mpfe einem ritualisierten Muster folgen und oft brutaler aussehen, als sie tats\u00e4chlich sind. Ist die Rangordnung gekl\u00e4rt, k\u00f6nnen m\u00e4nnliche Katzen relativ friedlich im Verbund zusammenleben. Erwachsene Tiere bilden sogar Allianzen und dulden sich gegenseitig in ihrem Revier. F\u00fcr Kater, die noch sehr jung sind oder gerade die Geschlechtsreife erlangt haben, kann es dann sehr schwierig sein, sich in solch eine Gruppe zu integrieren.\u00a0<\/span><\/p>\n<h3>Rudelverhalten unter weiblichen Katzen<\/h3>\n<p><span style=\"font-weight: 400;\">Weibchen verhalten sich untereinander solidarischer als M\u00e4nnchen. Sie schlie\u00dfen sich zusammen, um sich vor aggressiven Katern zu sch\u00fctzen und ihre Jungen aufzuziehen. Es kann beispielsweise vorkommen, dass sich zwei Katzen mit ihrem Nachwuchs ein Lager teilen und die eine jagen geht, w\u00e4hrend die andere auf die Kitten aufpasst. Bei weiblichen Katzen geht es haupts\u00e4chlich darum, sich zu organisieren und den Alltag zu erleichtern. Nichtsdestoweniger gibt es auch hier hierarchische Strukturen. So stehen Katzenm\u00fctter h\u00f6her in der Rangordnung als Katzen, die noch nicht geworfen haben.<\/span><\/p>\n<h2>Typische Verhaltensweisen von Hauskatzen im Rudel<\/h2>\n<p><span style=\"font-weight: 400;\">Das Rudelverhalten von Hauskatzen ist nicht mit dem wild lebender Katzen identisch, wobei es Parallelen gibt. Leben mehrere Katzen in einem Haushalt, lassen sich typische Verhaltensweisen beobachten. Dazu geh\u00f6ren:<\/span><\/p>\n<ul>\n<li style=\"font-weight: 400;\" aria-level=\"1\"><b>Rangordnung \u201eim Stillen\u201c<\/b><span style=\"font-weight: 400;\">: Die Hierarchie in einem Mehrkatzenhaushalt wird \u201eim Stillen\u201c aufgestellt, was bedeutet, dass K\u00e4mpfe die Ausnahme sind. Hauskatzen kl\u00e4ren oder behaupten ihren sozialen Status eher durch Drohgeb\u00e4rden wie dem Katzenbuckel, Fauchen, Balgen oder auch dem einen oder anderen Pfotenhieb. Gr\u00f6\u00dfere k\u00f6rperliche Auseinandersetzungen bleiben meist aus.<\/span><\/li>\n<li style=\"font-weight: 400;\" aria-level=\"1\"><b>Ranghohe Tiere mit Privilegien<\/b><span style=\"font-weight: 400;\">: Welches Tier oben in der Rangordnung steht, h\u00e4ngt weniger von dessen K\u00f6rpergr\u00f6\u00dfe und Kraft, sondern vielmehr vom individuellen Auftreten ab. Katzen, die Selbstbewusstsein und eine gewisse \u201ePers\u00f6nlichkeit\u201c ausstrahlen, haben gute Chancen auf eine ranghohe Position. Sie genie\u00dfen dann Privilegien und d\u00fcrfen sich beispielsweise vor allen anderen am Futternapf g\u00fctlich tun sowie den besten Schlafplatz f\u00fcr sich beanspruchen.<\/span><\/li>\n<li style=\"font-weight: 400;\" aria-level=\"1\"><b>Zeichen von Zuneigung<\/b><span style=\"font-weight: 400;\">: Katzen, die sich m\u00f6gen, bringen das auf verschiedene Weise zum Ausdruck. Gegenseitige Fellpflege, dichtes Zusammenliegen, gemeinsames Ruhen, friedliches Spielen und Toben, K\u00f6pfchengeben und sanfte Ber\u00fchrungen an der Nase oder anderen K\u00f6rperteilen beim Vorbeigehen sind sichere Zeichen der Zuneigung.<\/span><\/li>\n<li style=\"font-weight: 400;\" aria-level=\"1\"><b>Gegenseitiges Beobachten<\/b><span style=\"font-weight: 400;\">: Katzen sind leidenschaftliche Beobachter und machen bei ihrem Rudel keine Ausnahme. Es kann vorkommen, dass sie dem Treiben ihrer Artgenossen stundenlang von einem sicheren Pl\u00e4tzchen aus zuschauen.\u00a0<\/span><\/li>\n<li style=\"font-weight: 400;\" aria-level=\"1\"><b>Kommunikation<\/b><span style=\"font-weight: 400;\">: Ob durch K\u00f6rpersprache, Duftmarken oder Laute \u2013 Katzen nutzen unterschiedliche Kommunikationsmittel, um ihre soziale Stellung im Rudel zu verdeutlichen und ihre Absichten mitzuteilen.<\/span><\/li>\n<li style=\"font-weight: 400;\" aria-level=\"1\"><b>Revierverhalten<\/b><span style=\"font-weight: 400;\">: Manche Katzen zeigen ein ausgepr\u00e4gteres Revierverhalten als andere. Sie beanspruchen bestimmte Bereiche im Haushalt f\u00fcr sich und verteidigen sie. Sollten sie damit \u00fcbertreiben, kann das zu Rangeleien f\u00fchren.<\/span><\/li>\n<\/ul>\n<p><span style=\"font-weight: 400;\">Auch wenn das Zusammenleben in der Gruppe gut funktionieren kann, ist nicht jede Katze f\u00fcr die Gemeinschaft gemacht. Es gibt Tiere, die als Einzelg\u00e4nger vollkommen zufrieden sind und denen die Gesellschaft ihres Menschen ausreicht. Die Haltung mehrerer Katzen ist daher nur empfehlenswert, wenn davon ausgegangen werden kann, dass alle Tiere vom Rudelleben profitieren.\u00a0<\/span><\/p>\n\n<div class=\"related_articles boxed\">\n    <h2>Mehr zum Thema<\/h2>\n    \n    <div class=\"wrapper\"><div class=\"title align-center\"><h3><a href=\"https:\/\/uelzener.de\/magazin\/katze\/haltung\/hund-und-katze-aneinander-gewoehnen\/\">Katze und Hund erfolgreich aneinander gew\u00f6hnen<\/a><\/h3><\/div><div class=\"img align-center\"><img decoding=\"async\" width=\"315\" height=\"180\" src=\"https:\/\/uelzener.de\/magazin\/app\/uploads\/2016\/01\/bc506c05-52ac-4275-bb9d-e5861bd4b780-315x180.jpg\" class=\"attachment-315x180 size-315x180 wp-post-image\" alt=\"Hunde und Katzen aneinander zu gew\u00f6hnen ist nicht leicht. Damit sie wie der wei\u00dfe Hund und die Katze zusammen im K\u00f6rbchen liegen ist viel Arbeit n\u00f6tig.\" srcset=\"https:\/\/uelzener.de\/magazin\/app\/uploads\/2016\/01\/bc506c05-52ac-4275-bb9d-e5861bd4b780-315x180.jpg 315w, https:\/\/uelzener.de\/magazin\/app\/uploads\/2016\/01\/bc506c05-52ac-4275-bb9d-e5861bd4b780-650x369.jpg 650w\" sizes=\"(max-width: 315px) 100vw, 315px\" \/><\/div><\/div><div class=\"wrapper\"><div class=\"title align-center\"><h3><a href=\"https:\/\/uelzener.de\/magazin\/katze\/erziehung-und-training\/katzen-zusammenfuehren\/\">Katzen zusammenf\u00fchren und vergesellschaften<\/a><\/h3><\/div><div class=\"img align-center\"><img decoding=\"async\" width=\"315\" height=\"180\" src=\"https:\/\/uelzener.de\/magazin\/app\/uploads\/2022\/02\/Katzen-zusammenfuehren-315x180.jpg\" class=\"attachment-315x180 size-315x180 wp-post-image\" alt=\"Zwei Katzen kuscheln, es ist nicht immer einfach 2 Katzen zusammenzuf\u00fchren.\" \/><\/div><\/div><div class=\"wrapper\"><div class=\"title align-center\"><h3><a href=\"https:\/\/uelzener.de\/magazin\/katze\/haeufige-fragen\/katzenversicherung-fuer-2-katzen\/\">Zweitkatze: 2 Katzen versichern<\/a><\/h3><\/div><div class=\"img align-center\"><img decoding=\"async\" width=\"315\" height=\"180\" src=\"https:\/\/uelzener.de\/magazin\/app\/uploads\/2023\/03\/zwei-katzen-315x180.jpg\" class=\"attachment-315x180 size-315x180 wp-post-image\" alt=\"Zwei Katzen schmusen miteinander. Ob beide eine Katzenversicherung haben?\" \/><\/div><\/div><\/div>\n\n<h2>Fazit<\/h2>\n<p><span style=\"font-weight: 400;\">Katzen zeigen zwar kein derart ausgepr\u00e4gtes Rudelverhalten wie W\u00f6lfe oder Hunde, dennoch handelt es sich um soziale Tiere, die durchaus in der Lage sind, Beziehungen zu Artgenossen zu kn\u00fcpfen und in Gruppen zusammenzuleben. Hierarchische Strukturen sind oft komplex und werden neu etabliert, sobald sich die Zusammensetzung der Gruppe \u00e4ndert. Somit bilden Katzen eher losere und dynamische soziale Gef\u00fcge.\u00a0<\/span><\/p>\n<h2>FAQ: H\u00e4ufig gestellte Fragen zum Thema Rudelverhalten bei Katzen<\/h2>\n<h3>Kann man Katzen an ein Leben im Rudel gew\u00f6hnen?<\/h3>\n<p><span style=\"font-weight: 400;\">Ja, Katzen k\u00f6nnen lernen, in Gruppen zu leben, wenn sie schon fr\u00fch sozialisiert werden. Es kann jedoch Zeit und Geduld erfordern, da jede Katze individuelle Vorlieben und Grenzen hat. Ein langsames Zusammenf\u00fchren und ausreichend R\u00fcckzugsm\u00f6glichkeiten sind wichtig.<\/span><\/p>\n<h3>Was f\u00fcr ein Sozialverhalten zeigen Katzen gegen\u00fcber Menschen?<\/h3>\n<p><span style=\"font-weight: 400;\">Katzen, die auf ihren Menschen gepr\u00e4gt sind, zeigen oft Verhaltensweisen, die man von Jungtieren kennt. Sie sind anschmiegsam, kuscheln gerne und treteln, f\u00fchren also den typischen Milchtritt aus. Im Gegensatz zu Hunden oder W\u00f6lfen betrachten Katzen ihren Menschen jedoch nicht als Alphatier, sondern eher als Bezugsperson.<\/span><\/p>\n<h3>K\u00f6nnen Katzen wie Hunde einem Anf\u00fchrer folgen?<\/h3>\n<p><span style=\"font-weight: 400;\">Katzen haben keine festen Alphatiere wie Hunde, aber in sozialen Gruppen k\u00f6nnen sie ein dominantes Tier akzeptieren, das dann privilegierten Zugang zu Ressourcen wie Futter oder Schlafpl\u00e4tzen hat.<\/span><\/p>\n<h3>Was tun, wenn Katzen in einer Gruppe aggressiv zueinander sind?<\/h3>\n<p><span style=\"font-weight: 400;\">Wenn Katzen Aggressionen zeigen, sollte man sicherstellen, dass ausreichend Ressourcen wie Futterpl\u00e4tze, Katzentoiletten, Schlaf- und R\u00fcckzugsm\u00f6glichkeiten vorhanden sind. Zudem kann eine langsame und kontrollierte Wiederzusammenf\u00fchrung dabei helfen, Konflikte aus dem Weg zu r\u00e4umen.<\/span><\/p>\n<h3>Was muss ich bei der Haltung mehrerer Katzen beachten?<\/h3>\n<p><span style=\"font-weight: 400;\">Bei der Haltung mehrerer Katzen gilt es verschiedene Aspekte zu ber\u00fccksichtigen. Zun\u00e4chst einmal brauchen die Tiere ausreichend Platz, Nahrung und Besch\u00e4ftigung. Des Weiteren sollten sie behutsam aneinander gew\u00f6hnt werden, sofern sie nicht schon von klein auf zusammenleben und einander kennen. Jedes Tier bringt zudem seine individuellen Bed\u00fcrfnisse mit, denen es gerecht zu werden gilt. Generell ist das Halten mehrerer Katzen mit einem Mehraufwand verbunden \u2013 sei es das Sicherstellen der Hygiene (Reinigen der Katzentoiletten etc.) oder die Gesundheitsvorsorge. Katzen, die in einer Gruppe leben, haben ein h\u00f6heres Risiko, Krankheiten oder Parasiten zu \u00fcbertragen. Deswegen ist es wichtig, alle Tiere regelm\u00e4\u00dfig zu impfen und zu entwurmen. Eine <\/span><span style=\"font-weight: 400;\">Katzenkrankenversicherung<\/span><span style=\"font-weight: 400;\"> leistet in solchen F\u00e4llen gute Dienste. In Kombination mit dem Baustein Gesundheit PLUS deckt die Krankenversicherung der Uelzener die Kosten f\u00fcr Vorsorgeleistungen wie Impfungen ab. Au\u00dferdem werden chirurgische Kastrationen und Sterilisationen bezuschusst, was von Bedeutung sein kann, wenn m\u00e4nnliche und weibliche Katzen in einem Haushalt leben.<\/span><\/p>\n\n<div class=\"banner\">\n    <a href=\"https:\/\/uelzener.de\/katze\/katzen-krankenversicherung\/?agt=0000104925&sem=true&utm_medium=magazin&utm_source=wordpress&utm_campaign=katze_kv&utm_content=banner\">\n        <img decoding=\"async\" width=\"300\" height=\"212\" src=\"https:\/\/uelzener.de\/magazin\/app\/uploads\/2025\/01\/Katzen-Kranken-Versicherung.jpg\" class=\"attachment-medium size-medium\" alt=\"Banner Katzen-Kranken-Versicherung\" \/>    <\/a>\n<\/div>\n\n","protected":false},"excerpt":{"rendered":"<p>Katze gelten allgemein als Einzelg\u00e4nger, das hei\u00dft jedoch nicht, dass sie keine sozialen Kontakte pflegen oder die Gesellschaft von Artgenossen nicht zu sch\u00e4tzen w\u00fcssten. Sie sind zwar keine ausgepr\u00e4gten Rudeltiere, k\u00f6nnen aber durchaus in einer Gemeinschaft zusammenleben. So wurde beispielsweise bei manchen Wildkatzenarten beobachtet, dass sich verwandte Tiere in lockeren Gruppen zusammenfinden, um beispielsweise gemeinsam [&hellip;]<\/p>\n","protected":false},"author":11,"featured_media":17777,"parent":11691,"menu_order":18,"comment_status":"closed","ping_status":"closed","template":"templates\/blog.php","meta":{"_acf_changed":false,"_crdt_document":"","footnotes":"","beyondwords_generate_audio":"","beyondwords_project_id":"","beyondwords_content_id":"","beyondwords_preview_token":"","beyondwords_player_style":"","beyondwords_language_id":"","beyondwords_title_voice_id":"","beyondwords_body_voice_id":"","beyondwords_summary_voice_id":"","beyondwords_error_message":"","beyondwords_disabled":"","beyondwords_delete_content":"","beyondwords_podcast_id":"","beyondwords_hash":"","publish_post_to_speechkit":"","speechkit_hash":"","speechkit_generate_audio":"","speechkit_project_id":"","speechkit_podcast_id":"","speechkit_error_message":"","speechkit_disabled":"","speechkit_access_key":"","speechkit_error":"","speechkit_info":"","speechkit_response":"","speechkit_retries":"","speechkit_status":"","speechkit_updated_at":"","_speechkit_link":"","_speechkit_text":""},"class_list":["post-17776","page","type-page","status-publish","has-post-thumbnail","hentry"],"acf":[],"yoast_head":"<!-- This site is optimized with the Yoast SEO Premium plugin  - https:\/\/yoast.com\/product\/yoast-seo-premium-wordpress\/ -->\n<title>Wie verhalten sich Katzen im Rudel? | Uelzener Magazin<\/title>\n<meta name=\"robots\" content=\"index, follow, max-snippet:-1, max-image-preview:large, max-video-preview:-1\" \/>\n<link rel=\"canonical\" href=\"https:\/\/uelzener.de\/magazin\/katze\/haeufige-fragen\/wie-verhalten-sich-katzen-im-rudel\/\" \/>\n<meta property=\"og:locale\" content=\"de_DE\" \/>\n<meta property=\"og:type\" content=\"article\" \/>\n<meta property=\"og:title\" content=\"Wie verhalten sich Katzen im Rudel?\" \/>\n<meta property=\"og:description\" content=\"Katze gelten allgemein als Einzelg\u00e4nger, das hei\u00dft jedoch nicht, dass sie keine sozialen Kontakte pflegen oder die Gesellschaft von Artgenossen nicht zu sch\u00e4tzen w\u00fcssten. Sie sind zwar keine ausgepr\u00e4gten Rudeltiere, k\u00f6nnen aber durchaus in einer Gemeinschaft zusammenleben. So wurde beispielsweise bei manchen Wildkatzenarten beobachtet, dass sich verwandte Tiere in lockeren Gruppen zusammenfinden, um beispielsweise gemeinsam [&hellip;]\" \/>\n<meta property=\"og:url\" content=\"https:\/\/uelzener.de\/magazin\/katze\/haeufige-fragen\/wie-verhalten-sich-katzen-im-rudel\/\" \/>\n<meta property=\"og:site_name\" content=\"Uelzener Tier-Magazin\" \/>\n<meta property=\"article:publisher\" content=\"https:\/\/www.facebook.com\/Uelzener\" \/>\n<meta property=\"article:modified_time\" content=\"2025-04-28T07:53:31+00:00\" \/>\n<meta property=\"og:image\" content=\"https:\/\/uelzener.de\/magazin\/app\/uploads\/2024\/10\/katzenrudel.jpg\" \/>\n\t<meta property=\"og:image:width\" content=\"1025\" \/>\n\t<meta property=\"og:image:height\" content=\"450\" \/>\n\t<meta property=\"og:image:type\" content=\"image\/jpeg\" \/>\n<meta name=\"twitter:card\" content=\"summary_large_image\" \/>\n<meta name=\"twitter:label1\" content=\"Gesch\u00e4tzte Lesezeit\" \/>\n\t<meta name=\"twitter:data1\" content=\"7\u00a0Minuten\" \/>\n<script type=\"application\/ld+json\" class=\"yoast-schema-graph\">{\"@context\":\"https:\/\/schema.org\",\"@graph\":[{\"@type\":\"WebPage\",\"@id\":\"https:\/\/uelzener.de\/magazin\/katze\/haeufige-fragen\/wie-verhalten-sich-katzen-im-rudel\/\",\"url\":\"https:\/\/uelzener.de\/magazin\/katze\/haeufige-fragen\/wie-verhalten-sich-katzen-im-rudel\/\",\"name\":\"Wie verhalten sich Katzen im Rudel? | Uelzener Magazin\",\"isPartOf\":{\"@id\":\"https:\/\/uelzener.de\/magazin\/#website\"},\"primaryImageOfPage\":{\"@id\":\"https:\/\/uelzener.de\/magazin\/katze\/haeufige-fragen\/wie-verhalten-sich-katzen-im-rudel\/#primaryimage\"},\"image\":{\"@id\":\"https:\/\/uelzener.de\/magazin\/katze\/haeufige-fragen\/wie-verhalten-sich-katzen-im-rudel\/#primaryimage\"},\"thumbnailUrl\":\"https:\/\/uelzener.de\/magazin\/app\/uploads\/2024\/10\/katzenrudel.jpg\",\"datePublished\":\"2024-10-08T12:58:23+00:00\",\"dateModified\":\"2025-04-28T07:53:31+00:00\",\"breadcrumb\":{\"@id\":\"https:\/\/uelzener.de\/magazin\/katze\/haeufige-fragen\/wie-verhalten-sich-katzen-im-rudel\/#breadcrumb\"},\"inLanguage\":\"de\",\"potentialAction\":[{\"@type\":\"ReadAction\",\"target\":[\"https:\/\/uelzener.de\/magazin\/katze\/haeufige-fragen\/wie-verhalten-sich-katzen-im-rudel\/\"]}]},{\"@type\":\"ImageObject\",\"inLanguage\":\"de\",\"@id\":\"https:\/\/uelzener.de\/magazin\/katze\/haeufige-fragen\/wie-verhalten-sich-katzen-im-rudel\/#primaryimage\",\"url\":\"https:\/\/uelzener.de\/magazin\/app\/uploads\/2024\/10\/katzenrudel.jpg\",\"contentUrl\":\"https:\/\/uelzener.de\/magazin\/app\/uploads\/2024\/10\/katzenrudel.jpg\",\"width\":1025,\"height\":450,\"caption\":\"Katzen im Rudel\"},{\"@type\":\"WebSite\",\"@id\":\"https:\/\/uelzener.de\/magazin\/#website\",\"url\":\"https:\/\/uelzener.de\/magazin\/\",\"name\":\"Uelzener Tiermagazin\",\"description\":\"Online Tierratgeber der Uelzener Versicherungen\",\"publisher\":{\"@id\":\"https:\/\/uelzener.de\/magazin\/#organization\"},\"potentialAction\":[{\"@type\":\"SearchAction\",\"target\":{\"@type\":\"EntryPoint\",\"urlTemplate\":\"https:\/\/uelzener.de\/magazin\/?s={search_term_string}\"},\"query-input\":{\"@type\":\"PropertyValueSpecification\",\"valueRequired\":true,\"valueName\":\"search_term_string\"}}],\"inLanguage\":\"de\"},{\"@type\":\"Organization\",\"@id\":\"https:\/\/uelzener.de\/magazin\/#organization\",\"name\":\"Uelzener Versicherungen\",\"url\":\"https:\/\/uelzener.de\/magazin\/\",\"logo\":{\"@type\":\"ImageObject\",\"inLanguage\":\"de\",\"@id\":\"https:\/\/uelzener.de\/magazin\/#\/schema\/logo\/image\/\",\"url\":\"https:\/\/uelzener.de\/magazin\/app\/uploads\/2024\/11\/uelzener_allgemeine_versicherungsgesellschaft_a_g_logo.jpg\",\"contentUrl\":\"https:\/\/uelzener.de\/magazin\/app\/uploads\/2024\/11\/uelzener_allgemeine_versicherungsgesellschaft_a_g_logo.jpg\",\"width\":200,\"height\":200,\"caption\":\"Uelzener Versicherungen\"},\"image\":{\"@id\":\"https:\/\/uelzener.de\/magazin\/#\/schema\/logo\/image\/\"},\"sameAs\":[\"https:\/\/www.facebook.com\/Uelzener\",\"https:\/\/instagram.com\/uelzener\",\"https:\/\/www.xing.com\/pages\/uelzenerallgemeineversicherungs-gesellschafta-g\",\"https:\/\/www.youtube.com\/UelzenerVersicherungen\"]}]}<\/script>\n<!-- \/ Yoast SEO Premium plugin. -->","yoast_head_json":{"title":"Wie verhalten sich Katzen im Rudel? | Uelzener Magazin","robots":{"index":"index","follow":"follow","max-snippet":"max-snippet:-1","max-image-preview":"max-image-preview:large","max-video-preview":"max-video-preview:-1"},"canonical":"https:\/\/uelzener.de\/magazin\/katze\/haeufige-fragen\/wie-verhalten-sich-katzen-im-rudel\/","og_locale":"de_DE","og_type":"article","og_title":"Wie verhalten sich Katzen im Rudel?","og_description":"Katze gelten allgemein als Einzelg\u00e4nger, das hei\u00dft jedoch nicht, dass sie keine sozialen Kontakte pflegen oder die Gesellschaft von Artgenossen nicht zu sch\u00e4tzen w\u00fcssten. Sie sind zwar keine ausgepr\u00e4gten Rudeltiere, k\u00f6nnen aber durchaus in einer Gemeinschaft zusammenleben. So wurde beispielsweise bei manchen Wildkatzenarten beobachtet, dass sich verwandte Tiere in lockeren Gruppen zusammenfinden, um beispielsweise gemeinsam [&hellip;]","og_url":"https:\/\/uelzener.de\/magazin\/katze\/haeufige-fragen\/wie-verhalten-sich-katzen-im-rudel\/","og_site_name":"Uelzener Tier-Magazin","article_publisher":"https:\/\/www.facebook.com\/Uelzener","article_modified_time":"2025-04-28T07:53:31+00:00","og_image":[{"width":1025,"height":450,"url":"https:\/\/uelzener.de\/magazin\/app\/uploads\/2024\/10\/katzenrudel.jpg","type":"image\/jpeg"}],"twitter_card":"summary_large_image","twitter_misc":{"Gesch\u00e4tzte Lesezeit":"7\u00a0Minuten"},"schema":{"@context":"https:\/\/schema.org","@graph":[{"@type":"WebPage","@id":"https:\/\/uelzener.de\/magazin\/katze\/haeufige-fragen\/wie-verhalten-sich-katzen-im-rudel\/","url":"https:\/\/uelzener.de\/magazin\/katze\/haeufige-fragen\/wie-verhalten-sich-katzen-im-rudel\/","name":"Wie verhalten sich Katzen im Rudel? | Uelzener Magazin","isPartOf":{"@id":"https:\/\/uelzener.de\/magazin\/#website"},"primaryImageOfPage":{"@id":"https:\/\/uelzener.de\/magazin\/katze\/haeufige-fragen\/wie-verhalten-sich-katzen-im-rudel\/#primaryimage"},"image":{"@id":"https:\/\/uelzener.de\/magazin\/katze\/haeufige-fragen\/wie-verhalten-sich-katzen-im-rudel\/#primaryimage"},"thumbnailUrl":"https:\/\/uelzener.de\/magazin\/app\/uploads\/2024\/10\/katzenrudel.jpg","datePublished":"2024-10-08T12:58:23+00:00","dateModified":"2025-04-28T07:53:31+00:00","breadcrumb":{"@id":"https:\/\/uelzener.de\/magazin\/katze\/haeufige-fragen\/wie-verhalten-sich-katzen-im-rudel\/#breadcrumb"},"inLanguage":"de","potentialAction":[{"@type":"ReadAction","target":["https:\/\/uelzener.de\/magazin\/katze\/haeufige-fragen\/wie-verhalten-sich-katzen-im-rudel\/"]}]},{"@type":"ImageObject","inLanguage":"de","@id":"https:\/\/uelzener.de\/magazin\/katze\/haeufige-fragen\/wie-verhalten-sich-katzen-im-rudel\/#primaryimage","url":"https:\/\/uelzener.de\/magazin\/app\/uploads\/2024\/10\/katzenrudel.jpg","contentUrl":"https:\/\/uelzener.de\/magazin\/app\/uploads\/2024\/10\/katzenrudel.jpg","width":1025,"height":450,"caption":"Katzen im Rudel"},{"@type":"WebSite","@id":"https:\/\/uelzener.de\/magazin\/#website","url":"https:\/\/uelzener.de\/magazin\/","name":"Uelzener Tiermagazin","description":"Online Tierratgeber der Uelzener Versicherungen","publisher":{"@id":"https:\/\/uelzener.de\/magazin\/#organization"},"potentialAction":[{"@type":"SearchAction","target":{"@type":"EntryPoint","urlTemplate":"https:\/\/uelzener.de\/magazin\/?s={search_term_string}"},"query-input":{"@type":"PropertyValueSpecification","valueRequired":true,"valueName":"search_term_string"}}],"inLanguage":"de"},{"@type":"Organization","@id":"https:\/\/uelzener.de\/magazin\/#organization","name":"Uelzener Versicherungen","url":"https:\/\/uelzener.de\/magazin\/","logo":{"@type":"ImageObject","inLanguage":"de","@id":"https:\/\/uelzener.de\/magazin\/#\/schema\/logo\/image\/","url":"https:\/\/uelzener.de\/magazin\/app\/uploads\/2024\/11\/uelzener_allgemeine_versicherungsgesellschaft_a_g_logo.jpg","contentUrl":"https:\/\/uelzener.de\/magazin\/app\/uploads\/2024\/11\/uelzener_allgemeine_versicherungsgesellschaft_a_g_logo.jpg","width":200,"height":200,"caption":"Uelzener Versicherungen"},"image":{"@id":"https:\/\/uelzener.de\/magazin\/#\/schema\/logo\/image\/"},"sameAs":["https:\/\/www.facebook.com\/Uelzener","https:\/\/instagram.com\/uelzener","https:\/\/www.xing.com\/pages\/uelzenerallgemeineversicherungs-gesellschafta-g","https:\/\/www.youtube.com\/UelzenerVersicherungen"]}]}},"_links":{"self":[{"href":"https:\/\/uelzener.de\/magazin\/wp-json\/wp\/v2\/pages\/17776","targetHints":{"allow":["GET"]}}],"collection":[{"href":"https:\/\/uelzener.de\/magazin\/wp-json\/wp\/v2\/pages"}],"about":[{"href":"https:\/\/uelzener.de\/magazin\/wp-json\/wp\/v2\/types\/page"}],"author":[{"embeddable":true,"href":"https:\/\/uelzener.de\/magazin\/wp-json\/wp\/v2\/users\/11"}],"replies":[{"embeddable":true,"href":"https:\/\/uelzener.de\/magazin\/wp-json\/wp\/v2\/comments?post=17776"}],"version-history":[{"count":3,"href":"https:\/\/uelzener.de\/magazin\/wp-json\/wp\/v2\/pages\/17776\/revisions"}],"predecessor-version":[{"id":18440,"href":"https:\/\/uelzener.de\/magazin\/wp-json\/wp\/v2\/pages\/17776\/revisions\/18440"}],"up":[{"embeddable":true,"href":"https:\/\/uelzener.de\/magazin\/wp-json\/wp\/v2\/pages\/11691"}],"wp:featuredmedia":[{"embeddable":true,"href":"https:\/\/uelzener.de\/magazin\/wp-json\/wp\/v2\/media\/17777"}],"wp:attachment":[{"href":"https:\/\/uelzener.de\/magazin\/wp-json\/wp\/v2\/media?parent=17776"}],"curies":[{"name":"wp","href":"https:\/\/api.w.org\/{rel}","templated":true}]}}