{"id":17693,"date":"2024-09-11T09:25:23","date_gmt":"2024-09-11T07:25:23","guid":{"rendered":"https:\/\/uelzener.de\/magazin\/?page_id=17693"},"modified":"2025-04-28T10:59:18","modified_gmt":"2025-04-28T08:59:18","slug":"insektenfutter-fuer-katzen-als-alternative-zum-herkoemmlichen-futter","status":"publish","type":"page","link":"https:\/\/uelzener.de\/magazin\/katze\/ernaehrung\/insektenfutter-fuer-katzen-als-alternative-zum-herkoemmlichen-futter\/","title":{"rendered":"Insektenfutter f\u00fcr Katzen als Alternative zum herk\u00f6mmlichen Futter"},"content":{"rendered":"<p><span style=\"font-weight: 400;\">Insektenfutter f\u00fcr Katzen erfreut sich zunehmender Beliebtheit. Die ohnehin schon gro\u00dfe Auswahl an Futtersorten und Ern\u00e4hrungsweisen wird dadurch noch vielf\u00e4ltiger! Ob Barfen, die F\u00fctterung ganzer Beutetiere nach der Whole-Prey-Methode oder klassisches Nass- und Trockenfutter in unterschiedlichen Geschmacksrichtungen f\u00fcr spezielle Bed\u00fcrfnisse \u2013 f\u00fcr jede Samtpfote findet sich das passende Futter.<\/span><\/p>\n<p><span style=\"font-weight: 400;\">Katzen wird klassischerweise Rind, Gefl\u00fcgel oder Fisch serviert. Aber warum nicht einmal Insektenfutter ausprobieren? Insekten sind eine hervorragende Proteinquelle und gelten als nachhaltige, umweltfreundliche Alternative zu Fleisch und Fisch.\u00a0<\/span><\/p>\n<p><span style=\"font-weight: 400;\">In vielen L\u00e4ndern sind Insekten als Snack f\u00fcr Menschen beliebt. So kommt es, dass auch hierzulande Larven des Mehlk\u00e4fers, Wanderheuschrecken, Hausgrillen und Buffalow\u00fcrmer mittlerweile als Lebensmittel zugelassen sind. Auch Futterhersteller reagieren auf diesen Trend und bringen vermehrt Katzenfutter mit Insekten auf den Markt. Wir fassen alles Wichtige zum Insektenfutter f\u00fcr Katzen zusammen.\u00a0<\/span><\/p>\n<h2><b>Kleiner Snack mit gro\u00dfer Wirkung<\/b><\/h2>\n<p><span style=\"font-weight: 400;\">Die traditionelle Tierzucht zur Fleischproduktion belastet die Umwelt, denn sie erfordert gro\u00dfe Fl\u00e4chen, enorme Wassermengen und viel Energie. Im Vergleich dazu gestaltet sich die Zucht von Insekten f\u00fcr Katzenfutter klimafreundlicher und ressourcenschonender. Sie verursacht weniger Treibhausgas-Emissionen und beansprucht weniger Platz, Wasser und Energie.<\/span><\/p>\n<p><span style=\"font-weight: 400;\">Im Regelfall kommen die Insekten f\u00fcr die Futtermittelindustrie aus kontrollierten Aufzuchten, sogenannten Insektenfarmen, und werden hierf\u00fcr speziell gez\u00fcchtet und anschlie\u00dfend zu Katzenfutter verarbeitet. Sie k\u00f6nnen in Form frisch zubereiteter Insekten, als Insektenmehl oder Insekten\u00f6l im Futter landen.<\/span><\/p>\n<p><span style=\"font-weight: 400;\">Insekten haben einen hohen Proteingehalt. Beim Verzehr der kleinen Krabbeltiere nimmt deine Katze genauso tierisches Eiwei\u00df auf wie beim Futtern von Rind- oder Gefl\u00fcgelfleisch. Dar\u00fcber hinaus enthalten Insekten unges\u00e4ttigte Fetts\u00e4uren, B-Vitamine und Mineralstoffe. Je nach Insektenart liefern sie Kupfer, Eisen, Phosphor, Zink und Fols\u00e4ure.<\/span><\/p>\n<p><span style=\"font-weight: 400;\">Auf dem Markt gibt es bereits unterschiedliche Varianten an Katzenfutter mit Insekten: Neben herk\u00f6mmlichem Katzenfutter, zum Beispiel auf Basis von Huhn, mit einem Zusatz von Insekten, findest du auch Nass- und Trockenfutter, das ganz ohne andere Fleischsorten auskommt.\u00a0<\/span><\/p>\n<h2><b>Warum Insektenfutter genau das Richtige f\u00fcr deine Katze sein k\u00f6nnte<\/b><\/h2>\n<p><span style=\"font-weight: 400;\">Unter den Fellnasen gibt es viele Allergiker. Sollte auch deine Katze dazu geh\u00f6ren und empfindlich auf tierische Proteine vom Rind, Huhn oder Fisch reagieren, k\u00f6nnte Insektenfutter eine Alternative sein. Da Insekten als Proteinquelle f\u00fcr viele Katzen noch neu sind, l\u00e4sst sich mit diesem Futter eine Ausschlussdi\u00e4t ausprobieren. H\u00e4ufig werden hierf\u00fcr auch Futtermittel auf Basis von Pferd, Ziege oder K\u00e4nguru genutzt \u2013 Fleischsorten, die vielen Katzen noch unbekannt sind.\u00a0<\/span><\/p>\n<p><span style=\"font-weight: 400;\">Katzenfutter mit Insekten k\u00f6nnte auch eine gute Wahl f\u00fcr dich als Katzenfan sein, wenn du nach einer umweltbewussten Alternative zu Rind, Huhn, Fisch und dergleichen Ausschau h\u00e4ltst.\u00a0<\/span><\/p>\n<p><span style=\"font-weight: 400;\">Doch welche Insekten landen eigentlich im Katzenfutter? Das ist vom Hersteller abh\u00e4ngig. Oftmals handelt es sich um Mehlw\u00fcrmer oder die Schwarze Soldatenfliege beziehungsweise deren Larven. Manche Hersteller deklarieren die Zugabe der Tierchen gar nicht genauer und belassen es allgemein beim Begriff \u201eInsekten\u201c.<\/span><\/p>\n<h2><b>Katzenfutter mit Insektenprotein entdecken \u2013 So servierst du deiner Katze Insektenfutter<\/b><\/h2>\n<p><span style=\"font-weight: 400;\">Bist du auf der Suche nach einer neuen Futteroption f\u00fcr deine futtersensible Katze oder m\u00f6chtest ihr einfach etwas Abwechslung im Napf bieten, gibt es bereits jetzt eine interessante Auswahl an Futtersorten mit Insektenprotein \u2013 und st\u00e4ndig erscheinen neue Variationen! Hier eine kleine Auswahl:<\/span><\/p>\n<ul>\n<li><b>Trockenfutter auf Insektenbasis<\/b><span style=\"font-weight: 400;\">: Der Hauptbestandteil dieses Futters sind Insekten, meist Schwarze Soldatenfliegen, die in getrockneter Form, als Mehl oder \u00d6l verarbeitet werden. Je nach Hersteller werden unterschiedliche Zutaten wie Haferflocken oder Erbsen hinzugef\u00fcgt.<\/span><\/li>\n<li><b>Nassfutter auf Insektenbasis<\/b><span style=\"font-weight: 400;\">: Der Hauptbestandteil des Nassfutters ist Insektenprotein, vorwiegend aus Schwarzen Soldatenfliegen. Erg\u00e4nzt wird es durch Zutaten wie Kartoffelprotein, \u00d6l und Br\u00fche.<\/span><\/li>\n<li><b>Snacks auf Insektenbasis: <\/b><span style=\"font-weight: 400;\">Auch Snacks mit Schwarzen Soldatenfliegen als Hauptbestandteil sind bereits erh\u00e4ltlich und eignen sich hervorragend, um die Katze an die neue Geschmacksrichtung zu gew\u00f6hnen.\u00a0<\/span><\/li>\n<li><b>Futter mit Zusatz von Insekten: <\/b><span style=\"font-weight: 400;\">Einige Hersteller f\u00fchren Insekten schrittweise als neue Proteinquelle ein, indem sie diese in kleinen Mengen klassischen Katzenfuttersorten hinzuf\u00fcgen. So gibt es beispielsweise Produkte, die herk\u00f6mmliches Futter auf Basis von Huhn um Insekten erg\u00e4nzen.<\/span><\/li>\n<\/ul>\n<p><span style=\"font-weight: 400;\">Das wachsende Angebot an Katzenfutter mit Insekten bietet dir die ideale M\u00f6glichkeit, deiner Samtpfote geschmackliche Variation zu bieten. Bei Allergien oder Unvertr\u00e4glichkeiten k\u00f6nnte deine Katze diese neuartige Futteralternative m\u00f6glicherweise besser vertragen als andere Futtersorten. Wenn du Fragen zur Ern\u00e4hrung deiner ern\u00e4hrungssensiblen Katze hast, steht dir deine Tierarztpraxis beratend zur Seite. Mit einer <\/span><span style=\"font-weight: 400;\">Katzenkrankenversicherung<\/span><span style=\"font-weight: 400;\"> bist du auf der sicheren Seite, wenn es um die medizinische Versorgung deines Lieblings geht.<\/span><\/p>\n\n<div class=\"banner\">\n    <a href=\"https:\/\/uelzener.de\/katze\/katzen-krankenversicherung\/?agt=0000104925&sem=true&utm_medium=magazin&utm_source=wordpress&utm_campaign=katze_kv&utm_content=banner\">\n        <img decoding=\"async\" width=\"300\" height=\"212\" src=\"https:\/\/uelzener.de\/magazin\/app\/uploads\/2025\/01\/Katzen-Kranken-Versicherung.jpg\" class=\"attachment-medium size-medium\" alt=\"Banner Katzen-Kranken-Versicherung\" \/>    <\/a>\n<\/div>\n\n<h2><b>Fazit<\/b><\/h2>\n<p><span style=\"font-weight: 400;\">Katzenfutter auf Insektenbasis kann eine sinnvolle Erg\u00e4nzung zur herk\u00f6mmlichen Katzennahrung darstellen und altbekannte Futtersorten sogar ersetzen. Dank des hohen Proteingehalts und der wertvollen N\u00e4hrstoffe bietet es eine attraktive Alternative zu Huhn, Rind, Schwein und dergleichen. Besonders f\u00fcr Katzen mit Allergien und Unvertr\u00e4glichkeiten kann Insektenkatzenfutter eine geeignete Option sein. Manche Katzen ben\u00f6tigen m\u00f6glicherweise etwas Zeit, um sich an den neuen Geschmack zu gew\u00f6hnen, aber das wachsende Angebot an Produkten mit Insekten erm\u00f6glicht es dir, bequem herauszufinden, ob diese Proteinquelle die richtige Wahl f\u00fcr deine Katze ist.<\/span><\/p>\n\n<div class=\"related_articles boxed\">\n    <h2>Mehr zum Thema<\/h2>\n    \n    <div class=\"wrapper\"><div class=\"title align-center\"><h3><a href=\"https:\/\/uelzener.de\/magazin\/katze\/ernaehrung\/barfen-bei-der-katze-frische-rohkost-statt-dosenfutter\/\">Barfen bei der Katze: Frische Rohkost statt Dosenfutter<\/a><\/h3><\/div><div class=\"img align-center\"><img decoding=\"async\" width=\"315\" height=\"180\" src=\"https:\/\/uelzener.de\/magazin\/app\/uploads\/2024\/09\/Barfen-bei-Katzen-Frische-Rohkost-statt-Dosenfutter-315x180.jpg\" class=\"attachment-315x180 size-315x180 wp-post-image\" alt=\"Barfen bei Katzen\" \/><\/div><\/div><div class=\"wrapper\"><div class=\"title align-center\"><h3><a href=\"https:\/\/uelzener.de\/magazin\/katze\/ernaehrung\/katze-vegetarisch-ernaehren\/\">Katzen vegan oder vegetarisch ern\u00e4hren: Von Tier\u00e4rzten nicht empfohlen<\/a><\/h3><\/div><div class=\"img align-center\"><img decoding=\"async\" width=\"315\" height=\"180\" src=\"https:\/\/uelzener.de\/magazin\/app\/uploads\/2019\/11\/41298606-0172-4129-8882-3466adfe105a-315x180.jpg\" class=\"attachment-315x180 size-315x180 wp-post-image\" alt=\"Eine Katze vegan oder vegetarisch zu ern\u00e4hren ist nicht artgerecht.\" \/><\/div><\/div><div class=\"wrapper\"><div class=\"title align-center\"><h3><a href=\"https:\/\/uelzener.de\/magazin\/katze\/ernaehrung\/welches-fleisch-am-besten-fuer-katzen\/\">Welches Fleisch ist am besten? Tipps zur artgerechten Ern\u00e4hrung von Katzen<\/a><\/h3><\/div><div class=\"img align-center\"><img decoding=\"async\" width=\"315\" height=\"180\" src=\"https:\/\/uelzener.de\/magazin\/app\/uploads\/2024\/07\/welches-fleisch-katze-315x180.jpg\" class=\"attachment-315x180 size-315x180 wp-post-image\" alt=\"Welches Fleisch ist das beste f\u00fcr Katzen?\" \/><\/div><\/div><\/div>\n\n<h2><b>FAQ: H\u00e4ufig gestellte Fragen zum Insektenfutter f\u00fcr Katzen<\/b><\/h2>\n<h3><b>Ist Insektenfutter auch f\u00fcr Kitten geeignet?<\/b><\/h3>\n<p><span style=\"font-weight: 400;\">Insektenfutter ist f\u00fcr K\u00e4tzchen gut geeignet, sofern sie bereits in der Lage sind, feste Nahrung zu sich zu nehmen. Es bietet ihnen eine hochwertige Proteinquelle.\u00a0<\/span><\/p>\n<h3><b>K\u00f6nnen Katzensenioren mit Insektenfutter gef\u00fcttert werden?<\/b><\/h3>\n<p><span style=\"font-weight: 400;\">\u00c4ltere Katzen k\u00f6nnen mit Insektenfutter gef\u00fcttert werden. Dabei ist jedoch zu beachten, dass das gew\u00e4hlte Futter auf ihre speziellen Bed\u00fcrfnisse abgestimmt ist. Im Regelfall haben Katzensenioren einen geringeren Energiebedarf als j\u00fcngere Fellnasen. M\u00f6glicherweise sind bei der Einf\u00fchrung der neuen Geschmacksrichtung etwas Geduld und Ausdauer gefragt. Nicht jede Katze wagt sich im Alter gern an Neues heran. Au\u00dferdem kann eine Futterumstellung immer mit Verdauungsbeschwerden einhergehen, die in der Regel aber nur vor\u00fcbergehender Natur sind.<\/span><\/p>\n<h3><b>Welche Insekten werden im Insektenfutter f\u00fcr Katzen verarbeitet?<\/b><\/h3>\n<p><span style=\"font-weight: 400;\">Viele Hersteller nutzen vorrangig die Schwarze Soldatenfliege f\u00fcr ihre Futtersorten. Die Insekten werden entweder frisch verarbeitet, getrocknet oder als Mehl oder \u00d6l im Futter verarbeitet.\u00a0<\/span><\/p>\n<h3><b>K\u00f6nnen Katzen ausschlie\u00dflich von Insektenfutter ern\u00e4hrt werden?<\/b><\/h3>\n<p><span style=\"font-weight: 400;\">Langzeitstudien gibt es zu diesem Thema noch nicht, da Insektenfutter auf dem Markt noch relativ neu ist und das Angebot vergleichsweise klein ausf\u00e4llt. Insektenbasierte Katzenfutter k\u00f6nnen jedoch eine gute Abwechslung darstellen, besonders, wenn deine Katze an Allergien oder Unvertr\u00e4glichkeiten leidet.<\/span><\/p>\n","protected":false},"excerpt":{"rendered":"<p>Insektenfutter f\u00fcr Katzen erfreut sich zunehmender Beliebtheit. Die ohnehin schon gro\u00dfe Auswahl an Futtersorten und Ern\u00e4hrungsweisen wird dadurch noch vielf\u00e4ltiger! Ob Barfen, die F\u00fctterung ganzer Beutetiere nach der Whole-Prey-Methode oder klassisches Nass- und Trockenfutter in unterschiedlichen Geschmacksrichtungen f\u00fcr spezielle Bed\u00fcrfnisse \u2013 f\u00fcr jede Samtpfote findet sich das passende Futter. Katzen wird klassischerweise Rind, Gefl\u00fcgel oder [&hellip;]<\/p>\n","protected":false},"author":9,"featured_media":17694,"parent":11676,"menu_order":2,"comment_status":"closed","ping_status":"closed","template":"templates\/blog.php","meta":{"_acf_changed":false,"_crdt_document":"","footnotes":"","beyondwords_generate_audio":"","beyondwords_project_id":"","beyondwords_content_id":"","beyondwords_preview_token":"","beyondwords_player_style":"","beyondwords_language_id":"","beyondwords_title_voice_id":"","beyondwords_body_voice_id":"","beyondwords_summary_voice_id":"","beyondwords_error_message":"","beyondwords_disabled":"","beyondwords_delete_content":"","beyondwords_podcast_id":"","beyondwords_hash":"","publish_post_to_speechkit":"","speechkit_hash":"","speechkit_generate_audio":"","speechkit_project_id":"","speechkit_podcast_id":"","speechkit_error_message":"","speechkit_disabled":"","speechkit_access_key":"","speechkit_error":"","speechkit_info":"","speechkit_response":"","speechkit_retries":"","speechkit_status":"","speechkit_updated_at":"","_speechkit_link":"","_speechkit_text":""},"class_list":["post-17693","page","type-page","status-publish","has-post-thumbnail","hentry"],"acf":[],"yoast_head":"<!-- This site is optimized with the Yoast SEO Premium plugin  - https:\/\/yoast.com\/product\/yoast-seo-premium-wordpress\/ -->\n<title>Insektenfutter f\u00fcr Katzen als Alternative zum herk\u00f6mmlichen Futter | Uelzener Magazin<\/title>\n<meta name=\"description\" content=\"K\u00f6nnen Insekten f\u00fcr Katzen eine sinnvolle Erg\u00e4nzung zur herk\u00f6mmlichen Katzennahrung darstellen oder sogar Futtersorten sogar ersetzen?\" \/>\n<meta name=\"robots\" content=\"index, follow, max-snippet:-1, max-image-preview:large, max-video-preview:-1\" \/>\n<link rel=\"canonical\" href=\"https:\/\/uelzener.de\/magazin\/katze\/ernaehrung\/insektenfutter-fuer-katzen-als-alternative-zum-herkoemmlichen-futter\/\" \/>\n<meta property=\"og:locale\" content=\"de_DE\" \/>\n<meta property=\"og:type\" content=\"article\" \/>\n<meta property=\"og:title\" content=\"Insektenfutter f\u00fcr Katzen als Alternative zum herk\u00f6mmlichen Futter\" \/>\n<meta property=\"og:description\" content=\"K\u00f6nnen Insekten f\u00fcr Katzen eine sinnvolle Erg\u00e4nzung zur herk\u00f6mmlichen Katzennahrung darstellen oder sogar Futtersorten sogar ersetzen?\" \/>\n<meta property=\"og:url\" content=\"https:\/\/uelzener.de\/magazin\/katze\/ernaehrung\/insektenfutter-fuer-katzen-als-alternative-zum-herkoemmlichen-futter\/\" \/>\n<meta property=\"og:site_name\" content=\"Uelzener Tier-Magazin\" \/>\n<meta property=\"article:publisher\" content=\"https:\/\/www.facebook.com\/Uelzener\" \/>\n<meta property=\"article:modified_time\" content=\"2025-04-28T08:59:18+00:00\" \/>\n<meta property=\"og:image\" content=\"https:\/\/uelzener.de\/magazin\/app\/uploads\/2024\/09\/Insektenfutter-fuer-Katzen-als-Alternative-zum-herkoemmlichen-Futter.jpg\" \/>\n\t<meta property=\"og:image:width\" content=\"1025\" \/>\n\t<meta property=\"og:image:height\" content=\"450\" \/>\n\t<meta property=\"og:image:type\" content=\"image\/jpeg\" \/>\n<meta name=\"twitter:card\" content=\"summary_large_image\" \/>\n<meta name=\"twitter:label1\" content=\"Gesch\u00e4tzte Lesezeit\" \/>\n\t<meta name=\"twitter:data1\" content=\"6\u00a0Minuten\" \/>\n<script type=\"application\/ld+json\" class=\"yoast-schema-graph\">{\"@context\":\"https:\/\/schema.org\",\"@graph\":[{\"@type\":\"WebPage\",\"@id\":\"https:\/\/uelzener.de\/magazin\/katze\/ernaehrung\/insektenfutter-fuer-katzen-als-alternative-zum-herkoemmlichen-futter\/\",\"url\":\"https:\/\/uelzener.de\/magazin\/katze\/ernaehrung\/insektenfutter-fuer-katzen-als-alternative-zum-herkoemmlichen-futter\/\",\"name\":\"Insektenfutter f\u00fcr Katzen als Alternative zum herk\u00f6mmlichen Futter | Uelzener Magazin\",\"isPartOf\":{\"@id\":\"https:\/\/uelzener.de\/magazin\/#website\"},\"primaryImageOfPage\":{\"@id\":\"https:\/\/uelzener.de\/magazin\/katze\/ernaehrung\/insektenfutter-fuer-katzen-als-alternative-zum-herkoemmlichen-futter\/#primaryimage\"},\"image\":{\"@id\":\"https:\/\/uelzener.de\/magazin\/katze\/ernaehrung\/insektenfutter-fuer-katzen-als-alternative-zum-herkoemmlichen-futter\/#primaryimage\"},\"thumbnailUrl\":\"https:\/\/uelzener.de\/magazin\/app\/uploads\/2024\/09\/Insektenfutter-fuer-Katzen-als-Alternative-zum-herkoemmlichen-Futter.jpg\",\"datePublished\":\"2024-09-11T07:25:23+00:00\",\"dateModified\":\"2025-04-28T08:59:18+00:00\",\"description\":\"K\u00f6nnen Insekten f\u00fcr Katzen eine sinnvolle Erg\u00e4nzung zur herk\u00f6mmlichen Katzennahrung darstellen oder sogar Futtersorten sogar ersetzen?\",\"breadcrumb\":{\"@id\":\"https:\/\/uelzener.de\/magazin\/katze\/ernaehrung\/insektenfutter-fuer-katzen-als-alternative-zum-herkoemmlichen-futter\/#breadcrumb\"},\"inLanguage\":\"de\",\"potentialAction\":[{\"@type\":\"ReadAction\",\"target\":[\"https:\/\/uelzener.de\/magazin\/katze\/ernaehrung\/insektenfutter-fuer-katzen-als-alternative-zum-herkoemmlichen-futter\/\"]}]},{\"@type\":\"ImageObject\",\"inLanguage\":\"de\",\"@id\":\"https:\/\/uelzener.de\/magazin\/katze\/ernaehrung\/insektenfutter-fuer-katzen-als-alternative-zum-herkoemmlichen-futter\/#primaryimage\",\"url\":\"https:\/\/uelzener.de\/magazin\/app\/uploads\/2024\/09\/Insektenfutter-fuer-Katzen-als-Alternative-zum-herkoemmlichen-Futter.jpg\",\"contentUrl\":\"https:\/\/uelzener.de\/magazin\/app\/uploads\/2024\/09\/Insektenfutter-fuer-Katzen-als-Alternative-zum-herkoemmlichen-Futter.jpg\",\"width\":1025,\"height\":450,\"caption\":\"Insektenfutter f\u00fcr Katzen\"},{\"@type\":\"WebSite\",\"@id\":\"https:\/\/uelzener.de\/magazin\/#website\",\"url\":\"https:\/\/uelzener.de\/magazin\/\",\"name\":\"Uelzener Tiermagazin\",\"description\":\"Online Tierratgeber der Uelzener Versicherungen\",\"publisher\":{\"@id\":\"https:\/\/uelzener.de\/magazin\/#organization\"},\"potentialAction\":[{\"@type\":\"SearchAction\",\"target\":{\"@type\":\"EntryPoint\",\"urlTemplate\":\"https:\/\/uelzener.de\/magazin\/?s={search_term_string}\"},\"query-input\":{\"@type\":\"PropertyValueSpecification\",\"valueRequired\":true,\"valueName\":\"search_term_string\"}}],\"inLanguage\":\"de\"},{\"@type\":\"Organization\",\"@id\":\"https:\/\/uelzener.de\/magazin\/#organization\",\"name\":\"Uelzener Versicherungen\",\"url\":\"https:\/\/uelzener.de\/magazin\/\",\"logo\":{\"@type\":\"ImageObject\",\"inLanguage\":\"de\",\"@id\":\"https:\/\/uelzener.de\/magazin\/#\/schema\/logo\/image\/\",\"url\":\"https:\/\/uelzener.de\/magazin\/app\/uploads\/2024\/11\/uelzener_allgemeine_versicherungsgesellschaft_a_g_logo.jpg\",\"contentUrl\":\"https:\/\/uelzener.de\/magazin\/app\/uploads\/2024\/11\/uelzener_allgemeine_versicherungsgesellschaft_a_g_logo.jpg\",\"width\":200,\"height\":200,\"caption\":\"Uelzener Versicherungen\"},\"image\":{\"@id\":\"https:\/\/uelzener.de\/magazin\/#\/schema\/logo\/image\/\"},\"sameAs\":[\"https:\/\/www.facebook.com\/Uelzener\",\"https:\/\/instagram.com\/uelzener\",\"https:\/\/www.xing.com\/pages\/uelzenerallgemeineversicherungs-gesellschafta-g\",\"https:\/\/www.youtube.com\/UelzenerVersicherungen\"]}]}<\/script>\n<!-- \/ Yoast SEO Premium plugin. -->","yoast_head_json":{"title":"Insektenfutter f\u00fcr Katzen als Alternative zum herk\u00f6mmlichen Futter | Uelzener Magazin","description":"K\u00f6nnen Insekten f\u00fcr Katzen eine sinnvolle Erg\u00e4nzung zur herk\u00f6mmlichen Katzennahrung darstellen oder sogar Futtersorten sogar ersetzen?","robots":{"index":"index","follow":"follow","max-snippet":"max-snippet:-1","max-image-preview":"max-image-preview:large","max-video-preview":"max-video-preview:-1"},"canonical":"https:\/\/uelzener.de\/magazin\/katze\/ernaehrung\/insektenfutter-fuer-katzen-als-alternative-zum-herkoemmlichen-futter\/","og_locale":"de_DE","og_type":"article","og_title":"Insektenfutter f\u00fcr Katzen als Alternative zum herk\u00f6mmlichen Futter","og_description":"K\u00f6nnen Insekten f\u00fcr Katzen eine sinnvolle Erg\u00e4nzung zur herk\u00f6mmlichen Katzennahrung darstellen oder sogar Futtersorten sogar ersetzen?","og_url":"https:\/\/uelzener.de\/magazin\/katze\/ernaehrung\/insektenfutter-fuer-katzen-als-alternative-zum-herkoemmlichen-futter\/","og_site_name":"Uelzener Tier-Magazin","article_publisher":"https:\/\/www.facebook.com\/Uelzener","article_modified_time":"2025-04-28T08:59:18+00:00","og_image":[{"width":1025,"height":450,"url":"https:\/\/uelzener.de\/magazin\/app\/uploads\/2024\/09\/Insektenfutter-fuer-Katzen-als-Alternative-zum-herkoemmlichen-Futter.jpg","type":"image\/jpeg"}],"twitter_card":"summary_large_image","twitter_misc":{"Gesch\u00e4tzte Lesezeit":"6\u00a0Minuten"},"schema":{"@context":"https:\/\/schema.org","@graph":[{"@type":"WebPage","@id":"https:\/\/uelzener.de\/magazin\/katze\/ernaehrung\/insektenfutter-fuer-katzen-als-alternative-zum-herkoemmlichen-futter\/","url":"https:\/\/uelzener.de\/magazin\/katze\/ernaehrung\/insektenfutter-fuer-katzen-als-alternative-zum-herkoemmlichen-futter\/","name":"Insektenfutter f\u00fcr Katzen als Alternative zum herk\u00f6mmlichen Futter | Uelzener Magazin","isPartOf":{"@id":"https:\/\/uelzener.de\/magazin\/#website"},"primaryImageOfPage":{"@id":"https:\/\/uelzener.de\/magazin\/katze\/ernaehrung\/insektenfutter-fuer-katzen-als-alternative-zum-herkoemmlichen-futter\/#primaryimage"},"image":{"@id":"https:\/\/uelzener.de\/magazin\/katze\/ernaehrung\/insektenfutter-fuer-katzen-als-alternative-zum-herkoemmlichen-futter\/#primaryimage"},"thumbnailUrl":"https:\/\/uelzener.de\/magazin\/app\/uploads\/2024\/09\/Insektenfutter-fuer-Katzen-als-Alternative-zum-herkoemmlichen-Futter.jpg","datePublished":"2024-09-11T07:25:23+00:00","dateModified":"2025-04-28T08:59:18+00:00","description":"K\u00f6nnen Insekten f\u00fcr Katzen eine sinnvolle Erg\u00e4nzung zur herk\u00f6mmlichen Katzennahrung darstellen oder sogar Futtersorten sogar ersetzen?","breadcrumb":{"@id":"https:\/\/uelzener.de\/magazin\/katze\/ernaehrung\/insektenfutter-fuer-katzen-als-alternative-zum-herkoemmlichen-futter\/#breadcrumb"},"inLanguage":"de","potentialAction":[{"@type":"ReadAction","target":["https:\/\/uelzener.de\/magazin\/katze\/ernaehrung\/insektenfutter-fuer-katzen-als-alternative-zum-herkoemmlichen-futter\/"]}]},{"@type":"ImageObject","inLanguage":"de","@id":"https:\/\/uelzener.de\/magazin\/katze\/ernaehrung\/insektenfutter-fuer-katzen-als-alternative-zum-herkoemmlichen-futter\/#primaryimage","url":"https:\/\/uelzener.de\/magazin\/app\/uploads\/2024\/09\/Insektenfutter-fuer-Katzen-als-Alternative-zum-herkoemmlichen-Futter.jpg","contentUrl":"https:\/\/uelzener.de\/magazin\/app\/uploads\/2024\/09\/Insektenfutter-fuer-Katzen-als-Alternative-zum-herkoemmlichen-Futter.jpg","width":1025,"height":450,"caption":"Insektenfutter f\u00fcr Katzen"},{"@type":"WebSite","@id":"https:\/\/uelzener.de\/magazin\/#website","url":"https:\/\/uelzener.de\/magazin\/","name":"Uelzener Tiermagazin","description":"Online Tierratgeber der Uelzener Versicherungen","publisher":{"@id":"https:\/\/uelzener.de\/magazin\/#organization"},"potentialAction":[{"@type":"SearchAction","target":{"@type":"EntryPoint","urlTemplate":"https:\/\/uelzener.de\/magazin\/?s={search_term_string}"},"query-input":{"@type":"PropertyValueSpecification","valueRequired":true,"valueName":"search_term_string"}}],"inLanguage":"de"},{"@type":"Organization","@id":"https:\/\/uelzener.de\/magazin\/#organization","name":"Uelzener Versicherungen","url":"https:\/\/uelzener.de\/magazin\/","logo":{"@type":"ImageObject","inLanguage":"de","@id":"https:\/\/uelzener.de\/magazin\/#\/schema\/logo\/image\/","url":"https:\/\/uelzener.de\/magazin\/app\/uploads\/2024\/11\/uelzener_allgemeine_versicherungsgesellschaft_a_g_logo.jpg","contentUrl":"https:\/\/uelzener.de\/magazin\/app\/uploads\/2024\/11\/uelzener_allgemeine_versicherungsgesellschaft_a_g_logo.jpg","width":200,"height":200,"caption":"Uelzener Versicherungen"},"image":{"@id":"https:\/\/uelzener.de\/magazin\/#\/schema\/logo\/image\/"},"sameAs":["https:\/\/www.facebook.com\/Uelzener","https:\/\/instagram.com\/uelzener","https:\/\/www.xing.com\/pages\/uelzenerallgemeineversicherungs-gesellschafta-g","https:\/\/www.youtube.com\/UelzenerVersicherungen"]}]}},"_links":{"self":[{"href":"https:\/\/uelzener.de\/magazin\/wp-json\/wp\/v2\/pages\/17693","targetHints":{"allow":["GET"]}}],"collection":[{"href":"https:\/\/uelzener.de\/magazin\/wp-json\/wp\/v2\/pages"}],"about":[{"href":"https:\/\/uelzener.de\/magazin\/wp-json\/wp\/v2\/types\/page"}],"author":[{"embeddable":true,"href":"https:\/\/uelzener.de\/magazin\/wp-json\/wp\/v2\/users\/9"}],"replies":[{"embeddable":true,"href":"https:\/\/uelzener.de\/magazin\/wp-json\/wp\/v2\/comments?post=17693"}],"version-history":[{"count":4,"href":"https:\/\/uelzener.de\/magazin\/wp-json\/wp\/v2\/pages\/17693\/revisions"}],"predecessor-version":[{"id":18463,"href":"https:\/\/uelzener.de\/magazin\/wp-json\/wp\/v2\/pages\/17693\/revisions\/18463"}],"up":[{"embeddable":true,"href":"https:\/\/uelzener.de\/magazin\/wp-json\/wp\/v2\/pages\/11676"}],"wp:featuredmedia":[{"embeddable":true,"href":"https:\/\/uelzener.de\/magazin\/wp-json\/wp\/v2\/media\/17694"}],"wp:attachment":[{"href":"https:\/\/uelzener.de\/magazin\/wp-json\/wp\/v2\/media?parent=17693"}],"curies":[{"name":"wp","href":"https:\/\/api.w.org\/{rel}","templated":true}]}}