{"id":17663,"date":"2024-08-14T12:12:07","date_gmt":"2024-08-14T10:12:07","guid":{"rendered":"https:\/\/uelzener.de\/magazin\/?page_id=17663"},"modified":"2025-11-20T11:27:17","modified_gmt":"2025-11-20T10:27:17","slug":"pferd-angst-vor-spruehflasche-nehmen-anleitung-training","status":"publish","type":"page","link":"https:\/\/uelzener.de\/magazin\/pferd\/erziehung-und-training\/pferd-angst-vor-spruehflasche-nehmen-anleitung-training\/","title":{"rendered":"Dem Pferd die Angst vor der Spr\u00fchflasche nehmen: Anleitung f\u00fcrs Training"},"content":{"rendered":"<p><span style=\"font-weight: 400;\">Als Fluchttiere haben Pferde von Natur aus eine sehr sensible Wahrnehmung. Das hat mitunter zur Folge, dass sie auf einfache Alltagsgegenst\u00e4nde wie eine Spr\u00fchflasche bereits schreckhaft reagieren. Das Zischen aus der D\u00fcse oder das Gef\u00fchl des Spr\u00fchnebels auf Haut und Fell k\u00f6nnen bei ihnen Angst und Stress ausl\u00f6sen. Da das Einspr\u00fchen aber manchmal unvermeidlich ist \u2013 beispielsweise zur Fellpflege, Wundversorgung oder Insektenabwehr \u2013 ist es sinnvoll, dein Pferd an die Spr\u00fchflasche zu gew\u00f6hnen. In diesem Artikel lernst du, welche Ursachen die Angst haben kann und wie du sie deinem Pferd Schritt f\u00fcr Schritt nehmen kannst.<\/span><\/p>\n<h2>M\u00f6gliche Ursachen f\u00fcr die Angst vor der Spr\u00fchflasche<\/h2>\n<p><span style=\"font-weight: 400;\">Um das Problem gezielt anzugehen, ist es wichtig, die m\u00f6glichen Ursachen f\u00fcr die Angst des Pferdes zu verstehen. Es gibt n\u00e4mlich verschiedene Gr\u00fcnde, aus denen Pferde schreckhaft auf eine Spr\u00fchflasche reagieren k\u00f6nnen:<\/span><\/p>\n<ol>\n<li style=\"font-weight: 400;\" aria-level=\"1\"><b>Ger\u00e4usch:<\/b><span style=\"font-weight: 400;\"> Das Spr\u00fchger\u00e4usch kann ungewohnt f\u00fcr das Pferd sein und somit Angst verursachen.<\/span><\/li>\n<li style=\"font-weight: 400;\" aria-level=\"1\"><b>Gef\u00fchl:<\/b><span style=\"font-weight: 400;\"> Der feine Spr\u00fchnebel und die kalte Fl\u00fcssigkeit k\u00f6nnen sich f\u00fcr das Pferd fremd und eventuell unangenehm anf\u00fchlen, was wiederum Unsicherheit ausl\u00f6st.<\/span><\/li>\n<li style=\"font-weight: 400;\" aria-level=\"1\"><b>Geruch:<\/b><span style=\"font-weight: 400;\"> Pferde haben einen sehr empfindlichen Geruchssinn und reagieren mitunter stark auf unbekannte D\u00fcfte.<\/span><\/li>\n<li style=\"font-weight: 400;\" aria-level=\"1\"><b>Negative Erfahrungen:<\/b><span style=\"font-weight: 400;\"> Schlechte Erfahrungen in der Vergangenheit und negative Assoziationen mit der Spr\u00fchflasche, etwa durch unsachgem\u00e4\u00dfen Gebrauch auf Seiten des Menschen, k\u00f6nnen Grund daf\u00fcr sein, dass das Pferd Angst davor entwickelt hat.<\/span><\/li>\n<li style=\"font-weight: 400;\" aria-level=\"1\"><b>Pl\u00f6tzliche Bewegungen:<\/b><span style=\"font-weight: 400;\"> Ruckartige Bewegungen mit der Spr\u00fchflasche k\u00f6nnen als Bedrohung wahrgenommen werden.<\/span><\/li>\n<li style=\"font-weight: 400;\" aria-level=\"1\"><b>Fluchtinstinkt:<\/b><span style=\"font-weight: 400;\"> Schon der blo\u00dfe Umstand, dass jemand mit der Spr\u00fchflasche auf das Pferd zukommt, kann einen Fluchtreflex beim Tier ausl\u00f6sen. Oft versuchen Pferde instinktiv, neuen oder unerwarteten Situationen zu entkommen.<\/span><\/li>\n<\/ol>\n<p><span style=\"font-weight: 400;\">Es gibt viele Aspekte an einer Spr\u00fchflasche, die ein Pferd in Angst versetzen k\u00f6nnen, mit dem richtigen Training kann man jedoch gegensteuern. Dabei solltest du in jedem Fall Geduld bewahren. Eine \u00fcberhastete Konfrontation mit der Spr\u00fchflasche kann die Angst verst\u00e4rken und das Vertrauensverh\u00e4ltnis st\u00f6ren. Gehe daher immer nur so weit, wie es dein Pferd zul\u00e4sst.<\/span><\/p>\n<h2>Schritt-f\u00fcr-Schritt-Anleitung zur Gew\u00f6hnung an die Spr\u00fchflasche<\/h2>\n<p><span style=\"font-weight: 400;\">Ziel des Trainings ist es, dem Pferd zu zeigen, dass die Spr\u00fchflasche etwas v\u00f6llig Normales und Ungef\u00e4hrliches ist. Daf\u00fcr ist es entscheidend, dem Pferd Ruhe, Sicherheit und ein gutes Gef\u00fchl zu vermitteln. Achte stets auf die Signale, die das Pferd dir gibt, und passe dein Vorgehen entsprechend an.<\/span><\/p>\n<h3>Die Vorbereitung<\/h3>\n<p><span style=\"font-weight: 400;\">Stelle sicher, dass das Training in einer ruhigen und sicheren Umgebung stattfindet, die m\u00f6glichst frei von \u00e4u\u00dferen Reizen ist. Daf\u00fcr eignet sich beispielsweise eine leere Reithalle oder eine umz\u00e4unte Koppel. Um die Verletzungsgefahr zu minimieren, solltest du nach M\u00f6glichkeit darauf verzichten, das Pferd anzubinden.<\/span><\/p>\n<p><span style=\"font-weight: 400;\">Nutze f\u00fcr das Training am besten eine mit lauwarmem Wasser gef\u00fcllte Spr\u00fchflasche. Dadurch verschwendest du kein teures Produkt und stellst sicher, dass die Fl\u00fcssigkeit geruchsneutral ist und sich f\u00fcr das Pferd nicht zu kalt anf\u00fchlt. Da sowohl das Ger\u00e4usch als auch das Gef\u00fchl des Spr\u00fchnebels Ursache f\u00fcr die Angst sein k\u00f6nnen, ist es sinnvoll, mit unterschiedlichen Flaschen zu experimentieren.<\/span><\/p>\n<p><span style=\"font-weight: 400;\">Da sich deine Stimmung schnell auf das Pferd \u00fcbertragen kann, solltest du gelassen und positiv an die Sache herangehen. Schaffe eine entspannte Atmosph\u00e4re f\u00fcr dich und dein Pferd und lass dich nicht aus der Ruhe bringen, sollte etwas nicht auf Anhieb klappen.<\/span><\/p>\n<h3>Einf\u00fchrung der Spr\u00fchflasche<\/h3>\n<p><span style=\"font-weight: 400;\">N\u00e4here dich dem Pferd zun\u00e4chst langsam mit der Spr\u00fchflasche in der Hand, ohne sie zu benutzen. Ger\u00e4t es hierbei schon in Stress und wird unruhig, entferne dich ein paar Schritte, um zu signalisieren, dass du seine Toleranzgrenze respektierst. Warte, bis es sich beruhigt hat, und versuche es noch einmal langsamer. Bleibt das Pferd ruhig, motiviere es mit einer Belohnung, beispielsweise durch sanftes Streicheln, freundliche Worte oder ein Leckerli. So bewegst du dich mit der Spr\u00fchflasche Schritt f\u00fcr Schritt n\u00e4her an dein Pferd heran.<\/span><\/p>\n<p><span style=\"font-weight: 400;\">Gib deinem Pferd, sofern die erste Ann\u00e4herung geklappt hat, die M\u00f6glichkeit, die Spr\u00fchflasche in Ruhe zu inspizieren und zu beschnuppern. Manchmal hilft es, sie leicht anzuklopfen, um dem Pferd zu zeigen, dass sie ungef\u00e4hrlich ist.<\/span><\/p>\n<h3>Das Spr\u00fchen<\/h3>\n<p><span style=\"font-weight: 400;\">Akzeptiert das Pferd die Anwesenheit der Flasche, kannst du dazu \u00fcbergehen, es an den Spr\u00fchvorgang zu gew\u00f6hnen. Spr\u00fche zun\u00e4chst in einiger Entfernung vom Pferd in die Luft, so dass es nicht vom Spr\u00fchnebel getroffen wird. Das hilft dabei, das Tier mit dem Spr\u00fchger\u00e4usch vertraut zu machen. Auch hier gilt: Wenn das Pferd in Stress oder Panik ger\u00e4t, gib ihm Raum und versuche es nach einer Pause erneut. Lobe es ausgiebig, wenn es ruhig bleibt.<\/span><\/p>\n<p><span style=\"font-weight: 400;\">Duldet das Pferd das Spr\u00fchen unmittelbar neben sich, kannst du anfangen, es mit der Flasche zu ber\u00fchren, ohne dabei zu spr\u00fchen. Traust du dir und deinem Pferd zu, es direkt anzuspr\u00fchen, beginne an unempfindlicheren Stellen, beispielsweise an der Schulter.<\/span><\/p>\n<p><span style=\"font-weight: 400;\">Achte darauf, mit ruhigen und gleichm\u00e4\u00dfigen Bewegungen zu arbeiten, um das Tier nicht zu erschrecken. Nach und nach kannst du dich an empfindlichere K\u00f6rperstellen herantasten und die Spr\u00fchdauer ausdehnen. Geduld, Einf\u00fchlungsverm\u00f6gen und Konsequenz sind der Schl\u00fcssel zum Erfolg.<\/span><\/p>\n<h2>Wenn das Training geschafft ist<\/h2>\n<p><span style=\"font-weight: 400;\">Integriere das Spr\u00fchflaschen-Training fortan in den Alltag, damit es zur Routine f\u00fcr dein Pferd wird. \u00dcbe regelm\u00e4\u00dfig und verbinde das Spr\u00fchen mit angenehmen Erlebnissen. Nutze entspannte Momente, etwa nach einer wohltuenden Wellness-Session oder einem ausgiebigen Spaziergang. So gelangt ihr fr\u00fcher oder sp\u00e4ter an den Punkt, an dem das Pferd das Einspr\u00fchen als normalen Vorgang akzeptiert.<\/span><\/p>\n\n<div class=\"related_articles boxed\">\n    <h2>Mehr zum Thema<\/h2>\n    \n    <div class=\"wrapper\"><div class=\"title align-center\"><h3><a href=\"https:\/\/uelzener.de\/magazin\/pferd\/haeufige-fragen\/warum-scharrt-ein-pferd-mit-den-hufen\/\">Warum scharrt ein Pferd mit den Hufen?<\/a><\/h3><\/div><div class=\"img align-center\"><img decoding=\"async\" width=\"315\" height=\"180\" src=\"https:\/\/uelzener.de\/magazin\/app\/uploads\/2025\/11\/hufscharren-315x180.jpg\" class=\"attachment-315x180 size-315x180 wp-post-image\" alt=\"\" \/><\/div><\/div><div class=\"wrapper\"><div class=\"title align-center\"><h3><a href=\"https:\/\/uelzener.de\/magazin\/pferd\/tiergesundheit\/was-hilft-gegen-pferdebremsen\/\">Bremsen beim Pferd: Saison, Risiken &#038; wirksamer Schutz<\/a><\/h3><\/div><div class=\"img align-center\"><img decoding=\"async\" width=\"315\" height=\"138\" src=\"https:\/\/uelzener.de\/magazin\/app\/uploads\/2025\/08\/pferdebremse.png\" class=\"attachment-315x180 size-315x180 wp-post-image\" alt=\"Nahaufnahme Pferdebremse.\" \/><\/div><\/div><div class=\"wrapper\"><div class=\"title align-center\"><h3><a href=\"https:\/\/uelzener.de\/magazin\/pferd\/pflege\/fliegenschutz-fuer-pferde-ohne-chemie-diy-fliegensprays\/\">Fliegenschutz f\u00fcr Pferde ohne Chemie: Die besten Tipps mit Anleitungen f\u00fcr DIY-Fliegensprays<\/a><\/h3><\/div><div class=\"img align-center\"><img decoding=\"async\" width=\"315\" height=\"180\" src=\"https:\/\/uelzener.de\/magazin\/app\/uploads\/2024\/08\/diy-fliegenspray-fuer-pferde-315x180.jpg\" class=\"attachment-315x180 size-315x180 wp-post-image\" alt=\"DIY Anti-M\u00fccken-Spray f\u00fcr Pferde.\" \/><\/div><\/div><\/div>\n\n<h2>Fazit<\/h2>\n<p><span style=\"font-weight: 400;\">Das Gew\u00f6hnen eines Pferdes an die Spr\u00fchflasche ist ein wichtiger Schritt, um den Umgang mit Pflegemitteln wie Fliegenspray sicher und stressfrei zu gestalten. Mit Geduld und positiver Verst\u00e4rkung kann man dem Pferd beibringen, keine Angst vor der Spr\u00fchflasche haben zu m\u00fcssen. Wichtig ist, dass das Training\u00a0 schrittweise und behutsam aufgebaut wird, damit das Pferd Vertrauen fasst und die Spr\u00fchflasche langfristig als festen Bestandteil der Pflegeroutine akzeptiert.<\/span><\/p>\n<h2>FAQ: H\u00e4ufig gestellte Fragen zur Gew\u00f6hnung an die Spr\u00fchflasche<\/h2>\n<h3>Wie lange dauert es, bis mein Pferd sich an die Spr\u00fchflasche gew\u00f6hnt hat?<\/h3>\n<p><span style=\"font-weight: 400;\">Die Trainingsdauer h\u00e4ngt unter anderem vom Charakter und den Vorerfahrungen des Tiers ab. Manche Pferde gew\u00f6hnen sich schon nach wenigen Trainingseinheiten an die Spr\u00fchflasche, w\u00e4hrend andere, insbesondere junge oder sehr \u00e4ngstliche Pferde, mehrere Wochen bis Monate brauchen.<\/span><\/p>\n<h3>Was mache ich, wenn mein Pferd selbst nach mehreren Trainingsversuchen Angst vor der Spr\u00fchflasche hat?<\/h3>\n<p><span style=\"font-weight: 400;\">In diesem Fall solltest du professionelle Hilfe hinzuziehen. Ein ausgebildeter Pferdetrainer oder eine Pferdetrainerin kann die Ursachen der Angst genau analysieren und gezielte Methoden anwenden.<\/span><\/p>\n<h3>Gibt es Alternativen zur Spr\u00fchflasche, falls mein Pferd diese absolut nicht toleriert?<\/h3>\n<p><span style=\"font-weight: 400;\">Eine M\u00f6glichkeit ist, die Fl\u00fcssigkeit mit einem Schwamm oder einem Tuch aufzutragen. Dar\u00fcber hinaus sind Pflege- und Insektenschutzmittel in Gel-Form erh\u00e4ltlich, auf die du ausweichen kannst. Spr\u00fchflaschen erm\u00f6glichen jedoch eine gleichm\u00e4\u00dfigere Verteilung und einen effizienteren Auftrag.<\/span><\/p>\n<h3>Kann ich das Training bei kaltem Wetter durchf\u00fchren?<\/h3>\n<p><span style=\"font-weight: 400;\">Idealerweise ist das Pferd im Sommer so weit an die Spr\u00fchflasche gew\u00f6hnt, dass es sich ohne Probleme mit Fliegenspray bespr\u00fchen l\u00e4sst. Dementsprechend ist es sinnvoll, das Training einige Zeit vorher zu beginnen. Jedoch solltest du bei kaltem Wetter besonders darauf achten, warmes Wasser zu verwenden und das Training am besten in einem witterungsgesch\u00fctzten Bereich durchf\u00fchren.<\/span><\/p>\n","protected":false},"excerpt":{"rendered":"<p>Als Fluchttiere haben Pferde von Natur aus eine sehr sensible Wahrnehmung. Das hat mitunter zur Folge, dass sie auf einfache Alltagsgegenst\u00e4nde wie eine Spr\u00fchflasche bereits schreckhaft reagieren. Das Zischen aus der D\u00fcse oder das Gef\u00fchl des Spr\u00fchnebels auf Haut und Fell k\u00f6nnen bei ihnen Angst und Stress ausl\u00f6sen. Da das Einspr\u00fchen aber manchmal unvermeidlich ist [&hellip;]<\/p>\n","protected":false},"author":11,"featured_media":17664,"parent":11689,"menu_order":32,"comment_status":"closed","ping_status":"closed","template":"templates\/blog.php","meta":{"_acf_changed":false,"_crdt_document":"","footnotes":"","beyondwords_generate_audio":"","beyondwords_project_id":"","beyondwords_content_id":"","beyondwords_preview_token":"","beyondwords_player_style":"","beyondwords_language_id":"","beyondwords_title_voice_id":"","beyondwords_body_voice_id":"","beyondwords_summary_voice_id":"","beyondwords_error_message":"","beyondwords_disabled":"","beyondwords_delete_content":"","beyondwords_podcast_id":"","beyondwords_hash":"","publish_post_to_speechkit":"","speechkit_hash":"","speechkit_generate_audio":"","speechkit_project_id":"","speechkit_podcast_id":"","speechkit_error_message":"","speechkit_disabled":"","speechkit_access_key":"","speechkit_error":"","speechkit_info":"","speechkit_response":"","speechkit_retries":"","speechkit_status":"","speechkit_updated_at":"","_speechkit_link":"","_speechkit_text":""},"class_list":["post-17663","page","type-page","status-publish","has-post-thumbnail","hentry"],"acf":[],"yoast_head":"<!-- This site is optimized with the Yoast SEO Premium plugin  - https:\/\/yoast.com\/product\/yoast-seo-premium-wordpress\/ -->\n<title>Dem Pferd die Angst vor der Spr\u00fchflasche nehmen: Anleitung f\u00fcrs Training | Uelzener Magazin<\/title>\n<meta name=\"description\" content=\"In diesem Artikel lernst du, welche Ursachen die Angst haben kann und wie du sie deinem Pferd Schritt f\u00fcr Schritt nehmen kannst.\" \/>\n<meta name=\"robots\" content=\"index, follow, max-snippet:-1, max-image-preview:large, max-video-preview:-1\" \/>\n<link rel=\"canonical\" href=\"https:\/\/uelzener.de\/magazin\/pferd\/erziehung-und-training\/pferd-angst-vor-spruehflasche-nehmen-anleitung-training\/\" \/>\n<meta property=\"og:locale\" content=\"de_DE\" \/>\n<meta property=\"og:type\" content=\"article\" \/>\n<meta property=\"og:title\" content=\"Dem Pferd die Angst vor der Spr\u00fchflasche nehmen: Anleitung f\u00fcrs Training\" \/>\n<meta property=\"og:description\" content=\"In diesem Artikel lernst du, welche Ursachen die Angst haben kann und wie du sie deinem Pferd Schritt f\u00fcr Schritt nehmen kannst.\" \/>\n<meta property=\"og:url\" content=\"https:\/\/uelzener.de\/magazin\/pferd\/erziehung-und-training\/pferd-angst-vor-spruehflasche-nehmen-anleitung-training\/\" \/>\n<meta property=\"og:site_name\" content=\"Uelzener Tier-Magazin\" \/>\n<meta property=\"article:publisher\" content=\"https:\/\/www.facebook.com\/Uelzener\" \/>\n<meta property=\"article:modified_time\" content=\"2025-11-20T10:27:17+00:00\" \/>\n<meta property=\"og:image\" content=\"https:\/\/uelzener.de\/magazin\/app\/uploads\/2024\/08\/pfred-an-sprayflasche-gewoehnen.jpg\" \/>\n\t<meta property=\"og:image:width\" content=\"1025\" \/>\n\t<meta property=\"og:image:height\" content=\"450\" \/>\n\t<meta property=\"og:image:type\" content=\"image\/jpeg\" \/>\n<meta name=\"twitter:card\" content=\"summary_large_image\" \/>\n<meta name=\"twitter:label1\" content=\"Gesch\u00e4tzte Lesezeit\" \/>\n\t<meta name=\"twitter:data1\" content=\"7\u00a0Minuten\" \/>\n<script type=\"application\/ld+json\" class=\"yoast-schema-graph\">{\"@context\":\"https:\/\/schema.org\",\"@graph\":[{\"@type\":\"WebPage\",\"@id\":\"https:\/\/uelzener.de\/magazin\/pferd\/erziehung-und-training\/pferd-angst-vor-spruehflasche-nehmen-anleitung-training\/\",\"url\":\"https:\/\/uelzener.de\/magazin\/pferd\/erziehung-und-training\/pferd-angst-vor-spruehflasche-nehmen-anleitung-training\/\",\"name\":\"Dem Pferd die Angst vor der Spr\u00fchflasche nehmen: Anleitung f\u00fcrs Training | Uelzener Magazin\",\"isPartOf\":{\"@id\":\"https:\/\/uelzener.de\/magazin\/#website\"},\"primaryImageOfPage\":{\"@id\":\"https:\/\/uelzener.de\/magazin\/pferd\/erziehung-und-training\/pferd-angst-vor-spruehflasche-nehmen-anleitung-training\/#primaryimage\"},\"image\":{\"@id\":\"https:\/\/uelzener.de\/magazin\/pferd\/erziehung-und-training\/pferd-angst-vor-spruehflasche-nehmen-anleitung-training\/#primaryimage\"},\"thumbnailUrl\":\"https:\/\/uelzener.de\/magazin\/app\/uploads\/2024\/08\/pfred-an-sprayflasche-gewoehnen.jpg\",\"datePublished\":\"2024-08-14T10:12:07+00:00\",\"dateModified\":\"2025-11-20T10:27:17+00:00\",\"description\":\"In diesem Artikel lernst du, welche Ursachen die Angst haben kann und wie du sie deinem Pferd Schritt f\u00fcr Schritt nehmen kannst.\",\"breadcrumb\":{\"@id\":\"https:\/\/uelzener.de\/magazin\/pferd\/erziehung-und-training\/pferd-angst-vor-spruehflasche-nehmen-anleitung-training\/#breadcrumb\"},\"inLanguage\":\"de\",\"potentialAction\":[{\"@type\":\"ReadAction\",\"target\":[\"https:\/\/uelzener.de\/magazin\/pferd\/erziehung-und-training\/pferd-angst-vor-spruehflasche-nehmen-anleitung-training\/\"]}]},{\"@type\":\"ImageObject\",\"inLanguage\":\"de\",\"@id\":\"https:\/\/uelzener.de\/magazin\/pferd\/erziehung-und-training\/pferd-angst-vor-spruehflasche-nehmen-anleitung-training\/#primaryimage\",\"url\":\"https:\/\/uelzener.de\/magazin\/app\/uploads\/2024\/08\/pfred-an-sprayflasche-gewoehnen.jpg\",\"contentUrl\":\"https:\/\/uelzener.de\/magazin\/app\/uploads\/2024\/08\/pfred-an-sprayflasche-gewoehnen.jpg\",\"width\":1025,\"height\":450,\"caption\":\"Pferd an Spr\u00fchflasche gew\u00f6hnen.\"},{\"@type\":\"WebSite\",\"@id\":\"https:\/\/uelzener.de\/magazin\/#website\",\"url\":\"https:\/\/uelzener.de\/magazin\/\",\"name\":\"Uelzener Tiermagazin\",\"description\":\"Online Tierratgeber der Uelzener Versicherungen\",\"publisher\":{\"@id\":\"https:\/\/uelzener.de\/magazin\/#organization\"},\"potentialAction\":[{\"@type\":\"SearchAction\",\"target\":{\"@type\":\"EntryPoint\",\"urlTemplate\":\"https:\/\/uelzener.de\/magazin\/?s={search_term_string}\"},\"query-input\":{\"@type\":\"PropertyValueSpecification\",\"valueRequired\":true,\"valueName\":\"search_term_string\"}}],\"inLanguage\":\"de\"},{\"@type\":\"Organization\",\"@id\":\"https:\/\/uelzener.de\/magazin\/#organization\",\"name\":\"Uelzener Versicherungen\",\"url\":\"https:\/\/uelzener.de\/magazin\/\",\"logo\":{\"@type\":\"ImageObject\",\"inLanguage\":\"de\",\"@id\":\"https:\/\/uelzener.de\/magazin\/#\/schema\/logo\/image\/\",\"url\":\"https:\/\/uelzener.de\/magazin\/app\/uploads\/2024\/11\/uelzener_allgemeine_versicherungsgesellschaft_a_g_logo.jpg\",\"contentUrl\":\"https:\/\/uelzener.de\/magazin\/app\/uploads\/2024\/11\/uelzener_allgemeine_versicherungsgesellschaft_a_g_logo.jpg\",\"width\":200,\"height\":200,\"caption\":\"Uelzener Versicherungen\"},\"image\":{\"@id\":\"https:\/\/uelzener.de\/magazin\/#\/schema\/logo\/image\/\"},\"sameAs\":[\"https:\/\/www.facebook.com\/Uelzener\",\"https:\/\/instagram.com\/uelzener\",\"https:\/\/www.xing.com\/pages\/uelzenerallgemeineversicherungs-gesellschafta-g\",\"https:\/\/www.youtube.com\/UelzenerVersicherungen\"]}]}<\/script>\n<!-- \/ Yoast SEO Premium plugin. -->","yoast_head_json":{"title":"Dem Pferd die Angst vor der Spr\u00fchflasche nehmen: Anleitung f\u00fcrs Training | Uelzener Magazin","description":"In diesem Artikel lernst du, welche Ursachen die Angst haben kann und wie du sie deinem Pferd Schritt f\u00fcr Schritt nehmen kannst.","robots":{"index":"index","follow":"follow","max-snippet":"max-snippet:-1","max-image-preview":"max-image-preview:large","max-video-preview":"max-video-preview:-1"},"canonical":"https:\/\/uelzener.de\/magazin\/pferd\/erziehung-und-training\/pferd-angst-vor-spruehflasche-nehmen-anleitung-training\/","og_locale":"de_DE","og_type":"article","og_title":"Dem Pferd die Angst vor der Spr\u00fchflasche nehmen: Anleitung f\u00fcrs Training","og_description":"In diesem Artikel lernst du, welche Ursachen die Angst haben kann und wie du sie deinem Pferd Schritt f\u00fcr Schritt nehmen kannst.","og_url":"https:\/\/uelzener.de\/magazin\/pferd\/erziehung-und-training\/pferd-angst-vor-spruehflasche-nehmen-anleitung-training\/","og_site_name":"Uelzener Tier-Magazin","article_publisher":"https:\/\/www.facebook.com\/Uelzener","article_modified_time":"2025-11-20T10:27:17+00:00","og_image":[{"width":1025,"height":450,"url":"https:\/\/uelzener.de\/magazin\/app\/uploads\/2024\/08\/pfred-an-sprayflasche-gewoehnen.jpg","type":"image\/jpeg"}],"twitter_card":"summary_large_image","twitter_misc":{"Gesch\u00e4tzte Lesezeit":"7\u00a0Minuten"},"schema":{"@context":"https:\/\/schema.org","@graph":[{"@type":"WebPage","@id":"https:\/\/uelzener.de\/magazin\/pferd\/erziehung-und-training\/pferd-angst-vor-spruehflasche-nehmen-anleitung-training\/","url":"https:\/\/uelzener.de\/magazin\/pferd\/erziehung-und-training\/pferd-angst-vor-spruehflasche-nehmen-anleitung-training\/","name":"Dem Pferd die Angst vor der Spr\u00fchflasche nehmen: Anleitung f\u00fcrs Training | Uelzener Magazin","isPartOf":{"@id":"https:\/\/uelzener.de\/magazin\/#website"},"primaryImageOfPage":{"@id":"https:\/\/uelzener.de\/magazin\/pferd\/erziehung-und-training\/pferd-angst-vor-spruehflasche-nehmen-anleitung-training\/#primaryimage"},"image":{"@id":"https:\/\/uelzener.de\/magazin\/pferd\/erziehung-und-training\/pferd-angst-vor-spruehflasche-nehmen-anleitung-training\/#primaryimage"},"thumbnailUrl":"https:\/\/uelzener.de\/magazin\/app\/uploads\/2024\/08\/pfred-an-sprayflasche-gewoehnen.jpg","datePublished":"2024-08-14T10:12:07+00:00","dateModified":"2025-11-20T10:27:17+00:00","description":"In diesem Artikel lernst du, welche Ursachen die Angst haben kann und wie du sie deinem Pferd Schritt f\u00fcr Schritt nehmen kannst.","breadcrumb":{"@id":"https:\/\/uelzener.de\/magazin\/pferd\/erziehung-und-training\/pferd-angst-vor-spruehflasche-nehmen-anleitung-training\/#breadcrumb"},"inLanguage":"de","potentialAction":[{"@type":"ReadAction","target":["https:\/\/uelzener.de\/magazin\/pferd\/erziehung-und-training\/pferd-angst-vor-spruehflasche-nehmen-anleitung-training\/"]}]},{"@type":"ImageObject","inLanguage":"de","@id":"https:\/\/uelzener.de\/magazin\/pferd\/erziehung-und-training\/pferd-angst-vor-spruehflasche-nehmen-anleitung-training\/#primaryimage","url":"https:\/\/uelzener.de\/magazin\/app\/uploads\/2024\/08\/pfred-an-sprayflasche-gewoehnen.jpg","contentUrl":"https:\/\/uelzener.de\/magazin\/app\/uploads\/2024\/08\/pfred-an-sprayflasche-gewoehnen.jpg","width":1025,"height":450,"caption":"Pferd an Spr\u00fchflasche gew\u00f6hnen."},{"@type":"WebSite","@id":"https:\/\/uelzener.de\/magazin\/#website","url":"https:\/\/uelzener.de\/magazin\/","name":"Uelzener Tiermagazin","description":"Online Tierratgeber der Uelzener Versicherungen","publisher":{"@id":"https:\/\/uelzener.de\/magazin\/#organization"},"potentialAction":[{"@type":"SearchAction","target":{"@type":"EntryPoint","urlTemplate":"https:\/\/uelzener.de\/magazin\/?s={search_term_string}"},"query-input":{"@type":"PropertyValueSpecification","valueRequired":true,"valueName":"search_term_string"}}],"inLanguage":"de"},{"@type":"Organization","@id":"https:\/\/uelzener.de\/magazin\/#organization","name":"Uelzener Versicherungen","url":"https:\/\/uelzener.de\/magazin\/","logo":{"@type":"ImageObject","inLanguage":"de","@id":"https:\/\/uelzener.de\/magazin\/#\/schema\/logo\/image\/","url":"https:\/\/uelzener.de\/magazin\/app\/uploads\/2024\/11\/uelzener_allgemeine_versicherungsgesellschaft_a_g_logo.jpg","contentUrl":"https:\/\/uelzener.de\/magazin\/app\/uploads\/2024\/11\/uelzener_allgemeine_versicherungsgesellschaft_a_g_logo.jpg","width":200,"height":200,"caption":"Uelzener Versicherungen"},"image":{"@id":"https:\/\/uelzener.de\/magazin\/#\/schema\/logo\/image\/"},"sameAs":["https:\/\/www.facebook.com\/Uelzener","https:\/\/instagram.com\/uelzener","https:\/\/www.xing.com\/pages\/uelzenerallgemeineversicherungs-gesellschafta-g","https:\/\/www.youtube.com\/UelzenerVersicherungen"]}]}},"_links":{"self":[{"href":"https:\/\/uelzener.de\/magazin\/wp-json\/wp\/v2\/pages\/17663","targetHints":{"allow":["GET"]}}],"collection":[{"href":"https:\/\/uelzener.de\/magazin\/wp-json\/wp\/v2\/pages"}],"about":[{"href":"https:\/\/uelzener.de\/magazin\/wp-json\/wp\/v2\/types\/page"}],"author":[{"embeddable":true,"href":"https:\/\/uelzener.de\/magazin\/wp-json\/wp\/v2\/users\/11"}],"replies":[{"embeddable":true,"href":"https:\/\/uelzener.de\/magazin\/wp-json\/wp\/v2\/comments?post=17663"}],"version-history":[{"count":2,"href":"https:\/\/uelzener.de\/magazin\/wp-json\/wp\/v2\/pages\/17663\/revisions"}],"predecessor-version":[{"id":19549,"href":"https:\/\/uelzener.de\/magazin\/wp-json\/wp\/v2\/pages\/17663\/revisions\/19549"}],"up":[{"embeddable":true,"href":"https:\/\/uelzener.de\/magazin\/wp-json\/wp\/v2\/pages\/11689"}],"wp:featuredmedia":[{"embeddable":true,"href":"https:\/\/uelzener.de\/magazin\/wp-json\/wp\/v2\/media\/17664"}],"wp:attachment":[{"href":"https:\/\/uelzener.de\/magazin\/wp-json\/wp\/v2\/media?parent=17663"}],"curies":[{"name":"wp","href":"https:\/\/api.w.org\/{rel}","templated":true}]}}