{"id":17418,"date":"2024-05-13T13:03:53","date_gmt":"2024-05-13T11:03:53","guid":{"rendered":"https:\/\/uelzener.de\/magazin\/?page_id=17418"},"modified":"2025-08-28T10:03:46","modified_gmt":"2025-08-28T08:03:46","slug":"timing-gebisslos-reiten-mit-system","status":"publish","type":"page","link":"https:\/\/uelzener.de\/magazin\/pferd\/erziehung-und-training\/timing-gebisslos-reiten-mit-system\/","title":{"rendered":"Timing: \u201egebisslos\u201c Reiten mit System"},"content":{"rendered":"<p>Nicht nur f\u00fcr das \u201egebisslose\u201c Reiten im Knotenhalfter ist das Timing im Sattel wichtig, sondern auch f\u00fcr die fortgeschrittene Arbeit sp\u00e4ter in der Kalifornischen Hackamore (Bosal) oder in einer anderen gebisslosen Z\u00e4umung.<\/p>\n<p>In nachfolgenden Video-Tipp wird deutlich, wie strukturiert Peter Kreinberg seine Reitmethode f\u00fcr das Pferd aufbaut.<\/p>\n<p>Gef\u00fchl, Timing und Balance sind dabei besonders wichtig.<\/p>\n<p>Verst\u00e4ndnis f\u00fcr die Hilfen kann das Pferd nur entwickeln, wenn sie es nicht in der <strong>Balance st\u00f6ren<\/strong> und <strong>gef\u00fchlvoll im richtigen Moment <\/strong>gegeben werden. Diese Inhalte in Kursen zu schulen \u2013 daf\u00fcr sind der Ausbilder und seine Frau Rika bekannt.<\/p>\n<p dir=\"auto\"><iframe loading=\"lazy\" src=\"\/\/www.youtube.com\/embed\/B1iI7ULCmfE?feature=shared\" width=\"560\" height=\"314\" allowfullscreen=\"allowfullscreen\"><\/iframe><\/p>\n<p>Hier zeigt Peter Kreinberg die Vorbereitung im Knotenhalfter in der Reitbahn. Sie ist Grundlage f\u00fcr die Ausbildung im Bosal oder in der Kalifornischen Hackamore.<br \/>\nDer junge Wallach, der hier geschult wird, hat bereits eine solide Ausbildung in der Bodenarbeit erfahren, sodass die Ber\u00fchrungen \u00fcber das Halfter prinzipiell bekannt sind.<br \/>\nBeim Reiten muss der Impuls auf der Nase stets in der<strong> richtigen Bewegungsphase der Pferdebeine <\/strong>gegeben werden \u2013 nur dann kann man Leichtigkeit vom Pferd erwarten.<\/p>\n\n<div class=\"related_articles boxed\">\n    <h2>Mehr zum Thema<\/h2>\n    \n    <div class=\"wrapper\"><div class=\"title align-center\"><h3><a href=\"https:\/\/uelzener.de\/magazin\/pferd\/erziehung-und-training\/reiterhaende-beruehren-begreifen-bewegen\/\">Reiterh\u00e4nde: Ber\u00fchren \u2013 Begreifen \u2013 Bewegen<\/a><\/h3><\/div><div class=\"img align-center\"><img decoding=\"async\" width=\"315\" height=\"180\" src=\"https:\/\/uelzener.de\/magazin\/app\/uploads\/2025\/05\/haende-reiten-315x180.jpg\" class=\"attachment-315x180 size-315x180 wp-post-image\" alt=\"H\u00e4nde einer Reiterin beim reiten.\" \/><\/div><\/div><div class=\"wrapper\"><div class=\"title align-center\"><h3><a href=\"https:\/\/uelzener.de\/magazin\/pferd\/erziehung-und-training\/handarbeit\/\">Handarbeit: Warum ist \u201eBalance\u201c so wichtig?<\/a><\/h3><\/div><div class=\"img align-center\"><img decoding=\"async\" width=\"315\" height=\"180\" src=\"https:\/\/uelzener.de\/magazin\/app\/uploads\/2023\/11\/handarbeit-pferd-315x180.jpg\" class=\"attachment-315x180 size-315x180 wp-post-image\" alt=\"Peter Kreinberg bei der Handarbeit am Pferd.\" \/><\/div><\/div><div class=\"wrapper\"><div class=\"title align-center\"><h3><a href=\"https:\/\/uelzener.de\/magazin\/pferd\/erziehung-und-training\/gymnastik-im-gelaende-rittigkeit-foerdern-und-balance-schulen\/\">Gymnastik im Gel\u00e4nde: Rittigkeit f\u00f6rdern und Balance schulen<\/a><\/h3><\/div><div class=\"img align-center\"><img decoding=\"async\" width=\"315\" height=\"180\" src=\"https:\/\/uelzener.de\/magazin\/app\/uploads\/2024\/09\/6991_lang-315x180.jpg\" class=\"attachment-315x180 size-315x180 wp-post-image\" alt=\"Peter Kreinberg im Gel\u00e4nde\" \/><\/div><\/div><\/div>\n\n<p>Der Online-Kurs &#8222;Hackamore I \u2013 gebisslos reiten im Bosal&#8220; zeigt vorbereitende Schritte am Boden mit Bosal und Knotenhalfter. Der Schwerpunkt liegt jedoch beim Reiten mit Knotenhalfter und der gebisslosen Kalifornischen Hackamore.<\/p>\n<p>Die \u00dcbungen zur Synchronisierung der eigenen Hilfen mit den Beinphasen (St\u00fctz-Stemm-Schwebephasen) sind auch f\u00fcr das Reiten in jeder gebisslosen Z\u00e4umungen essentiell.<\/p>\n<p dir=\"auto\"><em><strong>Uelzener-Tipp von Peter Kreinberg: Timing: \u201egebisslos\u201c Reiten mit System<\/strong><strong>. Im Original erschienen auf <a href=\"https:\/\/www.thegentletouch.de\/post\/timing-gebisslos-reiten-mit-system\" target=\"_blank\" rel=\"noopener\">The Gentle Touch<\/a><\/strong><\/em><\/p>\n","protected":false},"excerpt":{"rendered":"<p>Nicht nur f\u00fcr das \u201egebisslose\u201c Reiten im Knotenhalfter ist das Timing im Sattel wichtig, sondern auch f\u00fcr die fortgeschrittene Arbeit sp\u00e4ter in der Kalifornischen Hackamore (Bosal) oder in einer anderen gebisslosen Z\u00e4umung. In nachfolgenden Video-Tipp wird deutlich, wie strukturiert Peter Kreinberg seine Reitmethode f\u00fcr das Pferd aufbaut. Gef\u00fchl, Timing und Balance sind dabei besonders wichtig. [&hellip;]<\/p>\n","protected":false},"author":11,"featured_media":17419,"parent":11689,"menu_order":1,"comment_status":"closed","ping_status":"closed","template":"templates\/blog.php","meta":{"_acf_changed":false,"_crdt_document":"","footnotes":"","beyondwords_generate_audio":"","beyondwords_project_id":"","beyondwords_content_id":"","beyondwords_preview_token":"","beyondwords_player_style":"","beyondwords_language_id":"","beyondwords_title_voice_id":"","beyondwords_body_voice_id":"","beyondwords_summary_voice_id":"","beyondwords_error_message":"","beyondwords_disabled":"","beyondwords_delete_content":"","beyondwords_podcast_id":"","beyondwords_hash":"","publish_post_to_speechkit":"","speechkit_hash":"","speechkit_generate_audio":"","speechkit_project_id":"","speechkit_podcast_id":"","speechkit_error_message":"","speechkit_disabled":"","speechkit_access_key":"","speechkit_error":"","speechkit_info":"","speechkit_response":"","speechkit_retries":"","speechkit_status":"","speechkit_updated_at":"","_speechkit_link":"","_speechkit_text":""},"class_list":["post-17418","page","type-page","status-publish","has-post-thumbnail","hentry"],"acf":[],"yoast_head":"<!-- This site is optimized with the Yoast SEO Premium plugin  - https:\/\/yoast.com\/product\/yoast-seo-premium-wordpress\/ -->\n<title>Timing: \u201egebisslos\u201c Reiten mit System | Uelzener Magazin<\/title>\n<meta name=\"description\" content=\"Unterst\u00fctze dein Pferd in seinen St\u00fctz-, Stemm- und Schwebephasen.\" \/>\n<meta name=\"robots\" content=\"index, follow, max-snippet:-1, max-image-preview:large, max-video-preview:-1\" \/>\n<link rel=\"canonical\" href=\"https:\/\/uelzener.de\/magazin\/pferd\/erziehung-und-training\/timing-gebisslos-reiten-mit-system\/\" \/>\n<meta property=\"og:locale\" content=\"de_DE\" \/>\n<meta property=\"og:type\" content=\"article\" \/>\n<meta property=\"og:title\" content=\"Timing: \u201egebisslos\u201c Reiten mit System\" \/>\n<meta property=\"og:description\" content=\"Unterst\u00fctze dein Pferd in seinen St\u00fctz-, Stemm- und Schwebephasen.\" \/>\n<meta property=\"og:url\" content=\"https:\/\/uelzener.de\/magazin\/pferd\/erziehung-und-training\/timing-gebisslos-reiten-mit-system\/\" \/>\n<meta property=\"og:site_name\" content=\"Uelzener Tier-Magazin\" \/>\n<meta property=\"article:publisher\" content=\"https:\/\/www.facebook.com\/Uelzener\" \/>\n<meta property=\"article:modified_time\" content=\"2025-08-28T08:03:46+00:00\" \/>\n<meta property=\"og:image\" content=\"https:\/\/uelzener.de\/magazin\/app\/uploads\/2024\/05\/gebissloses-reiten.jpg\" \/>\n\t<meta property=\"og:image:width\" content=\"1025\" \/>\n\t<meta property=\"og:image:height\" content=\"450\" \/>\n\t<meta property=\"og:image:type\" content=\"image\/jpeg\" \/>\n<meta name=\"twitter:card\" content=\"summary_large_image\" \/>\n<meta name=\"twitter:label1\" content=\"Gesch\u00e4tzte Lesezeit\" \/>\n\t<meta name=\"twitter:data1\" content=\"2\u00a0Minuten\" \/>\n<script type=\"application\/ld+json\" class=\"yoast-schema-graph\">{\"@context\":\"https:\/\/schema.org\",\"@graph\":[{\"@type\":\"WebPage\",\"@id\":\"https:\/\/uelzener.de\/magazin\/pferd\/erziehung-und-training\/timing-gebisslos-reiten-mit-system\/\",\"url\":\"https:\/\/uelzener.de\/magazin\/pferd\/erziehung-und-training\/timing-gebisslos-reiten-mit-system\/\",\"name\":\"Timing: \u201egebisslos\u201c Reiten mit System | Uelzener Magazin\",\"isPartOf\":{\"@id\":\"https:\/\/uelzener.de\/magazin\/#website\"},\"primaryImageOfPage\":{\"@id\":\"https:\/\/uelzener.de\/magazin\/pferd\/erziehung-und-training\/timing-gebisslos-reiten-mit-system\/#primaryimage\"},\"image\":{\"@id\":\"https:\/\/uelzener.de\/magazin\/pferd\/erziehung-und-training\/timing-gebisslos-reiten-mit-system\/#primaryimage\"},\"thumbnailUrl\":\"https:\/\/uelzener.de\/magazin\/app\/uploads\/2024\/05\/gebissloses-reiten.jpg\",\"datePublished\":\"2024-05-13T11:03:53+00:00\",\"dateModified\":\"2025-08-28T08:03:46+00:00\",\"description\":\"Unterst\u00fctze dein Pferd in seinen St\u00fctz-, Stemm- und Schwebephasen.\",\"breadcrumb\":{\"@id\":\"https:\/\/uelzener.de\/magazin\/pferd\/erziehung-und-training\/timing-gebisslos-reiten-mit-system\/#breadcrumb\"},\"inLanguage\":\"de\",\"potentialAction\":[{\"@type\":\"ReadAction\",\"target\":[\"https:\/\/uelzener.de\/magazin\/pferd\/erziehung-und-training\/timing-gebisslos-reiten-mit-system\/\"]}]},{\"@type\":\"ImageObject\",\"inLanguage\":\"de\",\"@id\":\"https:\/\/uelzener.de\/magazin\/pferd\/erziehung-und-training\/timing-gebisslos-reiten-mit-system\/#primaryimage\",\"url\":\"https:\/\/uelzener.de\/magazin\/app\/uploads\/2024\/05\/gebissloses-reiten.jpg\",\"contentUrl\":\"https:\/\/uelzener.de\/magazin\/app\/uploads\/2024\/05\/gebissloses-reiten.jpg\",\"width\":1025,\"height\":450,\"caption\":\"Mann im Sattel auf Pferd.\"},{\"@type\":\"WebSite\",\"@id\":\"https:\/\/uelzener.de\/magazin\/#website\",\"url\":\"https:\/\/uelzener.de\/magazin\/\",\"name\":\"Uelzener Tiermagazin\",\"description\":\"Online Tierratgeber der Uelzener Versicherungen\",\"publisher\":{\"@id\":\"https:\/\/uelzener.de\/magazin\/#organization\"},\"potentialAction\":[{\"@type\":\"SearchAction\",\"target\":{\"@type\":\"EntryPoint\",\"urlTemplate\":\"https:\/\/uelzener.de\/magazin\/?s={search_term_string}\"},\"query-input\":{\"@type\":\"PropertyValueSpecification\",\"valueRequired\":true,\"valueName\":\"search_term_string\"}}],\"inLanguage\":\"de\"},{\"@type\":\"Organization\",\"@id\":\"https:\/\/uelzener.de\/magazin\/#organization\",\"name\":\"Uelzener Versicherungen\",\"url\":\"https:\/\/uelzener.de\/magazin\/\",\"logo\":{\"@type\":\"ImageObject\",\"inLanguage\":\"de\",\"@id\":\"https:\/\/uelzener.de\/magazin\/#\/schema\/logo\/image\/\",\"url\":\"https:\/\/uelzener.de\/magazin\/app\/uploads\/2024\/11\/uelzener_allgemeine_versicherungsgesellschaft_a_g_logo.jpg\",\"contentUrl\":\"https:\/\/uelzener.de\/magazin\/app\/uploads\/2024\/11\/uelzener_allgemeine_versicherungsgesellschaft_a_g_logo.jpg\",\"width\":200,\"height\":200,\"caption\":\"Uelzener Versicherungen\"},\"image\":{\"@id\":\"https:\/\/uelzener.de\/magazin\/#\/schema\/logo\/image\/\"},\"sameAs\":[\"https:\/\/www.facebook.com\/Uelzener\",\"https:\/\/instagram.com\/uelzener\",\"https:\/\/www.xing.com\/pages\/uelzenerallgemeineversicherungs-gesellschafta-g\",\"https:\/\/www.youtube.com\/UelzenerVersicherungen\"]}]}<\/script>\n<!-- \/ Yoast SEO Premium plugin. -->","yoast_head_json":{"title":"Timing: \u201egebisslos\u201c Reiten mit System | Uelzener Magazin","description":"Unterst\u00fctze dein Pferd in seinen St\u00fctz-, Stemm- und Schwebephasen.","robots":{"index":"index","follow":"follow","max-snippet":"max-snippet:-1","max-image-preview":"max-image-preview:large","max-video-preview":"max-video-preview:-1"},"canonical":"https:\/\/uelzener.de\/magazin\/pferd\/erziehung-und-training\/timing-gebisslos-reiten-mit-system\/","og_locale":"de_DE","og_type":"article","og_title":"Timing: \u201egebisslos\u201c Reiten mit System","og_description":"Unterst\u00fctze dein Pferd in seinen St\u00fctz-, Stemm- und Schwebephasen.","og_url":"https:\/\/uelzener.de\/magazin\/pferd\/erziehung-und-training\/timing-gebisslos-reiten-mit-system\/","og_site_name":"Uelzener Tier-Magazin","article_publisher":"https:\/\/www.facebook.com\/Uelzener","article_modified_time":"2025-08-28T08:03:46+00:00","og_image":[{"width":1025,"height":450,"url":"https:\/\/uelzener.de\/magazin\/app\/uploads\/2024\/05\/gebissloses-reiten.jpg","type":"image\/jpeg"}],"twitter_card":"summary_large_image","twitter_misc":{"Gesch\u00e4tzte Lesezeit":"2\u00a0Minuten"},"schema":{"@context":"https:\/\/schema.org","@graph":[{"@type":"WebPage","@id":"https:\/\/uelzener.de\/magazin\/pferd\/erziehung-und-training\/timing-gebisslos-reiten-mit-system\/","url":"https:\/\/uelzener.de\/magazin\/pferd\/erziehung-und-training\/timing-gebisslos-reiten-mit-system\/","name":"Timing: \u201egebisslos\u201c Reiten mit System | Uelzener Magazin","isPartOf":{"@id":"https:\/\/uelzener.de\/magazin\/#website"},"primaryImageOfPage":{"@id":"https:\/\/uelzener.de\/magazin\/pferd\/erziehung-und-training\/timing-gebisslos-reiten-mit-system\/#primaryimage"},"image":{"@id":"https:\/\/uelzener.de\/magazin\/pferd\/erziehung-und-training\/timing-gebisslos-reiten-mit-system\/#primaryimage"},"thumbnailUrl":"https:\/\/uelzener.de\/magazin\/app\/uploads\/2024\/05\/gebissloses-reiten.jpg","datePublished":"2024-05-13T11:03:53+00:00","dateModified":"2025-08-28T08:03:46+00:00","description":"Unterst\u00fctze dein Pferd in seinen St\u00fctz-, Stemm- und Schwebephasen.","breadcrumb":{"@id":"https:\/\/uelzener.de\/magazin\/pferd\/erziehung-und-training\/timing-gebisslos-reiten-mit-system\/#breadcrumb"},"inLanguage":"de","potentialAction":[{"@type":"ReadAction","target":["https:\/\/uelzener.de\/magazin\/pferd\/erziehung-und-training\/timing-gebisslos-reiten-mit-system\/"]}]},{"@type":"ImageObject","inLanguage":"de","@id":"https:\/\/uelzener.de\/magazin\/pferd\/erziehung-und-training\/timing-gebisslos-reiten-mit-system\/#primaryimage","url":"https:\/\/uelzener.de\/magazin\/app\/uploads\/2024\/05\/gebissloses-reiten.jpg","contentUrl":"https:\/\/uelzener.de\/magazin\/app\/uploads\/2024\/05\/gebissloses-reiten.jpg","width":1025,"height":450,"caption":"Mann im Sattel auf Pferd."},{"@type":"WebSite","@id":"https:\/\/uelzener.de\/magazin\/#website","url":"https:\/\/uelzener.de\/magazin\/","name":"Uelzener Tiermagazin","description":"Online Tierratgeber der Uelzener Versicherungen","publisher":{"@id":"https:\/\/uelzener.de\/magazin\/#organization"},"potentialAction":[{"@type":"SearchAction","target":{"@type":"EntryPoint","urlTemplate":"https:\/\/uelzener.de\/magazin\/?s={search_term_string}"},"query-input":{"@type":"PropertyValueSpecification","valueRequired":true,"valueName":"search_term_string"}}],"inLanguage":"de"},{"@type":"Organization","@id":"https:\/\/uelzener.de\/magazin\/#organization","name":"Uelzener Versicherungen","url":"https:\/\/uelzener.de\/magazin\/","logo":{"@type":"ImageObject","inLanguage":"de","@id":"https:\/\/uelzener.de\/magazin\/#\/schema\/logo\/image\/","url":"https:\/\/uelzener.de\/magazin\/app\/uploads\/2024\/11\/uelzener_allgemeine_versicherungsgesellschaft_a_g_logo.jpg","contentUrl":"https:\/\/uelzener.de\/magazin\/app\/uploads\/2024\/11\/uelzener_allgemeine_versicherungsgesellschaft_a_g_logo.jpg","width":200,"height":200,"caption":"Uelzener Versicherungen"},"image":{"@id":"https:\/\/uelzener.de\/magazin\/#\/schema\/logo\/image\/"},"sameAs":["https:\/\/www.facebook.com\/Uelzener","https:\/\/instagram.com\/uelzener","https:\/\/www.xing.com\/pages\/uelzenerallgemeineversicherungs-gesellschafta-g","https:\/\/www.youtube.com\/UelzenerVersicherungen"]}]}},"_links":{"self":[{"href":"https:\/\/uelzener.de\/magazin\/wp-json\/wp\/v2\/pages\/17418","targetHints":{"allow":["GET"]}}],"collection":[{"href":"https:\/\/uelzener.de\/magazin\/wp-json\/wp\/v2\/pages"}],"about":[{"href":"https:\/\/uelzener.de\/magazin\/wp-json\/wp\/v2\/types\/page"}],"author":[{"embeddable":true,"href":"https:\/\/uelzener.de\/magazin\/wp-json\/wp\/v2\/users\/11"}],"replies":[{"embeddable":true,"href":"https:\/\/uelzener.de\/magazin\/wp-json\/wp\/v2\/comments?post=17418"}],"version-history":[{"count":4,"href":"https:\/\/uelzener.de\/magazin\/wp-json\/wp\/v2\/pages\/17418\/revisions"}],"predecessor-version":[{"id":18998,"href":"https:\/\/uelzener.de\/magazin\/wp-json\/wp\/v2\/pages\/17418\/revisions\/18998"}],"up":[{"embeddable":true,"href":"https:\/\/uelzener.de\/magazin\/wp-json\/wp\/v2\/pages\/11689"}],"wp:featuredmedia":[{"embeddable":true,"href":"https:\/\/uelzener.de\/magazin\/wp-json\/wp\/v2\/media\/17419"}],"wp:attachment":[{"href":"https:\/\/uelzener.de\/magazin\/wp-json\/wp\/v2\/media?parent=17418"}],"curies":[{"name":"wp","href":"https:\/\/api.w.org\/{rel}","templated":true}]}}