{"id":17064,"date":"2024-03-04T12:29:56","date_gmt":"2024-03-04T11:29:56","guid":{"rendered":"https:\/\/uelzener.de\/magazin\/?page_id=17064"},"modified":"2024-03-04T14:16:55","modified_gmt":"2024-03-04T13:16:55","slug":"wie-zeige-ich-hund-meine-liebe","status":"publish","type":"page","link":"https:\/\/uelzener.de\/magazin\/hund\/haeufige-fragen\/wie-zeige-ich-hund-meine-liebe\/","title":{"rendered":"Wie zeige ich dem Hund meine Liebe?"},"content":{"rendered":"<p>Hunde bringen W\u00e4rme und Freude in unser Leben. Sie lieben bedingungslos und ehrlich und stellen das jeden Tag unter Beweis, indem sie treu an unserer Seite stehen und uns ihr ganzes Vertrauen schenken. Genauso bedingungslos lieben wir unsere Hunde zur\u00fcck und m\u00f6chten ihnen das gerne zeigen. Aber wie? Mensch und Hund sprechen nicht dieselbe Sprache, was die Kommunikation im Alltag manchmal schwierig macht. Es muss also andere Wege geben, unsere Zuneigung auszudr\u00fccken.<\/p>\n<p>Tats\u00e4chlich braucht es gar nicht so viel, um dem Hund zu vermitteln, wie sehr man ihn liebt. In erster Linie kommt es auf Taten an, seien es k\u00f6rpersprachliche, liebevolle Gesten oder gemeinsame Rituale. Wir verraten, welche M\u00f6glichkeiten es gibt, dem Hund seine Liebe zu zeigen.<\/p>\n<h2>Die besten Liebesbeweise f\u00fcr den Hund<\/h2>\n<p>Wir lieben unsere Hunde und vermutlich wissen sie das auch. Trotzdem ist es uns manchmal ein Bed\u00fcrfnis, unserer Zuneigung Ausdruck zu verleihen \u2013 und zwar so, dass es vom Tier verstanden wird. Der Schl\u00fcssel zum Erfolg ist, ein Feingef\u00fchl f\u00fcr die Reaktionen des Hundes zu entwickeln und mehr in die k\u00f6rpersprachliche Kommunikation zu gehen. Mit Worten k\u00f6nnen Hunde wenig anfangen, daf\u00fcr umso mehr mit Interaktion.<\/p>\n<ul>\n<li><strong>Besondere Unternehmungen<\/strong>: Hunde lieben es, zusammen mit ihrem Menschen auf Erkundungstour zu gehen und Abenteuer zu bestreiten. Gemeinsam im See zu baden, durch W\u00e4lder wandern, Eis essen gehen oder den Park besuchen \u2013 es gibt viele M\u00f6glichkeiten, Abwechslung in den Alltag zu bringen. Unternehmungen und Aktivit\u00e4ten abseits vom t\u00e4glichen Gassigehen schaffen f\u00fcr Hund und Mensch erinnerungsw\u00fcrdige Momente und st\u00e4rken die Bindung.<\/li>\n<li><strong>Zusammen entspannen<\/strong>: Entspannung ist f\u00fcr Hunde genauso wichtig wie Aktivit\u00e4t und umso sch\u00f6ner, wenn die Bezugsperson dabei ist. Es m\u00fcssen nicht immer ausgiebige Kuscheleinheiten sein. Ein Nickerchen Seite an Seite ist f\u00fcr den Hund genauso wertvoll. Beim Kontaktliegen sp\u00fcrt er Sicherheit und wei\u00df, dass er gut aufgehoben ist. Auch so kann man seinem Hund zeigen, dass man ihn liebt.<\/li>\n<li><strong>Streicheln an den richtigen Stellen<\/strong>: K\u00f6rperkontakt hat einen hohen Stellenwert bei Hunden. Zwar ist das Bed\u00fcrfnis nach Streicheleinheiten bei jedem Tier anders ausgepr\u00e4gt, es gibt jedoch Stellen, an denen die meisten Hunde gerne gekrault werden: am Brustkorb, an den K\u00f6rperseiten und entlang der Schnauze. Kleine Ber\u00fchrungen w\u00e4hrend des Spazierengehens oder zu Hause zeigen dem Hund, dass er geliebt wird, und geben ihm Best\u00e4tigung. Gut zu wissen: Rute und Pfoten sind sehr empfindlich, daher sollte man diese aussparen. Auch Umarmungen und das Streicheln \u00fcber den Kopf (wenn die Hand von oben kommt) finden viele Hunde unangenehm.<\/li>\n<li><strong>Gemeinsame Rituale<\/strong>: Hunde m\u00f6gen Routinen und wiederkehrende Abl\u00e4ufe. Mit gemeinsamen Ritualen liegt man daher immer richtig. Sie helfen dabei, Alltagsstrukturen zu festigen, sodass sich der Hund wohl und sicher f\u00fchlt. Ritualisieren l\u00e4sst sich beispielsweise das abendliche Zu-Bett-Gehen. Bevor man das Licht l\u00f6scht, setzt man sich f\u00fcr f\u00fcnf oder zehn Minuten zu seinem Hund und kommt gemeinsam mit ihm zur Ruhe.<\/li>\n<li><strong>Positive K\u00f6rpersprache<\/strong>: An der K\u00f6rpersprache k\u00f6nnen Hunde erkennen, ob sie gemocht werden. Das f\u00e4ngt bei liebevollem Blickkontakt an. Hunde schauen Menschen, die sie m\u00f6gen, lange in die Augen. So kann man es auch umgekehrt machen. Wichtig ist, wirklich freundlich zu schauen. Emotionsloses Starren kann als Zeichen der Aggressivit\u00e4t aufgefasst werden und den Hund reizen. Ein offener Gesichtsausdruck mit einem entspannten L\u00e4cheln und leicht hochgezogenen Augenbrauen signalisiert Hunden, dass man ihnen wohlgesonnen ist.<\/li>\n<li><strong>Hohe Stimme<\/strong>: Das Sprechen in hoher Stimmlage kommt bei Hunden sehr gut an. Einer Studie der University of York aus dem Jahr 2018 zufolge reagieren sie st\u00e4rker auf hohe Stimmen und f\u00fchlen sich davon eher angesprochen, als es bei tiefen Stimmen der Fall ist. Der Effekt zeigt sich besonders deutlich bei Welpen und \u00e4ngstlichen Hunden. Die m\u00f6gen es \u00fcbrigens h\u00e4ufig, wenn man ihnen vorliest.<\/li>\n<li><strong>Beobachten und deuten<\/strong>: Einem Hund Liebe zu vermitteln bedeutet auch, seine Bed\u00fcrfnisse zu kennen und seine Signale zu deuten. Anhand seines Verhaltens und seiner K\u00f6rpersprache kann man einen Hund sehr gut lesen. Das erfordert eine gute Beobachtungsgabe und etwas \u00dcbung, hat man jedoch einen Blick daf\u00fcr entwickelt, f\u00e4llt es leichter, Stimmung und Befinden des Hundes einzusch\u00e4tzen und entsprechend zu reagieren.<\/li>\n<\/ul>\n<p>Es gibt eine ganze Reihe weiterer M\u00f6glichkeiten, dem Hund seine Liebe zu zeigen \u2013 sei es mit Besch\u00e4ftigung in Form von Suchspielen, Dummytraining oder <a href=\"https:\/\/uelzener.de\/magazin\/hund\/erziehung-und-training\/agility\/\" target=\"_blank\" rel=\"noopener\">Agility-Training<\/a>, durch <a href=\"https:\/\/uelzener.de\/magazin\/hund\/pflege\/fellpflege-beim-hund\/\" target=\"_blank\" rel=\"noopener\">Fellpflege<\/a> oder auch mit <a href=\"https:\/\/uelzener.de\/magazin\/hund\/ernaehrung\/leckerlie-rezepte-fuer-pferd-hund-katze\/\" target=\"_blank\" rel=\"noopener\">selbstgebackenen Hundekeksen<\/a>. Halter und Halterinnen kennen ihren Hund am besten und wissen, was ihm Freude macht. Deswegen ist in Sachen Liebesbekundung alles erlaubt, was Tier und Mensch gef\u00e4llt und keinem schadet.<\/p>\n<p>Liebe zum Hund dr\u00fcckt sich auch durch F\u00fcrsorge und Erziehung, regelm\u00e4\u00dfige Tierarztbesuche und Vorsorge aus. Eine Hunde-OP-Versicherung oder Hundekrankenversicherung sch\u00fctzt vor hohen Kosten, die entstehen k\u00f6nnen, wenn der Hund medizinisch versorgt werden muss. So ist sichergestellt, dass er im Ernstfall eine optimale Behandlung erf\u00e4hrt.<\/p>\n\n<div class=\"banner\">\n    <a href=\"https:\/\/uelzener.de\/hund\/hunde-op-versicherung\/?agt=0000104925&sem=true&utm_medium=magazin&utm_source=wordpress&utm_campaign=hund_op&utm_content=banner\">\n        <img decoding=\"async\" width=\"300\" height=\"212\" src=\"https:\/\/uelzener.de\/magazin\/app\/uploads\/2025\/01\/Hunde-OP-Versicherung.jpg\" class=\"attachment-medium size-medium\" alt=\"Banner Hunde-OP-Versicherung\" \/>    <\/a>\n<\/div>\n\n\n<div class=\"banner\">\n    <a href=\"https:\/\/uelzener.de\/hund\/hunde-krankenversicherung\/?agt=0000104925&sem=true&utm_medium=magazin&utm_source=wordpress&utm_campaign=hund_kv&utm_content=banner\">\n        <img decoding=\"async\" width=\"300\" height=\"212\" src=\"https:\/\/uelzener.de\/magazin\/app\/uploads\/2025\/01\/Hunde-Kranken-Versicherung.jpg\" class=\"attachment-medium size-medium\" alt=\"Banner Hunde-Kranken-Versicherung\" \/>    <\/a>\n<\/div>\n\n<h2>Fazit<\/h2>\n<p>Dem Hund m\u00f6glichst viel Liebe zeigen zu wollen, ist ein nachvollziehbares Anliegen. Schlie\u00dflich w\u00fcnschen wir uns als Halterinnen und Halter, dass unsere Fellnase dieselbe W\u00e4rme und Freude erf\u00e4hrt, die sie uns jeden Tag schenkt. Es braucht nicht viel, um seinem Hund einen Liebesbeweis zu machen. Oft reicht es schon, auf Herz und Bauch zu h\u00f6ren. Wichtig ist, ehrlich, authentisch und nat\u00fcrlich mit dem Tier umzugehen. Dann merkt unser Vierbeiner von ganz allein, wie sehr er geliebt wird.<\/p>\n<h2>FAQ: H\u00e4ufig gestellte Fragen zum Thema Hunden seine Liebe zeigen<\/h2>\n<h3>Versteht mein Hund die Worte \u201eIch liebe dich\u201c?<\/h3>\n<p>Die Bedeutung der Worte als solches versteht ein Hund sicherlich nicht, daf\u00fcr aber die Mimik, Gestik und Stimmf\u00e4rbung, die den Satz begleiten. So kann die Botschaft, die vermittelt werden soll, das Tier trotzdem erreichen.<\/p>\n<h3>Wie zeigt ein Hund seine Liebe?<\/h3>\n<p>Hunde zeigen ihre Liebe auf unterschiedliche Art und Weise, beispielsweise mit einer st\u00fcrmischen Begr\u00fc\u00dfung, wenn wir nach einem langen Tag nach Hause kommen, oder indem sie uns ihr Lieblingsspielzeug bringen. Oft nehmen Hunde lange Blickkontakt auf oder suchen k\u00f6rperliche N\u00e4he, indem sie sich an uns anlehnen oder uns im Vorbeigehen streifen oder anstupsen. Liebe zeigen Hunde auch, indem sie uns zu tr\u00f6sten versuchen, wenn sie Traurigkeit wahrnehmen, oder uns ablecken.<\/p>\n<h3>Nimmt mein Hund wahr, dass ich ihn liebe?<\/h3>\n<p>Ja. Hunde k\u00f6nnen zwar nicht alle menschlichen Verhaltensweisen richtig deuten, normalerweise erhalten sie im allt\u00e4glichen Miteinander aber gen\u00fcgend Signale, aus denen sie ableiten k\u00f6nnen, dass sie geliebt werden. Auch wenn es in der Kommunikation zwischen Mensch und Tier gelegentlich zu Missverst\u00e4ndnissen kommt, hat das nicht gleich einen Bindungsbruch zur Folge. Es empfiehlt sich aber, <a href=\"https:\/\/uelzener.de\/magazin\/hund\/haeufige-fragen\/koerpersprache-lesen-lernen-anzeichen-fuer-einen-gluecklichen-hund\/\" target=\"_blank\" rel=\"noopener\">die K\u00f6rpersprache des Hundes<\/a> besser verstehen zu lernen, um harmonisch zusammenleben zu k\u00f6nnen.<\/p>\n<h3>Liebt mein Hund mich so sehr wie ich ihn?<\/h3>\n<p>Davon ist auszugehen. Fr\u00fcher wurde behauptet, dass Hunde sich nur an ihre Menschen binden, um ihre Futterversorgung sicherzustellen. Diese Auffassung h\u00e4lt sich in Teilen heute noch. Mittlerweile konnte aber wissenschaftlich nachgewiesen werden, dass Hunde bei Kontakt mit ihrer Bezugsperson das Hormon Oxytocin produzieren, das auch Menschen bei sozialer Interaktion aussch\u00fctten und das bei zwischenmenschlichen Beziehungen eine wichtige Rolle spielt. In biochemischer Hinsicht zeigt der Hund seine Liebe also genauso wie der Mensch.<\/p>\n","protected":false},"excerpt":{"rendered":"<p>Hunde bringen W\u00e4rme und Freude in unser Leben. Sie lieben bedingungslos und ehrlich und stellen das jeden Tag unter Beweis, indem sie treu an unserer Seite stehen und uns ihr ganzes Vertrauen schenken. Genauso bedingungslos lieben wir unsere Hunde zur\u00fcck und m\u00f6chten ihnen das gerne zeigen. Aber wie? Mensch und Hund sprechen nicht dieselbe Sprache, [&hellip;]<\/p>\n","protected":false},"author":11,"featured_media":17070,"parent":11687,"menu_order":16,"comment_status":"closed","ping_status":"closed","template":"templates\/blog.php","meta":{"_acf_changed":false,"_crdt_document":"","footnotes":"","beyondwords_generate_audio":"0","beyondwords_project_id":"","beyondwords_content_id":"","beyondwords_preview_token":"","beyondwords_player_style":"","beyondwords_language_id":"","beyondwords_title_voice_id":"","beyondwords_body_voice_id":"","beyondwords_summary_voice_id":"","beyondwords_error_message":"","beyondwords_disabled":"","beyondwords_delete_content":"","beyondwords_podcast_id":"","beyondwords_hash":"","publish_post_to_speechkit":"","speechkit_hash":"","speechkit_generate_audio":"","speechkit_project_id":"","speechkit_podcast_id":"","speechkit_error_message":"","speechkit_disabled":"","speechkit_access_key":"","speechkit_error":"","speechkit_info":"","speechkit_response":"","speechkit_retries":"","speechkit_status":"","speechkit_updated_at":"","_speechkit_link":"","_speechkit_text":""},"class_list":["post-17064","page","type-page","status-publish","has-post-thumbnail","hentry"],"acf":[],"yoast_head":"<!-- This site is optimized with the Yoast SEO Premium plugin  - https:\/\/yoast.com\/product\/yoast-seo-premium-wordpress\/ -->\n<title>Wie zeige ich dem Hund meine Liebe? | Uelzener Magazin<\/title>\n<meta name=\"description\" content=\"Wir verraten, welche M\u00f6glichkeiten es gibt, dem Hund durch Taten, F\u00fcrsorge und Rituale seine Liebe zu zeigen \ud83e\udd0d\" \/>\n<meta name=\"robots\" content=\"index, follow, max-snippet:-1, max-image-preview:large, max-video-preview:-1\" \/>\n<link rel=\"canonical\" href=\"https:\/\/uelzener.de\/magazin\/hund\/haeufige-fragen\/wie-zeige-ich-hund-meine-liebe\/\" \/>\n<meta property=\"og:locale\" content=\"de_DE\" \/>\n<meta property=\"og:type\" content=\"article\" \/>\n<meta property=\"og:title\" content=\"Wie zeige ich dem Hund meine Liebe?\" \/>\n<meta property=\"og:description\" content=\"Wir verraten, welche M\u00f6glichkeiten es gibt, dem Hund durch Taten, F\u00fcrsorge und Rituale seine Liebe zu zeigen \ud83e\udd0d\" \/>\n<meta property=\"og:url\" content=\"https:\/\/uelzener.de\/magazin\/hund\/haeufige-fragen\/wie-zeige-ich-hund-meine-liebe\/\" \/>\n<meta property=\"og:site_name\" content=\"Uelzener Tier-Magazin\" \/>\n<meta property=\"article:publisher\" content=\"https:\/\/www.facebook.com\/Uelzener\" \/>\n<meta property=\"article:modified_time\" content=\"2024-03-04T13:16:55+00:00\" \/>\n<meta property=\"og:image\" content=\"https:\/\/uelzener.de\/magazin\/app\/uploads\/2024\/02\/hund-liebe-zeigen.jpg\" \/>\n\t<meta property=\"og:image:width\" content=\"1025\" \/>\n\t<meta property=\"og:image:height\" content=\"450\" \/>\n\t<meta property=\"og:image:type\" content=\"image\/jpeg\" \/>\n<meta name=\"twitter:card\" content=\"summary_large_image\" \/>\n<meta name=\"twitter:label1\" content=\"Gesch\u00e4tzte Lesezeit\" \/>\n\t<meta name=\"twitter:data1\" content=\"5\u00a0Minuten\" \/>\n<script type=\"application\/ld+json\" class=\"yoast-schema-graph\">{\"@context\":\"https:\/\/schema.org\",\"@graph\":[{\"@type\":\"WebPage\",\"@id\":\"https:\/\/uelzener.de\/magazin\/hund\/haeufige-fragen\/wie-zeige-ich-hund-meine-liebe\/\",\"url\":\"https:\/\/uelzener.de\/magazin\/hund\/haeufige-fragen\/wie-zeige-ich-hund-meine-liebe\/\",\"name\":\"Wie zeige ich dem Hund meine Liebe? | Uelzener Magazin\",\"isPartOf\":{\"@id\":\"https:\/\/uelzener.de\/magazin\/#website\"},\"primaryImageOfPage\":{\"@id\":\"https:\/\/uelzener.de\/magazin\/hund\/haeufige-fragen\/wie-zeige-ich-hund-meine-liebe\/#primaryimage\"},\"image\":{\"@id\":\"https:\/\/uelzener.de\/magazin\/hund\/haeufige-fragen\/wie-zeige-ich-hund-meine-liebe\/#primaryimage\"},\"thumbnailUrl\":\"https:\/\/uelzener.de\/magazin\/app\/uploads\/2024\/02\/hund-liebe-zeigen.jpg\",\"datePublished\":\"2024-03-04T11:29:56+00:00\",\"dateModified\":\"2024-03-04T13:16:55+00:00\",\"description\":\"Wir verraten, welche M\u00f6glichkeiten es gibt, dem Hund durch Taten, F\u00fcrsorge und Rituale seine Liebe zu zeigen \ud83e\udd0d\",\"breadcrumb\":{\"@id\":\"https:\/\/uelzener.de\/magazin\/hund\/haeufige-fragen\/wie-zeige-ich-hund-meine-liebe\/#breadcrumb\"},\"inLanguage\":\"de\",\"potentialAction\":[{\"@type\":\"ReadAction\",\"target\":[\"https:\/\/uelzener.de\/magazin\/hund\/haeufige-fragen\/wie-zeige-ich-hund-meine-liebe\/\"]}]},{\"@type\":\"ImageObject\",\"inLanguage\":\"de\",\"@id\":\"https:\/\/uelzener.de\/magazin\/hund\/haeufige-fragen\/wie-zeige-ich-hund-meine-liebe\/#primaryimage\",\"url\":\"https:\/\/uelzener.de\/magazin\/app\/uploads\/2024\/02\/hund-liebe-zeigen.jpg\",\"contentUrl\":\"https:\/\/uelzener.de\/magazin\/app\/uploads\/2024\/02\/hund-liebe-zeigen.jpg\",\"width\":1025,\"height\":450,\"caption\":\"Mann im gelben Pulli umarmt Golden Retriever\"},{\"@type\":\"WebSite\",\"@id\":\"https:\/\/uelzener.de\/magazin\/#website\",\"url\":\"https:\/\/uelzener.de\/magazin\/\",\"name\":\"Uelzener Tiermagazin\",\"description\":\"Online Tierratgeber der Uelzener Versicherungen\",\"publisher\":{\"@id\":\"https:\/\/uelzener.de\/magazin\/#organization\"},\"potentialAction\":[{\"@type\":\"SearchAction\",\"target\":{\"@type\":\"EntryPoint\",\"urlTemplate\":\"https:\/\/uelzener.de\/magazin\/?s={search_term_string}\"},\"query-input\":{\"@type\":\"PropertyValueSpecification\",\"valueRequired\":true,\"valueName\":\"search_term_string\"}}],\"inLanguage\":\"de\"},{\"@type\":\"Organization\",\"@id\":\"https:\/\/uelzener.de\/magazin\/#organization\",\"name\":\"Uelzener Versicherungen\",\"url\":\"https:\/\/uelzener.de\/magazin\/\",\"logo\":{\"@type\":\"ImageObject\",\"inLanguage\":\"de\",\"@id\":\"https:\/\/uelzener.de\/magazin\/#\/schema\/logo\/image\/\",\"url\":\"https:\/\/uelzener.de\/magazin\/app\/uploads\/2024\/11\/uelzener_allgemeine_versicherungsgesellschaft_a_g_logo.jpg\",\"contentUrl\":\"https:\/\/uelzener.de\/magazin\/app\/uploads\/2024\/11\/uelzener_allgemeine_versicherungsgesellschaft_a_g_logo.jpg\",\"width\":200,\"height\":200,\"caption\":\"Uelzener Versicherungen\"},\"image\":{\"@id\":\"https:\/\/uelzener.de\/magazin\/#\/schema\/logo\/image\/\"},\"sameAs\":[\"https:\/\/www.facebook.com\/Uelzener\",\"https:\/\/instagram.com\/uelzener\",\"https:\/\/www.xing.com\/pages\/uelzenerallgemeineversicherungs-gesellschafta-g\",\"https:\/\/www.youtube.com\/UelzenerVersicherungen\"]}]}<\/script>\n<!-- \/ Yoast SEO Premium plugin. -->","yoast_head_json":{"title":"Wie zeige ich dem Hund meine Liebe? | Uelzener Magazin","description":"Wir verraten, welche M\u00f6glichkeiten es gibt, dem Hund durch Taten, F\u00fcrsorge und Rituale seine Liebe zu zeigen \ud83e\udd0d","robots":{"index":"index","follow":"follow","max-snippet":"max-snippet:-1","max-image-preview":"max-image-preview:large","max-video-preview":"max-video-preview:-1"},"canonical":"https:\/\/uelzener.de\/magazin\/hund\/haeufige-fragen\/wie-zeige-ich-hund-meine-liebe\/","og_locale":"de_DE","og_type":"article","og_title":"Wie zeige ich dem Hund meine Liebe?","og_description":"Wir verraten, welche M\u00f6glichkeiten es gibt, dem Hund durch Taten, F\u00fcrsorge und Rituale seine Liebe zu zeigen \ud83e\udd0d","og_url":"https:\/\/uelzener.de\/magazin\/hund\/haeufige-fragen\/wie-zeige-ich-hund-meine-liebe\/","og_site_name":"Uelzener Tier-Magazin","article_publisher":"https:\/\/www.facebook.com\/Uelzener","article_modified_time":"2024-03-04T13:16:55+00:00","og_image":[{"width":1025,"height":450,"url":"https:\/\/uelzener.de\/magazin\/app\/uploads\/2024\/02\/hund-liebe-zeigen.jpg","type":"image\/jpeg"}],"twitter_card":"summary_large_image","twitter_misc":{"Gesch\u00e4tzte Lesezeit":"5\u00a0Minuten"},"schema":{"@context":"https:\/\/schema.org","@graph":[{"@type":"WebPage","@id":"https:\/\/uelzener.de\/magazin\/hund\/haeufige-fragen\/wie-zeige-ich-hund-meine-liebe\/","url":"https:\/\/uelzener.de\/magazin\/hund\/haeufige-fragen\/wie-zeige-ich-hund-meine-liebe\/","name":"Wie zeige ich dem Hund meine Liebe? | Uelzener Magazin","isPartOf":{"@id":"https:\/\/uelzener.de\/magazin\/#website"},"primaryImageOfPage":{"@id":"https:\/\/uelzener.de\/magazin\/hund\/haeufige-fragen\/wie-zeige-ich-hund-meine-liebe\/#primaryimage"},"image":{"@id":"https:\/\/uelzener.de\/magazin\/hund\/haeufige-fragen\/wie-zeige-ich-hund-meine-liebe\/#primaryimage"},"thumbnailUrl":"https:\/\/uelzener.de\/magazin\/app\/uploads\/2024\/02\/hund-liebe-zeigen.jpg","datePublished":"2024-03-04T11:29:56+00:00","dateModified":"2024-03-04T13:16:55+00:00","description":"Wir verraten, welche M\u00f6glichkeiten es gibt, dem Hund durch Taten, F\u00fcrsorge und Rituale seine Liebe zu zeigen \ud83e\udd0d","breadcrumb":{"@id":"https:\/\/uelzener.de\/magazin\/hund\/haeufige-fragen\/wie-zeige-ich-hund-meine-liebe\/#breadcrumb"},"inLanguage":"de","potentialAction":[{"@type":"ReadAction","target":["https:\/\/uelzener.de\/magazin\/hund\/haeufige-fragen\/wie-zeige-ich-hund-meine-liebe\/"]}]},{"@type":"ImageObject","inLanguage":"de","@id":"https:\/\/uelzener.de\/magazin\/hund\/haeufige-fragen\/wie-zeige-ich-hund-meine-liebe\/#primaryimage","url":"https:\/\/uelzener.de\/magazin\/app\/uploads\/2024\/02\/hund-liebe-zeigen.jpg","contentUrl":"https:\/\/uelzener.de\/magazin\/app\/uploads\/2024\/02\/hund-liebe-zeigen.jpg","width":1025,"height":450,"caption":"Mann im gelben Pulli umarmt Golden Retriever"},{"@type":"WebSite","@id":"https:\/\/uelzener.de\/magazin\/#website","url":"https:\/\/uelzener.de\/magazin\/","name":"Uelzener Tiermagazin","description":"Online Tierratgeber der Uelzener Versicherungen","publisher":{"@id":"https:\/\/uelzener.de\/magazin\/#organization"},"potentialAction":[{"@type":"SearchAction","target":{"@type":"EntryPoint","urlTemplate":"https:\/\/uelzener.de\/magazin\/?s={search_term_string}"},"query-input":{"@type":"PropertyValueSpecification","valueRequired":true,"valueName":"search_term_string"}}],"inLanguage":"de"},{"@type":"Organization","@id":"https:\/\/uelzener.de\/magazin\/#organization","name":"Uelzener Versicherungen","url":"https:\/\/uelzener.de\/magazin\/","logo":{"@type":"ImageObject","inLanguage":"de","@id":"https:\/\/uelzener.de\/magazin\/#\/schema\/logo\/image\/","url":"https:\/\/uelzener.de\/magazin\/app\/uploads\/2024\/11\/uelzener_allgemeine_versicherungsgesellschaft_a_g_logo.jpg","contentUrl":"https:\/\/uelzener.de\/magazin\/app\/uploads\/2024\/11\/uelzener_allgemeine_versicherungsgesellschaft_a_g_logo.jpg","width":200,"height":200,"caption":"Uelzener Versicherungen"},"image":{"@id":"https:\/\/uelzener.de\/magazin\/#\/schema\/logo\/image\/"},"sameAs":["https:\/\/www.facebook.com\/Uelzener","https:\/\/instagram.com\/uelzener","https:\/\/www.xing.com\/pages\/uelzenerallgemeineversicherungs-gesellschafta-g","https:\/\/www.youtube.com\/UelzenerVersicherungen"]}]}},"_links":{"self":[{"href":"https:\/\/uelzener.de\/magazin\/wp-json\/wp\/v2\/pages\/17064","targetHints":{"allow":["GET"]}}],"collection":[{"href":"https:\/\/uelzener.de\/magazin\/wp-json\/wp\/v2\/pages"}],"about":[{"href":"https:\/\/uelzener.de\/magazin\/wp-json\/wp\/v2\/types\/page"}],"author":[{"embeddable":true,"href":"https:\/\/uelzener.de\/magazin\/wp-json\/wp\/v2\/users\/11"}],"replies":[{"embeddable":true,"href":"https:\/\/uelzener.de\/magazin\/wp-json\/wp\/v2\/comments?post=17064"}],"version-history":[{"count":2,"href":"https:\/\/uelzener.de\/magazin\/wp-json\/wp\/v2\/pages\/17064\/revisions"}],"predecessor-version":[{"id":17071,"href":"https:\/\/uelzener.de\/magazin\/wp-json\/wp\/v2\/pages\/17064\/revisions\/17071"}],"up":[{"embeddable":true,"href":"https:\/\/uelzener.de\/magazin\/wp-json\/wp\/v2\/pages\/11687"}],"wp:featuredmedia":[{"embeddable":true,"href":"https:\/\/uelzener.de\/magazin\/wp-json\/wp\/v2\/media\/17070"}],"wp:attachment":[{"href":"https:\/\/uelzener.de\/magazin\/wp-json\/wp\/v2\/media?parent=17064"}],"curies":[{"name":"wp","href":"https:\/\/api.w.org\/{rel}","templated":true}]}}