{"id":16804,"date":"2023-12-14T14:23:46","date_gmt":"2023-12-14T13:23:46","guid":{"rendered":"https:\/\/uelzener.de\/magazin\/?page_id=16804"},"modified":"2024-08-14T12:20:05","modified_gmt":"2024-08-14T10:20:05","slug":"zahnstein-beim-hund","status":"publish","type":"page","link":"https:\/\/uelzener.de\/magazin\/hund\/tiergesundheit\/zahnstein-beim-hund\/","title":{"rendered":"Zahnstein beim Hund: Ursachen, Symptome und Hausmittel"},"content":{"rendered":"<p>Zahnstein ist viel mehr als ein kosmetisches Problem. Nicht behandelt kann er zu schwerwiegenden gesundheitlichen Problemen f\u00fchren. Daher ist es wichtig, Zahnstein m\u00f6glichst vorzubeugen und ihn gegebenenfalls zu erkennen, um ihn dann behandeln zu k\u00f6nnen. In diesem Artikel erkl\u00e4ren wir alles Wichtige rund um Ursachen, Symptome und Behandlung von Zahnstein.<\/p>\n<h2>Ursachen f\u00fcr Zahnstein<\/h2>\n<p>Zahnstein entsteht aufgrund verschiedener Ursachen, die sich zum Teil gegenseitig beg\u00fcnstigen.<\/p>\n<ul>\n<li>Plaque: Plaque ist eine aus Nahrungsresten, Bakterien und Speichel bestehende Schicht, die sich auf den Z\u00e4hnen ablagert. Entfernt man Plaque nicht zeitnah, kann sie sich verh\u00e4rten und so zur Entstehung von Zahnstein f\u00fchren. Mit <a href=\"https:\/\/uelzener.de\/magazin\/hund\/tiergesundheit\/alter-hund\/\">zunehmendem Alter<\/a> steigt das Risiko, dass sich Zahnstein bildet. Besonders auf rauen oder unregelm\u00e4\u00dfigen Fl\u00e4chen kann sich Zahnstein bilden. Daher geht mit besch\u00e4digtem Zahnschmelz oder abgebrochenen Z\u00e4hnen ein erh\u00f6htes Risiko f\u00fcr Zahnsteinbildung einher.<\/li>\n<li>Zu geringer Speichelfluss: Speichel hat die Funktion, die Z\u00e4hne zu s\u00e4ubern und Nahrungsreste und Bakterien zu entfernen. Fehlt die entsprechende Menge Speichel, ist diese Reinigungsfunktion eingeschr\u00e4nkt. F\u00fcr einen zu geringen Speichelfluss kann es verschiedene Gr\u00fcnde geben. Beispielsweise hecheln Hunde mit einem kleineren runden Kopf im Verh\u00e4ltnis st\u00e4rker. Dies f\u00fchrt zu einer trockeneren Maulh\u00f6hle, in welcher der Speichelfluss mitunter nicht ausreicht, die Z\u00e4hne sauber zu halten.<\/li>\n<li>Vererbung: Kleinere Hunderassen mit kleinerem Kiefer und engeren Zahnzwischenr\u00e4umen leiden verst\u00e4rkt unter Zahnstein, da die Reinigung der Z\u00e4hne von Bakterien und Futterresten durch die Anatomie erschwert wird.<\/li>\n<li>F\u00fctterung ausschlie\u00dflich mit Nassfutter: Nassfutter hat zwar viele Vorteile, in Bezug auf die Vermeidung von Zahnstein jedoch einen entscheidenden Nachteil. Dieser besteht darin, dass Hunde Nassfutter kaum zu kauen brauchen. Daher unterst\u00fctzt es die Reinigung der Z\u00e4hne nicht. Trockenfutter hingegen hilft, Zahnstein zu vermeiden, weil Hunde dieses kauen und dabei gleichzeitig Plaque entfernen. Wobei auch Trockenfutter alleine nicht hart genug ist. Es bedarf einer st\u00e4rkeren Kauleistung, wie sie beispielsweise bei Kauknochen erforderlich ist. Dies wird auch im Hinblick auf die urspr\u00fcngliche Ern\u00e4hrung der Vorfahren des Hundes, der Wildhunde, nachvollziehbar. Diese mussten in ihrer nat\u00fcrlichen Ern\u00e4hrung mit sehr harten Nahrungsbestandteilen wie Knochen umgehen.<\/li>\n<li>Zuckerhaltiges Futter: Zucker f\u00f6rdert die Vermehrung von Bakterien im Maul und damit auch die Entstehung von Zahnstein.<\/li>\n<\/ul>\n<h2>Wie Zahnstein beim Hund erkennen? Alle Symptome<\/h2>\n<p>Zahnstein zeigt sich mit unterschiedlichen Symptomen. Es m\u00fcssen nicht zwingend alle Symptome auftreten. Zudem bedingen sich die Symptome gegenseitig oder f\u00f6rdern sie sogar. Hier ist eine Liste m\u00f6glicher Anzeichen, auf die du achten solltest.<\/p>\n<ul>\n<li>Ablagerungen auf den Z\u00e4hnen: Zahnstein zeigt sich in gelblichen, braunen Ablagerungen. Die Konsistenz ist dabei eher hart als weich.<\/li>\n<li>Schlechter Geruch aus dem Maul: Die den Zahnstein verursachenden Bakterien verursachen einen unangenehmen Geruch.<\/li>\n<li>Gereiztes oder entz\u00fcndetes Zahnfleisch (mitunter blutig) und Eiter im Maul<\/li>\n<li>Vermeidung von Futter, besonders von hartem Futter, weil Zahnstein bzw. Zahnprobleme zu Schwierigkeiten beim Kauen f\u00fchren k\u00f6nnen.<\/li>\n<li>Schmerzen: Diese k\u00f6nnen dazu f\u00fchren, dass der Hund sich mit den Pfoten am Maul oder die Schnauze an Gegenst\u00e4nden reibt, weil er Schmerzen hat. Au\u00dferdem k\u00f6nnen Schmerzen die Ursache f\u00fcr einseitiges Kauen sein oder auch daf\u00fcr, dass der Hund sich nicht mehr am Maul ber\u00fchren lassen mag. Au\u00dferdem k\u00f6nnen sich Schmerzen auch auf die psychische Verfassung des Hundes auswirken, indem er niedergeschlagen wirkt oder gereizter als sonst reagiert.<\/li>\n<li>Zahnverlust: Zahnstein kann im fortgeschrittenen Stadium zum Zahnverlust f\u00fchren.<\/li>\n<\/ul>\n<h2>Behandlungen<\/h2>\n<p>Die Behandlung von Zahnstein sollte stets von einer Tier\u00e4rztin oder einem Tierarzt durchgef\u00fchrt werden. Zur Zahnsteinentfernung werden diverse M\u00f6glichkeiten angeboten. Doch, was hilft wirklich?<\/p>\n<ul>\n<li>Professionelle Zahnreinigung: Zahnstein kann ausschlie\u00dflich mittels einer professionellen Zahnreinigung per Ultraschall effizient und vollst\u00e4ndig entfernt werden. Hierbei werden Z\u00e4hne und Zahnfleischtaschen gereinigt. Die Z\u00e4hne werden poliert, um das Anhaften von Belegen zu erschweren. Dazu ist eine Sedierung erforderlich. Keinesfalls sollte man selbst versuchen, mittels Werkzeugs, den Zahnstein zu entfernen. Damit w\u00fcrde eine gro\u00dfe Verletzungsgefahr f\u00fcr Hund und Mensch einhergehen, die es unbedingt zu vermeiden gilt. Hinzu kommt, dass eine manuelle Entfernung (Abkratzen mit entsprechenden Haken u. \u00e4.) lediglich zu einem vorr\u00fcbergehenden und kosmetischen Erfolg f\u00fchrt. Im Endeffekt verschlimmert dies die Situation, weil die Manipulation wiederum den Zahnschmelz aufraut, was in der Folge die Zahnsteinbildung beg\u00fcnstigt. Mit der Hundeversicherung der Uelzener kannst du die Tierarztkosten abfedern.<\/li>\n<li>Zahnpflege-Gel: Zahnstein l\u00e4sst sich mit Zahnpflege-Gel aufweichen und im n\u00e4chsten Schritt mittels Kauspielzeug und Kausnacks entfernen. Dies braucht konsequente Anwendung \u00fcber einen l\u00e4ngeren Zeitraum und funktioniert nur in begrenztem Rahmen und bei leichteren Belegen.<\/li>\n<\/ul>\n\n<div class=\"banner\">\n    <a href=\"https:\/\/uelzener.de\/hund\/?agt=0000104925&sem=true&utm_medium=magazin&utm_source=wordpress&utm_campaign=hund&utm_content=banner\">\n        <img decoding=\"async\" width=\"300\" height=\"212\" src=\"https:\/\/uelzener.de\/magazin\/app\/uploads\/2023\/10\/Hunde-Versicherung.jpg\" class=\"attachment-medium size-medium\" alt=\"Banner Hunde-Versicherung\" \/>    <\/a>\n<\/div>\n\n<h3>Zahnstein beim Hund entfernen: Ja oder Nein?<\/h3>\n<p>Zahnstein ist ein gesundheitliches Problem, das unbehandelt zu Folgeerkrankungen und Schmerzen f\u00fchren kann. Daher ist eine Zahnsteinentfernung n\u00f6tig, um dem Hund Leiden und gesundheitliche Schwierigkeiten zu ersparen.<\/p>\n<h3>In der tier\u00e4rztlichen Praxis<\/h3>\n<p>In der tier\u00e4rztlichen Praxis wird die Zahnsteinentfernung stets unter Sedierung durchgef\u00fchrt, weil das Ger\u00e4usch des zur Anwendungen kommenden Ultraschallger\u00e4ts bei Hunden Angst ausl\u00f6st. Zudem m\u00fcssen die Tier\u00e4rztinnen und Tier\u00e4rzte zumeist auch in den Zahnsteintaschen Zahnstein entfernen. Ohne Sedierung w\u00e4ren das Verletzungsrisiko und der Stress f\u00fcr Hund und Behandler:in zu gro\u00df. Au\u00dferdem w\u00fcrden die Hunde die l\u00e4ngere Behandlungsdauer mit offenem Maul nicht geduldig aushalten, sodass eine Sedierung auch aus diesem Grunde unerl\u00e4sslich ist.<\/p>\n<p>Abschluss der professionellen Zahnreinigung werden die Z\u00e4hne poliert, um die Oberfl\u00e4chen zu gl\u00e4tten und eine erneute Plaqueansammlung an den Z\u00e4hnen hinauszuz\u00f6gern.<\/p>\n<h2>Mit Hausmitteln Zahnstein vorbeugen<\/h2>\n<p>Grunds\u00e4tzlich ist eine konsequente und sorgf\u00e4ltige Vermeidung von Zahnstein sinnvoll. Bei Zweifeln sollte man sich auch hierzu tier\u00e4rztlich beraten lassen. Hier ist eine Liste verschiedener vorbeugender Ma\u00dfnahmen, die Tierhalterinnen und Tierhalter selbst anwenden k\u00f6nnen:<\/p>\n<ul>\n<li>Regelm\u00e4\u00dfige Zahnpflege: Z\u00e4hneputzen hilft dabei, Bel\u00e4ge zu entfernen und beugt der Bildung von Zahnstein vor. Nicht erst nach dem <a href=\"https:\/\/uelzener.de\/magazin\/hund\/tiergesundheit\/zahnwechsel-beim-hund\/\">Zahnwechsel<\/a>, sondern bereits von klein auf sollte man seinen Hund an das <a href=\"https:\/\/uelzener.de\/magazin\/hund\/tiergesundheit\/zahnpflege-hund-zaehne-putzen\/\">Z\u00e4hneputzen<\/a> gew\u00f6hnen. Dazu gibt es spezielle Zahnb\u00fcrsten, die sich Herrchen oder Frauchen \u00fcber den Finger st\u00fclpen k\u00f6nnen.<\/li>\n<li>Zahnpflegesnacks: Herk\u00f6mmliche Kauknochen oder auch spezielle Hundekausnacks, k\u00f6nnen dazu beitragen, Zahnbel\u00e4ge (Plaque) zu reduzieren und Zahnstein zu vermeiden.<\/li>\n<li>Trockenfutter: Im Gegensatz zu Nassfutter hilft Trockenfutter dabei, Zahnbel\u00e4ge mechanisch zu entfernen und auf diese Weise die Entstehung von Plaque zu vermindern.<\/li>\n<li>Rohes Gem\u00fcse: In Ma\u00dfen kann das Kauen rohen Gem\u00fcses ebenfalls zur Vermeidung von Zahnstein beitragen. So m\u00f6gen einige Hunde sehr gerne M\u00f6hren, die sich positiv auf die Bakterienflora im Hundemaul auswirken k\u00f6nnen.<\/li>\n<li>Kokos\u00f6l: Einige Hundebesitzer:innen schw\u00f6ren auf das Einreiben von Z\u00e4hnen und Zahnfleisch mit Kokos\u00f6l, um die Bildung von Zahnstein zu verlangsamen.<\/li>\n<li>H\u00fcttenk\u00e4se: Tierhalter:innen berichten von positiven Erfahrungen mit kleinen Futtermengen H\u00fcttenk\u00e4ste, die aufgrund der Konsistenz des K\u00e4ses und der Inhaltsstoffe (Proteine, Kalzium, Phosphor) dazu beitragen k\u00f6nnen, Zahnbel\u00e4ge zu verringern. Dieser Effekt d\u00fcrfte jedoch marginal sein.<\/li>\n<\/ul>\n<h2>Fazit<\/h2>\n<p>Zahnstein kann bei Hunden unbehandelt zu weiteren Erkrankungen und Folgeerkrankungen f\u00fchren. Es gibt viele beg\u00fcnstigende Faktoren f\u00fcr die Bildung von Plaquebildung. Wirklicher Zahnstein ist recht gut erkennbar. Daneben lassen sich Begleiterscheinungen wie Ablagerungen auf den Z\u00e4hnen, schlechter Atem und gereiztes Zahnfleisch feststellen. Eine Zahnsteinentfernung im Rahmen einer professionellen Zahnreinigung unter Vollnarkose ist bei vorhandenem Zahnstein unerl\u00e4sslich. Als vorbeugende oder unterst\u00fctzende Ma\u00dfnahmen k\u00f6nnen Zahnpflegesnacks, Trockenfutter und rohes Gem\u00fcse dienen. Konsequente Zahnpflege tr\u00e4gt zur Zahngesundheit bei und kann Hunden unn\u00f6tige Behandlungen und gesundheitliche Probleme ersparen.<\/p>\n<h2>FAQ: H\u00e4ufig gestellte Fragen zu Zahnstein beim Hund<\/h2>\n<h3>Kann man Zahnstein beim Hund selbst entfernen?<\/h3>\n<p>Weiche Bel\u00e4ge lassen sich mit Z\u00e4hneputzen und Kauspielzeug bzw. Kausnacks entfernen. Zahnstein hat jedoch eine harte Konsistenz, die man keinesfalls selbst entfernen sollte. Die Verletzungsgefahr f\u00fcr den Hund ist dabei hoch. Daher sollte eine Zahnsteinentfernung stets in der tier\u00e4rztlichen Praxis unter Sedierung vorgenommen werden. So werden Verletzungen und unn\u00f6tiger Stress vermieden und sichergestellt, dass der Zahnstein \u2013 auch in den Zahnfleischtaschen \u2013 m\u00f6glichst schonend und nachhaltig entfernt wird.<\/p>\n<h3>Wie oft soll man den Zahnstein entfernen?<\/h3>\n<p>Die Zahnsteinbildung kann bei Hunden sehr unterschiedlich stark ausfallen und ist individuell verschieden. Daher entscheiden Tier\u00e4rztinnen und Tier\u00e4rzte individuell, wie h\u00e4ufig eine Zahnsteinentfernung vorgenommen werden sollte. Dies kann bei Hunden mit einer starken Zahnsteinbildung ein bis zweimal im Jahr n\u00f6tig sein. Zahnkontrolle geh\u00f6rt ebenso wie <a href=\"https:\/\/uelzener.de\/magazin\/hund\/tiergesundheit\/impfungen-hund\/\">Impfungen<\/a> und Wurmkuren zu den regelm\u00e4\u00dfigen Ma\u00dfnahmen zur Gesundheitsvorsorge.<\/p>\n<h3>Was kostet es, beim Hund Zahnstein zu entfernen?<\/h3>\n<p>Die Kosten f\u00fcr eine Zahnsteinentfernung k\u00f6nnen variieren. In der Regel liegen die Kosten f\u00fcr das alleinige Entfernen mittels Ultraschall und Politur inklusive Sedierung, abh\u00e4ngig u. a. von Aufwand und Medikamentenmengen, abh\u00e4ngig von der Gr\u00f6\u00dfe des Hundes, bei 250 Euro bis 500 Euro. Sollten zus\u00e4tzliche Leistungen wie Zahnextraktionen anfallen, k\u00f6nnen die Kosten deutlich h\u00f6her bei bis zu 1000 Euro liegen.<\/p>\n<p>&nbsp;<\/p>\n","protected":false},"excerpt":{"rendered":"<p>Zahnstein ist viel mehr als ein kosmetisches Problem. Nicht behandelt kann er zu schwerwiegenden gesundheitlichen Problemen f\u00fchren. Daher ist es wichtig, Zahnstein m\u00f6glichst vorzubeugen und ihn gegebenenfalls zu erkennen, um ihn dann behandeln zu k\u00f6nnen. In diesem Artikel erkl\u00e4ren wir alles Wichtige rund um Ursachen, Symptome und Behandlung von Zahnstein. Ursachen f\u00fcr Zahnstein Zahnstein entsteht [&hellip;]<\/p>\n","protected":false},"author":11,"featured_media":16806,"parent":11701,"menu_order":25,"comment_status":"closed","ping_status":"closed","template":"templates\/blog.php","meta":{"_acf_changed":false,"_crdt_document":"","footnotes":"","beyondwords_generate_audio":"0","beyondwords_project_id":"","beyondwords_content_id":"","beyondwords_preview_token":"","beyondwords_player_style":"","beyondwords_language_id":"","beyondwords_title_voice_id":"","beyondwords_body_voice_id":"","beyondwords_summary_voice_id":"","beyondwords_error_message":"","beyondwords_disabled":"","beyondwords_delete_content":"","beyondwords_podcast_id":"","beyondwords_hash":"","publish_post_to_speechkit":"","speechkit_hash":"","speechkit_generate_audio":"","speechkit_project_id":"","speechkit_podcast_id":"","speechkit_error_message":"","speechkit_disabled":"","speechkit_access_key":"","speechkit_error":"","speechkit_info":"","speechkit_response":"","speechkit_retries":"","speechkit_status":"","speechkit_updated_at":"","_speechkit_link":"","_speechkit_text":""},"class_list":["post-16804","page","type-page","status-publish","has-post-thumbnail","hentry"],"acf":[],"yoast_head":"<!-- This site is optimized with the Yoast SEO Premium plugin  - https:\/\/yoast.com\/product\/yoast-seo-premium-wordpress\/ -->\n<title>Zahnstein beim Hund: Ursachen, Symptome und Hausmittel | Uelzener Magazin<\/title>\n<meta name=\"description\" content=\"Gesundheitliche Probleme durch Zahnstein vermeiden. Zahnstein vorbeugen und entfernen.\" \/>\n<meta name=\"robots\" content=\"index, follow, max-snippet:-1, max-image-preview:large, max-video-preview:-1\" \/>\n<link rel=\"canonical\" href=\"https:\/\/uelzener.de\/magazin\/hund\/tiergesundheit\/zahnstein-beim-hund\/\" \/>\n<meta property=\"og:locale\" content=\"de_DE\" \/>\n<meta property=\"og:type\" content=\"article\" \/>\n<meta property=\"og:title\" content=\"Zahnstein beim Hund: Ursachen, Symptome und Hausmittel\" \/>\n<meta property=\"og:description\" content=\"Gesundheitliche Probleme durch Zahnstein vermeiden. Zahnstein vorbeugen und entfernen.\" \/>\n<meta property=\"og:url\" content=\"https:\/\/uelzener.de\/magazin\/hund\/tiergesundheit\/zahnstein-beim-hund\/\" \/>\n<meta property=\"og:site_name\" content=\"Uelzener Tier-Magazin\" \/>\n<meta property=\"article:publisher\" content=\"https:\/\/www.facebook.com\/Uelzener\" \/>\n<meta property=\"article:modified_time\" content=\"2024-08-14T10:20:05+00:00\" \/>\n<meta property=\"og:image\" content=\"https:\/\/uelzener.de\/magazin\/app\/uploads\/2023\/12\/zahnstein-beim-hund.jpg\" \/>\n\t<meta property=\"og:image:width\" content=\"1025\" \/>\n\t<meta property=\"og:image:height\" content=\"450\" \/>\n\t<meta property=\"og:image:type\" content=\"image\/jpeg\" \/>\n<meta name=\"twitter:card\" content=\"summary_large_image\" \/>\n<meta name=\"twitter:label1\" content=\"Gesch\u00e4tzte Lesezeit\" \/>\n\t<meta name=\"twitter:data1\" content=\"6\u00a0Minuten\" \/>\n<script type=\"application\/ld+json\" class=\"yoast-schema-graph\">{\"@context\":\"https:\/\/schema.org\",\"@graph\":[{\"@type\":\"WebPage\",\"@id\":\"https:\/\/uelzener.de\/magazin\/hund\/tiergesundheit\/zahnstein-beim-hund\/\",\"url\":\"https:\/\/uelzener.de\/magazin\/hund\/tiergesundheit\/zahnstein-beim-hund\/\",\"name\":\"Zahnstein beim Hund: Ursachen, Symptome und Hausmittel | Uelzener Magazin\",\"isPartOf\":{\"@id\":\"https:\/\/uelzener.de\/magazin\/#website\"},\"primaryImageOfPage\":{\"@id\":\"https:\/\/uelzener.de\/magazin\/hund\/tiergesundheit\/zahnstein-beim-hund\/#primaryimage\"},\"image\":{\"@id\":\"https:\/\/uelzener.de\/magazin\/hund\/tiergesundheit\/zahnstein-beim-hund\/#primaryimage\"},\"thumbnailUrl\":\"https:\/\/uelzener.de\/magazin\/app\/uploads\/2023\/12\/zahnstein-beim-hund.jpg\",\"datePublished\":\"2023-12-14T13:23:46+00:00\",\"dateModified\":\"2024-08-14T10:20:05+00:00\",\"description\":\"Gesundheitliche Probleme durch Zahnstein vermeiden. Zahnstein vorbeugen und entfernen.\",\"breadcrumb\":{\"@id\":\"https:\/\/uelzener.de\/magazin\/hund\/tiergesundheit\/zahnstein-beim-hund\/#breadcrumb\"},\"inLanguage\":\"de\",\"potentialAction\":[{\"@type\":\"ReadAction\",\"target\":[\"https:\/\/uelzener.de\/magazin\/hund\/tiergesundheit\/zahnstein-beim-hund\/\"]}]},{\"@type\":\"ImageObject\",\"inLanguage\":\"de\",\"@id\":\"https:\/\/uelzener.de\/magazin\/hund\/tiergesundheit\/zahnstein-beim-hund\/#primaryimage\",\"url\":\"https:\/\/uelzener.de\/magazin\/app\/uploads\/2023\/12\/zahnstein-beim-hund.jpg\",\"contentUrl\":\"https:\/\/uelzener.de\/magazin\/app\/uploads\/2023\/12\/zahnstein-beim-hund.jpg\",\"width\":1025,\"height\":450,\"caption\":\"Hund mit Zahnstein wird untersucht.\"},{\"@type\":\"WebSite\",\"@id\":\"https:\/\/uelzener.de\/magazin\/#website\",\"url\":\"https:\/\/uelzener.de\/magazin\/\",\"name\":\"Uelzener Tiermagazin\",\"description\":\"Online Tierratgeber der Uelzener Versicherungen\",\"publisher\":{\"@id\":\"https:\/\/uelzener.de\/magazin\/#organization\"},\"potentialAction\":[{\"@type\":\"SearchAction\",\"target\":{\"@type\":\"EntryPoint\",\"urlTemplate\":\"https:\/\/uelzener.de\/magazin\/?s={search_term_string}\"},\"query-input\":{\"@type\":\"PropertyValueSpecification\",\"valueRequired\":true,\"valueName\":\"search_term_string\"}}],\"inLanguage\":\"de\"},{\"@type\":\"Organization\",\"@id\":\"https:\/\/uelzener.de\/magazin\/#organization\",\"name\":\"Uelzener Versicherungen\",\"url\":\"https:\/\/uelzener.de\/magazin\/\",\"logo\":{\"@type\":\"ImageObject\",\"inLanguage\":\"de\",\"@id\":\"https:\/\/uelzener.de\/magazin\/#\/schema\/logo\/image\/\",\"url\":\"https:\/\/uelzener.de\/magazin\/app\/uploads\/2024\/11\/uelzener_allgemeine_versicherungsgesellschaft_a_g_logo.jpg\",\"contentUrl\":\"https:\/\/uelzener.de\/magazin\/app\/uploads\/2024\/11\/uelzener_allgemeine_versicherungsgesellschaft_a_g_logo.jpg\",\"width\":200,\"height\":200,\"caption\":\"Uelzener Versicherungen\"},\"image\":{\"@id\":\"https:\/\/uelzener.de\/magazin\/#\/schema\/logo\/image\/\"},\"sameAs\":[\"https:\/\/www.facebook.com\/Uelzener\",\"https:\/\/instagram.com\/uelzener\",\"https:\/\/www.xing.com\/pages\/uelzenerallgemeineversicherungs-gesellschafta-g\",\"https:\/\/www.youtube.com\/UelzenerVersicherungen\"]}]}<\/script>\n<!-- \/ Yoast SEO Premium plugin. -->","yoast_head_json":{"title":"Zahnstein beim Hund: Ursachen, Symptome und Hausmittel | Uelzener Magazin","description":"Gesundheitliche Probleme durch Zahnstein vermeiden. Zahnstein vorbeugen und entfernen.","robots":{"index":"index","follow":"follow","max-snippet":"max-snippet:-1","max-image-preview":"max-image-preview:large","max-video-preview":"max-video-preview:-1"},"canonical":"https:\/\/uelzener.de\/magazin\/hund\/tiergesundheit\/zahnstein-beim-hund\/","og_locale":"de_DE","og_type":"article","og_title":"Zahnstein beim Hund: Ursachen, Symptome und Hausmittel","og_description":"Gesundheitliche Probleme durch Zahnstein vermeiden. Zahnstein vorbeugen und entfernen.","og_url":"https:\/\/uelzener.de\/magazin\/hund\/tiergesundheit\/zahnstein-beim-hund\/","og_site_name":"Uelzener Tier-Magazin","article_publisher":"https:\/\/www.facebook.com\/Uelzener","article_modified_time":"2024-08-14T10:20:05+00:00","og_image":[{"width":1025,"height":450,"url":"https:\/\/uelzener.de\/magazin\/app\/uploads\/2023\/12\/zahnstein-beim-hund.jpg","type":"image\/jpeg"}],"twitter_card":"summary_large_image","twitter_misc":{"Gesch\u00e4tzte Lesezeit":"6\u00a0Minuten"},"schema":{"@context":"https:\/\/schema.org","@graph":[{"@type":"WebPage","@id":"https:\/\/uelzener.de\/magazin\/hund\/tiergesundheit\/zahnstein-beim-hund\/","url":"https:\/\/uelzener.de\/magazin\/hund\/tiergesundheit\/zahnstein-beim-hund\/","name":"Zahnstein beim Hund: Ursachen, Symptome und Hausmittel | Uelzener Magazin","isPartOf":{"@id":"https:\/\/uelzener.de\/magazin\/#website"},"primaryImageOfPage":{"@id":"https:\/\/uelzener.de\/magazin\/hund\/tiergesundheit\/zahnstein-beim-hund\/#primaryimage"},"image":{"@id":"https:\/\/uelzener.de\/magazin\/hund\/tiergesundheit\/zahnstein-beim-hund\/#primaryimage"},"thumbnailUrl":"https:\/\/uelzener.de\/magazin\/app\/uploads\/2023\/12\/zahnstein-beim-hund.jpg","datePublished":"2023-12-14T13:23:46+00:00","dateModified":"2024-08-14T10:20:05+00:00","description":"Gesundheitliche Probleme durch Zahnstein vermeiden. Zahnstein vorbeugen und entfernen.","breadcrumb":{"@id":"https:\/\/uelzener.de\/magazin\/hund\/tiergesundheit\/zahnstein-beim-hund\/#breadcrumb"},"inLanguage":"de","potentialAction":[{"@type":"ReadAction","target":["https:\/\/uelzener.de\/magazin\/hund\/tiergesundheit\/zahnstein-beim-hund\/"]}]},{"@type":"ImageObject","inLanguage":"de","@id":"https:\/\/uelzener.de\/magazin\/hund\/tiergesundheit\/zahnstein-beim-hund\/#primaryimage","url":"https:\/\/uelzener.de\/magazin\/app\/uploads\/2023\/12\/zahnstein-beim-hund.jpg","contentUrl":"https:\/\/uelzener.de\/magazin\/app\/uploads\/2023\/12\/zahnstein-beim-hund.jpg","width":1025,"height":450,"caption":"Hund mit Zahnstein wird untersucht."},{"@type":"WebSite","@id":"https:\/\/uelzener.de\/magazin\/#website","url":"https:\/\/uelzener.de\/magazin\/","name":"Uelzener Tiermagazin","description":"Online Tierratgeber der Uelzener Versicherungen","publisher":{"@id":"https:\/\/uelzener.de\/magazin\/#organization"},"potentialAction":[{"@type":"SearchAction","target":{"@type":"EntryPoint","urlTemplate":"https:\/\/uelzener.de\/magazin\/?s={search_term_string}"},"query-input":{"@type":"PropertyValueSpecification","valueRequired":true,"valueName":"search_term_string"}}],"inLanguage":"de"},{"@type":"Organization","@id":"https:\/\/uelzener.de\/magazin\/#organization","name":"Uelzener Versicherungen","url":"https:\/\/uelzener.de\/magazin\/","logo":{"@type":"ImageObject","inLanguage":"de","@id":"https:\/\/uelzener.de\/magazin\/#\/schema\/logo\/image\/","url":"https:\/\/uelzener.de\/magazin\/app\/uploads\/2024\/11\/uelzener_allgemeine_versicherungsgesellschaft_a_g_logo.jpg","contentUrl":"https:\/\/uelzener.de\/magazin\/app\/uploads\/2024\/11\/uelzener_allgemeine_versicherungsgesellschaft_a_g_logo.jpg","width":200,"height":200,"caption":"Uelzener Versicherungen"},"image":{"@id":"https:\/\/uelzener.de\/magazin\/#\/schema\/logo\/image\/"},"sameAs":["https:\/\/www.facebook.com\/Uelzener","https:\/\/instagram.com\/uelzener","https:\/\/www.xing.com\/pages\/uelzenerallgemeineversicherungs-gesellschafta-g","https:\/\/www.youtube.com\/UelzenerVersicherungen"]}]}},"_links":{"self":[{"href":"https:\/\/uelzener.de\/magazin\/wp-json\/wp\/v2\/pages\/16804","targetHints":{"allow":["GET"]}}],"collection":[{"href":"https:\/\/uelzener.de\/magazin\/wp-json\/wp\/v2\/pages"}],"about":[{"href":"https:\/\/uelzener.de\/magazin\/wp-json\/wp\/v2\/types\/page"}],"author":[{"embeddable":true,"href":"https:\/\/uelzener.de\/magazin\/wp-json\/wp\/v2\/users\/11"}],"replies":[{"embeddable":true,"href":"https:\/\/uelzener.de\/magazin\/wp-json\/wp\/v2\/comments?post=16804"}],"version-history":[{"count":6,"href":"https:\/\/uelzener.de\/magazin\/wp-json\/wp\/v2\/pages\/16804\/revisions"}],"predecessor-version":[{"id":17670,"href":"https:\/\/uelzener.de\/magazin\/wp-json\/wp\/v2\/pages\/16804\/revisions\/17670"}],"up":[{"embeddable":true,"href":"https:\/\/uelzener.de\/magazin\/wp-json\/wp\/v2\/pages\/11701"}],"wp:featuredmedia":[{"embeddable":true,"href":"https:\/\/uelzener.de\/magazin\/wp-json\/wp\/v2\/media\/16806"}],"wp:attachment":[{"href":"https:\/\/uelzener.de\/magazin\/wp-json\/wp\/v2\/media?parent=16804"}],"curies":[{"name":"wp","href":"https:\/\/api.w.org\/{rel}","templated":true}]}}