{"id":16792,"date":"2023-12-13T13:54:38","date_gmt":"2023-12-13T12:54:38","guid":{"rendered":"https:\/\/uelzener.de\/magazin\/?page_id=16792"},"modified":"2024-04-17T11:44:49","modified_gmt":"2024-04-17T09:44:49","slug":"grauer-star-katarakt-katze","status":"publish","type":"page","link":"https:\/\/uelzener.de\/magazin\/katze\/tiergesundheit\/grauer-star-katarakt-katze\/","title":{"rendered":"Grauer Star bei Katzen: Ursachen, Symptome und Behandlung"},"content":{"rendered":"<p>Bei der Diagnose Grauer Star oder Katarakt handelt es sich um eine Eintr\u00fcbung der Linse im Auge der Katze. Diese f\u00fchrt zu einem verringerten Lichteinfall und damit zu einer eingeschr\u00e4nkten Sehf\u00e4higkeit, die sich nach und nach bis zur v\u00f6lligen Erblindung entwickeln kann. In diesem Artikel zeigen wir Ursachen, Symptome und Behandlungsm\u00f6glichkeiten f\u00fcr diese unheilbare, in vielen F\u00e4llen jedoch gut zu operierende Augenerkrankung auf.<\/p>\n<h2>Ursachen des Grauen Stars bei Katzen<\/h2>\n<p>Bei den Ursachen der Katarakt unterscheidet man prim\u00e4re und sekund\u00e4re Ursachen.<\/p>\n<p>Prim\u00e4re: Angeborener Grauer Star. Diese Katarakt kann m\u00f6glicherweise erblich oder aufgrund von St\u00f6rungen in der fetalen Entwicklung zustande kommen. Dabei ist die Tr\u00fcbung der Linse bereits bei der Geburt vorhanden und schreitet voran.<\/p>\n<p>Sekund\u00e4r: Durch andere <a href=\"https:\/\/uelzener.de\/magazin\/katze\/haeufige-fragen\/krankheiten-von-katze-auf-menschen-uebertragbar-zoonosen\/\">Krankheiten<\/a> ausgel\u00f6st. Damit sind Erkrankungen wie Bluthochdruck oder eine Uveitis (Entz\u00fcndung) gemeint, die eine Tr\u00fcbung der Linse zur Folge haben k\u00f6nnen.<\/p>\n<p>Folgen Ursachen k\u00f6nnen f\u00fcr die Entstehung eines Grauen Stars verantwortlich sein:<\/p>\n<ul>\n<li>Alterung (50 % der Katzen \u00e4lter als ca. 13 Jahre leiden unter Katarakt)<\/li>\n<li>angeborene Veranlagung<\/li>\n<li>Entz\u00fcndungen wie Uveitis (Entz\u00fcndung der Gef\u00e4\u00dfhaut im Augeninneren)<\/li>\n<li>Traumatisch durch Verletzung der Linse (beispielsweise aufgrund von Kratzwunden durch andere Katzen)<\/li>\n<li>Stoffwechselerkrankungen wie Diabetes<\/li>\n<li>Ern\u00e4hrungsbedingt (Mangel an Arginin bei Milchersatznahrung f\u00fcr <a href=\"https:\/\/uelzener.de\/magazin\/katze\/haeufige-fragen\/kitten-aus-wurf-auswaehlen-darauf-kommt-es-an\/\">Kitten<\/a>)<\/li>\n<\/ul>\n<h2>So erkennst du, ob deine Katze Grauen Star hat<\/h2>\n<p>Ein Grauer Star entwickelt sich schleichend. Die Katze sieht aufgrund der Eintr\u00fcbung der Linse schlechter. F\u00fcr das menschliche Auge ist diese Eintr\u00fcbung zun\u00e4chst jedoch nicht zu erkennen. Daher ist ein Grauer Star vor allem am ver\u00e4nderten Verhalten der Katze auszumachen. St\u00f6\u00dft eine Katze beispielsweise an Objekte, die sie in ihrer vertrauten Umgebung noch vor Kurzem problemlos umgehen konnte, l\u00e4uft sie vorsichtiger oder verfehlt bei Spr\u00fcngen mitunter ihr Ziel, sollte sie unbedingt tier\u00e4rztlich untersucht werden.<\/p>\n<p>Da der Graue Star schleichend fortschreitet, ist die Fr\u00fcherkennung entscheidend. Regelm\u00e4\u00dfige Tierarztbesuche und eine aufmerksame Beobachtung des Verhaltens und der Augen der Katze k\u00f6nnen helfen, eventuelle Probleme im Fr\u00fchstadium zu identifizieren. Ist der Graue Star fortgeschritten, l\u00e4sst sich selbst mit blo\u00dfem Auge eine Eintr\u00fcbung der Linse erkennen. Sp\u00e4testens zu diesem Zeitpunkt sollte man mit der Katze unbedingt zur Tier\u00e4rztin oder zum Tierarzt gehen.<\/p>\n<h2>Diagnose und Tierarztbesuch<\/h2>\n<p>In der Tierarztpraxis wird mittels Spaltlampe im Rahmen einer ophthalmologischen Untersuchung eine Diagnose gestellt. Daneben k\u00f6nnen <a href=\"https:\/\/uelzener.de\/magazin\/katze\/tiergesundheit\/katzen-blut-abnehmen-lassen\/\">Blut<\/a>tests und andere diagnostische Verfahren durchgef\u00fchrt werden, um die genauere Ursache f\u00fcr eine Linseneintr\u00fcbung zu diagnostizieren. Je fr\u00fcher die Diagnose gestellt wird, desto besser sind die Aussichten f\u00fcr eine erfolgreiche Behandlung.<\/p>\n<h2>Behandlungsm\u00f6glichkeiten von Katarakt bei Katzen<\/h2>\n<p>Handelt es sich um eine sekund\u00e4re Katarakt, wird die urspr\u00fcngliche Erkrankung wie beispielsweise Bluthochdruck medikament\u00f6s behandelt. Die Linsentr\u00fcbung selbst ist nicht behandelbar. Durch eine Behandlung der urs\u00e4chlichen Erkrankung kann das Fortschreiten des Grauen Stars jedoch verlangsamt werden.<\/p>\n<p>Je nach Stadium der Eintr\u00fcbung kann in einer Operation die getr\u00fcbte Linse entfernt und durch eine k\u00fcnstliche Linse ersetzt werden. So kann die Sehf\u00e4higkeit der Katze wiederhergestellt werden. Dazu wird die eingetr\u00fcbte Linse mittels Ultraschall (Phakoemulsifikation) zertr\u00fcmmert, abgesaugt und durch eine k\u00fcnstliche Linse ersetzt. Ein operativer Eingriff ist bei ansonsten gesunden Katzen ein Routineeingriff mit sehr guten Erfolgsaussichten. Dieser muss, anders als beim Menschen, unter <a href=\"https:\/\/uelzener.de\/magazin\/katze\/haeufige-fragen\/narkose-bei-katzen\/\">Vollnarkose<\/a> durchgef\u00fchrt werden. Weswegen bei einer \u00e4lteren Katze aufgrund des Narkoserisikos die Notwendigkeit des Eingriffs gut abgewogen werden sollte. Nach einer Operation k\u00f6nnen <a href=\"https:\/\/uelzener.de\/magazin\/katze\/tiergesundheit\/antibiotika-katze\/\">Antibiotika<\/a> und entz\u00fcndungshemmende Medikamente n\u00f6tig sein, um m\u00f6gliche Komplikationen zu verhindern.<\/p>\n<h2>Pr\u00e4ventive Ma\u00dfnahmen<\/h2>\n<p>Obwohl nicht alle F\u00e4lle von Katarakt verhindert werden k\u00f6nnen, gibt es pr\u00e4ventive Ma\u00dfnahmen, die die Wahrscheinlichkeit einer Erkrankung verringern k\u00f6nnen. Eine ausgewogene Ern\u00e4hrung, die reich an Vitaminen und Antioxidantien ist, kann die Augengesundheit f\u00f6rdern. Regelm\u00e4\u00dfige Tierarztbesuche stellen sicher, dass eine m\u00f6gliche Erkrankung fr\u00fchzeitig erkannt und behandelt werden kann.<\/p>\n<h2>Lebensqualit\u00e4t der Katze verbessern<\/h2>\n<p>Kann ein Grauer Star nicht operiert werden, l\u00e4sst sich viel daf\u00fcr tun, einer Katze dennoch ein unbeschwertes und gutes Leben zu bereiten. Denn auch <a href=\"https:\/\/uelzener.de\/magazin\/katze\/tiergesundheit\/blinde-katze\/\">blinde Katzen<\/a> k\u00f6nnen sich bei entsprechender Pflege und R\u00fccksichtnahme in ihrer Umgebung sicher bewegen. So sollte man auf das Umstellen von Einrichtungsgegenst\u00e4nden verzichten und daf\u00fcr Sorge tragen, dass sich f\u00fcr die Katze wichtige Gegenst\u00e4nde wie Napf, Katzentoilette und Kratzbaum stets an derselben Stelle befinden.<\/p>\n<h2>Fazit<\/h2>\n<p>Grauer Star ist eine unheilbare Erkrankung. Die Eintr\u00fcbung der Linse und der damit einhergehende, allm\u00e4hliche Verlust der Sehkraft betrifft vorwiegend <a href=\"https:\/\/uelzener.de\/magazin\/katze\/tiergesundheit\/alte-katze\/\">\u00e4ltere Katzen<\/a>. Um eine Katarakt m\u00f6glichst rechtzeitig zu erkennen, sind regelm\u00e4\u00dfige Augenuntersuchungen durch eine Tier\u00e4rztin oder einen Tierarzt hilfreich. Dar\u00fcber hinaus sollte man seine Katze generell aufmerksam beobachten und sie bei etwaigen Verhaltensauff\u00e4lligkeiten m\u00f6glichst schnell tier\u00e4rztlich untersuchen lassen. Bei der Diagnose Grauer Star kann vielen Katzen mit einer Operation geholfen werden, sodass sie ihre Sehkraft zumeist wiedererlangen k\u00f6nnen. Ist ein operativer Eingriff nicht m\u00f6glich, k\u00f6nnen erblindete Katzen mit entsprechender Pflege und R\u00fccksichtnahme dennoch ein zufriedenes Leben f\u00fchren.<\/p>\n<h2>FAQ: H\u00e4ufig gestellte Fragen zu Grauem Star bei Katzen<\/h2>\n<h3>Was kostet eine Grauer-Star-OP bei Katzen?<\/h3>\n<p>Die Operation einer Katarakt ist ein Routineeingriff mit guten Erfolgsaussichten. Bei \u00fcber 90 % der operierten Katzen erl\u00e4uft der Eingriff erfolgreich. Zu einer Grauer-Star-Operation k\u00f6nnen spezielle Voruntersuchungen wie ein EKG n\u00f6tig sein. Dabei wird sichergestellt, dass die Katze gesund ist und unerkannte Erkrankungen nicht zu Komplikationen f\u00fchren k\u00f6nnen. Werden Erkrankungen erkannt, sollten diese vor dem Eingriff behandelt werden. Die Kosten f\u00fcr die Operation k\u00f6nnen insgesamt zwischen 2000 Euro und 4000 Euro liegen. Bereits die Entfernung der tr\u00fcben Linse und das Einsetzen der neuen kosten ca. 1000 Euro. Hinzu kommen unter anderem die Kosten f\u00fcr Narkose, Versorgung w\u00e4hrend des Eingriffs und weitere Leistungen, die im Rahmen der Operation n\u00f6tig sind. Eine Katzenversicherung hilft, die Tierarztkosten zu tragen.<\/p>\n\n<div class=\"banner\">\n    <a href=\"https:\/\/uelzener.de\/katze?agt=0000104925&sem=true&utm_medium=magazin&utm_source=wordpress&utm_campaign=katze&utm_content=banner\">\n        <img decoding=\"async\" width=\"300\" height=\"212\" src=\"https:\/\/uelzener.de\/magazin\/app\/uploads\/2025\/01\/Katzenversicherung.jpg\" class=\"attachment-medium size-medium\" alt=\"Banner Katzenversicherung\" \/>    <\/a>\n<\/div>\n\n<h3>Was passiert, wenn man einen Grauen Star nicht operiert?<\/h3>\n<p>Wird ein Grauer Star nicht operiert, droht der Verlust der Sehkraft. Dabei kann das Fortschreiten der Erkrankung sehr unterschiedlich sein. Eine an sich gesunde Katze zeigt in der Regel einen langsameren Verlauf als eine Katze, die neben dem Grauen Star weitere gesundheitliche Probleme hat. Wird der Graue Star nicht behandelt, k\u00f6nnen sich Folgeerkrankungen wie Gr\u00fcner Star (Glaukom), Netzhautabl\u00f6sung oder Entz\u00fcndungen einstellen.<\/p>\n","protected":false},"excerpt":{"rendered":"<p>Bei der Diagnose Grauer Star oder Katarakt handelt es sich um eine Eintr\u00fcbung der Linse im Auge der Katze. Diese f\u00fchrt zu einem verringerten Lichteinfall und damit zu einer eingeschr\u00e4nkten Sehf\u00e4higkeit, die sich nach und nach bis zur v\u00f6lligen Erblindung entwickeln kann. In diesem Artikel zeigen wir Ursachen, Symptome und Behandlungsm\u00f6glichkeiten f\u00fcr diese unheilbare, in [&hellip;]<\/p>\n","protected":false},"author":11,"featured_media":16793,"parent":11712,"menu_order":24,"comment_status":"closed","ping_status":"closed","template":"templates\/blog.php","meta":{"_acf_changed":false,"_crdt_document":"","footnotes":"","beyondwords_generate_audio":"0","beyondwords_project_id":"","beyondwords_content_id":"","beyondwords_preview_token":"","beyondwords_player_style":"","beyondwords_language_id":"","beyondwords_title_voice_id":"","beyondwords_body_voice_id":"","beyondwords_summary_voice_id":"","beyondwords_error_message":"","beyondwords_disabled":"","beyondwords_delete_content":"","beyondwords_podcast_id":"","beyondwords_hash":"","publish_post_to_speechkit":"","speechkit_hash":"","speechkit_generate_audio":"","speechkit_project_id":"","speechkit_podcast_id":"","speechkit_error_message":"","speechkit_disabled":"","speechkit_access_key":"","speechkit_error":"","speechkit_info":"","speechkit_response":"","speechkit_retries":"","speechkit_status":"","speechkit_updated_at":"","_speechkit_link":"","_speechkit_text":""},"class_list":["post-16792","page","type-page","status-publish","has-post-thumbnail","hentry"],"acf":[],"yoast_head":"<!-- This site is optimized with the Yoast SEO Premium plugin  - https:\/\/yoast.com\/product\/yoast-seo-premium-wordpress\/ -->\n<title>Grauer Star bei Katzen: Ursachen, Symptome und Behandlung | Uelzener Magazin<\/title>\n<meta name=\"description\" content=\"Grauen Star erkennen und das Richtige tun. Das ist bei einer Grauer-Star-Operation zu beachten.\" \/>\n<meta name=\"robots\" content=\"index, follow, max-snippet:-1, max-image-preview:large, max-video-preview:-1\" \/>\n<link rel=\"canonical\" href=\"https:\/\/uelzener.de\/magazin\/katze\/tiergesundheit\/grauer-star-katarakt-katze\/\" \/>\n<meta property=\"og:locale\" content=\"de_DE\" \/>\n<meta property=\"og:type\" content=\"article\" \/>\n<meta property=\"og:title\" content=\"Grauer Star bei Katzen: Ursachen, Symptome und Behandlung\" \/>\n<meta property=\"og:description\" content=\"Grauen Star erkennen und das Richtige tun. Das ist bei einer Grauer-Star-Operation zu beachten.\" \/>\n<meta property=\"og:url\" content=\"https:\/\/uelzener.de\/magazin\/katze\/tiergesundheit\/grauer-star-katarakt-katze\/\" \/>\n<meta property=\"og:site_name\" content=\"Uelzener Tier-Magazin\" \/>\n<meta property=\"article:publisher\" content=\"https:\/\/www.facebook.com\/Uelzener\" \/>\n<meta property=\"article:modified_time\" content=\"2024-04-17T09:44:49+00:00\" \/>\n<meta property=\"og:image\" content=\"https:\/\/uelzener.de\/magazin\/app\/uploads\/2023\/12\/grauer-star-katze.jpg\" \/>\n\t<meta property=\"og:image:width\" content=\"1025\" \/>\n\t<meta property=\"og:image:height\" content=\"450\" \/>\n\t<meta property=\"og:image:type\" content=\"image\/jpeg\" \/>\n<meta name=\"twitter:card\" content=\"summary_large_image\" \/>\n<meta name=\"twitter:label1\" content=\"Gesch\u00e4tzte Lesezeit\" \/>\n\t<meta name=\"twitter:data1\" content=\"5\u00a0Minuten\" \/>\n<script type=\"application\/ld+json\" class=\"yoast-schema-graph\">{\"@context\":\"https:\/\/schema.org\",\"@graph\":[{\"@type\":\"WebPage\",\"@id\":\"https:\/\/uelzener.de\/magazin\/katze\/tiergesundheit\/grauer-star-katarakt-katze\/\",\"url\":\"https:\/\/uelzener.de\/magazin\/katze\/tiergesundheit\/grauer-star-katarakt-katze\/\",\"name\":\"Grauer Star bei Katzen: Ursachen, Symptome und Behandlung | Uelzener Magazin\",\"isPartOf\":{\"@id\":\"https:\/\/uelzener.de\/magazin\/#website\"},\"primaryImageOfPage\":{\"@id\":\"https:\/\/uelzener.de\/magazin\/katze\/tiergesundheit\/grauer-star-katarakt-katze\/#primaryimage\"},\"image\":{\"@id\":\"https:\/\/uelzener.de\/magazin\/katze\/tiergesundheit\/grauer-star-katarakt-katze\/#primaryimage\"},\"thumbnailUrl\":\"https:\/\/uelzener.de\/magazin\/app\/uploads\/2023\/12\/grauer-star-katze.jpg\",\"datePublished\":\"2023-12-13T12:54:38+00:00\",\"dateModified\":\"2024-04-17T09:44:49+00:00\",\"description\":\"Grauen Star erkennen und das Richtige tun. Das ist bei einer Grauer-Star-Operation zu beachten.\",\"breadcrumb\":{\"@id\":\"https:\/\/uelzener.de\/magazin\/katze\/tiergesundheit\/grauer-star-katarakt-katze\/#breadcrumb\"},\"inLanguage\":\"de\",\"potentialAction\":[{\"@type\":\"ReadAction\",\"target\":[\"https:\/\/uelzener.de\/magazin\/katze\/tiergesundheit\/grauer-star-katarakt-katze\/\"]}]},{\"@type\":\"ImageObject\",\"inLanguage\":\"de\",\"@id\":\"https:\/\/uelzener.de\/magazin\/katze\/tiergesundheit\/grauer-star-katarakt-katze\/#primaryimage\",\"url\":\"https:\/\/uelzener.de\/magazin\/app\/uploads\/2023\/12\/grauer-star-katze.jpg\",\"contentUrl\":\"https:\/\/uelzener.de\/magazin\/app\/uploads\/2023\/12\/grauer-star-katze.jpg\",\"width\":1025,\"height\":450,\"caption\":\"Katze mit Grauem Star\"},{\"@type\":\"WebSite\",\"@id\":\"https:\/\/uelzener.de\/magazin\/#website\",\"url\":\"https:\/\/uelzener.de\/magazin\/\",\"name\":\"Uelzener Tiermagazin\",\"description\":\"Online Tierratgeber der Uelzener Versicherungen\",\"publisher\":{\"@id\":\"https:\/\/uelzener.de\/magazin\/#organization\"},\"potentialAction\":[{\"@type\":\"SearchAction\",\"target\":{\"@type\":\"EntryPoint\",\"urlTemplate\":\"https:\/\/uelzener.de\/magazin\/?s={search_term_string}\"},\"query-input\":{\"@type\":\"PropertyValueSpecification\",\"valueRequired\":true,\"valueName\":\"search_term_string\"}}],\"inLanguage\":\"de\"},{\"@type\":\"Organization\",\"@id\":\"https:\/\/uelzener.de\/magazin\/#organization\",\"name\":\"Uelzener Versicherungen\",\"url\":\"https:\/\/uelzener.de\/magazin\/\",\"logo\":{\"@type\":\"ImageObject\",\"inLanguage\":\"de\",\"@id\":\"https:\/\/uelzener.de\/magazin\/#\/schema\/logo\/image\/\",\"url\":\"https:\/\/uelzener.de\/magazin\/app\/uploads\/2024\/11\/uelzener_allgemeine_versicherungsgesellschaft_a_g_logo.jpg\",\"contentUrl\":\"https:\/\/uelzener.de\/magazin\/app\/uploads\/2024\/11\/uelzener_allgemeine_versicherungsgesellschaft_a_g_logo.jpg\",\"width\":200,\"height\":200,\"caption\":\"Uelzener Versicherungen\"},\"image\":{\"@id\":\"https:\/\/uelzener.de\/magazin\/#\/schema\/logo\/image\/\"},\"sameAs\":[\"https:\/\/www.facebook.com\/Uelzener\",\"https:\/\/instagram.com\/uelzener\",\"https:\/\/www.xing.com\/pages\/uelzenerallgemeineversicherungs-gesellschafta-g\",\"https:\/\/www.youtube.com\/UelzenerVersicherungen\"]}]}<\/script>\n<!-- \/ Yoast SEO Premium plugin. -->","yoast_head_json":{"title":"Grauer Star bei Katzen: Ursachen, Symptome und Behandlung | Uelzener Magazin","description":"Grauen Star erkennen und das Richtige tun. Das ist bei einer Grauer-Star-Operation zu beachten.","robots":{"index":"index","follow":"follow","max-snippet":"max-snippet:-1","max-image-preview":"max-image-preview:large","max-video-preview":"max-video-preview:-1"},"canonical":"https:\/\/uelzener.de\/magazin\/katze\/tiergesundheit\/grauer-star-katarakt-katze\/","og_locale":"de_DE","og_type":"article","og_title":"Grauer Star bei Katzen: Ursachen, Symptome und Behandlung","og_description":"Grauen Star erkennen und das Richtige tun. Das ist bei einer Grauer-Star-Operation zu beachten.","og_url":"https:\/\/uelzener.de\/magazin\/katze\/tiergesundheit\/grauer-star-katarakt-katze\/","og_site_name":"Uelzener Tier-Magazin","article_publisher":"https:\/\/www.facebook.com\/Uelzener","article_modified_time":"2024-04-17T09:44:49+00:00","og_image":[{"width":1025,"height":450,"url":"https:\/\/uelzener.de\/magazin\/app\/uploads\/2023\/12\/grauer-star-katze.jpg","type":"image\/jpeg"}],"twitter_card":"summary_large_image","twitter_misc":{"Gesch\u00e4tzte Lesezeit":"5\u00a0Minuten"},"schema":{"@context":"https:\/\/schema.org","@graph":[{"@type":"WebPage","@id":"https:\/\/uelzener.de\/magazin\/katze\/tiergesundheit\/grauer-star-katarakt-katze\/","url":"https:\/\/uelzener.de\/magazin\/katze\/tiergesundheit\/grauer-star-katarakt-katze\/","name":"Grauer Star bei Katzen: Ursachen, Symptome und Behandlung | Uelzener Magazin","isPartOf":{"@id":"https:\/\/uelzener.de\/magazin\/#website"},"primaryImageOfPage":{"@id":"https:\/\/uelzener.de\/magazin\/katze\/tiergesundheit\/grauer-star-katarakt-katze\/#primaryimage"},"image":{"@id":"https:\/\/uelzener.de\/magazin\/katze\/tiergesundheit\/grauer-star-katarakt-katze\/#primaryimage"},"thumbnailUrl":"https:\/\/uelzener.de\/magazin\/app\/uploads\/2023\/12\/grauer-star-katze.jpg","datePublished":"2023-12-13T12:54:38+00:00","dateModified":"2024-04-17T09:44:49+00:00","description":"Grauen Star erkennen und das Richtige tun. Das ist bei einer Grauer-Star-Operation zu beachten.","breadcrumb":{"@id":"https:\/\/uelzener.de\/magazin\/katze\/tiergesundheit\/grauer-star-katarakt-katze\/#breadcrumb"},"inLanguage":"de","potentialAction":[{"@type":"ReadAction","target":["https:\/\/uelzener.de\/magazin\/katze\/tiergesundheit\/grauer-star-katarakt-katze\/"]}]},{"@type":"ImageObject","inLanguage":"de","@id":"https:\/\/uelzener.de\/magazin\/katze\/tiergesundheit\/grauer-star-katarakt-katze\/#primaryimage","url":"https:\/\/uelzener.de\/magazin\/app\/uploads\/2023\/12\/grauer-star-katze.jpg","contentUrl":"https:\/\/uelzener.de\/magazin\/app\/uploads\/2023\/12\/grauer-star-katze.jpg","width":1025,"height":450,"caption":"Katze mit Grauem Star"},{"@type":"WebSite","@id":"https:\/\/uelzener.de\/magazin\/#website","url":"https:\/\/uelzener.de\/magazin\/","name":"Uelzener Tiermagazin","description":"Online Tierratgeber der Uelzener Versicherungen","publisher":{"@id":"https:\/\/uelzener.de\/magazin\/#organization"},"potentialAction":[{"@type":"SearchAction","target":{"@type":"EntryPoint","urlTemplate":"https:\/\/uelzener.de\/magazin\/?s={search_term_string}"},"query-input":{"@type":"PropertyValueSpecification","valueRequired":true,"valueName":"search_term_string"}}],"inLanguage":"de"},{"@type":"Organization","@id":"https:\/\/uelzener.de\/magazin\/#organization","name":"Uelzener Versicherungen","url":"https:\/\/uelzener.de\/magazin\/","logo":{"@type":"ImageObject","inLanguage":"de","@id":"https:\/\/uelzener.de\/magazin\/#\/schema\/logo\/image\/","url":"https:\/\/uelzener.de\/magazin\/app\/uploads\/2024\/11\/uelzener_allgemeine_versicherungsgesellschaft_a_g_logo.jpg","contentUrl":"https:\/\/uelzener.de\/magazin\/app\/uploads\/2024\/11\/uelzener_allgemeine_versicherungsgesellschaft_a_g_logo.jpg","width":200,"height":200,"caption":"Uelzener Versicherungen"},"image":{"@id":"https:\/\/uelzener.de\/magazin\/#\/schema\/logo\/image\/"},"sameAs":["https:\/\/www.facebook.com\/Uelzener","https:\/\/instagram.com\/uelzener","https:\/\/www.xing.com\/pages\/uelzenerallgemeineversicherungs-gesellschafta-g","https:\/\/www.youtube.com\/UelzenerVersicherungen"]}]}},"_links":{"self":[{"href":"https:\/\/uelzener.de\/magazin\/wp-json\/wp\/v2\/pages\/16792","targetHints":{"allow":["GET"]}}],"collection":[{"href":"https:\/\/uelzener.de\/magazin\/wp-json\/wp\/v2\/pages"}],"about":[{"href":"https:\/\/uelzener.de\/magazin\/wp-json\/wp\/v2\/types\/page"}],"author":[{"embeddable":true,"href":"https:\/\/uelzener.de\/magazin\/wp-json\/wp\/v2\/users\/11"}],"replies":[{"embeddable":true,"href":"https:\/\/uelzener.de\/magazin\/wp-json\/wp\/v2\/comments?post=16792"}],"version-history":[{"count":11,"href":"https:\/\/uelzener.de\/magazin\/wp-json\/wp\/v2\/pages\/16792\/revisions"}],"predecessor-version":[{"id":17323,"href":"https:\/\/uelzener.de\/magazin\/wp-json\/wp\/v2\/pages\/16792\/revisions\/17323"}],"up":[{"embeddable":true,"href":"https:\/\/uelzener.de\/magazin\/wp-json\/wp\/v2\/pages\/11712"}],"wp:featuredmedia":[{"embeddable":true,"href":"https:\/\/uelzener.de\/magazin\/wp-json\/wp\/v2\/media\/16793"}],"wp:attachment":[{"href":"https:\/\/uelzener.de\/magazin\/wp-json\/wp\/v2\/media?parent=16792"}],"curies":[{"name":"wp","href":"https:\/\/api.w.org\/{rel}","templated":true}]}}