{"id":16409,"date":"2023-10-15T09:38:35","date_gmt":"2023-10-15T07:38:35","guid":{"rendered":"https:\/\/uelzener.de\/magazin\/?page_id=16409"},"modified":"2025-08-26T13:21:17","modified_gmt":"2025-08-26T11:21:17","slug":"katze-schokolade","status":"publish","type":"page","link":"https:\/\/uelzener.de\/magazin\/katze\/ernaehrung\/katze-schokolade\/","title":{"rendered":"Warum Schokolade f\u00fcr Katzen giftig ist: Gefahren und Symptome"},"content":{"rendered":"<p>Schokolade ist f\u00fcr uns Zweibeiner ein Genussmittel. F\u00fcr Katzen kann das s\u00fc\u00dfe Naschwerk hingegen eine ernsthafte Bedrohung darstellen. Die Ursache daf\u00fcr sind toxische Substanzen in der Schokolade. In diesem Artikel erforschen wir, wieso Schokolade f\u00fcr Katzen giftig ist, beschreiben die Symptome einer Schokoladenvergiftung und zeigen dir, was du pr\u00e4ventiv und im Fall der F\u00e4lle als Erste-Hilfe-Ma\u00dfnahmen unternehmen kannst.<\/p>\n<h2>Toxische Substanzen in Schokolade, die Katzen schaden k\u00f6nnen<\/h2>\n<p>Schokolade enth\u00e4lt unter anderem Theobromin und Koffein. Theobromin und Koffein sind Purinalkaloide und z\u00e4hlen zu den psychoaktiven Substanzen. Sie wirken beide stimulierend und k\u00f6nnen bei Katzen zu einer Reihe gesundheitlicher Probleme f\u00fchren.<\/p>\n<h3>Theobromin: Die Gefahr f\u00fcr Katzen<\/h3>\n<p>Theobromin ist eine Substanz, die in Kakaoprodukten wie Schokolade vorkommt. Anders als Menschen haben Katzen Schwierigkeiten, Theobromin effizient abzubauen. Ihnen fehlt ein bei Menschen vorhandenes enzymatisches Abbausystem. Ohne dieses Abbausystem sammelt sich Theobromin beim Verzehr im Katzenk\u00f6rper. Ein gr\u00f6\u00dfere Menge Theobromin kann zu Beeintr\u00e4chtigungen des Herz-Kreislauf-Systems f\u00fchren und Muskelzittern ausl\u00f6sen. In schweren F\u00e4llen kann dies sogar Krampfanf\u00e4lle oder Herzversagen zur Folge haben.<\/p>\n<h3>Koffein: Eine zus\u00e4tzliche Bedrohung<\/h3>\n<p>Koffein, das ebenfalls in Schokolade vorhanden ist, verst\u00e4rkt die toxischen Auswirkungen von Theobromin. Es kann das Nervensystem der Katze aus dem Gleichgewicht bringen und zu Unruhe, schnellerem Herzschlag und Erbrechen f\u00fchren. So kann auch Koffein bei Katzen zu lebensbedrohlichen Zust\u00e4nden f\u00fchren.<\/p>\n<h2>Symptome einer Schokoladenvergiftung bei Katzen<\/h2>\n<p>Trotz Vorsichtsma\u00dfnahmen kann es dazu kommen, dass Katzen Schokolade fressen und sich vergiften. In diesen F\u00e4llen ist eine rasche Reaktion entscheidend. Dazu hilft es, Anzeichen einer Schokoladenvergiftung zu erkennen, um dann schnell handeln zu k\u00f6nnen. Die Symptome k\u00f6nnen je nach Menge der aufgenommenen Schokolade variieren. Hier stellen wir einige der h\u00e4ufigeren Anzeichen vor.<\/p>\n<h3>Verdauungsprobleme<\/h3>\n<p>Katzen, die Schokolade gegessen haben, k\u00f6nnen Probleme mit der Verdauung bekommen (gastrointestinale Symptome). So kann es zu <a href=\"https:\/\/uelzener.de\/magazin\/katze\/tiergesundheit\/katze-erbricht-ursachen-gefahren-behandlung\/\">Erbrechen<\/a> und Magenschmerzen kommen. Diese Symptome treten normalerweise innerhalb weniger Stunden nach dem Verzehr der Schokolade auf.<\/p>\n<h3>Nerv\u00f6se Symptome<\/h3>\n<p>Zittern, Zittern der Muskeln und Unruhe sind Anzeichen daf\u00fcr, dass das Nervensystem der Katze betroffen sein k\u00f6nnte. In schweren F\u00e4llen k\u00f6nnen Krampfanf\u00e4lle auftreten.<\/p>\n<h3>Herz-Kreislauf-Symptome<\/h3>\n<p>Schneller Herzschlag, beschleunigte Atmung und erh\u00f6hter Blutdruck sind Anzeichen f\u00fcr m\u00f6gliche Herzprobleme aufgrund der toxischen Wirkung von Theobromin und Koffein.<\/p>\n<h2>Was tun im Falle einer Schokoladenvergiftung?<\/h2>\n<p>Wenn du vermutest, dass deine Katze Schokolade gegessen hat, ist schnelles Handeln entscheidend. Hier sind die Schritte, die du unternehmen solltest:<\/p>\n<h3>Kontaktiere sofort eine Tierarztpraxis<\/h3>\n<p>Rufe umgehend in deiner tier\u00e4rztlichen Praxis an und informiere deine Tier\u00e4rztin oder deinen Tierarzt \u00fcber die Symptome. Wenn du einen Verdacht hast oder sogar sicher wei\u00dft, welche Schokolade in welcher Menge deine Katze gefressen haben k\u00f6nnte, dann teile das unbedingt mit.<\/p>\n<h3>Halte Informationen bereit<\/h3>\n<p>Halte Informationen \u00fcber das Gewicht deiner Katze und die m\u00f6gliche Menge der aufgenommenen Schokolade bereit. Dies hilft deiner Tier\u00e4rztin bzw. deinem Tierarzt, die Schwere der Vergiftung besser einzusch\u00e4tzen.<\/p>\n<h3>Nicht selbst behandeln<\/h3>\n<p>Versuche nicht, deine Katze selbst zu behandeln, indem du sie zum Erbrechen bringst oder \u00e4hnliche Ma\u00dfnahmen ergreifst. Dies k\u00f6nnte die Situation verschlimmern. Hole immer tier\u00e4rztlichen Rat ein und befolge unbedingt die tier\u00e4rztlichen Anweisungen.<\/p>\n<h2>Wie viel Schokolade ist f\u00fcr eine Katze giftig?<\/h2>\n<p>Die Menge an Schokolade, die f\u00fcr eine Katze giftig sein kann, h\u00e4ngt von verschiedenen Faktoren ab. Dazu geh\u00f6ren die Art der Schokolade, das Gewicht der Katze und ihre individuelle Empfindlichkeit gegen\u00fcber Theobromin und Koffein. Dunkle Schokolade und Backschokolade enthalten mehr Theobromin und Koffein als Milchschokolade, daher sind sie potenziell gef\u00e4hrlicher. Bereits kleine Mengen dunkler Schokolade k\u00f6nnen deshalb f\u00fcr Katzen toxisch sein.<\/p>\n<p>Grob l\u00e4sst sich jedoch sagen, dass Katzen bereits bei einer Menge von ungef\u00e4hr 15\u201320 mg Theobromin pro Kilogramm K\u00f6rpergewicht Anzeichen einer Vergiftung auftreten k\u00f6nnen. Nach Meinung von Fachleuten wird die als t\u00f6dlich geltende Dosis auf einen Bereich zwischen 100 und 500 mg Theobromin pro Kilogramm K\u00f6rpergewicht gesch\u00e4tzt. Zur Einsch\u00e4tzung: Eine Tafel Bitterschokolade enth\u00e4lt beispielsweise, abh\u00e4ngig von der Sorte, ca. 1350 bis 1550 mg Theobromin.<\/p>\n<h2>Pr\u00e4vention ist der beste Schutz<\/h2>\n<p>Die beste Art, Schokoladenvergiftungen bei Katzen zu verhindern, ist, sicherzustellen, dass Schokolade au\u00dfer Reichweite deiner Katze aufbewahrt wird. Kl\u00e4re auch Familienmitglieder oder Besucher dar\u00fcber auf, keine Schokolade in der N\u00e4he deiner Katze liegenzulassen. Besonders wichtig ist dies, wenn man <a href=\"https:\/\/uelzener.de\/magazin\/katze\/tipps-fuer-den-alltag\/katze-weihnachten\/\">Weihnachten mit Katzen<\/a> feiert oder auch in der Osterzeit. Denn dann ist bei vielen das Risiko herumliegender Schokolade, die Begehrlichkeiten bei den Stubentigern wecken kann, besonders gro\u00df.<\/p>\n<h3>Alternative Leckerlis<\/h3>\n<p>Aus Unwissenheit wird Katzen mitunter Schokolade angeboten. Nach dem Motto: Meine Samtpfote soll es doch ebenso gut haben wie ich. Mit dem Wissen um das Vergiftungsrisiko von Schokolade steigt man dann besser auf speziell f\u00fcr Katzen geeignete Leckerlis um. Auch diese gibt es mittlerweile saisonal mit unterschiedlichen Geschm\u00e4ckern.<\/p>\n<h3>Sensibilisierung in der Gemeinschaft<\/h3>\n<p>H\u00e4ufig lassen sich gesundheitliche Probleme nicht vermeiden. Wenn es um Schokoladenvergiftung geht, gelingt das jedoch leicht. Je mehr Menschen um die Gefahren von Schokolade f\u00fcr Katzen wissen, desto h\u00f6her ist die Wahrscheinlichkeit, dass Katzen unbeschadet davonkommen. Teile daher dein Wissen \u00fcber die Gefahren von Schokolade f\u00fcr Katzen mit anderen Katzenbesitzenden. Je mehr Menschen informiert sind, desto weniger Katzen werden dieser Gefahr ausgesetzt sein.<\/p>\n<p>Allein das Bewusstsein, dass Schokolade f\u00fcr Katzen \u00e4u\u00dferst giftig sein kann, hilft. Denn indem du Schokolade von deiner Katze fernh\u00e4ltst und bei Verdacht auf eine Schokoladenvergiftung sofort handelst, sch\u00fctzt du die Gesundheit deiner Samtpfote.<\/p>\n\n<div class=\"related_articles boxed\">\n    <h2>Mehr zum Thema<\/h2>\n    \n    <div class=\"wrapper\"><div class=\"title align-center\"><h3><a href=\"https:\/\/uelzener.de\/magazin\/katze\/ernaehrung\/was-duerfen-katzen-nicht-trinken\/\">Was d\u00fcrfen Katzen nicht trinken?<\/a><\/h3><\/div><div class=\"img align-center\"><img decoding=\"async\" width=\"315\" height=\"180\" src=\"https:\/\/uelzener.de\/magazin\/app\/uploads\/2024\/06\/was-duerfen-katzen-trinken-315x180.jpg\" class=\"attachment-315x180 size-315x180 wp-post-image\" alt=\"K\u00e4tzchen trinkt aus Schale am Boden.\" \/><\/div><\/div><div class=\"wrapper\"><div class=\"title align-center\"><h3><a href=\"https:\/\/uelzener.de\/magazin\/katze\/ernaehrung\/was-fressen-katzen\/\">Was fressen Katzen?<\/a><\/h3><\/div><div class=\"img align-center\"><img decoding=\"async\" width=\"315\" height=\"180\" src=\"https:\/\/uelzener.de\/magazin\/app\/uploads\/2024\/03\/was-fressen-katzen-315x180.jpg\" class=\"attachment-315x180 size-315x180 wp-post-image\" alt=\"Katze frisst ein St\u00fcck Melone.\" \/><\/div><\/div><div class=\"wrapper\"><div class=\"title align-center\"><h3><a href=\"https:\/\/uelzener.de\/magazin\/katze\/haeufige-fragen\/warum-sabbert-meine-katze\/\">Warum sabbert meine Katze?<\/a><\/h3><\/div><div class=\"img align-center\"><img decoding=\"async\" width=\"315\" height=\"180\" src=\"https:\/\/uelzener.de\/magazin\/app\/uploads\/2025\/07\/katze-sabbert-315x180.jpg\" class=\"attachment-315x180 size-315x180 wp-post-image\" alt=\"Schwarze Katze sabbert.\" \/><\/div><\/div><\/div>\n\n<h2>Fazit<\/h2>\n<p>Schokolade kann f\u00fcr Katzen gesundheitliche Probleme zur Folge haben, die sogar lebensbedrohlich enden k\u00f6nnen. Daher sollte man die Symptome f\u00fcr eine Schokoladenvergiftung kennen, um im Fall der F\u00e4lle schnell tier\u00e4rztliche Hilfe aufzusuchen. Im Fall der F\u00e4lle kann eine Katzenversicherung vor unerwarteten Tierarztkosten sch\u00fctzen. Im besten Fall bleiben Katzen lebenslang von einer Vergiftung verschont. Daf\u00fcr ist Pr\u00e4vention der Schl\u00fcssel: Bewahre Schokolade au\u00dfer Reichweite deiner Katze auf und sprich mit anderen, die Umgang mit deiner Katze oder generell Katzen haben \u00fcber die Problematik.<\/p>\n\n<div class=\"banner\">\n    <a href=\"https:\/\/uelzener.de\/katze?agt=0000104925&sem=true&utm_medium=magazin&utm_source=wordpress&utm_campaign=katze&utm_content=banner\">\n        <img decoding=\"async\" width=\"300\" height=\"212\" src=\"https:\/\/uelzener.de\/magazin\/app\/uploads\/2025\/01\/Katzenversicherung.jpg\" class=\"attachment-medium size-medium\" alt=\"Banner Katzenversicherung\" \/>    <\/a>\n<\/div>\n\n<h2>FAQ: H\u00e4ufig gestellte Fragen<\/h2>\n<h3>Welche Arten von Schokolade sind besonders gef\u00e4hrlich f\u00fcr Katzen?<\/h3>\n<p>Dunkle Schokolade, Kakopulver und Backschokolade enthalten h\u00f6here Mengen an Theobromin und Koffein, was sie besonders gef\u00e4hrlich f\u00fcr Katzen macht. Denn bereits mit einer vergleichsweise geringen Menge kann sie gesundheitliche Probleme verursachen.<\/p>\n<h3>Warum reagieren Katzen empfindlicher auf Theobromin und Koffein als Menschen?<\/h3>\n<p>Katzen bauen Theobromin und Koffein langsamer ab als Menschen. Daher sammeln sich die toxischen Stoffe im Katzenk\u00f6rper an und k\u00f6nnen zu gesundheitlichen Problemen f\u00fchren.<\/p>\n<h3>Wie \u00e4u\u00dfern sich fr\u00fche Anzeichen einer Schokoladenvergiftung bei Katzen?<\/h3>\n<p>Fr\u00fche Anzeichen k\u00f6nnen verst\u00e4rkter Durst, vermehrtes Wasserlassen und Unruhe sein, bevor sich schwerwiegendere Symptome zeigen.<\/p>\n<h3>Gibt es schokoladen\u00e4hnliche Leckerlis, die sicher f\u00fcr Katzen sind?<\/h3>\n<p>Ja, es gibt spezielle Leckerlis f\u00fcr Katzen, die schokoladen\u00e4hnlichen Geschmack bieten, jedoch gesundheitlich unbedenklich sind. Oder du machst selbst deine Katzen-Snacks mit unseren <a href=\"https:\/\/uelzener.de\/magazin\/hund\/ernaehrung\/leckerlie-rezepte-fuer-pferd-hund-katze\/\">9 Leckeli-Rezepten<\/a>.<\/p>\n","protected":false},"excerpt":{"rendered":"<p>Schokolade ist f\u00fcr uns Zweibeiner ein Genussmittel. F\u00fcr Katzen kann das s\u00fc\u00dfe Naschwerk hingegen eine ernsthafte Bedrohung darstellen. Die Ursache daf\u00fcr sind toxische Substanzen in der Schokolade. In diesem Artikel erforschen wir, wieso Schokolade f\u00fcr Katzen giftig ist, beschreiben die Symptome einer Schokoladenvergiftung und zeigen dir, was du pr\u00e4ventiv und im Fall der F\u00e4lle als [&hellip;]<\/p>\n","protected":false},"author":11,"featured_media":16412,"parent":11676,"menu_order":1,"comment_status":"closed","ping_status":"closed","template":"templates\/blog.php","meta":{"_acf_changed":false,"_crdt_document":"","footnotes":"","beyondwords_generate_audio":"0","beyondwords_project_id":"","beyondwords_content_id":"","beyondwords_preview_token":"","beyondwords_player_style":"","beyondwords_language_id":"","beyondwords_title_voice_id":"","beyondwords_body_voice_id":"","beyondwords_summary_voice_id":"","beyondwords_error_message":"","beyondwords_disabled":"","beyondwords_delete_content":"","beyondwords_podcast_id":"","beyondwords_hash":"","publish_post_to_speechkit":"","speechkit_hash":"","speechkit_generate_audio":"","speechkit_project_id":"","speechkit_podcast_id":"","speechkit_error_message":"","speechkit_disabled":"","speechkit_access_key":"","speechkit_error":"","speechkit_info":"","speechkit_response":"","speechkit_retries":"","speechkit_status":"","speechkit_updated_at":"","_speechkit_link":"","_speechkit_text":""},"class_list":["post-16409","page","type-page","status-publish","has-post-thumbnail","hentry"],"acf":[],"yoast_head":"<!-- This site is optimized with the Yoast SEO Premium plugin  - https:\/\/yoast.com\/product\/yoast-seo-premium-wordpress\/ -->\n<title>Warum Schokolade f\u00fcr Katzen giftig ist: Gefahren und Symptome | Uelzener Magazin<\/title>\n<meta name=\"description\" content=\"Das solltest du im Ernstfall tun und so sch\u00fctzt du deine Katze vor den toxischen Substanzen Theobromin und Koffein.\" \/>\n<meta name=\"robots\" content=\"index, follow, max-snippet:-1, max-image-preview:large, max-video-preview:-1\" \/>\n<link rel=\"canonical\" href=\"https:\/\/uelzener.de\/magazin\/katze\/ernaehrung\/katze-schokolade\/\" \/>\n<meta property=\"og:locale\" content=\"de_DE\" \/>\n<meta property=\"og:type\" content=\"article\" \/>\n<meta property=\"og:title\" content=\"Warum Schokolade f\u00fcr Katzen giftig ist: Gefahren und Symptome\" \/>\n<meta property=\"og:description\" content=\"Das solltest du im Ernstfall tun und so sch\u00fctzt du deine Katze vor den toxischen Substanzen Theobromin und Koffein.\" \/>\n<meta property=\"og:url\" content=\"https:\/\/uelzener.de\/magazin\/katze\/ernaehrung\/katze-schokolade\/\" \/>\n<meta property=\"og:site_name\" content=\"Uelzener Tier-Magazin\" \/>\n<meta property=\"article:publisher\" content=\"https:\/\/www.facebook.com\/Uelzener\" \/>\n<meta property=\"article:modified_time\" content=\"2025-08-26T11:21:17+00:00\" \/>\n<meta property=\"og:image\" content=\"https:\/\/uelzener.de\/magazin\/app\/uploads\/2023\/10\/katze-schokolade.jpg\" \/>\n\t<meta property=\"og:image:width\" content=\"1025\" \/>\n\t<meta property=\"og:image:height\" content=\"450\" \/>\n\t<meta property=\"og:image:type\" content=\"image\/jpeg\" \/>\n<meta name=\"twitter:card\" content=\"summary_large_image\" \/>\n<meta name=\"twitter:label1\" content=\"Gesch\u00e4tzte Lesezeit\" \/>\n\t<meta name=\"twitter:data1\" content=\"7\u00a0Minuten\" \/>\n<script type=\"application\/ld+json\" class=\"yoast-schema-graph\">{\"@context\":\"https:\/\/schema.org\",\"@graph\":[{\"@type\":\"WebPage\",\"@id\":\"https:\/\/uelzener.de\/magazin\/katze\/ernaehrung\/katze-schokolade\/\",\"url\":\"https:\/\/uelzener.de\/magazin\/katze\/ernaehrung\/katze-schokolade\/\",\"name\":\"Warum Schokolade f\u00fcr Katzen giftig ist: Gefahren und Symptome | Uelzener Magazin\",\"isPartOf\":{\"@id\":\"https:\/\/uelzener.de\/magazin\/#website\"},\"primaryImageOfPage\":{\"@id\":\"https:\/\/uelzener.de\/magazin\/katze\/ernaehrung\/katze-schokolade\/#primaryimage\"},\"image\":{\"@id\":\"https:\/\/uelzener.de\/magazin\/katze\/ernaehrung\/katze-schokolade\/#primaryimage\"},\"thumbnailUrl\":\"https:\/\/uelzener.de\/magazin\/app\/uploads\/2023\/10\/katze-schokolade.jpg\",\"datePublished\":\"2023-10-15T07:38:35+00:00\",\"dateModified\":\"2025-08-26T11:21:17+00:00\",\"description\":\"Das solltest du im Ernstfall tun und so sch\u00fctzt du deine Katze vor den toxischen Substanzen Theobromin und Koffein.\",\"breadcrumb\":{\"@id\":\"https:\/\/uelzener.de\/magazin\/katze\/ernaehrung\/katze-schokolade\/#breadcrumb\"},\"inLanguage\":\"de\",\"potentialAction\":[{\"@type\":\"ReadAction\",\"target\":[\"https:\/\/uelzener.de\/magazin\/katze\/ernaehrung\/katze-schokolade\/\"]}]},{\"@type\":\"ImageObject\",\"inLanguage\":\"de\",\"@id\":\"https:\/\/uelzener.de\/magazin\/katze\/ernaehrung\/katze-schokolade\/#primaryimage\",\"url\":\"https:\/\/uelzener.de\/magazin\/app\/uploads\/2023\/10\/katze-schokolade.jpg\",\"contentUrl\":\"https:\/\/uelzener.de\/magazin\/app\/uploads\/2023\/10\/katze-schokolade.jpg\",\"width\":1025,\"height\":450,\"caption\":\"Katze schnuppert an Schokoaldenkeksen\"},{\"@type\":\"WebSite\",\"@id\":\"https:\/\/uelzener.de\/magazin\/#website\",\"url\":\"https:\/\/uelzener.de\/magazin\/\",\"name\":\"Uelzener Tiermagazin\",\"description\":\"Online Tierratgeber der Uelzener Versicherungen\",\"publisher\":{\"@id\":\"https:\/\/uelzener.de\/magazin\/#organization\"},\"potentialAction\":[{\"@type\":\"SearchAction\",\"target\":{\"@type\":\"EntryPoint\",\"urlTemplate\":\"https:\/\/uelzener.de\/magazin\/?s={search_term_string}\"},\"query-input\":{\"@type\":\"PropertyValueSpecification\",\"valueRequired\":true,\"valueName\":\"search_term_string\"}}],\"inLanguage\":\"de\"},{\"@type\":\"Organization\",\"@id\":\"https:\/\/uelzener.de\/magazin\/#organization\",\"name\":\"Uelzener Versicherungen\",\"url\":\"https:\/\/uelzener.de\/magazin\/\",\"logo\":{\"@type\":\"ImageObject\",\"inLanguage\":\"de\",\"@id\":\"https:\/\/uelzener.de\/magazin\/#\/schema\/logo\/image\/\",\"url\":\"https:\/\/uelzener.de\/magazin\/app\/uploads\/2024\/11\/uelzener_allgemeine_versicherungsgesellschaft_a_g_logo.jpg\",\"contentUrl\":\"https:\/\/uelzener.de\/magazin\/app\/uploads\/2024\/11\/uelzener_allgemeine_versicherungsgesellschaft_a_g_logo.jpg\",\"width\":200,\"height\":200,\"caption\":\"Uelzener Versicherungen\"},\"image\":{\"@id\":\"https:\/\/uelzener.de\/magazin\/#\/schema\/logo\/image\/\"},\"sameAs\":[\"https:\/\/www.facebook.com\/Uelzener\",\"https:\/\/instagram.com\/uelzener\",\"https:\/\/www.xing.com\/pages\/uelzenerallgemeineversicherungs-gesellschafta-g\",\"https:\/\/www.youtube.com\/UelzenerVersicherungen\"]}]}<\/script>\n<!-- \/ Yoast SEO Premium plugin. -->","yoast_head_json":{"title":"Warum Schokolade f\u00fcr Katzen giftig ist: Gefahren und Symptome | Uelzener Magazin","description":"Das solltest du im Ernstfall tun und so sch\u00fctzt du deine Katze vor den toxischen Substanzen Theobromin und Koffein.","robots":{"index":"index","follow":"follow","max-snippet":"max-snippet:-1","max-image-preview":"max-image-preview:large","max-video-preview":"max-video-preview:-1"},"canonical":"https:\/\/uelzener.de\/magazin\/katze\/ernaehrung\/katze-schokolade\/","og_locale":"de_DE","og_type":"article","og_title":"Warum Schokolade f\u00fcr Katzen giftig ist: Gefahren und Symptome","og_description":"Das solltest du im Ernstfall tun und so sch\u00fctzt du deine Katze vor den toxischen Substanzen Theobromin und Koffein.","og_url":"https:\/\/uelzener.de\/magazin\/katze\/ernaehrung\/katze-schokolade\/","og_site_name":"Uelzener Tier-Magazin","article_publisher":"https:\/\/www.facebook.com\/Uelzener","article_modified_time":"2025-08-26T11:21:17+00:00","og_image":[{"width":1025,"height":450,"url":"https:\/\/uelzener.de\/magazin\/app\/uploads\/2023\/10\/katze-schokolade.jpg","type":"image\/jpeg"}],"twitter_card":"summary_large_image","twitter_misc":{"Gesch\u00e4tzte Lesezeit":"7\u00a0Minuten"},"schema":{"@context":"https:\/\/schema.org","@graph":[{"@type":"WebPage","@id":"https:\/\/uelzener.de\/magazin\/katze\/ernaehrung\/katze-schokolade\/","url":"https:\/\/uelzener.de\/magazin\/katze\/ernaehrung\/katze-schokolade\/","name":"Warum Schokolade f\u00fcr Katzen giftig ist: Gefahren und Symptome | Uelzener Magazin","isPartOf":{"@id":"https:\/\/uelzener.de\/magazin\/#website"},"primaryImageOfPage":{"@id":"https:\/\/uelzener.de\/magazin\/katze\/ernaehrung\/katze-schokolade\/#primaryimage"},"image":{"@id":"https:\/\/uelzener.de\/magazin\/katze\/ernaehrung\/katze-schokolade\/#primaryimage"},"thumbnailUrl":"https:\/\/uelzener.de\/magazin\/app\/uploads\/2023\/10\/katze-schokolade.jpg","datePublished":"2023-10-15T07:38:35+00:00","dateModified":"2025-08-26T11:21:17+00:00","description":"Das solltest du im Ernstfall tun und so sch\u00fctzt du deine Katze vor den toxischen Substanzen Theobromin und Koffein.","breadcrumb":{"@id":"https:\/\/uelzener.de\/magazin\/katze\/ernaehrung\/katze-schokolade\/#breadcrumb"},"inLanguage":"de","potentialAction":[{"@type":"ReadAction","target":["https:\/\/uelzener.de\/magazin\/katze\/ernaehrung\/katze-schokolade\/"]}]},{"@type":"ImageObject","inLanguage":"de","@id":"https:\/\/uelzener.de\/magazin\/katze\/ernaehrung\/katze-schokolade\/#primaryimage","url":"https:\/\/uelzener.de\/magazin\/app\/uploads\/2023\/10\/katze-schokolade.jpg","contentUrl":"https:\/\/uelzener.de\/magazin\/app\/uploads\/2023\/10\/katze-schokolade.jpg","width":1025,"height":450,"caption":"Katze schnuppert an Schokoaldenkeksen"},{"@type":"WebSite","@id":"https:\/\/uelzener.de\/magazin\/#website","url":"https:\/\/uelzener.de\/magazin\/","name":"Uelzener Tiermagazin","description":"Online Tierratgeber der Uelzener Versicherungen","publisher":{"@id":"https:\/\/uelzener.de\/magazin\/#organization"},"potentialAction":[{"@type":"SearchAction","target":{"@type":"EntryPoint","urlTemplate":"https:\/\/uelzener.de\/magazin\/?s={search_term_string}"},"query-input":{"@type":"PropertyValueSpecification","valueRequired":true,"valueName":"search_term_string"}}],"inLanguage":"de"},{"@type":"Organization","@id":"https:\/\/uelzener.de\/magazin\/#organization","name":"Uelzener Versicherungen","url":"https:\/\/uelzener.de\/magazin\/","logo":{"@type":"ImageObject","inLanguage":"de","@id":"https:\/\/uelzener.de\/magazin\/#\/schema\/logo\/image\/","url":"https:\/\/uelzener.de\/magazin\/app\/uploads\/2024\/11\/uelzener_allgemeine_versicherungsgesellschaft_a_g_logo.jpg","contentUrl":"https:\/\/uelzener.de\/magazin\/app\/uploads\/2024\/11\/uelzener_allgemeine_versicherungsgesellschaft_a_g_logo.jpg","width":200,"height":200,"caption":"Uelzener Versicherungen"},"image":{"@id":"https:\/\/uelzener.de\/magazin\/#\/schema\/logo\/image\/"},"sameAs":["https:\/\/www.facebook.com\/Uelzener","https:\/\/instagram.com\/uelzener","https:\/\/www.xing.com\/pages\/uelzenerallgemeineversicherungs-gesellschafta-g","https:\/\/www.youtube.com\/UelzenerVersicherungen"]}]}},"_links":{"self":[{"href":"https:\/\/uelzener.de\/magazin\/wp-json\/wp\/v2\/pages\/16409","targetHints":{"allow":["GET"]}}],"collection":[{"href":"https:\/\/uelzener.de\/magazin\/wp-json\/wp\/v2\/pages"}],"about":[{"href":"https:\/\/uelzener.de\/magazin\/wp-json\/wp\/v2\/types\/page"}],"author":[{"embeddable":true,"href":"https:\/\/uelzener.de\/magazin\/wp-json\/wp\/v2\/users\/11"}],"replies":[{"embeddable":true,"href":"https:\/\/uelzener.de\/magazin\/wp-json\/wp\/v2\/comments?post=16409"}],"version-history":[{"count":7,"href":"https:\/\/uelzener.de\/magazin\/wp-json\/wp\/v2\/pages\/16409\/revisions"}],"predecessor-version":[{"id":18988,"href":"https:\/\/uelzener.de\/magazin\/wp-json\/wp\/v2\/pages\/16409\/revisions\/18988"}],"up":[{"embeddable":true,"href":"https:\/\/uelzener.de\/magazin\/wp-json\/wp\/v2\/pages\/11676"}],"wp:featuredmedia":[{"embeddable":true,"href":"https:\/\/uelzener.de\/magazin\/wp-json\/wp\/v2\/media\/16412"}],"wp:attachment":[{"href":"https:\/\/uelzener.de\/magazin\/wp-json\/wp\/v2\/media?parent=16409"}],"curies":[{"name":"wp","href":"https:\/\/api.w.org\/{rel}","templated":true}]}}