{"id":15968,"date":"2023-08-14T10:00:49","date_gmt":"2023-08-14T08:00:49","guid":{"rendered":"https:\/\/uelzener.de\/magazin\/?page_id=15968"},"modified":"2023-10-23T15:20:11","modified_gmt":"2023-10-23T13:20:11","slug":"achal-tekkiner","status":"publish","type":"page","link":"https:\/\/uelzener.de\/magazin\/pferd\/rasseportrait\/achal-tekkiner\/","title":{"rendered":"Achal-Tekkiner: 10 Fakten \u00fcber die goldschimmernden Pferde"},"content":{"rendered":"<p>Achal-Tekkiner ist eine sehr alte und selten vorkommenden Pferderasse, die besonders durch ihr goldschimmerndes Fell bekannt ist. In diesem Artikel befassen wir uns mit Herkunft, Aussehen und Charakter der Achal-Tekkiner. Dar\u00fcber hinaus erf\u00e4hrst du zehn interessante Fakten \u00fcber diese au\u00dfergew\u00f6hnliche Pferderasse.<\/p>\n<h2>Herkunft<\/h2>\n<p>Die Geschichte der Achal-Tekkiner reicht bis ins antike Turkmenistan zur\u00fcck. Sie wurden als Last- und Reittiere verwendet und sind von je her f\u00fcr besondere Schnelligkeit und Ausdauer bekannt. Im Reitsport eigenen sie sich f\u00fcr alle Disziplinen. Herausragend Erfolge erzielten sie jedoch immer wieder \u00fcberall dort, wo ihre au\u00dfergew\u00f6hnliche Sprungkraft gefragt ist. Apropos Schnelligkeit: <a href=\"https:\/\/uelzener.de\/magazin\/pferd\/haeufige-fragen\/wie-viel-ps-hat-pferd\/\">Wei\u00dft du, wie viel PS ein Pferd hat<\/a>?<\/p>\n<h2>Aussehen<\/h2>\n<p>Das auff\u00e4lligste Merkmal der Achal-Tekkiner ist ihr goldschimmerndes Fell, das ihnen den Beinamen \u201egoldenes Pferd\u201c eingebracht hat. Dieser besondere Glanz kommt durch die einzigartige Struktur der Haare zustande. Das Haar im Fell der Achal-Tekkiner verf\u00fcgt \u00fcber einen Hohlraum, der sich evolution\u00e4r bedingt entwickelt hat. Die Achal-Tekkiner haben ihre Wurzeln in einer Region, in der es nachts extrem kalt und tags\u00fcber sehr hei\u00df werden kann. Die Hohlr\u00e4ume im Haar der Pferde wirken temperaturausgleichend. Mit dieser Besonderheit hatten diese Pferde selbst bei extrem kalten N\u00e4chten und sehr hei\u00dfen Tagen gute \u00dcberlebenschancen. Das Licht bricht in diesen Hohlr\u00e4umen anders als in gew\u00f6hnlichem Pferdehaar. Daher wirken Achal-Tekkiner so als w\u00e4re ihr Fell mit einem goldenen Schimmer \u00fcberzogen. Vererbt wird diese besondere Struktur nur innerhalb der Rasse. Bei Kreuzungen mit anderen Rassen verliert sich diese n\u00fctzliche und auch sch\u00f6n anzuschauende Eigenart.<\/p>\n<p>Nicht nur das Fell der Achal-Tekkiner ist au\u00dfergew\u00f6hnlich. Auch ihr K\u00f6rperbau ist bemerkenswert. Sie sind schlank und elegant gebaut und haben einen gut proportionierten K\u00f6rper. Mit ihrem hohen geschwungenen Hals und ausdrucksstarken Kopf wirken sie sehr anmutig. Auch ihre gro\u00dfen und lebhaften Augen wirken sehr ausdrucksstark.<\/p>\n<h2>Charakter<\/h2>\n<p>Neben ihrer beeindruckenden Erscheinung zeichnen sich die Achal-Tekkiner durch einen temperamentvollen und stolzen Charakter aus. Sie gelten als intelligent und sensibel. Achal-Tekkiner sind bekannt f\u00fcr ihre enge Bindung zu ihren Besitzer:innen. Aufgrund ihrer starken Pers\u00f6nlichkeit passen sie gut zu einf\u00fchlsamen und erfahrenen Reiter:innen.<\/p>\n<h2>10 interessante Fakten<\/h2>\n<p>Die augenscheinlichsten Merkmale dieser besonderen Rasse sind vielen Pferdeliebhaber:innen bekannt. Doch was gibt es dar\u00fcber hinaus Interessantes zu wissen. Hier sind zehn bekannte und weniger bekannte Fakten \u00fcber die Achal-Tekkiner:<\/p>\n<ol>\n<li>Die Achal-Tekkiner gelten als eine der \u00e4ltesten Pferderassen der Welt. Ihre Geschichte reicht \u00fcber 3.000 Jahre zur\u00fcck.<\/li>\n<li>Achal-Tekkiner sind nach der Region Akhal Tekke in Turkmenistan benannt.<\/li>\n<li>Die Achal-Tekkiner sind das stolze Nationalpferd Turkmenistans und spielen bis heute eine bedeutende Rolle in der Kultur des Landes.<\/li>\n<li>PR-Aktion im Jahr 1935: Weil die Achal-Tekkiner vom Aussterben bedroht waren, entschied man sich f\u00fcr eine au\u00dfergew\u00f6hnliche Aktion, die f\u00fcr Aufmerksamkeit sorgen sollte. 1935 fand ein Distanzritt \u00fcber mehr als 4000 km von A\u015fgabat nach Moskau statt.<\/li>\n<li>Sportliche Erfolge: Diese Pferde haben im internationalen Reitsport Erfolge erzielt und beeindrucken mit ihrer Schnelligkeit und Ausdauer.<\/li>\n<li>Aufgrund ihrer Seltenheit und Sch\u00f6nheit erzielen Achal-Tekkiner oft hohe Preise. Das gilt vor allem f\u00fcr reinrassige Tiere mit einer beeindruckenden Abstammung.<\/li>\n<li>Der einzigartige goldene Glanz des Fells wird durch eine genetische Besonderheit verursacht. Die hohlen Haarfasern haben sich evolution\u00e4r bedingt entwickelt und sch\u00fctzen vor gro\u00dfer Hitze und K\u00e4lte.<\/li>\n<li>Die Achal-Tekkiner sind vom Ursprung her W\u00fcstenbewohner. Sie haben sich \u00fcber Jahrhunderte an das harte Leben in den turkmenischen W\u00fcsten angepasst und sind \u00e4u\u00dferst robuste Tiere.<\/li>\n<li>Die Pferde spielen eine bedeutende Rolle in der Geschichte und Kultur Turkmenistans und werden oft als Symbol f\u00fcr Reichtum und Prestige angesehen.<\/li>\n<li>Angesichts der geringen Populationszahl werden heute vermehrt Anstrengungen unternommen, um diese einzigartige Rasse zu sch\u00fctzen und zu erhalten.<\/li>\n<\/ol>\n<h2>Fazit<\/h2>\n<p>Die Achal-Tekkiner sind eine faszinierende Pferderasse mit einer reichen Geschichte und au\u00dfergew\u00f6hnlichen Merkmalen. Ihr goldschimmerndes Fell und ihre elegante Erscheinung haben sie zu einem begehrten Anblick auf der ganzen Welt gemacht. Doch neben ihrer \u00e4u\u00dferen Sch\u00f6nheit besitzen sie auch einen temperamentvollen Charakter und eine starke Bindungsf\u00e4higkeit zu ihren Besitzern.<\/p>\n<h2>FAQ: H\u00e4ufig gestellte Fragen<\/h2>\n<h3>Warum haben Achal-Tekkiner Pferde gold schimmerndes Fell?<\/h3>\n<p>Das goldschimmernde Fell der Achal-Tekkiner wird durch eine genetische Besonderheit verursacht. Die Struktur ihrer Haare reflektiert Licht auf eine einzigartige Weise und verleiht ihnen diesen besonderen Glanz. Diese Eigenschaft kann nur innerhalb der eigenen Rasse weitervererbt werden. Bei Kreuzungen mit anderen Rassen verliert sich die besondere Eigenschaft des Fells.<\/p>\n<h3>Wie viel kostet ein Achal-Tekkiner im Durchschnitt?<\/h3>\n<p>Die Kosten f\u00fcr einen Achal-Tekkiner k\u00f6nnen je nach Abstammung, Alter, Ausbildung und Sch\u00f6nheit variieren. Reinrassige Tiere mit einer beeindruckenden Abstammung k\u00f6nnen sehr teuer sein und Preise im hohen f\u00fcnf- bis sechsstelligen Bereich erreichen.<\/p>\n","protected":false},"excerpt":{"rendered":"<p>Achal-Tekkiner ist eine sehr alte und selten vorkommenden Pferderasse, die besonders durch ihr goldschimmerndes Fell bekannt ist. In diesem Artikel befassen wir uns mit Herkunft, Aussehen und Charakter der Achal-Tekkiner. Dar\u00fcber hinaus erf\u00e4hrst du zehn interessante Fakten \u00fcber diese au\u00dfergew\u00f6hnliche Pferderasse. Herkunft Die Geschichte der Achal-Tekkiner reicht bis ins antike Turkmenistan zur\u00fcck. Sie wurden als [&hellip;]<\/p>\n","protected":false},"author":11,"featured_media":15969,"parent":2490,"menu_order":2,"comment_status":"closed","ping_status":"closed","template":"templates\/blog.php","meta":{"_acf_changed":false,"_crdt_document":"","footnotes":"","beyondwords_generate_audio":"0","beyondwords_project_id":"","beyondwords_content_id":"","beyondwords_preview_token":"","beyondwords_player_style":"","beyondwords_language_id":"","beyondwords_title_voice_id":"","beyondwords_body_voice_id":"","beyondwords_summary_voice_id":"","beyondwords_error_message":"","beyondwords_disabled":"","beyondwords_delete_content":"","beyondwords_podcast_id":"","beyondwords_hash":"","publish_post_to_speechkit":"","speechkit_hash":"","speechkit_generate_audio":"","speechkit_project_id":"","speechkit_podcast_id":"","speechkit_error_message":"","speechkit_disabled":"","speechkit_access_key":"","speechkit_error":"","speechkit_info":"","speechkit_response":"","speechkit_retries":"","speechkit_status":"","speechkit_updated_at":"","_speechkit_link":"","_speechkit_text":""},"class_list":["post-15968","page","type-page","status-publish","has-post-thumbnail","hentry"],"acf":[],"yoast_head":"<!-- This site is optimized with the Yoast SEO Premium plugin  - https:\/\/yoast.com\/product\/yoast-seo-premium-wordpress\/ -->\n<title>Achal-Tekkiner: 10 Fakten \u00fcber die goldschimmernden Pferde | Uelzener Magazin<\/title>\n<meta name=\"robots\" content=\"index, follow, max-snippet:-1, max-image-preview:large, max-video-preview:-1\" \/>\n<link rel=\"canonical\" href=\"https:\/\/uelzener.de\/magazin\/pferd\/rasseportrait\/achal-tekkiner\/\" \/>\n<meta property=\"og:locale\" content=\"de_DE\" \/>\n<meta property=\"og:type\" content=\"article\" \/>\n<meta property=\"og:title\" content=\"Achal-Tekkiner: 10 Fakten \u00fcber die goldschimmernden Pferde\" \/>\n<meta property=\"og:description\" content=\"Achal-Tekkiner ist eine sehr alte und selten vorkommenden Pferderasse, die besonders durch ihr goldschimmerndes Fell bekannt ist. In diesem Artikel befassen wir uns mit Herkunft, Aussehen und Charakter der Achal-Tekkiner. Dar\u00fcber hinaus erf\u00e4hrst du zehn interessante Fakten \u00fcber diese au\u00dfergew\u00f6hnliche Pferderasse. Herkunft Die Geschichte der Achal-Tekkiner reicht bis ins antike Turkmenistan zur\u00fcck. Sie wurden als [&hellip;]\" \/>\n<meta property=\"og:url\" content=\"https:\/\/uelzener.de\/magazin\/pferd\/rasseportrait\/achal-tekkiner\/\" \/>\n<meta property=\"og:site_name\" content=\"Uelzener Tier-Magazin\" \/>\n<meta property=\"article:publisher\" content=\"https:\/\/www.facebook.com\/Uelzener\" \/>\n<meta property=\"article:modified_time\" content=\"2023-10-23T13:20:11+00:00\" \/>\n<meta property=\"og:image\" content=\"https:\/\/uelzener.de\/magazin\/app\/uploads\/2023\/07\/achal-tekkiner.jpg\" \/>\n\t<meta property=\"og:image:width\" content=\"1025\" \/>\n\t<meta property=\"og:image:height\" content=\"450\" \/>\n\t<meta property=\"og:image:type\" content=\"image\/jpeg\" \/>\n<meta name=\"twitter:card\" content=\"summary_large_image\" \/>\n<meta name=\"twitter:label1\" content=\"Gesch\u00e4tzte Lesezeit\" \/>\n\t<meta name=\"twitter:data1\" content=\"4\u00a0Minuten\" \/>\n<script type=\"application\/ld+json\" class=\"yoast-schema-graph\">{\"@context\":\"https:\/\/schema.org\",\"@graph\":[{\"@type\":\"WebPage\",\"@id\":\"https:\/\/uelzener.de\/magazin\/pferd\/rasseportrait\/achal-tekkiner\/\",\"url\":\"https:\/\/uelzener.de\/magazin\/pferd\/rasseportrait\/achal-tekkiner\/\",\"name\":\"Achal-Tekkiner: 10 Fakten \u00fcber die goldschimmernden Pferde | Uelzener Magazin\",\"isPartOf\":{\"@id\":\"https:\/\/uelzener.de\/magazin\/#website\"},\"primaryImageOfPage\":{\"@id\":\"https:\/\/uelzener.de\/magazin\/pferd\/rasseportrait\/achal-tekkiner\/#primaryimage\"},\"image\":{\"@id\":\"https:\/\/uelzener.de\/magazin\/pferd\/rasseportrait\/achal-tekkiner\/#primaryimage\"},\"thumbnailUrl\":\"https:\/\/uelzener.de\/magazin\/app\/uploads\/2023\/07\/achal-tekkiner.jpg\",\"datePublished\":\"2023-08-14T08:00:49+00:00\",\"dateModified\":\"2023-10-23T13:20:11+00:00\",\"breadcrumb\":{\"@id\":\"https:\/\/uelzener.de\/magazin\/pferd\/rasseportrait\/achal-tekkiner\/#breadcrumb\"},\"inLanguage\":\"de\",\"potentialAction\":[{\"@type\":\"ReadAction\",\"target\":[\"https:\/\/uelzener.de\/magazin\/pferd\/rasseportrait\/achal-tekkiner\/\"]}]},{\"@type\":\"ImageObject\",\"inLanguage\":\"de\",\"@id\":\"https:\/\/uelzener.de\/magazin\/pferd\/rasseportrait\/achal-tekkiner\/#primaryimage\",\"url\":\"https:\/\/uelzener.de\/magazin\/app\/uploads\/2023\/07\/achal-tekkiner.jpg\",\"contentUrl\":\"https:\/\/uelzener.de\/magazin\/app\/uploads\/2023\/07\/achal-tekkiner.jpg\",\"width\":1025,\"height\":450,\"caption\":\"Ein Achal-Tekkiner Pferd hat ein gold \/ metallisch schimmerndes Fell.\"},{\"@type\":\"WebSite\",\"@id\":\"https:\/\/uelzener.de\/magazin\/#website\",\"url\":\"https:\/\/uelzener.de\/magazin\/\",\"name\":\"Uelzener Tiermagazin\",\"description\":\"Online Tierratgeber der Uelzener Versicherungen\",\"publisher\":{\"@id\":\"https:\/\/uelzener.de\/magazin\/#organization\"},\"potentialAction\":[{\"@type\":\"SearchAction\",\"target\":{\"@type\":\"EntryPoint\",\"urlTemplate\":\"https:\/\/uelzener.de\/magazin\/?s={search_term_string}\"},\"query-input\":{\"@type\":\"PropertyValueSpecification\",\"valueRequired\":true,\"valueName\":\"search_term_string\"}}],\"inLanguage\":\"de\"},{\"@type\":\"Organization\",\"@id\":\"https:\/\/uelzener.de\/magazin\/#organization\",\"name\":\"Uelzener Versicherungen\",\"url\":\"https:\/\/uelzener.de\/magazin\/\",\"logo\":{\"@type\":\"ImageObject\",\"inLanguage\":\"de\",\"@id\":\"https:\/\/uelzener.de\/magazin\/#\/schema\/logo\/image\/\",\"url\":\"https:\/\/uelzener.de\/magazin\/app\/uploads\/2024\/11\/uelzener_allgemeine_versicherungsgesellschaft_a_g_logo.jpg\",\"contentUrl\":\"https:\/\/uelzener.de\/magazin\/app\/uploads\/2024\/11\/uelzener_allgemeine_versicherungsgesellschaft_a_g_logo.jpg\",\"width\":200,\"height\":200,\"caption\":\"Uelzener Versicherungen\"},\"image\":{\"@id\":\"https:\/\/uelzener.de\/magazin\/#\/schema\/logo\/image\/\"},\"sameAs\":[\"https:\/\/www.facebook.com\/Uelzener\",\"https:\/\/instagram.com\/uelzener\",\"https:\/\/www.xing.com\/pages\/uelzenerallgemeineversicherungs-gesellschafta-g\",\"https:\/\/www.youtube.com\/UelzenerVersicherungen\"]}]}<\/script>\n<!-- \/ Yoast SEO Premium plugin. -->","yoast_head_json":{"title":"Achal-Tekkiner: 10 Fakten \u00fcber die goldschimmernden Pferde | Uelzener Magazin","robots":{"index":"index","follow":"follow","max-snippet":"max-snippet:-1","max-image-preview":"max-image-preview:large","max-video-preview":"max-video-preview:-1"},"canonical":"https:\/\/uelzener.de\/magazin\/pferd\/rasseportrait\/achal-tekkiner\/","og_locale":"de_DE","og_type":"article","og_title":"Achal-Tekkiner: 10 Fakten \u00fcber die goldschimmernden Pferde","og_description":"Achal-Tekkiner ist eine sehr alte und selten vorkommenden Pferderasse, die besonders durch ihr goldschimmerndes Fell bekannt ist. In diesem Artikel befassen wir uns mit Herkunft, Aussehen und Charakter der Achal-Tekkiner. Dar\u00fcber hinaus erf\u00e4hrst du zehn interessante Fakten \u00fcber diese au\u00dfergew\u00f6hnliche Pferderasse. Herkunft Die Geschichte der Achal-Tekkiner reicht bis ins antike Turkmenistan zur\u00fcck. Sie wurden als [&hellip;]","og_url":"https:\/\/uelzener.de\/magazin\/pferd\/rasseportrait\/achal-tekkiner\/","og_site_name":"Uelzener Tier-Magazin","article_publisher":"https:\/\/www.facebook.com\/Uelzener","article_modified_time":"2023-10-23T13:20:11+00:00","og_image":[{"width":1025,"height":450,"url":"https:\/\/uelzener.de\/magazin\/app\/uploads\/2023\/07\/achal-tekkiner.jpg","type":"image\/jpeg"}],"twitter_card":"summary_large_image","twitter_misc":{"Gesch\u00e4tzte Lesezeit":"4\u00a0Minuten"},"schema":{"@context":"https:\/\/schema.org","@graph":[{"@type":"WebPage","@id":"https:\/\/uelzener.de\/magazin\/pferd\/rasseportrait\/achal-tekkiner\/","url":"https:\/\/uelzener.de\/magazin\/pferd\/rasseportrait\/achal-tekkiner\/","name":"Achal-Tekkiner: 10 Fakten \u00fcber die goldschimmernden Pferde | Uelzener Magazin","isPartOf":{"@id":"https:\/\/uelzener.de\/magazin\/#website"},"primaryImageOfPage":{"@id":"https:\/\/uelzener.de\/magazin\/pferd\/rasseportrait\/achal-tekkiner\/#primaryimage"},"image":{"@id":"https:\/\/uelzener.de\/magazin\/pferd\/rasseportrait\/achal-tekkiner\/#primaryimage"},"thumbnailUrl":"https:\/\/uelzener.de\/magazin\/app\/uploads\/2023\/07\/achal-tekkiner.jpg","datePublished":"2023-08-14T08:00:49+00:00","dateModified":"2023-10-23T13:20:11+00:00","breadcrumb":{"@id":"https:\/\/uelzener.de\/magazin\/pferd\/rasseportrait\/achal-tekkiner\/#breadcrumb"},"inLanguage":"de","potentialAction":[{"@type":"ReadAction","target":["https:\/\/uelzener.de\/magazin\/pferd\/rasseportrait\/achal-tekkiner\/"]}]},{"@type":"ImageObject","inLanguage":"de","@id":"https:\/\/uelzener.de\/magazin\/pferd\/rasseportrait\/achal-tekkiner\/#primaryimage","url":"https:\/\/uelzener.de\/magazin\/app\/uploads\/2023\/07\/achal-tekkiner.jpg","contentUrl":"https:\/\/uelzener.de\/magazin\/app\/uploads\/2023\/07\/achal-tekkiner.jpg","width":1025,"height":450,"caption":"Ein Achal-Tekkiner Pferd hat ein gold \/ metallisch schimmerndes Fell."},{"@type":"WebSite","@id":"https:\/\/uelzener.de\/magazin\/#website","url":"https:\/\/uelzener.de\/magazin\/","name":"Uelzener Tiermagazin","description":"Online Tierratgeber der Uelzener Versicherungen","publisher":{"@id":"https:\/\/uelzener.de\/magazin\/#organization"},"potentialAction":[{"@type":"SearchAction","target":{"@type":"EntryPoint","urlTemplate":"https:\/\/uelzener.de\/magazin\/?s={search_term_string}"},"query-input":{"@type":"PropertyValueSpecification","valueRequired":true,"valueName":"search_term_string"}}],"inLanguage":"de"},{"@type":"Organization","@id":"https:\/\/uelzener.de\/magazin\/#organization","name":"Uelzener Versicherungen","url":"https:\/\/uelzener.de\/magazin\/","logo":{"@type":"ImageObject","inLanguage":"de","@id":"https:\/\/uelzener.de\/magazin\/#\/schema\/logo\/image\/","url":"https:\/\/uelzener.de\/magazin\/app\/uploads\/2024\/11\/uelzener_allgemeine_versicherungsgesellschaft_a_g_logo.jpg","contentUrl":"https:\/\/uelzener.de\/magazin\/app\/uploads\/2024\/11\/uelzener_allgemeine_versicherungsgesellschaft_a_g_logo.jpg","width":200,"height":200,"caption":"Uelzener Versicherungen"},"image":{"@id":"https:\/\/uelzener.de\/magazin\/#\/schema\/logo\/image\/"},"sameAs":["https:\/\/www.facebook.com\/Uelzener","https:\/\/instagram.com\/uelzener","https:\/\/www.xing.com\/pages\/uelzenerallgemeineversicherungs-gesellschafta-g","https:\/\/www.youtube.com\/UelzenerVersicherungen"]}]}},"_links":{"self":[{"href":"https:\/\/uelzener.de\/magazin\/wp-json\/wp\/v2\/pages\/15968","targetHints":{"allow":["GET"]}}],"collection":[{"href":"https:\/\/uelzener.de\/magazin\/wp-json\/wp\/v2\/pages"}],"about":[{"href":"https:\/\/uelzener.de\/magazin\/wp-json\/wp\/v2\/types\/page"}],"author":[{"embeddable":true,"href":"https:\/\/uelzener.de\/magazin\/wp-json\/wp\/v2\/users\/11"}],"replies":[{"embeddable":true,"href":"https:\/\/uelzener.de\/magazin\/wp-json\/wp\/v2\/comments?post=15968"}],"version-history":[{"count":3,"href":"https:\/\/uelzener.de\/magazin\/wp-json\/wp\/v2\/pages\/15968\/revisions"}],"predecessor-version":[{"id":16448,"href":"https:\/\/uelzener.de\/magazin\/wp-json\/wp\/v2\/pages\/15968\/revisions\/16448"}],"up":[{"embeddable":true,"href":"https:\/\/uelzener.de\/magazin\/wp-json\/wp\/v2\/pages\/2490"}],"wp:featuredmedia":[{"embeddable":true,"href":"https:\/\/uelzener.de\/magazin\/wp-json\/wp\/v2\/media\/15969"}],"wp:attachment":[{"href":"https:\/\/uelzener.de\/magazin\/wp-json\/wp\/v2\/media?parent=15968"}],"curies":[{"name":"wp","href":"https:\/\/api.w.org\/{rel}","templated":true}]}}