{"id":15121,"date":"2023-03-17T17:02:42","date_gmt":"2023-03-17T16:02:42","guid":{"rendered":"https:\/\/uelzener.de\/magazin\/?page_id=15121"},"modified":"2023-04-11T16:18:17","modified_gmt":"2023-04-11T14:18:17","slug":"heubedampfer","status":"publish","type":"page","link":"https:\/\/uelzener.de\/magazin\/pferd\/tiergesundheit\/heubedampfer\/","title":{"rendered":"Heubedampfer f\u00fcr Pferde"},"content":{"rendered":"<p>Atemwegsprobleme bei Pferden k\u00f6nnen durch staubhaltiges und mit Keimen befallenes Heu beg\u00fcnstigt werden. Daher wird Heu in vielen St\u00e4llen immer h\u00e4ufiger bedampft. Denn durch das Bedampfen wird Staub gebunden und sch\u00e4dliche Keime, wie beispielsweise Schimmelpilze, Milben und Bakterien, k\u00f6nnen minimiert werden. Der Vorteil im Gegensatz zum W\u00e4ssern: Die N\u00e4hrstoffe bleiben beim Bedampfen erhalten. Wir schauen uns in diesem Artikel genauer an, wozu das Bedampfen gut ist, wie es funktioniert und welche Nachteile es dennoch m\u00f6glicherweise mit sich bringt.<\/p>\n<h2>Warum Heu f\u00fcr Pferde bedampfen?<\/h2>\n<p>Selbst Heu von guter Qualit\u00e4t kann f\u00fcr empfindliche Pferde zu einer gesundheitlichen Belastung werden. Denn Heu enth\u00e4lt als Naturprodukt generell Staub. Jeder und jede, der oder die schon mal Heu transportiert oder umgesetzt hat, wei\u00df wie staubgeschw\u00e4ngert die Luft dadurch sein kann.<\/p>\n<p>Zum Staub k\u00f6nnen auch noch f\u00fcr das Pferd belastende Mikroorganismen hinzukommen. Denn im Heu k\u00f6nnen sich aufgrund ung\u00fcnstiger Wetterverh\u00e4ltnisse bei der Ernte und Lagerung Schimmelpilze bilden, Milben ansiedeln und Bakterien vermehren. Dies ist mitunter bei zu feucht gelagertem oder zu rasch gepresstem Heu der Fall. Der Staub reizt die Lunge und kann Allergien beg\u00fcnstigen. Durch Schimmelpilze, Bakterien und andere Mikroorganismen werden zudem Krankheiten hervorgerufen oder beg\u00fcnstigt.<\/p>\n<p>Beim Bedampfen wird das Heu auf bis zu 100 Grad erhitzt. So wird der Staub im Heu gebunden und sch\u00e4dliche Mikroorganismen, wie beispielsweise Bakterien und Schimmelsporen, werden zu einem sehr hohen Anteil abget\u00f6tet. Damit beugt man Atemwegsproblemen vor bzw. entlastet Pferde, die bereits unter Atemwegserkrankungen und <a href=\"https:\/\/uelzener.de\/magazin\/pferd\/tiergesundheit\/daempfigkeit-atemwegserkrankungen-beim-pferd\/\">D\u00e4mpfigkeit<\/a> leiden.<\/p>\n<p>Bedampftes Heu hat einen weiteren positiven Effekt. Nach einer Studie von <em>Kentucky Equine Research<\/em> kauen Pferde bedampftes Heu intensiver als unbedampftes Heu. Dabei kommt es zu einer verst\u00e4rkten Speichelproduktion, die den empfindlichen Magen der Pferde vor Magens\u00e4ure sch\u00fctzt.<\/p>\n<p>Zudem werden zwar sch\u00e4dliche Stoffe durch das Bedampfen zerst\u00f6rt, n\u00fctzliche N\u00e4hrstoffe, wie beispielsweise Kalium, Magnesium und Natrium, bleiben jedoch erhalten.<\/p>\n<p>Trotz seiner positiven Effekte hat Bedampfen aber nicht nur Vorteile.<\/p>\n<h2>Nachteile des Bedampfens<\/h2>\n<p>Durch die Hitze beim Bedampfen werden Proteine im Heu so ver\u00e4ndert, dass sie im D\u00fcnndarm des Pferdes nicht mehr optimal verwertet werden k\u00f6nnen. Pferde, die mit bedampftem Futter gef\u00fcttert werden, nehmen auf diese Weise mitunter weniger Proteine zu sich als ihre mit unbedampften gef\u00fctterten Gef\u00e4hrten. Proteinmangel im Futter kann f\u00fcr alle Pferde problematisch sein. K\u00f6nnen so doch der Muskelaufbau erschwert werden oder sich der Mangel in einem struppigen Fell widerspiegeln. Besonders ist Proteinmangel jedoch f\u00fcr s\u00e4ugende Stuten und junge Pferde ein Problem. Denn s\u00e4ugenden Stuten fehlt in diesem Fall das Protein f\u00fcr die Milchproduktion und junge Pferde k\u00f6nnen durch einen Proteinmangel in ihrem Wachstum behindert werden.<\/p>\n<p>Ein m\u00f6gliche Proteinmangel sollte tier\u00e4rztlich \u00fcberpr\u00fcft werden. Gegebenenfalls sollte dieser nach Absprache mit dem oder der Tier\u00e4rzt:in durch Zugabe proteinreichen Futters, wie beispielsweise Bierhefe und Sojaschrot, ausgeglichen werden.<\/p>\n<p>Ein weiterer Nachteil des Bedampfens besteht darin, dass wasserl\u00f6sliche Kohlenhydrate verloren gehen. Was f\u00fcr leichtfuttrige Pferde eher einen positiven Effekt haben kann, wirkt sich bei schwerfuttrigen Pferden mitunter negativ aus. So sollte man bei letzteren eine Rationsberechnung vornehmen und im Zweifel zuf\u00fcttern, um keine Mangelern\u00e4hrung zu riskieren.<\/p>\n<p>Entscheidet man sich f\u00fcr das Bedampfen, muss man zun\u00e4chst verstehen, wie das Bedampfen \u00fcberhaupt funktioniert.<\/p>\n<h2>Wie funktioniert ein Heubedampfer?<\/h2>\n<p>Das Grundprinzip des Heubedampfers besteht darin, Heu 100\u00b0C hei\u00dfem Wasserdampf auszusetzen. Auf diese Weise werden Staubpartikel gebunden und sch\u00e4dliche Stoffe im Heu abget\u00f6tet.<\/p>\n<p>Doch wie funktioniert das Bedampfen konkret? Schauen wir uns einen Heubedampfer einmal ganz genau an.<\/p>\n<p>Ein Heubedampfer besteht aus jeweils einem:<\/p>\n<ul>\n<li>Heubeh\u00e4lter, in den das Heu hineingegeben wird und der dicht verschlossen werden kann.<\/li>\n<li>Dampfverteilsystem, das daf\u00fcr sorgt, dass der hei\u00dfe Dampf das Heu an allen Stellen erreicht.<\/li>\n<li>Dampfgenerator oder Wasserkocher, der den Wasserdampf auf bis zu 100 Grad erhitzen kann und \u00fcber einen Schlauch an das Dampfverteilsystem angeschlossen ist.<\/li>\n<li>Thermometer, das die Temperatur im Inneren des Beh\u00e4lters anzeigt.<\/li>\n<\/ul>\n<p>Zum Bedampfen f\u00fcllt man eine, je nach Ger\u00e4t und Bedarf, unterschiedliche Menge Heu in den Heubeh\u00e4lter. Danach wird der Bedampfungsprozess gestartet. Das Wasser wird erhitzt und der Dampf verteilt sich innerhalb des Heubeh\u00e4lters.<\/p>\n<p>Ja nachdem, wie viel Heu im Beh\u00e4lter ist, wie gut der Dampf innerhalb des Beh\u00e4lters verteilt wird und wie schnell das Erhitzen des Wassers erfolgt, bleibt das Heu unterschiedlich lange im Beh\u00e4lter. Das Bedampfen kann von 30 Minuten bis zu 2 Stunden dauern. Nach dem Bedampfen ist das Heu recht hei\u00df, sodass man es vorsichtig, gegebenenfalls mit Handschuhen, entnehmen sollte und erst nach Abk\u00fchlung verf\u00fcttern sollte. Das bedampfte Heu sollte innerhalb von 24 Stunden verf\u00fcttert werden.<\/p>\n<p>Es ist sehr wichtig, das Wasser auch wirklich auf bis zu 100 Grad zu erhitzen. Sind die Temperaturen, die der Bedampfer erreicht, zu niedrig, bewirkt man das Gegenteil von dem, was man eigentlich bezwecken m\u00f6chte. Denn bei einer zu niedrigen Temperatur k\u00f6nnen sich Keime in der feuchten Umgebung vermehren.<\/p>\n<p>Zu kaufen gibt es Heubedampfer in unterschiedlichen Gr\u00f6\u00dfen von verschiedenen Herstellern. G\u00e4ngige Marken sind beispielsweise Haygain, Equi amare, Hayvape und NUVEQ\u00ae.<\/p>\n<p>Eine echte Innovation haben Jens von Erden und die Firma <a href=\"https:\/\/gg-technik.de\/index.php\/de\/produkte\/heubedampfung\">Gebhardt Anlagentechnik<\/a> geschaffen. Denn mit deren Heubedampfer lassen sich komplette Rundballen bedampfen. So k\u00f6nnen beispielsweise bis zu 60 Pferde mit dem Heu einer Bedampfung gef\u00fcttert werden. Ein gro\u00dfer Vorteil f\u00fcr gr\u00f6\u00dfere St\u00e4lle. Au\u00dferdem erreicht dieses Ger\u00e4t h\u00f6here Temperaturen, sodass Keime noch besser abget\u00f6tet werden und sich das Futter noch l\u00e4nger verf\u00fcttern l\u00e4sst. Derzeit empfiehlt der Hersteller eine F\u00fctterung innerhalb von bis zu f\u00fcnf Tagen. Es laufen zur Zeit Studien an der Hochschulte N\u00fcrtingen, die weitere Erkenntnisse zur Wirkung dieses Heubedampfers auf die Qualit\u00e4t des bedampften Heus gewinnen sollen. Auf der <a href=\"https:\/\/www.equitana.com\/essen\/de-de\/fuer-medien\/News\/Gewinner_EQU_Innovationspreis2023.html\">EQUITANA<\/a> bekam der Heubedampfer der Firma Gebhardt Anlagentechnik den Innovationspreis in Gold.<\/p>\n<p>Eine Reihe Pferdebesitzer:innen bauen sich Bedampfer selbst. Im Internet sind diverse Anleitungen daf\u00fcr zu finden. Was auf den ersten Blick recht einfach erscheinen mag, kann in der praktischen Umsetzung doch deutlich komplizierter sein. Schlie\u00dflich muss beispielweise eine dichte Heukammer gebaut und eine zuverl\u00e4ssige Bedampfung mit einer hohen Temperatur erreicht werden. Ist man unsicher, ob der erw\u00fcnschte Effekt mit dem selbst gebauten Bedampfer tats\u00e4chlich erzielt wird, sollte man sich nicht scheuen, das Heu auf sch\u00e4dliche Mikroorganismen analysieren zu lassen.<\/p>\n<h2>Wie lange muss das Heu bedampft werden?<\/h2>\n<p>Um Bakterien, Pilzsporen und andere sch\u00e4dliche Mikroorganismen zu beseitigen, die die Atemwege sch\u00e4digen k\u00f6nnten, sollte das Heu mindestens 10 Minuten mit einer Temperatur von mindesten 85 Grad bedampft werden. Normalerweise dauert ein Bedampfungsprozess 30 Minuten bis 2 Stunden. Abh\u00e4ngig ist dies von der Heumenge, dem Bedampfungsger\u00e4t und der gew\u00fcnschten Feuchtigkeit des Heus.<\/p>\n<h2>Wie lange kann man bedampftes Heu aufheben?<\/h2>\n<p>Noch bis zu 24 h kann man das bedampfte Heu verf\u00fcttern. Studien haben gezeigt, dass der Keimgehalt innerhalb dieser Zeit nicht nennenswert ansteigt. Je k\u00fcrzer die Zeit zwischen Bedampfen und F\u00fctterung desto niedriger ist das Risiko, dass sich Keime wieder vermehren.<\/p>\n<h2>Fazit:<\/h2>\n<p>Neben einigen Nachteilen bietet das Bedampfen des Heus, als Alternative zum Bew\u00e4ssern, viele Vorteile. Vor allem bereits an Atemwegserkrankungen leidende Pferde k\u00f6nnen mit bedampftem Futter entlastet werden. Die Bedampfung stellt eine schonende M\u00f6glichkeit dar, Futter von sch\u00e4dlichen Stoffen zu befreien und Staub zu binden. So werden die Atemwege des Pferdes entlastet und m\u00f6gliche Erkrankungen k\u00f6nnen mitunter vermieden werden.<\/p>\n","protected":false},"excerpt":{"rendered":"<p>Atemwegsprobleme bei Pferden k\u00f6nnen durch staubhaltiges und mit Keimen befallenes Heu beg\u00fcnstigt werden. Daher wird Heu in vielen St\u00e4llen immer h\u00e4ufiger bedampft. Denn durch das Bedampfen wird Staub gebunden und sch\u00e4dliche Keime, wie beispielsweise Schimmelpilze, Milben und Bakterien, k\u00f6nnen minimiert werden. Der Vorteil im Gegensatz zum W\u00e4ssern: Die N\u00e4hrstoffe bleiben beim Bedampfen erhalten. Wir schauen [&hellip;]<\/p>\n","protected":false},"author":11,"featured_media":15123,"parent":11706,"menu_order":6,"comment_status":"closed","ping_status":"closed","template":"templates\/blog.php","meta":{"_acf_changed":false,"_crdt_document":"","footnotes":"","beyondwords_generate_audio":"","beyondwords_project_id":"","beyondwords_content_id":"","beyondwords_preview_token":"","beyondwords_player_style":"","beyondwords_language_id":"","beyondwords_title_voice_id":"","beyondwords_body_voice_id":"","beyondwords_summary_voice_id":"","beyondwords_error_message":"","beyondwords_disabled":"","beyondwords_delete_content":"","beyondwords_podcast_id":"","beyondwords_hash":"","publish_post_to_speechkit":"","speechkit_hash":"","speechkit_generate_audio":"","speechkit_project_id":"","speechkit_podcast_id":"","speechkit_error_message":"","speechkit_disabled":"","speechkit_access_key":"","speechkit_error":"","speechkit_info":"","speechkit_response":"","speechkit_retries":"","speechkit_status":"","speechkit_updated_at":"","_speechkit_link":"","_speechkit_text":""},"class_list":["post-15121","page","type-page","status-publish","has-post-thumbnail","hentry"],"acf":[],"yoast_head":"<!-- This site is optimized with the Yoast SEO Premium plugin  - https:\/\/yoast.com\/product\/yoast-seo-premium-wordpress\/ -->\n<title>Heubedampfer f\u00fcr Pferde | Uelzener Magazin<\/title>\n<meta name=\"description\" content=\"Entlastung der Atemwege. Bedampfen bindet Staub und t\u00f6tet sch\u00e4dliche Stoffe, wie Schimmelpilze und Bakterien.\" \/>\n<meta name=\"robots\" content=\"index, follow, max-snippet:-1, max-image-preview:large, max-video-preview:-1\" \/>\n<link rel=\"canonical\" href=\"https:\/\/uelzener.de\/magazin\/pferd\/tiergesundheit\/heubedampfer\/\" \/>\n<meta property=\"og:locale\" content=\"de_DE\" \/>\n<meta property=\"og:type\" content=\"article\" \/>\n<meta property=\"og:title\" content=\"Heubedampfer f\u00fcr Pferde\" \/>\n<meta property=\"og:description\" content=\"Entlastung der Atemwege. Bedampfen bindet Staub und t\u00f6tet sch\u00e4dliche Stoffe, wie Schimmelpilze und Bakterien.\" \/>\n<meta property=\"og:url\" content=\"https:\/\/uelzener.de\/magazin\/pferd\/tiergesundheit\/heubedampfer\/\" \/>\n<meta property=\"og:site_name\" content=\"Uelzener Tier-Magazin\" \/>\n<meta property=\"article:publisher\" content=\"https:\/\/www.facebook.com\/Uelzener\" \/>\n<meta property=\"article:modified_time\" content=\"2023-04-11T14:18:17+00:00\" \/>\n<meta property=\"og:image\" content=\"https:\/\/uelzener.de\/magazin\/app\/uploads\/2023\/03\/heubedampfer-pferd.jpg\" \/>\n\t<meta property=\"og:image:width\" content=\"1025\" \/>\n\t<meta property=\"og:image:height\" content=\"450\" \/>\n\t<meta property=\"og:image:type\" content=\"image\/jpeg\" \/>\n<meta name=\"twitter:card\" content=\"summary_large_image\" \/>\n<meta name=\"twitter:label1\" content=\"Gesch\u00e4tzte Lesezeit\" \/>\n\t<meta name=\"twitter:data1\" content=\"6\u00a0Minuten\" \/>\n<script type=\"application\/ld+json\" class=\"yoast-schema-graph\">{\"@context\":\"https:\/\/schema.org\",\"@graph\":[{\"@type\":\"WebPage\",\"@id\":\"https:\/\/uelzener.de\/magazin\/pferd\/tiergesundheit\/heubedampfer\/\",\"url\":\"https:\/\/uelzener.de\/magazin\/pferd\/tiergesundheit\/heubedampfer\/\",\"name\":\"Heubedampfer f\u00fcr Pferde | Uelzener Magazin\",\"isPartOf\":{\"@id\":\"https:\/\/uelzener.de\/magazin\/#website\"},\"primaryImageOfPage\":{\"@id\":\"https:\/\/uelzener.de\/magazin\/pferd\/tiergesundheit\/heubedampfer\/#primaryimage\"},\"image\":{\"@id\":\"https:\/\/uelzener.de\/magazin\/pferd\/tiergesundheit\/heubedampfer\/#primaryimage\"},\"thumbnailUrl\":\"https:\/\/uelzener.de\/magazin\/app\/uploads\/2023\/03\/heubedampfer-pferd.jpg\",\"datePublished\":\"2023-03-17T16:02:42+00:00\",\"dateModified\":\"2023-04-11T14:18:17+00:00\",\"description\":\"Entlastung der Atemwege. Bedampfen bindet Staub und t\u00f6tet sch\u00e4dliche Stoffe, wie Schimmelpilze und Bakterien.\",\"breadcrumb\":{\"@id\":\"https:\/\/uelzener.de\/magazin\/pferd\/tiergesundheit\/heubedampfer\/#breadcrumb\"},\"inLanguage\":\"de\",\"potentialAction\":[{\"@type\":\"ReadAction\",\"target\":[\"https:\/\/uelzener.de\/magazin\/pferd\/tiergesundheit\/heubedampfer\/\"]}]},{\"@type\":\"ImageObject\",\"inLanguage\":\"de\",\"@id\":\"https:\/\/uelzener.de\/magazin\/pferd\/tiergesundheit\/heubedampfer\/#primaryimage\",\"url\":\"https:\/\/uelzener.de\/magazin\/app\/uploads\/2023\/03\/heubedampfer-pferd.jpg\",\"contentUrl\":\"https:\/\/uelzener.de\/magazin\/app\/uploads\/2023\/03\/heubedampfer-pferd.jpg\",\"width\":1025,\"height\":450,\"caption\":\"Bedampftes Heu ist gesund f\u00fcr Pferde.\"},{\"@type\":\"WebSite\",\"@id\":\"https:\/\/uelzener.de\/magazin\/#website\",\"url\":\"https:\/\/uelzener.de\/magazin\/\",\"name\":\"Uelzener Tiermagazin\",\"description\":\"Online Tierratgeber der Uelzener Versicherungen\",\"publisher\":{\"@id\":\"https:\/\/uelzener.de\/magazin\/#organization\"},\"potentialAction\":[{\"@type\":\"SearchAction\",\"target\":{\"@type\":\"EntryPoint\",\"urlTemplate\":\"https:\/\/uelzener.de\/magazin\/?s={search_term_string}\"},\"query-input\":{\"@type\":\"PropertyValueSpecification\",\"valueRequired\":true,\"valueName\":\"search_term_string\"}}],\"inLanguage\":\"de\"},{\"@type\":\"Organization\",\"@id\":\"https:\/\/uelzener.de\/magazin\/#organization\",\"name\":\"Uelzener Versicherungen\",\"url\":\"https:\/\/uelzener.de\/magazin\/\",\"logo\":{\"@type\":\"ImageObject\",\"inLanguage\":\"de\",\"@id\":\"https:\/\/uelzener.de\/magazin\/#\/schema\/logo\/image\/\",\"url\":\"https:\/\/uelzener.de\/magazin\/app\/uploads\/2024\/11\/uelzener_allgemeine_versicherungsgesellschaft_a_g_logo.jpg\",\"contentUrl\":\"https:\/\/uelzener.de\/magazin\/app\/uploads\/2024\/11\/uelzener_allgemeine_versicherungsgesellschaft_a_g_logo.jpg\",\"width\":200,\"height\":200,\"caption\":\"Uelzener Versicherungen\"},\"image\":{\"@id\":\"https:\/\/uelzener.de\/magazin\/#\/schema\/logo\/image\/\"},\"sameAs\":[\"https:\/\/www.facebook.com\/Uelzener\",\"https:\/\/instagram.com\/uelzener\",\"https:\/\/www.xing.com\/pages\/uelzenerallgemeineversicherungs-gesellschafta-g\",\"https:\/\/www.youtube.com\/UelzenerVersicherungen\"]}]}<\/script>\n<!-- \/ Yoast SEO Premium plugin. -->","yoast_head_json":{"title":"Heubedampfer f\u00fcr Pferde | Uelzener Magazin","description":"Entlastung der Atemwege. Bedampfen bindet Staub und t\u00f6tet sch\u00e4dliche Stoffe, wie Schimmelpilze und Bakterien.","robots":{"index":"index","follow":"follow","max-snippet":"max-snippet:-1","max-image-preview":"max-image-preview:large","max-video-preview":"max-video-preview:-1"},"canonical":"https:\/\/uelzener.de\/magazin\/pferd\/tiergesundheit\/heubedampfer\/","og_locale":"de_DE","og_type":"article","og_title":"Heubedampfer f\u00fcr Pferde","og_description":"Entlastung der Atemwege. Bedampfen bindet Staub und t\u00f6tet sch\u00e4dliche Stoffe, wie Schimmelpilze und Bakterien.","og_url":"https:\/\/uelzener.de\/magazin\/pferd\/tiergesundheit\/heubedampfer\/","og_site_name":"Uelzener Tier-Magazin","article_publisher":"https:\/\/www.facebook.com\/Uelzener","article_modified_time":"2023-04-11T14:18:17+00:00","og_image":[{"width":1025,"height":450,"url":"https:\/\/uelzener.de\/magazin\/app\/uploads\/2023\/03\/heubedampfer-pferd.jpg","type":"image\/jpeg"}],"twitter_card":"summary_large_image","twitter_misc":{"Gesch\u00e4tzte Lesezeit":"6\u00a0Minuten"},"schema":{"@context":"https:\/\/schema.org","@graph":[{"@type":"WebPage","@id":"https:\/\/uelzener.de\/magazin\/pferd\/tiergesundheit\/heubedampfer\/","url":"https:\/\/uelzener.de\/magazin\/pferd\/tiergesundheit\/heubedampfer\/","name":"Heubedampfer f\u00fcr Pferde | Uelzener Magazin","isPartOf":{"@id":"https:\/\/uelzener.de\/magazin\/#website"},"primaryImageOfPage":{"@id":"https:\/\/uelzener.de\/magazin\/pferd\/tiergesundheit\/heubedampfer\/#primaryimage"},"image":{"@id":"https:\/\/uelzener.de\/magazin\/pferd\/tiergesundheit\/heubedampfer\/#primaryimage"},"thumbnailUrl":"https:\/\/uelzener.de\/magazin\/app\/uploads\/2023\/03\/heubedampfer-pferd.jpg","datePublished":"2023-03-17T16:02:42+00:00","dateModified":"2023-04-11T14:18:17+00:00","description":"Entlastung der Atemwege. Bedampfen bindet Staub und t\u00f6tet sch\u00e4dliche Stoffe, wie Schimmelpilze und Bakterien.","breadcrumb":{"@id":"https:\/\/uelzener.de\/magazin\/pferd\/tiergesundheit\/heubedampfer\/#breadcrumb"},"inLanguage":"de","potentialAction":[{"@type":"ReadAction","target":["https:\/\/uelzener.de\/magazin\/pferd\/tiergesundheit\/heubedampfer\/"]}]},{"@type":"ImageObject","inLanguage":"de","@id":"https:\/\/uelzener.de\/magazin\/pferd\/tiergesundheit\/heubedampfer\/#primaryimage","url":"https:\/\/uelzener.de\/magazin\/app\/uploads\/2023\/03\/heubedampfer-pferd.jpg","contentUrl":"https:\/\/uelzener.de\/magazin\/app\/uploads\/2023\/03\/heubedampfer-pferd.jpg","width":1025,"height":450,"caption":"Bedampftes Heu ist gesund f\u00fcr Pferde."},{"@type":"WebSite","@id":"https:\/\/uelzener.de\/magazin\/#website","url":"https:\/\/uelzener.de\/magazin\/","name":"Uelzener Tiermagazin","description":"Online Tierratgeber der Uelzener Versicherungen","publisher":{"@id":"https:\/\/uelzener.de\/magazin\/#organization"},"potentialAction":[{"@type":"SearchAction","target":{"@type":"EntryPoint","urlTemplate":"https:\/\/uelzener.de\/magazin\/?s={search_term_string}"},"query-input":{"@type":"PropertyValueSpecification","valueRequired":true,"valueName":"search_term_string"}}],"inLanguage":"de"},{"@type":"Organization","@id":"https:\/\/uelzener.de\/magazin\/#organization","name":"Uelzener Versicherungen","url":"https:\/\/uelzener.de\/magazin\/","logo":{"@type":"ImageObject","inLanguage":"de","@id":"https:\/\/uelzener.de\/magazin\/#\/schema\/logo\/image\/","url":"https:\/\/uelzener.de\/magazin\/app\/uploads\/2024\/11\/uelzener_allgemeine_versicherungsgesellschaft_a_g_logo.jpg","contentUrl":"https:\/\/uelzener.de\/magazin\/app\/uploads\/2024\/11\/uelzener_allgemeine_versicherungsgesellschaft_a_g_logo.jpg","width":200,"height":200,"caption":"Uelzener Versicherungen"},"image":{"@id":"https:\/\/uelzener.de\/magazin\/#\/schema\/logo\/image\/"},"sameAs":["https:\/\/www.facebook.com\/Uelzener","https:\/\/instagram.com\/uelzener","https:\/\/www.xing.com\/pages\/uelzenerallgemeineversicherungs-gesellschafta-g","https:\/\/www.youtube.com\/UelzenerVersicherungen"]}]}},"_links":{"self":[{"href":"https:\/\/uelzener.de\/magazin\/wp-json\/wp\/v2\/pages\/15121","targetHints":{"allow":["GET"]}}],"collection":[{"href":"https:\/\/uelzener.de\/magazin\/wp-json\/wp\/v2\/pages"}],"about":[{"href":"https:\/\/uelzener.de\/magazin\/wp-json\/wp\/v2\/types\/page"}],"author":[{"embeddable":true,"href":"https:\/\/uelzener.de\/magazin\/wp-json\/wp\/v2\/users\/11"}],"replies":[{"embeddable":true,"href":"https:\/\/uelzener.de\/magazin\/wp-json\/wp\/v2\/comments?post=15121"}],"version-history":[{"count":14,"href":"https:\/\/uelzener.de\/magazin\/wp-json\/wp\/v2\/pages\/15121\/revisions"}],"predecessor-version":[{"id":15228,"href":"https:\/\/uelzener.de\/magazin\/wp-json\/wp\/v2\/pages\/15121\/revisions\/15228"}],"up":[{"embeddable":true,"href":"https:\/\/uelzener.de\/magazin\/wp-json\/wp\/v2\/pages\/11706"}],"wp:featuredmedia":[{"embeddable":true,"href":"https:\/\/uelzener.de\/magazin\/wp-json\/wp\/v2\/media\/15123"}],"wp:attachment":[{"href":"https:\/\/uelzener.de\/magazin\/wp-json\/wp\/v2\/media?parent=15121"}],"curies":[{"name":"wp","href":"https:\/\/api.w.org\/{rel}","templated":true}]}}