{"id":15004,"date":"2023-02-22T15:03:24","date_gmt":"2023-02-22T14:03:24","guid":{"rendered":"https:\/\/uelzener.de\/magazin\/?page_id=15004"},"modified":"2025-11-13T11:49:07","modified_gmt":"2025-11-13T10:49:07","slug":"existenzgruender-rabatt-pferdehaftpflicht-fuer-selbststaendige","status":"publish","type":"page","link":"https:\/\/uelzener.de\/magazin\/pferd\/haeufige-fragen\/existenzgruender-rabatt-pferdehaftpflicht-fuer-selbststaendige\/","title":{"rendered":"Existenzgr\u00fcnder-Rabatt: Unsere Pferdehaftpflicht-St\u00fctze f\u00fcr Selbstst\u00e4ndige"},"content":{"rendered":"<p>Wer einen Pferdebetrieb gr\u00fcndet, hat Vieles zu bedenken und in die Wege zu leiten. Ob es sich um einen Pensionsstall, Zucht- und Ausbildungsstall, Reiterhof, eine Reitschule, eine pferdegest\u00fctzte Therapieeinrichtung, ein pferdegest\u00fctztes Coachingangebot oder vielleicht sogar um eine Kombination aus mehreren dieser Betriebsformen handelt. F\u00fcr einen m\u00f6glichst sorgenfreien Start ins Unternehmertum als Pferdebetrieb k\u00f6nnen Kostenersparnisse, beispielsweise mit dem Existenzgr\u00fcnder-Rabatt der Uelzener, eine gro\u00dfe Hilfe sein.<\/p>\n<h2>Existenzgr\u00fcndung Pferdebetrieb<\/h2>\n<p>Manch einer beginnt nebenberuflich zu gr\u00fcnden, andere steigen direkt mit einem Vollerwerbsbetrieb ein. In beiden F\u00e4llen ist die Existenzgr\u00fcndung eine aufregende Sache. Am Anfang steht meist eine Idee oder ein Traum. Je realer das Projekt wird, desto konkreter sollten die Planungen voranschreiten. So macht man sich Gedanken \u00fcber den passenden Ort und Fl\u00e4chen, die geeignete Zielgruppe, wo und wie diese idealerweise zu erreichen ist, wie ein Business-Plan aussehen k\u00f6nnte. Daneben stehen \u00dcberlegungen zu einer ansprechenden Website, personelle Fragen und alles rund um den t\u00e4glichen Betriebsablauf auf der To-do-Liste. Das Thema Versicherungen geh\u00f6rt ganz oben mit auf die Liste. Denn ohne entsprechende Absicherung tr\u00e4gt man von Tag eins an ein hohes Risiko.<\/p>\n<p>Im Rahmen des Risikomanagements m\u00fcssen Gefahren eingesch\u00e4tzt und entsprechend abgesichert werden, um nicht durch ein eintretendes Risiko die Existenz des Betriebes zu gef\u00e4hrden. Versicherungen dienen im Rahmen des Risikomanagements als wichtiges Werkzeug. Denn mit einer Versicherung werden aus einem unberechenbaren Risiko berechenbare Kosten.<\/p>\n<h2>Diese Versicherungen sind wichtig<\/h2>\n<p>F\u00fcr Pferdebetrieb-Inhaber:innen ist es wichtig, sich neben der Freude am Gr\u00fcnden, sich um die Risiken zu k\u00fcmmern. Andernfalls k\u00f6nnen eintretende Risiken einem das Leben schwer machen oder sogar die Existenz des Betriebes bedrohen. Wer sich im Vorfeld sorgf\u00e4ltig vorbereitet und m\u00f6gliche Risiken verantwortungsvoll absichert, kann seinen Betrieb entspannter f\u00fchren und ist auch auf unkalkulierbare schlimme Ereignisse vorbereitet.<\/p>\n<h3>Folgenden Risiken k\u00f6nnen auf die Inhaber:innen von Pferdebetrieben zukommen:<\/h3>\n<ul>\n<li>Produktionsrisiken, beispielsweise Pferdekrankheiten<\/li>\n<li>Personenrisiken, beispielsweise Ausfall der eigenen Arbeitskraft<\/li>\n<li>Finanzrisiken, beispielsweise Zins\u00e4nderungen f\u00fcr Kreditvertr\u00e4ge<\/li>\n<li>Anlagenrisiken, beispielsweise Feuer auf der Reitanlage<\/li>\n<li>Preis-\/Marktrisiken, beispielsweise steigende Futterpreise<\/li>\n<li>Politische Risiken, beispielsweise Ver\u00e4nderungen rechtlicher Grundlagen(Tierschutz, Steuerrecht)<\/li>\n<li>Sonstige Risiken, beispielsweise Haftpflichtsch\u00e4den durch einen Koppelausbruch mit einem daraus folgenden Unfall<\/li>\n<\/ul>\n<p>Um m\u00f6glichst gut abgesichert zu sein, ist eine Betriebshaftpflichtversicherung erforderlich. Sie kann beispielsweise helfen, wenn ein Pensionspferd aufgrund falscher F\u00fctterung eine Kolik bekommt und operiert werden muss oder wenn ein Workshopteilnehmer sich im Rahmen des pferdegest\u00fctzten Coachings eine Verletzung zuzieht. F\u00fcr Gr\u00fcnder:innen ist die Betriebshaftpflicht-Versicherung f\u00fcr Pferdebetriebe bei der Uelzener besonders g\u00fcnstig. Denn auf den gesamten Versicherungsbeitrag der Betriebshaftpflicht gibt es f\u00fcr Existenzgr\u00fcnder:innen 15 % Rabatt. Ausf\u00fchrlichere Informationen \u00fcber die Betriebshaftpflicht findest du hier: <a href=\"https:\/\/uelzener.de\/betrieb\/betriebshaftpflicht-pferd\/\">Unser Haftpflicht-Angebot f\u00fcr deinen Pferdebetrieb<\/a>.<\/p>\n<p>Bei der Einsch\u00e4tzung von Risiken geht es immer auch um die individuelle Situation von Pferdebetriebsbetreiber:innen. Denn nicht jeder Betrieb ist den gleichen Risiken ausgesetzt. Die Risiken bei tiergest\u00fctztem Coaching sind andere als die in einem Zuchtbetrieb oder die eines Pensionsstalls. Daher sollte die Absicherung optimal an die individuelle Situation angepasst sein. Dazu geh\u00f6rt f\u00fcr Pensionsstallbesitzer:inen beispielsweise eine Absicherung des Tierh\u00fcterrisikos. Gegebenenfalls sollte man weitere Risiken ber\u00fccksichtigen, wie beispielsweise die Umweltschaden-Haftpflicht, Miet- und Pachtsachsch\u00e4den oder auch T\u00e4tigkeitsversicherungen f\u00fcr Reitlehrer:innen oder Bereiter:innen. Denn wer mit einer guten Betriebshaftpflichtversicherung entsprechend dem Nutzungszweck abgesichert ist, bekommt kompetente und umfassende Hilfe.<\/p>\n<h2>Fazit:<\/h2>\n<p>Als Gr\u00fcnder:in eines Pferdebetriebs hat man vieles zu bedenken. Eine gute Beratung hilft, sich direkt von Anfang an gut aufzustellen. Dazu geh\u00f6rt eine solide Absicherung der m\u00f6glichen Risiken im Rahmen einer Betriebshaftpflicht-Versicherung f\u00fcr Pferdebetriebe. Mit dem 15%igen Existenzgr\u00fcnderrabatt wird diese sogar g\u00fcnstiger. <a href=\"https:\/\/uelzener.de\/betrieb\/betriebshaftpflicht-pferd\/\">Einfach mal unverbindlich erkundigen.<\/a> Au\u00dferdem profitieren Betriebsgr\u00fcnder:innen von einer ausf\u00fchrlichen Beratung, beispielsweise beim <a href=\"https:\/\/www.existenzgruender.de\/SharedDocs\/BMWi-Expertenforum\/Foerderung-Finanzierung\/Foerderung\/Sonstige-Fragen\/Pferdehof-gruenden-Foerderung.html\">Bundesministerium f\u00fcr Wirtschaft und Klimaschutz<\/a>.<\/p>\n<h2>FAQ: H\u00e4ufig gestellte Fragen<\/h2>\n<h3>Braucht man zum Unterrichten von Nachbarkindern eine Versicherung?<\/h3>\n<p>Wer andere unterrichtet und sich daf\u00fcr bezahlen l\u00e4sst, sollte sich unbedingt wegen der richtigen Versicherung beraten lassen. Wenn sich Reitsch\u00fcler:innen verletzen, kann es teuer werden. Da ist es gut, wenn eine f\u00fcr den Nutzungszweck abgeschlossene Versicherung im unsch\u00f6nen Fall der F\u00e4lle hilft.<\/p>\n<h3>Was hat es mit dem Existenzgr\u00fcnderrabatt der Uelzener auf sich?<\/h3>\n<p>Wer mit der Gr\u00fcndung eines Pferdebetriebs startet, bekommt einen 15 %igen Rabatt auf die in der Gr\u00fcndungsphase abgeschlossene Haftpflichtversicherung. Die Uelzener Versicherung unterst\u00fctzt Existenzgr\u00fcnder:innen beim Start in die Selbstst\u00e4ndigkeit und gibt 15 % \u2013 Nachlass auf die ersten 2 Jahre. Trag dich hier f\u00fcr eine kostenlose und unverbindliche Beratung ein: <a href=\"https:\/\/service.uelzener.de\/produktInformationen\/form\">Angebot anfordern<\/a>.<\/p>\n<h3>Mein Pferd ist versichert. Reicht das nicht, wenn ich demn\u00e4chst damit Unterricht geben m\u00f6chte?<\/h3>\n<p>Bei einer Versicherung geht es auch um den entsprechenden Nutzungszweck. Hast du f\u00fcr dein Pferd beispielsweise eine Pferdehalterhaftpflicht-Versicherung abgeschlossen, so ist das eine wirklich gute Entscheidung gewesen. Damit sicherst du dich gegen Sch\u00e4den, die dein Pferd verursacht, wenn du privat mit ihm unterwegs bist, ab. Gibst du mit deinem Pferd Reitunterricht, kommen jedoch Risiken auf dich zu, die du extra absichern solltest. Denn mit den kalkulierbaren Kosten f\u00fcr eine entsprechende Versicherung sicherst du dich gegen unberechenbare Risiken ab. <a href=\"https:\/\/service.uelzener.de\/produktInformationen\/form\">Lass dich dazu unbedingt kostenlos und unverbindlich beraten<\/a>.<\/p>\n","protected":false},"excerpt":{"rendered":"<p>Wer einen Pferdebetrieb gr\u00fcndet, hat Vieles zu bedenken und in die Wege zu leiten. Ob es sich um einen Pensionsstall, Zucht- und Ausbildungsstall, Reiterhof, eine Reitschule, eine pferdegest\u00fctzte Therapieeinrichtung, ein pferdegest\u00fctztes Coachingangebot oder vielleicht sogar um eine Kombination aus mehreren dieser Betriebsformen handelt. F\u00fcr einen m\u00f6glichst sorgenfreien Start ins Unternehmertum als Pferdebetrieb k\u00f6nnen Kostenersparnisse, beispielsweise [&hellip;]<\/p>\n","protected":false},"author":11,"featured_media":15006,"parent":11685,"menu_order":15,"comment_status":"closed","ping_status":"closed","template":"templates\/blog.php","meta":{"_acf_changed":false,"_crdt_document":"","footnotes":"","beyondwords_generate_audio":"","beyondwords_project_id":"","beyondwords_content_id":"","beyondwords_preview_token":"","beyondwords_player_style":"","beyondwords_language_id":"","beyondwords_title_voice_id":"","beyondwords_body_voice_id":"","beyondwords_summary_voice_id":"","beyondwords_error_message":"","beyondwords_disabled":"","beyondwords_delete_content":"","beyondwords_podcast_id":"","beyondwords_hash":"","publish_post_to_speechkit":"","speechkit_hash":"","speechkit_generate_audio":"","speechkit_project_id":"","speechkit_podcast_id":"","speechkit_error_message":"","speechkit_disabled":"","speechkit_access_key":"","speechkit_error":"","speechkit_info":"","speechkit_response":"","speechkit_retries":"","speechkit_status":"","speechkit_updated_at":"","_speechkit_link":"","_speechkit_text":""},"class_list":["post-15004","page","type-page","status-publish","has-post-thumbnail","hentry"],"acf":[],"yoast_head":"<!-- This site is optimized with the Yoast SEO Premium plugin  - https:\/\/yoast.com\/product\/yoast-seo-premium-wordpress\/ -->\n<title>Existenzgr\u00fcnder-Rabatt: Unsere Pferdehaftpflicht-St\u00fctze f\u00fcr Selbstst\u00e4ndige | Uelzener Magazin<\/title>\n<meta name=\"description\" content=\"Pferdebetrieb gr\u00fcnden. So sicherst du Risiken in Reitschule, Pensionsstall und pferdegest\u00fctztem Coaching ab.\" \/>\n<meta name=\"robots\" content=\"index, follow, max-snippet:-1, max-image-preview:large, max-video-preview:-1\" \/>\n<link rel=\"canonical\" href=\"https:\/\/uelzener.de\/magazin\/pferd\/haeufige-fragen\/existenzgruender-rabatt-pferdehaftpflicht-fuer-selbststaendige\/\" \/>\n<meta property=\"og:locale\" content=\"de_DE\" \/>\n<meta property=\"og:type\" content=\"article\" \/>\n<meta property=\"og:title\" content=\"Existenzgr\u00fcnder-Rabatt: Unsere Pferdehaftpflicht-St\u00fctze f\u00fcr Selbstst\u00e4ndige\" \/>\n<meta property=\"og:description\" content=\"Pferdebetrieb gr\u00fcnden. So sicherst du Risiken in Reitschule, Pensionsstall und pferdegest\u00fctztem Coaching ab.\" \/>\n<meta property=\"og:url\" content=\"https:\/\/uelzener.de\/magazin\/pferd\/haeufige-fragen\/existenzgruender-rabatt-pferdehaftpflicht-fuer-selbststaendige\/\" \/>\n<meta property=\"og:site_name\" content=\"Uelzener Tier-Magazin\" \/>\n<meta property=\"article:publisher\" content=\"https:\/\/www.facebook.com\/Uelzener\" \/>\n<meta property=\"article:modified_time\" content=\"2025-11-13T10:49:07+00:00\" \/>\n<meta property=\"og:image\" content=\"https:\/\/uelzener.de\/magazin\/app\/uploads\/2023\/02\/existenzgruender-rabatt-stallbesitzerin.jpg\" \/>\n\t<meta property=\"og:image:width\" content=\"1025\" \/>\n\t<meta property=\"og:image:height\" content=\"450\" \/>\n\t<meta property=\"og:image:type\" content=\"image\/jpeg\" \/>\n<meta name=\"twitter:card\" content=\"summary_large_image\" \/>\n<meta name=\"twitter:label1\" content=\"Gesch\u00e4tzte Lesezeit\" \/>\n\t<meta name=\"twitter:data1\" content=\"5\u00a0Minuten\" \/>\n<script type=\"application\/ld+json\" class=\"yoast-schema-graph\">{\"@context\":\"https:\/\/schema.org\",\"@graph\":[{\"@type\":\"WebPage\",\"@id\":\"https:\/\/uelzener.de\/magazin\/pferd\/haeufige-fragen\/existenzgruender-rabatt-pferdehaftpflicht-fuer-selbststaendige\/\",\"url\":\"https:\/\/uelzener.de\/magazin\/pferd\/haeufige-fragen\/existenzgruender-rabatt-pferdehaftpflicht-fuer-selbststaendige\/\",\"name\":\"Existenzgr\u00fcnder-Rabatt: Unsere Pferdehaftpflicht-St\u00fctze f\u00fcr Selbstst\u00e4ndige | Uelzener Magazin\",\"isPartOf\":{\"@id\":\"https:\/\/uelzener.de\/magazin\/#website\"},\"primaryImageOfPage\":{\"@id\":\"https:\/\/uelzener.de\/magazin\/pferd\/haeufige-fragen\/existenzgruender-rabatt-pferdehaftpflicht-fuer-selbststaendige\/#primaryimage\"},\"image\":{\"@id\":\"https:\/\/uelzener.de\/magazin\/pferd\/haeufige-fragen\/existenzgruender-rabatt-pferdehaftpflicht-fuer-selbststaendige\/#primaryimage\"},\"thumbnailUrl\":\"https:\/\/uelzener.de\/magazin\/app\/uploads\/2023\/02\/existenzgruender-rabatt-stallbesitzerin.jpg\",\"datePublished\":\"2023-02-22T14:03:24+00:00\",\"dateModified\":\"2025-11-13T10:49:07+00:00\",\"description\":\"Pferdebetrieb gr\u00fcnden. So sicherst du Risiken in Reitschule, Pensionsstall und pferdegest\u00fctztem Coaching ab.\",\"breadcrumb\":{\"@id\":\"https:\/\/uelzener.de\/magazin\/pferd\/haeufige-fragen\/existenzgruender-rabatt-pferdehaftpflicht-fuer-selbststaendige\/#breadcrumb\"},\"inLanguage\":\"de\",\"potentialAction\":[{\"@type\":\"ReadAction\",\"target\":[\"https:\/\/uelzener.de\/magazin\/pferd\/haeufige-fragen\/existenzgruender-rabatt-pferdehaftpflicht-fuer-selbststaendige\/\"]}]},{\"@type\":\"ImageObject\",\"inLanguage\":\"de\",\"@id\":\"https:\/\/uelzener.de\/magazin\/pferd\/haeufige-fragen\/existenzgruender-rabatt-pferdehaftpflicht-fuer-selbststaendige\/#primaryimage\",\"url\":\"https:\/\/uelzener.de\/magazin\/app\/uploads\/2023\/02\/existenzgruender-rabatt-stallbesitzerin.jpg\",\"contentUrl\":\"https:\/\/uelzener.de\/magazin\/app\/uploads\/2023\/02\/existenzgruender-rabatt-stallbesitzerin.jpg\",\"width\":1025,\"height\":450,\"caption\":\"Existenzgr\u00fcnder-Rabatt erm\u00f6glicht es einer Selbstst\u00e4ndigen sich hauptberuflich mit Pferden zu besch\u00e4ftigen.\"},{\"@type\":\"WebSite\",\"@id\":\"https:\/\/uelzener.de\/magazin\/#website\",\"url\":\"https:\/\/uelzener.de\/magazin\/\",\"name\":\"Uelzener Tiermagazin\",\"description\":\"Online Tierratgeber der Uelzener Versicherungen\",\"publisher\":{\"@id\":\"https:\/\/uelzener.de\/magazin\/#organization\"},\"potentialAction\":[{\"@type\":\"SearchAction\",\"target\":{\"@type\":\"EntryPoint\",\"urlTemplate\":\"https:\/\/uelzener.de\/magazin\/?s={search_term_string}\"},\"query-input\":{\"@type\":\"PropertyValueSpecification\",\"valueRequired\":true,\"valueName\":\"search_term_string\"}}],\"inLanguage\":\"de\"},{\"@type\":\"Organization\",\"@id\":\"https:\/\/uelzener.de\/magazin\/#organization\",\"name\":\"Uelzener Versicherungen\",\"url\":\"https:\/\/uelzener.de\/magazin\/\",\"logo\":{\"@type\":\"ImageObject\",\"inLanguage\":\"de\",\"@id\":\"https:\/\/uelzener.de\/magazin\/#\/schema\/logo\/image\/\",\"url\":\"https:\/\/uelzener.de\/magazin\/app\/uploads\/2024\/11\/uelzener_allgemeine_versicherungsgesellschaft_a_g_logo.jpg\",\"contentUrl\":\"https:\/\/uelzener.de\/magazin\/app\/uploads\/2024\/11\/uelzener_allgemeine_versicherungsgesellschaft_a_g_logo.jpg\",\"width\":200,\"height\":200,\"caption\":\"Uelzener Versicherungen\"},\"image\":{\"@id\":\"https:\/\/uelzener.de\/magazin\/#\/schema\/logo\/image\/\"},\"sameAs\":[\"https:\/\/www.facebook.com\/Uelzener\",\"https:\/\/instagram.com\/uelzener\",\"https:\/\/www.xing.com\/pages\/uelzenerallgemeineversicherungs-gesellschafta-g\",\"https:\/\/www.youtube.com\/UelzenerVersicherungen\"]}]}<\/script>\n<!-- \/ Yoast SEO Premium plugin. -->","yoast_head_json":{"title":"Existenzgr\u00fcnder-Rabatt: Unsere Pferdehaftpflicht-St\u00fctze f\u00fcr Selbstst\u00e4ndige | Uelzener Magazin","description":"Pferdebetrieb gr\u00fcnden. So sicherst du Risiken in Reitschule, Pensionsstall und pferdegest\u00fctztem Coaching ab.","robots":{"index":"index","follow":"follow","max-snippet":"max-snippet:-1","max-image-preview":"max-image-preview:large","max-video-preview":"max-video-preview:-1"},"canonical":"https:\/\/uelzener.de\/magazin\/pferd\/haeufige-fragen\/existenzgruender-rabatt-pferdehaftpflicht-fuer-selbststaendige\/","og_locale":"de_DE","og_type":"article","og_title":"Existenzgr\u00fcnder-Rabatt: Unsere Pferdehaftpflicht-St\u00fctze f\u00fcr Selbstst\u00e4ndige","og_description":"Pferdebetrieb gr\u00fcnden. So sicherst du Risiken in Reitschule, Pensionsstall und pferdegest\u00fctztem Coaching ab.","og_url":"https:\/\/uelzener.de\/magazin\/pferd\/haeufige-fragen\/existenzgruender-rabatt-pferdehaftpflicht-fuer-selbststaendige\/","og_site_name":"Uelzener Tier-Magazin","article_publisher":"https:\/\/www.facebook.com\/Uelzener","article_modified_time":"2025-11-13T10:49:07+00:00","og_image":[{"width":1025,"height":450,"url":"https:\/\/uelzener.de\/magazin\/app\/uploads\/2023\/02\/existenzgruender-rabatt-stallbesitzerin.jpg","type":"image\/jpeg"}],"twitter_card":"summary_large_image","twitter_misc":{"Gesch\u00e4tzte Lesezeit":"5\u00a0Minuten"},"schema":{"@context":"https:\/\/schema.org","@graph":[{"@type":"WebPage","@id":"https:\/\/uelzener.de\/magazin\/pferd\/haeufige-fragen\/existenzgruender-rabatt-pferdehaftpflicht-fuer-selbststaendige\/","url":"https:\/\/uelzener.de\/magazin\/pferd\/haeufige-fragen\/existenzgruender-rabatt-pferdehaftpflicht-fuer-selbststaendige\/","name":"Existenzgr\u00fcnder-Rabatt: Unsere Pferdehaftpflicht-St\u00fctze f\u00fcr Selbstst\u00e4ndige | Uelzener Magazin","isPartOf":{"@id":"https:\/\/uelzener.de\/magazin\/#website"},"primaryImageOfPage":{"@id":"https:\/\/uelzener.de\/magazin\/pferd\/haeufige-fragen\/existenzgruender-rabatt-pferdehaftpflicht-fuer-selbststaendige\/#primaryimage"},"image":{"@id":"https:\/\/uelzener.de\/magazin\/pferd\/haeufige-fragen\/existenzgruender-rabatt-pferdehaftpflicht-fuer-selbststaendige\/#primaryimage"},"thumbnailUrl":"https:\/\/uelzener.de\/magazin\/app\/uploads\/2023\/02\/existenzgruender-rabatt-stallbesitzerin.jpg","datePublished":"2023-02-22T14:03:24+00:00","dateModified":"2025-11-13T10:49:07+00:00","description":"Pferdebetrieb gr\u00fcnden. So sicherst du Risiken in Reitschule, Pensionsstall und pferdegest\u00fctztem Coaching ab.","breadcrumb":{"@id":"https:\/\/uelzener.de\/magazin\/pferd\/haeufige-fragen\/existenzgruender-rabatt-pferdehaftpflicht-fuer-selbststaendige\/#breadcrumb"},"inLanguage":"de","potentialAction":[{"@type":"ReadAction","target":["https:\/\/uelzener.de\/magazin\/pferd\/haeufige-fragen\/existenzgruender-rabatt-pferdehaftpflicht-fuer-selbststaendige\/"]}]},{"@type":"ImageObject","inLanguage":"de","@id":"https:\/\/uelzener.de\/magazin\/pferd\/haeufige-fragen\/existenzgruender-rabatt-pferdehaftpflicht-fuer-selbststaendige\/#primaryimage","url":"https:\/\/uelzener.de\/magazin\/app\/uploads\/2023\/02\/existenzgruender-rabatt-stallbesitzerin.jpg","contentUrl":"https:\/\/uelzener.de\/magazin\/app\/uploads\/2023\/02\/existenzgruender-rabatt-stallbesitzerin.jpg","width":1025,"height":450,"caption":"Existenzgr\u00fcnder-Rabatt erm\u00f6glicht es einer Selbstst\u00e4ndigen sich hauptberuflich mit Pferden zu besch\u00e4ftigen."},{"@type":"WebSite","@id":"https:\/\/uelzener.de\/magazin\/#website","url":"https:\/\/uelzener.de\/magazin\/","name":"Uelzener Tiermagazin","description":"Online Tierratgeber der Uelzener Versicherungen","publisher":{"@id":"https:\/\/uelzener.de\/magazin\/#organization"},"potentialAction":[{"@type":"SearchAction","target":{"@type":"EntryPoint","urlTemplate":"https:\/\/uelzener.de\/magazin\/?s={search_term_string}"},"query-input":{"@type":"PropertyValueSpecification","valueRequired":true,"valueName":"search_term_string"}}],"inLanguage":"de"},{"@type":"Organization","@id":"https:\/\/uelzener.de\/magazin\/#organization","name":"Uelzener Versicherungen","url":"https:\/\/uelzener.de\/magazin\/","logo":{"@type":"ImageObject","inLanguage":"de","@id":"https:\/\/uelzener.de\/magazin\/#\/schema\/logo\/image\/","url":"https:\/\/uelzener.de\/magazin\/app\/uploads\/2024\/11\/uelzener_allgemeine_versicherungsgesellschaft_a_g_logo.jpg","contentUrl":"https:\/\/uelzener.de\/magazin\/app\/uploads\/2024\/11\/uelzener_allgemeine_versicherungsgesellschaft_a_g_logo.jpg","width":200,"height":200,"caption":"Uelzener Versicherungen"},"image":{"@id":"https:\/\/uelzener.de\/magazin\/#\/schema\/logo\/image\/"},"sameAs":["https:\/\/www.facebook.com\/Uelzener","https:\/\/instagram.com\/uelzener","https:\/\/www.xing.com\/pages\/uelzenerallgemeineversicherungs-gesellschafta-g","https:\/\/www.youtube.com\/UelzenerVersicherungen"]}]}},"_links":{"self":[{"href":"https:\/\/uelzener.de\/magazin\/wp-json\/wp\/v2\/pages\/15004","targetHints":{"allow":["GET"]}}],"collection":[{"href":"https:\/\/uelzener.de\/magazin\/wp-json\/wp\/v2\/pages"}],"about":[{"href":"https:\/\/uelzener.de\/magazin\/wp-json\/wp\/v2\/types\/page"}],"author":[{"embeddable":true,"href":"https:\/\/uelzener.de\/magazin\/wp-json\/wp\/v2\/users\/11"}],"replies":[{"embeddable":true,"href":"https:\/\/uelzener.de\/magazin\/wp-json\/wp\/v2\/comments?post=15004"}],"version-history":[{"count":5,"href":"https:\/\/uelzener.de\/magazin\/wp-json\/wp\/v2\/pages\/15004\/revisions"}],"predecessor-version":[{"id":19506,"href":"https:\/\/uelzener.de\/magazin\/wp-json\/wp\/v2\/pages\/15004\/revisions\/19506"}],"up":[{"embeddable":true,"href":"https:\/\/uelzener.de\/magazin\/wp-json\/wp\/v2\/pages\/11685"}],"wp:featuredmedia":[{"embeddable":true,"href":"https:\/\/uelzener.de\/magazin\/wp-json\/wp\/v2\/media\/15006"}],"wp:attachment":[{"href":"https:\/\/uelzener.de\/magazin\/wp-json\/wp\/v2\/media?parent=15004"}],"curies":[{"name":"wp","href":"https:\/\/api.w.org\/{rel}","templated":true}]}}