{"id":14925,"date":"2023-02-11T07:05:06","date_gmt":"2023-02-11T06:05:06","guid":{"rendered":"https:\/\/uelzener.de\/magazin\/?page_id=14925"},"modified":"2025-07-28T14:11:51","modified_gmt":"2025-07-28T12:11:51","slug":"reiseapotheke-fuer-hund-checkliste-tipps","status":"publish","type":"page","link":"https:\/\/uelzener.de\/magazin\/hund\/haeufige-fragen\/reiseapotheke-fuer-hund-checkliste-tipps\/","title":{"rendered":"Reiseapotheke f\u00fcr den Hund: Checkliste und Tipps"},"content":{"rendered":"<p>Ein Urlaub mit Hund geh\u00f6rt mit zu dem Sch\u00f6nsten, was das Leben mit einem vierbeinigen Freund zu bieten hat. Viel Zeit zum Spielen, Spazierengehen und Aufregendes erleben. Wenn dann etwas passiert, der Hund krank wird oder sich verletzt, ist es gut, mit einer optimal ausgestatteten Reiseapotheke gewappnet zu sein. Hier erf\u00e4hrst du, was genau hineingeh\u00f6rt und du au\u00dferdem beachten solltest.<\/p>\n<h2>Checkliste: Was geh\u00f6rt in die Hunde-Reiseapotheke?<\/h2>\n<p><a href=\"https:\/\/uelzener.de\/magazin\/hund\/haeufige-fragen\/durchfall-beim-hund-verdauung\/\">Durchfall<\/a>, eine Schnittwunde, ein Zeckenbiss. Auch im Urlaub kann dein Hund gesundheitliche Probleme bekommen. Mit dieser Checkliste packst du deine Reiseapotheke so, dass du auf die m\u00f6glichen gesundheitlichen Herausforderungen mit deinem Vierbeiner im Urlaub vorbereitet bist.<\/p>\n<h3>Folgende Gegenst\u00e4nde geh\u00f6ren in die Hunde-Reiseapotheke:<\/h3>\n<ul>\n<li>Verbandsmaterial, Pflaster, Schere, Pinzette, Halskragen (um gegebenenfalls den Hund daran zu hindern, an einer Wunde zu kratzen)<\/li>\n<li>Jodl\u00f6sung zur Desinfektion<\/li>\n<li>Zeckenzange, Flohkamm,<\/li>\n<li>Augensp\u00fcll\u00f6sung<\/li>\n<li>Wund- und Heilsalbe<\/li>\n<li>Kot- und Urinprobenbeutel<\/li>\n<li>Einmalhandschuhe<\/li>\n<li>Fieberthermometer (wichtig: die normale Temperatur beim Hund liegt bei 38-39 \u00b0C)<\/li>\n<li>Maulkorb<\/li>\n<li>Medikamente, die dein Hund \u00fcblicherweise braucht oder brauchen k\u00f6nnte (nach tier\u00e4rztlicher R\u00fccksprache)<\/li>\n<li>Einwegspritze (ohne Nadel), um gegebenenfalls Medikamente verabreichen zu k\u00f6nnen, auch gut geeignet, um im Fall der F\u00e4lle die Augen zu sp\u00fclen<\/li>\n<li>Medikamente nach R\u00fccksprache mit dem oder der Tier\u00e4rzt:in, die besonders auf Reisen ben\u00f6tigt werden k\u00f6nnten. Beispielsweise: Reisetabletten, Durchfallmittel, Beruhigungsmittel, Mittel gegen Parasiten.<\/li>\n<\/ul>\n<p>Zu deinem Handwerkszeug geh\u00f6ren vielleicht auch hom\u00f6opathische Pr\u00e4parate. Wichtig auch hier: Wende sie stets nur in Absprache mit dem oder der Tier\u00e4rzt:in an.<\/p>\n<h2>Hom\u00f6opathie f\u00fcr Hunde im Urlaub<\/h2>\n<p>Bei gesundheitlichen Beschwerden sollte man grunds\u00e4tzlich tier\u00e4rztlichen Rat einholen. F\u00fcr die Wirksamkeit hom\u00f6opathischer Behandlungen gibt keine wissenschaftlichen Nachweise. Hundehalter:innen berichten jedoch immer wieder von positiven Erfahrungen mit hom\u00f6opathischen Mitteln. Folgende hom\u00f6opathische Mittel k\u00f6nnen beispielsweise eingesetzt werden:<\/p>\n<ul>\n<li>Arnica montana bei Schmerzen<\/li>\n<li>Aconitum bei \u00c4ngstlichkeit<\/li>\n<li>Nux vomica bei Reise\u00fcbelkeit, Durchfall, Verstopfung<\/li>\n<li>Apis mellifica bei Schwellungen und Entz\u00fcndungen<\/li>\n<\/ul>\n<h2>Erste-Hilfe-Set f\u00fcr Hunde kontrollieren<\/h2>\n<p>Vielleicht hast du bereits f\u00fcr Ausfl\u00fcge oder <a href=\"https:\/\/uelzener.de\/magazin\/hund\/tipps-fuer-den-alltag\/wandern-mit-hund-tipps-tricks\/\">Wanderungen mit deinem Hund<\/a> ein Erste-Hilfe-Set parat. Dieses solltest du unbedingt auch im <a href=\"https:\/\/uelzener.de\/magazin\/hund\/tipps-fuer-den-alltag\/urlaub-mit-hund-tipps\/\">Urlaub mit dem Hund<\/a> mitnehmen, wenn du mit deinem vierbeinigen Freund unterwegs bist. Vor deinem Start in die Ferien solltest du dein Erste-Hilfe-Set kontrollieren und gegebenenfalls auff\u00fcllen.<\/p>\n<p>In ein Erste-Hilfe-Set geh\u00f6rt Folgendes:<\/p>\n<ul>\n<li>Einweghandschuhe<\/li>\n<li>Desinfektionst\u00fccher<\/li>\n<li>Zeckenzange, Schere, Pinzette<\/li>\n<li>sterile Wundauflagen<\/li>\n<li>Verbandsmaterial<\/li>\n<li>Erste-Hilfe-Anleitung<\/li>\n<\/ul>\n<p>Hast du bisher kein Erste-Hilfe-Set f\u00fcr deinen Hund, ist jetzt die perfekte Gelegenheit, dir eines zusammenzustellen oder anzuschaffen.<\/p>\n<p><img decoding=\"async\" class=\"alignnone wp-image-18747 size-large\" src=\"https:\/\/uelzener.de\/magazin\/app\/uploads\/2025\/07\/infografik-urlaub-mit-hund-1024x1024.jpg\" alt=\"Infografik der Uelzener Versicherungen: Urlaub mit Hund.\" width=\"1024\" height=\"1024\" srcset=\"https:\/\/uelzener.de\/magazin\/app\/uploads\/2025\/07\/infografik-urlaub-mit-hund-1024x1024.jpg 1024w, https:\/\/uelzener.de\/magazin\/app\/uploads\/2025\/07\/infografik-urlaub-mit-hund-300x300.jpg 300w, https:\/\/uelzener.de\/magazin\/app\/uploads\/2025\/07\/infografik-urlaub-mit-hund-150x150.jpg 150w, https:\/\/uelzener.de\/magazin\/app\/uploads\/2025\/07\/infografik-urlaub-mit-hund-768x768.jpg 768w, https:\/\/uelzener.de\/magazin\/app\/uploads\/2025\/07\/infografik-urlaub-mit-hund-1536x1536.jpg 1536w, https:\/\/uelzener.de\/magazin\/app\/uploads\/2025\/07\/infografik-urlaub-mit-hund-2048x2048.jpg 2048w, https:\/\/uelzener.de\/magazin\/app\/uploads\/2025\/07\/infografik-urlaub-mit-hund-1026x1026.jpg 1026w, https:\/\/uelzener.de\/magazin\/app\/uploads\/2025\/07\/infografik-urlaub-mit-hund-668x668.jpg 668w\" sizes=\"(max-width: 1024px) 100vw, 1024px\" \/><\/p>\n<h2>Tipps<\/h2>\n<h3>Rechtzeitig in die tier\u00e4rztliche Praxis<\/h3>\n<p>Kleinere Wunden kannst du selbst verarzten. Jedoch solltest du bei Anzeichen f\u00fcr <a href=\"https:\/\/uelzener.de\/magazin\/hund\/tiergesundheit\/hundekrankheiten-unfaelle\/\">Hundekrankheiten und Unf\u00e4llen<\/a> im Zweifel die tier\u00e4rztliche Praxis aufsuchen. Beispielsweise stellst du fest: Mein <a href=\"https:\/\/uelzener.de\/magazin\/hund\/ernaehrung\/hund-frisst-bei-hitze-nicht\/\">Hund frisst nicht bei Hitze<\/a>. Das kann eine v\u00f6llig nat\u00fcrliche Reaktion bei warmem Wetter sein. Dahinter kann sich aber auch ein Krankheitsanzeichen verbergen. Recherchiere am besten im Vorfeld, wo es in der N\u00e4he deines Urlaubsorts eine tier\u00e4rztliche Praxis gibt, sodass du bei Krankheitsanzeichen oder einer Verletzung schnell tier\u00e4rztliche Hilfe bekommen kannst. Damit du auch im Urlaub Tierarztkosten absicherst, ist eine Hunde-OP- oder Krankenversicherung mit Auslandsschutz sinnvoll.<\/p>\n\n<div class=\"banner\">\n    <a href=\"https:\/\/uelzener.de\/hund\/?agt=0000104925&sem=true&utm_medium=magazin&utm_source=wordpress&utm_campaign=hund&utm_content=banner\">\n        <img decoding=\"async\" width=\"300\" height=\"212\" src=\"https:\/\/uelzener.de\/magazin\/app\/uploads\/2023\/10\/Hunde-Versicherung.jpg\" class=\"attachment-medium size-medium\" alt=\"Banner Hunde-Versicherung\" \/>    <\/a>\n<\/div>\n\n<h3>Tiermedizinische Unterlagen<\/h3>\n<p>Trage die wichtigen Informationen, die die Gesundheit deines Hundes betreffen zusammen. Nimm sie mit, um jederzeit \u00fcber die Krankengeschichte und die gesundheitlichen Probleme deines Vierbeiners Auskunft geben zu k\u00f6nnen. Um Platz zu sparen, kannst du sie einscannen oder abfotografieren. So hast du alles Wichtige auf dem Handy parat.<\/p>\n<h3>\u00dcbersetzungen parat haben<\/h3>\n<p>Im Notfall bist du vielleicht froh, wenn du die wichtigsten Informationen zur Krankengeschichte deines Hundes in der Landessprache parat hast. Um besonders gut auf alle Eventualit\u00e4ten vorbereitet sein, erstellst du vor der Abreise \u00dcbersetzungen der wichtigsten Unterlagen. Gute \u00dcbersetzungsapps machen dies heute sehr leicht m\u00f6glich.<\/p>\n<h3>Urlaub im Ausland<\/h3>\n<p>F\u00e4hrst du mit deinem Hund ins Ausland, ist eine gute Vorbereitung besonders wichtig. Recherchiere daher im Vorfeld die Informationen, die du f\u00fcr deinen Auslandsurlaub brauchst. Gerade wenn du mit deinem Hund fliegen willst, geh\u00f6rt eine gute Vorbereitung dazu. Aber auch, wenn du <a href=\"https:\/\/uelzener.de\/magazin\/hund\/erziehung-und-training\/hund-im-auto\/\">mit dem Hund im Auto unterwegs<\/a> bist, solltest du dich vorbereiten. Dazu geh\u00f6rt zum Beispiel eine Vorabrecherche zu Tier\u00e4rzt:innen vor Ort. Au\u00dferdem hat jedes Land eigene Regelungen f\u00fcr die Einreise und den Aufenthalt mit Hund. Nach folgenden Bestimmungen solltest du dich im Vorfeld erkundigen.<\/p>\n<h3>Gesetzliche Bestimmungen f\u00fcr das Urlaubsland:<\/h3>\n<ul>\n<li>Erforderliche Impfungen (beispielsweise Tollwut, Leptospirose)<\/li>\n<li>Gesetze zum Mitf\u00fchren von Medikamenten,<\/li>\n<li>Erforderliche Unterlagen (beispielsweise EU-Heimtierausweis, tier\u00e4rztliches Gesundheitszeugnis)<\/li>\n<li>Identifikationsmethode (Mikrochip, T\u00e4towierung),<\/li>\n<li>Leinenzwang (Wo und zu welcher Jahreszeit ist Laufen ohne Leine erlaubt?)<\/li>\n<li>Ausschl\u00fcsse, wie beispielsweise bestimmte Rassen oder Welpen.<\/li>\n<\/ul>\n<p>So braucht man in EU-L\u00e4ndern, wie Kroatien, Spanien, Italien, Schweden unter anderem einen EU-Heimtierausweis, eine Mikrochip-Kennzeichnung und eine g\u00fcltige Tollwutimpfung, die mindestens 21 Tage alt ist. In Nicht-EU-L\u00e4ndern k\u00f6nnen die gesetzlichen Vorgaben nochmal anders sein. So brauchst du bei einer Reise nach \u00c4gypten beispielsweise ein internationales Gesundheitszeugnis, das vom Kreistierarzt am Heimatort ausgestellt werden muss. Auch bei einer Karibik-Kreuzfahrt ben\u00f6tigt man neben anderem ein internationales Gesundheitszeugnis. Vor einer Reise in die T\u00fcrkei solltest du beispielsweise eine Tollwut-Antik\u00f6rperbestimmung vornehmen und im EU-Heimtierausweis vermerken lassen. Du brauchst diesen Test, um wieder in die EU einreisen zu k\u00f6nnen. Erkundige dich rechtzeitig vor deiner Reise, was genau du f\u00fcr welches Urlaubsziel ber\u00fccksichtigen musst. So hast du ausreichend Zeit, um dich und deinen Vierbeiner vor den Ferien entspannt vorzubereiten.<\/p>\n<h2>Fazit<\/h2>\n<p>Gleichg\u00fcltig welche Reise du planst. Ob du einen Winterurlaub mit dem Hund verbringen m\u00f6chtest oder planst, im Sommer mit dem Hund ans Meer zu fahren, beispielsweise an die beliebtesten Hundestr\u00e4nde an der Ostsee. Es kann jederzeit etwas geschehen. Sei es, dass der Hund sich verletzt oder wom\u00f6glich krank wird. Ist der Hund krank, macht man sich Sorgen und m\u00f6chte ihm m\u00f6glichst schnell helfen. Eine gute Vorbereitung hilft dabei, auch mit schwierigen gesundheitlichen Herausforderungen gut umgehen zu k\u00f6nnen. Daher geh\u00f6rt die Reiseapotheke neben den Reisevorbereitungen f\u00fcr den Hund ganz oben auf die To-do-Liste f\u00fcr den Urlaub.<\/p>\n\n<div class=\"related_articles boxed\">\n    <h2>Mehr zum Thema<\/h2>\n    \n    <div class=\"wrapper\"><div class=\"title align-center\"><h3><a href=\"https:\/\/uelzener.de\/magazin\/hund\/tipps-fuer-den-alltag\/hundestrand-ostsee\/\">Die beliebtesten Hundestr\u00e4nde an der Ostsee<\/a><\/h3><\/div><div class=\"img align-center\"><img decoding=\"async\" width=\"315\" height=\"180\" src=\"https:\/\/uelzener.de\/magazin\/app\/uploads\/2023\/01\/beste-hundestraende-315x180.jpg\" class=\"attachment-315x180 size-315x180 wp-post-image\" alt=\"Wo sind die besten Hundestr\u00e4nde an der Ostsee?\" \/><\/div><\/div><div class=\"wrapper\"><div class=\"title align-center\"><h3><a href=\"https:\/\/uelzener.de\/magazin\/hund\/tipps-fuer-den-alltag\/winterurlaub-mit-hund\/\">Winterurlaub mit Hund: Das gilt es zu beachten<\/a><\/h3><\/div><div class=\"img align-center\"><img decoding=\"async\" width=\"315\" height=\"180\" src=\"https:\/\/uelzener.de\/magazin\/app\/uploads\/2021\/10\/Winterurlaub-mit-Hund-315x180.jpg\" class=\"attachment-315x180 size-315x180 wp-post-image\" alt=\"Mann und Frau sind mit ihrem Hund im Winterurlaub. Sie sitzen mit Snowboards und ihrem Hund im Schnee.\" \/><\/div><\/div><div class=\"wrapper\"><div class=\"title align-center\"><h3><a href=\"https:\/\/uelzener.de\/magazin\/hund\/tipps-fuer-den-alltag\/deutschlands-schoenste-hundestraende\/\">Mit dem Hund ans Meer: Deutschlands sch\u00f6nste Hundestr\u00e4nde<\/a><\/h3><\/div><div class=\"img align-center\"><img decoding=\"async\" width=\"315\" height=\"180\" src=\"https:\/\/uelzener.de\/magazin\/app\/uploads\/2022\/07\/Header_Schoenste-Hundestraende-315x180.jpg\" class=\"attachment-315x180 size-315x180 wp-post-image\" alt=\"Frau sitzt mit Hund am Strand vor D\u00fcnen, sie besuchen gerne Hundestr\u00e4nde.\" \/><\/div><\/div><\/div>\n\n<h2>FAQ: H\u00e4ufig gestellte Fragen<\/h2>\n<h3>Kann ich meinem Hund Reisetabletten geben?<\/h3>\n<p>Grunds\u00e4tzlich gibt es die M\u00f6glichkeit, Hunden Reisetabletten zu Verhinderung von \u00dcbelkeit und Erbrechen zu geben. Dies sollte jedoch immer mit dem oder der Tier\u00e4rzt:in abgesprochen sein. Der oder die Tier\u00e4rzt:in kann Medikamente empfehlen, die f\u00fcr den speziellen Hund geeignet sind.<\/p>\n<h3>Bezahlt meine Hundeversicherung Notf\u00e4lle im Ausland?<\/h3>\n<p>Viele Hundeversicherungen beinhalten einen Auslandsschutz. Bei den Versicherungen der Uelzener ist ein Auslandsschutz in unterschiedlichem Umfang je nach Tarif enthalten. Hier findest du alle wichtigen Informationen zu den Krankenversicherungen bei der Uelzener: <a href=\"https:\/\/uelzener.de\/hund\/\">Hundeversicherung. Rundumschutz f\u00fcr unseren Vierbeiner.<\/a><\/p>\n","protected":false},"excerpt":{"rendered":"<p>Ein Urlaub mit Hund geh\u00f6rt mit zu dem Sch\u00f6nsten, was das Leben mit einem vierbeinigen Freund zu bieten hat. Viel Zeit zum Spielen, Spazierengehen und Aufregendes erleben. Wenn dann etwas passiert, der Hund krank wird oder sich verletzt, ist es gut, mit einer optimal ausgestatteten Reiseapotheke gewappnet zu sein. Hier erf\u00e4hrst du, was genau hineingeh\u00f6rt [&hellip;]<\/p>\n","protected":false},"author":11,"featured_media":14927,"parent":11687,"menu_order":9,"comment_status":"closed","ping_status":"closed","template":"templates\/blog.php","meta":{"_acf_changed":false,"_crdt_document":"","footnotes":"","beyondwords_generate_audio":"0","beyondwords_project_id":"","beyondwords_content_id":"","beyondwords_preview_token":"","beyondwords_player_style":"","beyondwords_language_id":"","beyondwords_title_voice_id":"","beyondwords_body_voice_id":"","beyondwords_summary_voice_id":"","beyondwords_error_message":"","beyondwords_disabled":"","beyondwords_delete_content":"","beyondwords_podcast_id":"","beyondwords_hash":"","publish_post_to_speechkit":"","speechkit_hash":"","speechkit_generate_audio":"","speechkit_project_id":"","speechkit_podcast_id":"","speechkit_error_message":"","speechkit_disabled":"","speechkit_access_key":"","speechkit_error":"","speechkit_info":"","speechkit_response":"","speechkit_retries":"","speechkit_status":"","speechkit_updated_at":"","_speechkit_link":"","_speechkit_text":""},"class_list":["post-14925","page","type-page","status-publish","has-post-thumbnail","hentry"],"acf":[],"yoast_head":"<!-- This site is optimized with the Yoast SEO Premium plugin  - https:\/\/yoast.com\/product\/yoast-seo-premium-wordpress\/ -->\n<title>Reiseapotheke f\u00fcr den Hund: Checkliste und Tipps | Uelzener Magazin<\/title>\n<meta name=\"description\" content=\"F\u00fcr den Notfall ger\u00fcstet: Erste-Hilfe-Set, Hom\u00f6opathie und gesetzlichen Bestimmungen im Reiseland. Das ist wichtig.\" \/>\n<meta name=\"robots\" content=\"index, follow, max-snippet:-1, max-image-preview:large, max-video-preview:-1\" \/>\n<link rel=\"canonical\" href=\"https:\/\/uelzener.de\/magazin\/hund\/haeufige-fragen\/reiseapotheke-fuer-hund-checkliste-tipps\/\" \/>\n<meta property=\"og:locale\" content=\"de_DE\" \/>\n<meta property=\"og:type\" content=\"article\" \/>\n<meta property=\"og:title\" content=\"Reiseapotheke f\u00fcr den Hund: Checkliste und Tipps\" \/>\n<meta property=\"og:description\" content=\"F\u00fcr den Notfall ger\u00fcstet: Erste-Hilfe-Set, Hom\u00f6opathie und gesetzlichen Bestimmungen im Reiseland. Das ist wichtig.\" \/>\n<meta property=\"og:url\" content=\"https:\/\/uelzener.de\/magazin\/hund\/haeufige-fragen\/reiseapotheke-fuer-hund-checkliste-tipps\/\" \/>\n<meta property=\"og:site_name\" content=\"Uelzener Tier-Magazin\" \/>\n<meta property=\"article:publisher\" content=\"https:\/\/www.facebook.com\/Uelzener\" \/>\n<meta property=\"article:modified_time\" content=\"2025-07-28T12:11:51+00:00\" \/>\n<meta property=\"og:image\" content=\"https:\/\/uelzener.de\/magazin\/app\/uploads\/2023\/02\/reiseapotheke-hund.jpg\" \/>\n\t<meta property=\"og:image:width\" content=\"1025\" \/>\n\t<meta property=\"og:image:height\" content=\"450\" \/>\n\t<meta property=\"og:image:type\" content=\"image\/jpeg\" \/>\n<meta name=\"twitter:card\" content=\"summary_large_image\" \/>\n<meta name=\"twitter:label1\" content=\"Gesch\u00e4tzte Lesezeit\" \/>\n\t<meta name=\"twitter:data1\" content=\"7\u00a0Minuten\" \/>\n<script type=\"application\/ld+json\" class=\"yoast-schema-graph\">{\"@context\":\"https:\/\/schema.org\",\"@graph\":[{\"@type\":\"WebPage\",\"@id\":\"https:\/\/uelzener.de\/magazin\/hund\/haeufige-fragen\/reiseapotheke-fuer-hund-checkliste-tipps\/\",\"url\":\"https:\/\/uelzener.de\/magazin\/hund\/haeufige-fragen\/reiseapotheke-fuer-hund-checkliste-tipps\/\",\"name\":\"Reiseapotheke f\u00fcr den Hund: Checkliste und Tipps | Uelzener Magazin\",\"isPartOf\":{\"@id\":\"https:\/\/uelzener.de\/magazin\/#website\"},\"primaryImageOfPage\":{\"@id\":\"https:\/\/uelzener.de\/magazin\/hund\/haeufige-fragen\/reiseapotheke-fuer-hund-checkliste-tipps\/#primaryimage\"},\"image\":{\"@id\":\"https:\/\/uelzener.de\/magazin\/hund\/haeufige-fragen\/reiseapotheke-fuer-hund-checkliste-tipps\/#primaryimage\"},\"thumbnailUrl\":\"https:\/\/uelzener.de\/magazin\/app\/uploads\/2023\/02\/reiseapotheke-hund.jpg\",\"datePublished\":\"2023-02-11T06:05:06+00:00\",\"dateModified\":\"2025-07-28T12:11:51+00:00\",\"description\":\"F\u00fcr den Notfall ger\u00fcstet: Erste-Hilfe-Set, Hom\u00f6opathie und gesetzlichen Bestimmungen im Reiseland. Das ist wichtig.\",\"breadcrumb\":{\"@id\":\"https:\/\/uelzener.de\/magazin\/hund\/haeufige-fragen\/reiseapotheke-fuer-hund-checkliste-tipps\/#breadcrumb\"},\"inLanguage\":\"de\",\"potentialAction\":[{\"@type\":\"ReadAction\",\"target\":[\"https:\/\/uelzener.de\/magazin\/hund\/haeufige-fragen\/reiseapotheke-fuer-hund-checkliste-tipps\/\"]}]},{\"@type\":\"ImageObject\",\"inLanguage\":\"de\",\"@id\":\"https:\/\/uelzener.de\/magazin\/hund\/haeufige-fragen\/reiseapotheke-fuer-hund-checkliste-tipps\/#primaryimage\",\"url\":\"https:\/\/uelzener.de\/magazin\/app\/uploads\/2023\/02\/reiseapotheke-hund.jpg\",\"contentUrl\":\"https:\/\/uelzener.de\/magazin\/app\/uploads\/2023\/02\/reiseapotheke-hund.jpg\",\"width\":1025,\"height\":450,\"caption\":\"Hund neben orangenem Trolley. Bei Reisen auch an die Reiseapotheke f\u00fcr den Hund denken.\"},{\"@type\":\"WebSite\",\"@id\":\"https:\/\/uelzener.de\/magazin\/#website\",\"url\":\"https:\/\/uelzener.de\/magazin\/\",\"name\":\"Uelzener Tiermagazin\",\"description\":\"Online Tierratgeber der Uelzener Versicherungen\",\"publisher\":{\"@id\":\"https:\/\/uelzener.de\/magazin\/#organization\"},\"potentialAction\":[{\"@type\":\"SearchAction\",\"target\":{\"@type\":\"EntryPoint\",\"urlTemplate\":\"https:\/\/uelzener.de\/magazin\/?s={search_term_string}\"},\"query-input\":{\"@type\":\"PropertyValueSpecification\",\"valueRequired\":true,\"valueName\":\"search_term_string\"}}],\"inLanguage\":\"de\"},{\"@type\":\"Organization\",\"@id\":\"https:\/\/uelzener.de\/magazin\/#organization\",\"name\":\"Uelzener Versicherungen\",\"url\":\"https:\/\/uelzener.de\/magazin\/\",\"logo\":{\"@type\":\"ImageObject\",\"inLanguage\":\"de\",\"@id\":\"https:\/\/uelzener.de\/magazin\/#\/schema\/logo\/image\/\",\"url\":\"https:\/\/uelzener.de\/magazin\/app\/uploads\/2024\/11\/uelzener_allgemeine_versicherungsgesellschaft_a_g_logo.jpg\",\"contentUrl\":\"https:\/\/uelzener.de\/magazin\/app\/uploads\/2024\/11\/uelzener_allgemeine_versicherungsgesellschaft_a_g_logo.jpg\",\"width\":200,\"height\":200,\"caption\":\"Uelzener Versicherungen\"},\"image\":{\"@id\":\"https:\/\/uelzener.de\/magazin\/#\/schema\/logo\/image\/\"},\"sameAs\":[\"https:\/\/www.facebook.com\/Uelzener\",\"https:\/\/instagram.com\/uelzener\",\"https:\/\/www.xing.com\/pages\/uelzenerallgemeineversicherungs-gesellschafta-g\",\"https:\/\/www.youtube.com\/UelzenerVersicherungen\"]}]}<\/script>\n<!-- \/ Yoast SEO Premium plugin. -->","yoast_head_json":{"title":"Reiseapotheke f\u00fcr den Hund: Checkliste und Tipps | Uelzener Magazin","description":"F\u00fcr den Notfall ger\u00fcstet: Erste-Hilfe-Set, Hom\u00f6opathie und gesetzlichen Bestimmungen im Reiseland. Das ist wichtig.","robots":{"index":"index","follow":"follow","max-snippet":"max-snippet:-1","max-image-preview":"max-image-preview:large","max-video-preview":"max-video-preview:-1"},"canonical":"https:\/\/uelzener.de\/magazin\/hund\/haeufige-fragen\/reiseapotheke-fuer-hund-checkliste-tipps\/","og_locale":"de_DE","og_type":"article","og_title":"Reiseapotheke f\u00fcr den Hund: Checkliste und Tipps","og_description":"F\u00fcr den Notfall ger\u00fcstet: Erste-Hilfe-Set, Hom\u00f6opathie und gesetzlichen Bestimmungen im Reiseland. Das ist wichtig.","og_url":"https:\/\/uelzener.de\/magazin\/hund\/haeufige-fragen\/reiseapotheke-fuer-hund-checkliste-tipps\/","og_site_name":"Uelzener Tier-Magazin","article_publisher":"https:\/\/www.facebook.com\/Uelzener","article_modified_time":"2025-07-28T12:11:51+00:00","og_image":[{"width":1025,"height":450,"url":"https:\/\/uelzener.de\/magazin\/app\/uploads\/2023\/02\/reiseapotheke-hund.jpg","type":"image\/jpeg"}],"twitter_card":"summary_large_image","twitter_misc":{"Gesch\u00e4tzte Lesezeit":"7\u00a0Minuten"},"schema":{"@context":"https:\/\/schema.org","@graph":[{"@type":"WebPage","@id":"https:\/\/uelzener.de\/magazin\/hund\/haeufige-fragen\/reiseapotheke-fuer-hund-checkliste-tipps\/","url":"https:\/\/uelzener.de\/magazin\/hund\/haeufige-fragen\/reiseapotheke-fuer-hund-checkliste-tipps\/","name":"Reiseapotheke f\u00fcr den Hund: Checkliste und Tipps | Uelzener Magazin","isPartOf":{"@id":"https:\/\/uelzener.de\/magazin\/#website"},"primaryImageOfPage":{"@id":"https:\/\/uelzener.de\/magazin\/hund\/haeufige-fragen\/reiseapotheke-fuer-hund-checkliste-tipps\/#primaryimage"},"image":{"@id":"https:\/\/uelzener.de\/magazin\/hund\/haeufige-fragen\/reiseapotheke-fuer-hund-checkliste-tipps\/#primaryimage"},"thumbnailUrl":"https:\/\/uelzener.de\/magazin\/app\/uploads\/2023\/02\/reiseapotheke-hund.jpg","datePublished":"2023-02-11T06:05:06+00:00","dateModified":"2025-07-28T12:11:51+00:00","description":"F\u00fcr den Notfall ger\u00fcstet: Erste-Hilfe-Set, Hom\u00f6opathie und gesetzlichen Bestimmungen im Reiseland. Das ist wichtig.","breadcrumb":{"@id":"https:\/\/uelzener.de\/magazin\/hund\/haeufige-fragen\/reiseapotheke-fuer-hund-checkliste-tipps\/#breadcrumb"},"inLanguage":"de","potentialAction":[{"@type":"ReadAction","target":["https:\/\/uelzener.de\/magazin\/hund\/haeufige-fragen\/reiseapotheke-fuer-hund-checkliste-tipps\/"]}]},{"@type":"ImageObject","inLanguage":"de","@id":"https:\/\/uelzener.de\/magazin\/hund\/haeufige-fragen\/reiseapotheke-fuer-hund-checkliste-tipps\/#primaryimage","url":"https:\/\/uelzener.de\/magazin\/app\/uploads\/2023\/02\/reiseapotheke-hund.jpg","contentUrl":"https:\/\/uelzener.de\/magazin\/app\/uploads\/2023\/02\/reiseapotheke-hund.jpg","width":1025,"height":450,"caption":"Hund neben orangenem Trolley. Bei Reisen auch an die Reiseapotheke f\u00fcr den Hund denken."},{"@type":"WebSite","@id":"https:\/\/uelzener.de\/magazin\/#website","url":"https:\/\/uelzener.de\/magazin\/","name":"Uelzener Tiermagazin","description":"Online Tierratgeber der Uelzener Versicherungen","publisher":{"@id":"https:\/\/uelzener.de\/magazin\/#organization"},"potentialAction":[{"@type":"SearchAction","target":{"@type":"EntryPoint","urlTemplate":"https:\/\/uelzener.de\/magazin\/?s={search_term_string}"},"query-input":{"@type":"PropertyValueSpecification","valueRequired":true,"valueName":"search_term_string"}}],"inLanguage":"de"},{"@type":"Organization","@id":"https:\/\/uelzener.de\/magazin\/#organization","name":"Uelzener Versicherungen","url":"https:\/\/uelzener.de\/magazin\/","logo":{"@type":"ImageObject","inLanguage":"de","@id":"https:\/\/uelzener.de\/magazin\/#\/schema\/logo\/image\/","url":"https:\/\/uelzener.de\/magazin\/app\/uploads\/2024\/11\/uelzener_allgemeine_versicherungsgesellschaft_a_g_logo.jpg","contentUrl":"https:\/\/uelzener.de\/magazin\/app\/uploads\/2024\/11\/uelzener_allgemeine_versicherungsgesellschaft_a_g_logo.jpg","width":200,"height":200,"caption":"Uelzener Versicherungen"},"image":{"@id":"https:\/\/uelzener.de\/magazin\/#\/schema\/logo\/image\/"},"sameAs":["https:\/\/www.facebook.com\/Uelzener","https:\/\/instagram.com\/uelzener","https:\/\/www.xing.com\/pages\/uelzenerallgemeineversicherungs-gesellschafta-g","https:\/\/www.youtube.com\/UelzenerVersicherungen"]}]}},"_links":{"self":[{"href":"https:\/\/uelzener.de\/magazin\/wp-json\/wp\/v2\/pages\/14925","targetHints":{"allow":["GET"]}}],"collection":[{"href":"https:\/\/uelzener.de\/magazin\/wp-json\/wp\/v2\/pages"}],"about":[{"href":"https:\/\/uelzener.de\/magazin\/wp-json\/wp\/v2\/types\/page"}],"author":[{"embeddable":true,"href":"https:\/\/uelzener.de\/magazin\/wp-json\/wp\/v2\/users\/11"}],"replies":[{"embeddable":true,"href":"https:\/\/uelzener.de\/magazin\/wp-json\/wp\/v2\/comments?post=14925"}],"version-history":[{"count":12,"href":"https:\/\/uelzener.de\/magazin\/wp-json\/wp\/v2\/pages\/14925\/revisions"}],"predecessor-version":[{"id":18757,"href":"https:\/\/uelzener.de\/magazin\/wp-json\/wp\/v2\/pages\/14925\/revisions\/18757"}],"up":[{"embeddable":true,"href":"https:\/\/uelzener.de\/magazin\/wp-json\/wp\/v2\/pages\/11687"}],"wp:featuredmedia":[{"embeddable":true,"href":"https:\/\/uelzener.de\/magazin\/wp-json\/wp\/v2\/media\/14927"}],"wp:attachment":[{"href":"https:\/\/uelzener.de\/magazin\/wp-json\/wp\/v2\/media?parent=14925"}],"curies":[{"name":"wp","href":"https:\/\/api.w.org\/{rel}","templated":true}]}}