{"id":14745,"date":"2023-01-20T17:29:06","date_gmt":"2023-01-20T16:29:06","guid":{"rendered":"https:\/\/uelzener.de\/magazin\/?page_id=14745"},"modified":"2025-10-30T09:37:37","modified_gmt":"2025-10-30T08:37:37","slug":"hufgeschwuer-hufabszess-beim-pferd","status":"publish","type":"page","link":"https:\/\/uelzener.de\/magazin\/pferd\/tiergesundheit\/hufgeschwuer-hufabszess-beim-pferd\/","title":{"rendered":"Hufgeschw\u00fcr und Hufabszess beim Pferd: Welche Versicherung zahlt?"},"content":{"rendered":"<p>Ein Hufabszess ist f\u00fcr dein Pferd schmerzhaft und unangenehm. Du hilfst ihm, wenn du die Symptome m\u00f6glichst schnell wahrnimmst und richtig reagierst. Doch, was steckt eigentlich hinter einem Hufgeschw\u00fcr, mit welchen Symptomen \u00e4u\u00dfert es sich und wie sieht die Behandlung aus?<\/p>\n<p>Direkt sortieren wir einmal die Begriffe. Man trifft bei Gespr\u00e4chen mit Pferdemenschen sowohl auf die Bezeichnung Hufgeschw\u00fcr als auch Hufabszess. Auch, wenn viele davon ausgehen, dass dies eigentlich dasselbe sei, gibt es Unterschiede. Ein Geschw\u00fcr und ein Abszess sind nicht dasselbe.<\/p>\n<p>In diesem Artikel geht es um den Hufabszess, der aber umgangssprachlich h\u00e4ufig auch als Hufgeschw\u00fcr bezeichnet wird.<\/p>\n<p>Bei einem Hufabszess hat sich im Inneren des Hufs eine eitrige Blase gebildet, die auf die Lederhaut des Pferdes dr\u00fcckt und starke Schmerzen verursacht. Als Erstes bemerken Reiter:innen ein Hufabszess meist an einer pl\u00f6tzlich auftretenden Lahmheit. Was ist die Ursache f\u00fcr diese so schmerzhafte Erkrankung?<\/p>\n<h2>Ursachen<\/h2>\n<p>Ein Hufabszess entwickelt sich, wenn die Hornkapsel besch\u00e4digt ist und Bakterien in das Innere eindringen. Die Lederhaut am Huf entz\u00fcndet sich und es sammelt sich Eiter an. Da das Innere durch die feste Hufkapsel nach au\u00dfen abgeschlossen ist, entsteht massiver Druck, der starke Schmerzen verursacht.<\/p>\n<p>Gelegenheiten, bei denen sich das Pferd am Huf verletzen kann, gibt es leider viele. Folgende Ursachen k\u00f6nnen zu einer Besch\u00e4digung des Hufes f\u00fchren:<\/p>\n<ul>\n<li>Verletzungen durch Steine oder andere Fremdk\u00f6rper<\/li>\n<li>Nageltritt<\/li>\n<li>schlechte Hufpflege<\/li>\n<li>Fehlerhafter Beschlag<\/li>\n<li>Nachl\u00e4ssige Hufbearbeitung<\/li>\n<li>Weiches Horn aufgrund feuchten Stehens<\/li>\n<\/ul>\n<p>Doch woran l\u00e4sst sich erkennen, ob ein Pferd unter einem Hufabszess leidet?<\/p>\n<h2>Symptome erkennen<\/h2>\n<p>Das erste und auff\u00e4lligste Anzeichen f\u00fcr einen Hufabszess ist eine \u00fcberwiegend pl\u00f6tzlich auftretende hochgradige Lahmheit aufgrund der starken Schmerzen. Folgende Symptome weisen auf einen Hufabszess hin.<\/p>\n<ul>\n<li>Das <a href=\"https:\/\/uelzener.de\/magazin\/pferd\/tiergesundheit\/pferd-lahmt\/\">Pferd lahmt<\/a>, oft sehr pl\u00f6tzlich, weil ein Hufabszess gro\u00dfe Schmerzen verursacht und das Pferd versucht, den betroffenen Huf zu schonen.<\/li>\n<li>Der Huf f\u00fchlt sich warm an.<\/li>\n<li>Mit der Hand l\u00e4sst sich ein Pochen im hinteren Bereich des Fesselkopfs ersp\u00fcren.<\/li>\n<li>Das Bein ist geschwollen (eher selten).<\/li>\n<li>Bei starker Entz\u00fcndung kann sich ein Hufabszess durch Fieber und Futterverweigerung \u00e4u\u00dfern.<\/li>\n<\/ul>\n<h2>Was tun bei einem Hufabszess<\/h2>\n<p>Wenn du zum Stall kommst und dein Pferd lahmt, ist der Schreck erst einmal gro\u00df. Grunds\u00e4tzlich ist es wichtig, Kenntnisse \u00fcber <a href=\"https:\/\/uelzener.de\/magazin\/pferd\/tiergesundheit\/erste-hilfe-beim-pferd\/\">Erste Hilfe beim Pferd<\/a> zu haben.<\/p>\n<p>Bei Verdacht auf einen Hufabszess sollte immer der oder die Tier\u00e4rzt:in zurate gezogen werden. Denn die Symptome k\u00f6nnen auch auf eine Verletzung, wie beispielsweise einen Haarriss oder Bruch, hinweisen. Aber auch wenn es sich tats\u00e4chlich um einen Hufabszess handelt, ist die tiermedizinische Behandlung das Beste, was du f\u00fcr dein Pferd tun kannst.<\/p>\n<p>Bei der Untersuchung wird mithilfe einer Hufzange gepr\u00fcft, ob es sich um einen Abszess handelt und wo er sitzt. Erg\u00e4nzend k\u00f6nnen weitere Untersuchungen n\u00f6tig werden. Beispielsweise l\u00e4sst sich auf R\u00f6ntgenaufnahmen erkennen, ob sich ein Fremdk\u00f6rper im Huf befindet. Au\u00dferdem kann auf diese Weise feststellen, wo der Abszess genau sitzt und wie tief er wom\u00f6glich in den Huf vorgedrungen ist.<\/p>\n<p>Best\u00e4tigt sich der Verdacht eines Hufabszesses, wird der Abszess ge\u00f6ffnet, sodass der Eiter abflie\u00dfen kann. Dies f\u00fchrt zu einer ersten Entlastung beim Pferd. Es geht ihm meist sofort besser.<\/p>\n<p>Leider l\u00e4sst sich ein Abszess nicht immer direkt \u00f6ffnen. Dann wird mithilfe von W\u00e4rme und Feuchtigkeit der Abszess zur Reife gebracht, sodass er sich schlie\u00dflich \u00f6ffnen l\u00e4sst oder sogar von selbst aufbricht und der Eiter dann endlich abflie\u00dfen kann. Dazu legt man dem Pferd einen Verband an, der m\u00f6glichst dauerhaft feucht gehalten wird. Zwei Verbandsarten haben sich besonders bew\u00e4hrt. G\u00e4ngig ist ein Aufgussverband mit Rivanol oder als altes Hausmittel wird auch heute noch h\u00e4ufig mit Erfolg ein Sauerkrautverband verwendet.<\/p>\n<p>Ist der Eiter abgeflossen, bleibt ein Loch zur\u00fcck, das gut sauber gehalten, desinfiziert und mit einem trockenen Hufverband und bei Bedarf mit einem Hufschuh vor Verschmutzungen gesch\u00fctzt werden muss. Mitunter wird der oder die Tier\u00e4rzt:in ein Antibiotiakum und\/oder ein Schmerzmittel verschreiben. Nach wenigen Tagen ist das Loch meist verhornt. Ab und an h\u00f6rt man von Reiter:innen, die zum Verschlie\u00dfen des Lochs Kaugummi verwenden. Dies ist jedoch keine geeignete L\u00f6sung, weil sie das Risiko erneuter Infektion mit sich bringt.<\/p>\n<p>Mit einem entsprechend gesch\u00fctzten Loch kann das Pferd nach kurzer Zeit wieder auf die Weide. Bis es wieder geritten werden kann, sollte man noch abwarten. Hier ist die R\u00fccksprache mit dem oder der Tier\u00e4rzt:in entscheidend. Eine zu fr\u00fche und zu starke Belastung kann zu Folgesch\u00e4den f\u00fchren.<\/p>\n<h3>Hausmittel<\/h3>\n<p>Auch Hausmittel k\u00f6nnen erg\u00e4nzend zur tier\u00e4rztlichen Behandlung eines Hufabszesses helfen.<\/p>\n<ul>\n<li>Als Hausmittel hat sich Sauerkraut bew\u00e4hrt, das in Form eines Verbands hilft, das Horn aufzuweichen. So kann das Geschw\u00fcr reifen und aufbrechen bzw. leichter durch den oder die Tier\u00e4rzt:in ge\u00f6ffnet werden.<\/li>\n<li>Myrrhentinktur und Propolistinktur k\u00f6nnen entz\u00fcndungshemmend und f\u00f6rderlich f\u00fcr die Heilung wirken.<\/li>\n<li>Die Hornbildung kann mit Zink und Schwefel als Zuf\u00fctterung unterst\u00fctzt werden.<\/li>\n<\/ul>\n<p>Bei der Anwendung von Pr\u00e4paraten oder Erg\u00e4nzungen im Futter sollte immer eine tier\u00e4rztliche Meinung eingeholt werden.<\/p>\n<h3>Hom\u00f6opathie<\/h3>\n<p>Bei gesundheitlichen Beschwerden sollte man grunds\u00e4tzlich tier\u00e4rztlichen Rat einholen. F\u00fcr die Wirksamkeit hom\u00f6opathischer Behandlungen gibt keine wissenschaftlichen Nachweise. Tierhalter:innen berichten jedoch immer wieder von positiven Erfahrungen mit hom\u00f6opathischen Mitteln. Tierheilpraktiker:innen empfehlen unter anderem:<\/p>\n<ul>\n<li>Hepar Sulfuris (zur Unterst\u00fctzung bei der Reifung des Abszesses)<\/li>\n<li>Kreosotum<\/li>\n<li>Asa foetieda<\/li>\n<li>Myristica sebifera<\/li>\n<\/ul>\n<h3>Schmerzmittel<\/h3>\n<p>Schmerzmittel verschreiben Tier\u00e4rzt:innen, um dem Pferd die Zeit bis zum Aufbrechen des Geschw\u00fcrs zu erleichtern. Denn so lange die Eiterblase noch nicht ge\u00f6ffnet ist und der Eiter nicht abflie\u00dfen kann, verursacht der Druck auf die Lederhaut des Hufes Schmerzen.<\/p>\n<h2>Welche Versicherung zahlt Hufabszess beim Pferd?<\/h2>\n<p>Die Behandlung eines Hufabszesses wird nicht von jeder Versicherung in jedem Fall \u00fcbernommen.<\/p>\n<p>Eine tier\u00e4rztliche Behandlung eines Hufabszesses wird von der Pferde-Krankenversicherung der Uelzener jedoch \u00fcbernommen.<\/p>\n\n<div class=\"banner\">\n    <a href=\"https:\/\/uelzener.de\/pferd\/herden-versicherung\/?agt=0000104925&sem=true&utm_medium=magazin&utm_source=wordpress&utm_campaign=pferd_kv&utm_content=banner    \">\n        <img decoding=\"async\" width=\"300\" height=\"212\" src=\"https:\/\/uelzener.de\/magazin\/app\/uploads\/2025\/01\/Pferde-Kranken-Versicherung.jpg\" class=\"attachment-medium size-medium\" alt=\"Banner Pferde-Kranken-Versicherung\" \/>    <\/a>\n<\/div>\n\n<h2>Fazit<\/h2>\n<p>Ein Hufabszess ist f\u00fcr das Pferd eine sehr schmerzhafte Erfahrung. Wichtig ist, schnell zu handeln, sodass es dem vierbeinigen Freund m\u00f6glichst rasch wieder gut geht. Zudem ist eine z\u00fcgige Behandlung wichtig, damit sich der Abszess nicht ausweitet und wom\u00f6glich das Hufbein und damit die Knochen des Pferdes angreift.<\/p>\n\n<div class=\"related_articles boxed\">\n    <h2>Mehr zum Thema<\/h2>\n    \n    <div class=\"wrapper\"><div class=\"title align-center\"><h3><a href=\"https:\/\/uelzener.de\/magazin\/pferd\/tiergesundheit\/hufrollen-syndrom-einfach-erklaert\/\">Wenn Pferde lahmen: Das Hufrollen-Syndrom einfach erkl\u00e4rt<\/a><\/h3><\/div><div class=\"img align-center\"><img decoding=\"async\" width=\"315\" height=\"138\" src=\"https:\/\/uelzener.de\/magazin\/app\/uploads\/2025\/10\/hufrollen.png\" class=\"attachment-315x180 size-315x180 wp-post-image\" alt=\"Pferd mit Hufrollen wird bearbeitet.\" \/><\/div><\/div><div class=\"wrapper\"><div class=\"title align-center\"><h3><a href=\"https:\/\/uelzener.de\/magazin\/pferd\/tiergesundheit\/schwefel-ein-essenzieller-mineralstoff-fuers-pferd\/\">Schwefel: Ein essenzieller Mineralstoff f\u00fcrs Pferd<\/a><\/h3><\/div><div class=\"img align-center\"><img decoding=\"async\" width=\"315\" height=\"180\" src=\"https:\/\/uelzener.de\/magazin\/app\/uploads\/2024\/12\/schwefel-msm-315x180.jpg\" class=\"attachment-315x180 size-315x180 wp-post-image\" alt=\"Schwefel (MSM) f\u00fcr Pferde.\" \/><\/div><\/div><\/div>\n\n<h2>FAQ: H\u00e4ufig gestellte Fragen zum Hufabzess beim Pferd<\/h2>\n<h3>Wie lange dauert ein Hufabszess beim Pferd?<\/h3>\n<p>Die Dauer eines Hufabszesses ist von verschiedenen Faktoren abh\u00e4ngig. L\u00e4sst sich die Eiterblase leicht und unkompliziert \u00f6ffnen und flie\u00dft der Eiter dann rasch ab, kann ein Hufabszess innerhalb einiger Tage \u00fcberstanden sein. Die Dauer h\u00e4ngt aber auch davon ab, ob das Horn zun\u00e4chst mittels eines Verbands aufgeweicht werden muss, bevor der Abszess aufbricht oder ge\u00f6ffnet werden kann. Die Heilungsdauer nach Aufbrechen der Abszess wird zudem davon beeinflusst, wie tief das Loch ist, das sich nach dem Abgang des Eiters wieder schlie\u00dfen muss, und wie lange es dauert bis das Horn sich wieder neu gebildet hat.<\/p>\n<p>Man sieht: Es sind viele Einfl\u00fcsse, die die Dauer eines Hufabszesses beeinflussen. Von wenigen Tagen bis hin zu mehreren Wochen oder zum Teil auch Monaten kommt alles vor. Als Halter:in zieht man am besten m\u00f6glichst rasch tiermedizinische Hilfe hinzu. So l\u00e4sst sich die Heilungsdauer einen Hufabszess m\u00f6glichst kurz halten.<\/p>\n<h3>Wie lange Hufverband und wie oft wechseln<\/h3>\n<p>Ein Hufverband l\u00e4sst das Horn weichwerden und sorgt so daf\u00fcr, dass der Abszess entweder von selbst aufbricht oder von dem oder der Tier\u00e4rzt:in leichter ge\u00f6ffnet werden kann. So kann der Eiter abflie\u00dfen und der Huf danach ausheilen. Sehr verbreitet ist der Angussverband mit Rivanol. Hier wird der Verband so angelegt, dass immer wieder Fl\u00fcssigkeit in den Verband hineingegeben werden kann. Der Huf bleibt auf diese Weise sch\u00f6n feucht. Dies beg\u00fcnstigt das Reifen des Abszesses. Alternativ zum Aufgussverband wird h\u00e4ufig ein Sauerkrautverband angelegt. Sauerkraut h\u00e4lt sehr gut lange feucht und die Milchs\u00e4urebakterien im Sauerkraut k\u00f6nnen entz\u00fcndungshemmend wirken.<\/p>\n<p>F\u00fcr den Verband eignet sich Verbandwatte in Kombination mit Panzerklebeband. Babywindeln sind \u00fcbrigens weniger gut geeignet, weil diese mittlerweile so ausger\u00fcstet sind, dass sie Feuchtigkeit sehr gut binden. Was f\u00fcr Babys gut ist, ist f\u00fcr einen Hufverband kontraproduktiv. Denn durch die feuchtigkeitsspeichernde Funktion der Windel wird das Feuchthalten des Hufs eher erschwert.<\/p>\n<p>Der Hufverband sollte so lange angewendet werden, bis das Horn im Huf sch\u00f6n weich geworden ist, sodass sich der Abszess entweder von selbst \u00f6ffnet und der Eiter abflie\u00dfen kann. Falls der Abszess nicht selbst aufbricht, kann der oder die Tier\u00e4rzt:in bei einem weichen Horn das Geschw\u00fcr leichter \u00f6ffnen und so daf\u00fcr sorgen, dass der Eiter abflie\u00dft.\u00a0 Der Hufverband sollte sp\u00e4testens alle zwei Tage gewechselt werden.<\/p>\n<h3>Wie lange nach Hufabszess nicht reiten?<\/h3>\n<p>Mit dem Reiten sollte man bei einem Hufabszess warten, bis das Loch oder der Riss wieder verhornt ist. Dies kann ein paar Tage bis mehrere Wochen dauern. Es sollte immer R\u00fccksprache mit dem oder der Tier\u00e4rzt:in gehalten werden.<\/p>\n","protected":false},"excerpt":{"rendered":"<p>Ein Hufabszess ist f\u00fcr dein Pferd schmerzhaft und unangenehm. Du hilfst ihm, wenn du die Symptome m\u00f6glichst schnell wahrnimmst und richtig reagierst. Doch, was steckt eigentlich hinter einem Hufgeschw\u00fcr, mit welchen Symptomen \u00e4u\u00dfert es sich und wie sieht die Behandlung aus? Direkt sortieren wir einmal die Begriffe. Man trifft bei Gespr\u00e4chen mit Pferdemenschen sowohl auf [&hellip;]<\/p>\n","protected":false},"author":11,"featured_media":14747,"parent":11706,"menu_order":26,"comment_status":"closed","ping_status":"closed","template":"templates\/blog.php","meta":{"_acf_changed":false,"_crdt_document":"","footnotes":"","beyondwords_generate_audio":"","beyondwords_project_id":"","beyondwords_content_id":"","beyondwords_preview_token":"","beyondwords_player_style":"","beyondwords_language_id":"","beyondwords_title_voice_id":"","beyondwords_body_voice_id":"","beyondwords_summary_voice_id":"","beyondwords_error_message":"","beyondwords_disabled":"","beyondwords_delete_content":"","beyondwords_podcast_id":"","beyondwords_hash":"","publish_post_to_speechkit":"","speechkit_hash":"","speechkit_generate_audio":"","speechkit_project_id":"","speechkit_podcast_id":"","speechkit_error_message":"","speechkit_disabled":"","speechkit_access_key":"","speechkit_error":"","speechkit_info":"","speechkit_response":"","speechkit_retries":"","speechkit_status":"","speechkit_updated_at":"","_speechkit_link":"","_speechkit_text":""},"class_list":["post-14745","page","type-page","status-publish","has-post-thumbnail","hentry"],"acf":[],"yoast_head":"<!-- This site is optimized with the Yoast SEO Premium plugin  - https:\/\/yoast.com\/product\/yoast-seo-premium-wordpress\/ -->\n<title>Hufgeschw\u00fcr und Hufabszess beim Pferd: Welche Versicherung zahlt? | Uelzener Magazin<\/title>\n<meta name=\"description\" content=\"Hufgeschw\u00fcr: Ursachen, Symptome, Behandlung. Diese Versicherung zahlt \u2714 Und so geht es dem Pferd schnell wieder gut!\" \/>\n<meta name=\"robots\" content=\"index, follow, max-snippet:-1, max-image-preview:large, max-video-preview:-1\" \/>\n<link rel=\"canonical\" href=\"https:\/\/uelzener.de\/magazin\/pferd\/tiergesundheit\/hufgeschwuer-hufabszess-beim-pferd\/\" \/>\n<meta property=\"og:locale\" content=\"de_DE\" \/>\n<meta property=\"og:type\" content=\"article\" \/>\n<meta property=\"og:title\" content=\"Hufgeschw\u00fcr und Hufabszess beim Pferd: Welche Versicherung zahlt?\" \/>\n<meta property=\"og:description\" content=\"Hufgeschw\u00fcr: Ursachen, Symptome, Behandlung. Diese Versicherung zahlt \u2714 Und so geht es dem Pferd schnell wieder gut!\" \/>\n<meta property=\"og:url\" content=\"https:\/\/uelzener.de\/magazin\/pferd\/tiergesundheit\/hufgeschwuer-hufabszess-beim-pferd\/\" \/>\n<meta property=\"og:site_name\" content=\"Uelzener Tier-Magazin\" \/>\n<meta property=\"article:publisher\" content=\"https:\/\/www.facebook.com\/Uelzener\" \/>\n<meta property=\"article:modified_time\" content=\"2025-10-30T08:37:37+00:00\" \/>\n<meta property=\"og:image\" content=\"https:\/\/uelzener.de\/magazin\/app\/uploads\/2023\/01\/hufabzess-beim-pferd.jpg\" \/>\n\t<meta property=\"og:image:width\" content=\"1025\" \/>\n\t<meta property=\"og:image:height\" content=\"450\" \/>\n\t<meta property=\"og:image:type\" content=\"image\/jpeg\" \/>\n<meta name=\"twitter:card\" content=\"summary_large_image\" \/>\n<meta name=\"twitter:label1\" content=\"Gesch\u00e4tzte Lesezeit\" \/>\n\t<meta name=\"twitter:data1\" content=\"8\u00a0Minuten\" \/>\n<script type=\"application\/ld+json\" class=\"yoast-schema-graph\">{\"@context\":\"https:\/\/schema.org\",\"@graph\":[{\"@type\":\"WebPage\",\"@id\":\"https:\/\/uelzener.de\/magazin\/pferd\/tiergesundheit\/hufgeschwuer-hufabszess-beim-pferd\/\",\"url\":\"https:\/\/uelzener.de\/magazin\/pferd\/tiergesundheit\/hufgeschwuer-hufabszess-beim-pferd\/\",\"name\":\"Hufgeschw\u00fcr und Hufabszess beim Pferd: Welche Versicherung zahlt? | Uelzener Magazin\",\"isPartOf\":{\"@id\":\"https:\/\/uelzener.de\/magazin\/#website\"},\"primaryImageOfPage\":{\"@id\":\"https:\/\/uelzener.de\/magazin\/pferd\/tiergesundheit\/hufgeschwuer-hufabszess-beim-pferd\/#primaryimage\"},\"image\":{\"@id\":\"https:\/\/uelzener.de\/magazin\/pferd\/tiergesundheit\/hufgeschwuer-hufabszess-beim-pferd\/#primaryimage\"},\"thumbnailUrl\":\"https:\/\/uelzener.de\/magazin\/app\/uploads\/2023\/01\/hufabzess-beim-pferd.jpg\",\"datePublished\":\"2023-01-20T16:29:06+00:00\",\"dateModified\":\"2025-10-30T08:37:37+00:00\",\"description\":\"Hufgeschw\u00fcr: Ursachen, Symptome, Behandlung. Diese Versicherung zahlt \u2714 Und so geht es dem Pferd schnell wieder gut!\",\"breadcrumb\":{\"@id\":\"https:\/\/uelzener.de\/magazin\/pferd\/tiergesundheit\/hufgeschwuer-hufabszess-beim-pferd\/#breadcrumb\"},\"inLanguage\":\"de\",\"potentialAction\":[{\"@type\":\"ReadAction\",\"target\":[\"https:\/\/uelzener.de\/magazin\/pferd\/tiergesundheit\/hufgeschwuer-hufabszess-beim-pferd\/\"]}]},{\"@type\":\"ImageObject\",\"inLanguage\":\"de\",\"@id\":\"https:\/\/uelzener.de\/magazin\/pferd\/tiergesundheit\/hufgeschwuer-hufabszess-beim-pferd\/#primaryimage\",\"url\":\"https:\/\/uelzener.de\/magazin\/app\/uploads\/2023\/01\/hufabzess-beim-pferd.jpg\",\"contentUrl\":\"https:\/\/uelzener.de\/magazin\/app\/uploads\/2023\/01\/hufabzess-beim-pferd.jpg\",\"width\":1025,\"height\":450,\"caption\":\"Ein Hufabzess wird medizinisch behandelt.\"},{\"@type\":\"WebSite\",\"@id\":\"https:\/\/uelzener.de\/magazin\/#website\",\"url\":\"https:\/\/uelzener.de\/magazin\/\",\"name\":\"Uelzener Tiermagazin\",\"description\":\"Online Tierratgeber der Uelzener Versicherungen\",\"publisher\":{\"@id\":\"https:\/\/uelzener.de\/magazin\/#organization\"},\"potentialAction\":[{\"@type\":\"SearchAction\",\"target\":{\"@type\":\"EntryPoint\",\"urlTemplate\":\"https:\/\/uelzener.de\/magazin\/?s={search_term_string}\"},\"query-input\":{\"@type\":\"PropertyValueSpecification\",\"valueRequired\":true,\"valueName\":\"search_term_string\"}}],\"inLanguage\":\"de\"},{\"@type\":\"Organization\",\"@id\":\"https:\/\/uelzener.de\/magazin\/#organization\",\"name\":\"Uelzener Versicherungen\",\"url\":\"https:\/\/uelzener.de\/magazin\/\",\"logo\":{\"@type\":\"ImageObject\",\"inLanguage\":\"de\",\"@id\":\"https:\/\/uelzener.de\/magazin\/#\/schema\/logo\/image\/\",\"url\":\"https:\/\/uelzener.de\/magazin\/app\/uploads\/2024\/11\/uelzener_allgemeine_versicherungsgesellschaft_a_g_logo.jpg\",\"contentUrl\":\"https:\/\/uelzener.de\/magazin\/app\/uploads\/2024\/11\/uelzener_allgemeine_versicherungsgesellschaft_a_g_logo.jpg\",\"width\":200,\"height\":200,\"caption\":\"Uelzener Versicherungen\"},\"image\":{\"@id\":\"https:\/\/uelzener.de\/magazin\/#\/schema\/logo\/image\/\"},\"sameAs\":[\"https:\/\/www.facebook.com\/Uelzener\",\"https:\/\/instagram.com\/uelzener\",\"https:\/\/www.xing.com\/pages\/uelzenerallgemeineversicherungs-gesellschafta-g\",\"https:\/\/www.youtube.com\/UelzenerVersicherungen\"]}]}<\/script>\n<!-- \/ Yoast SEO Premium plugin. -->","yoast_head_json":{"title":"Hufgeschw\u00fcr und Hufabszess beim Pferd: Welche Versicherung zahlt? | Uelzener Magazin","description":"Hufgeschw\u00fcr: Ursachen, Symptome, Behandlung. Diese Versicherung zahlt \u2714 Und so geht es dem Pferd schnell wieder gut!","robots":{"index":"index","follow":"follow","max-snippet":"max-snippet:-1","max-image-preview":"max-image-preview:large","max-video-preview":"max-video-preview:-1"},"canonical":"https:\/\/uelzener.de\/magazin\/pferd\/tiergesundheit\/hufgeschwuer-hufabszess-beim-pferd\/","og_locale":"de_DE","og_type":"article","og_title":"Hufgeschw\u00fcr und Hufabszess beim Pferd: Welche Versicherung zahlt?","og_description":"Hufgeschw\u00fcr: Ursachen, Symptome, Behandlung. Diese Versicherung zahlt \u2714 Und so geht es dem Pferd schnell wieder gut!","og_url":"https:\/\/uelzener.de\/magazin\/pferd\/tiergesundheit\/hufgeschwuer-hufabszess-beim-pferd\/","og_site_name":"Uelzener Tier-Magazin","article_publisher":"https:\/\/www.facebook.com\/Uelzener","article_modified_time":"2025-10-30T08:37:37+00:00","og_image":[{"width":1025,"height":450,"url":"https:\/\/uelzener.de\/magazin\/app\/uploads\/2023\/01\/hufabzess-beim-pferd.jpg","type":"image\/jpeg"}],"twitter_card":"summary_large_image","twitter_misc":{"Gesch\u00e4tzte Lesezeit":"8\u00a0Minuten"},"schema":{"@context":"https:\/\/schema.org","@graph":[{"@type":"WebPage","@id":"https:\/\/uelzener.de\/magazin\/pferd\/tiergesundheit\/hufgeschwuer-hufabszess-beim-pferd\/","url":"https:\/\/uelzener.de\/magazin\/pferd\/tiergesundheit\/hufgeschwuer-hufabszess-beim-pferd\/","name":"Hufgeschw\u00fcr und Hufabszess beim Pferd: Welche Versicherung zahlt? | Uelzener Magazin","isPartOf":{"@id":"https:\/\/uelzener.de\/magazin\/#website"},"primaryImageOfPage":{"@id":"https:\/\/uelzener.de\/magazin\/pferd\/tiergesundheit\/hufgeschwuer-hufabszess-beim-pferd\/#primaryimage"},"image":{"@id":"https:\/\/uelzener.de\/magazin\/pferd\/tiergesundheit\/hufgeschwuer-hufabszess-beim-pferd\/#primaryimage"},"thumbnailUrl":"https:\/\/uelzener.de\/magazin\/app\/uploads\/2023\/01\/hufabzess-beim-pferd.jpg","datePublished":"2023-01-20T16:29:06+00:00","dateModified":"2025-10-30T08:37:37+00:00","description":"Hufgeschw\u00fcr: Ursachen, Symptome, Behandlung. Diese Versicherung zahlt \u2714 Und so geht es dem Pferd schnell wieder gut!","breadcrumb":{"@id":"https:\/\/uelzener.de\/magazin\/pferd\/tiergesundheit\/hufgeschwuer-hufabszess-beim-pferd\/#breadcrumb"},"inLanguage":"de","potentialAction":[{"@type":"ReadAction","target":["https:\/\/uelzener.de\/magazin\/pferd\/tiergesundheit\/hufgeschwuer-hufabszess-beim-pferd\/"]}]},{"@type":"ImageObject","inLanguage":"de","@id":"https:\/\/uelzener.de\/magazin\/pferd\/tiergesundheit\/hufgeschwuer-hufabszess-beim-pferd\/#primaryimage","url":"https:\/\/uelzener.de\/magazin\/app\/uploads\/2023\/01\/hufabzess-beim-pferd.jpg","contentUrl":"https:\/\/uelzener.de\/magazin\/app\/uploads\/2023\/01\/hufabzess-beim-pferd.jpg","width":1025,"height":450,"caption":"Ein Hufabzess wird medizinisch behandelt."},{"@type":"WebSite","@id":"https:\/\/uelzener.de\/magazin\/#website","url":"https:\/\/uelzener.de\/magazin\/","name":"Uelzener Tiermagazin","description":"Online Tierratgeber der Uelzener Versicherungen","publisher":{"@id":"https:\/\/uelzener.de\/magazin\/#organization"},"potentialAction":[{"@type":"SearchAction","target":{"@type":"EntryPoint","urlTemplate":"https:\/\/uelzener.de\/magazin\/?s={search_term_string}"},"query-input":{"@type":"PropertyValueSpecification","valueRequired":true,"valueName":"search_term_string"}}],"inLanguage":"de"},{"@type":"Organization","@id":"https:\/\/uelzener.de\/magazin\/#organization","name":"Uelzener Versicherungen","url":"https:\/\/uelzener.de\/magazin\/","logo":{"@type":"ImageObject","inLanguage":"de","@id":"https:\/\/uelzener.de\/magazin\/#\/schema\/logo\/image\/","url":"https:\/\/uelzener.de\/magazin\/app\/uploads\/2024\/11\/uelzener_allgemeine_versicherungsgesellschaft_a_g_logo.jpg","contentUrl":"https:\/\/uelzener.de\/magazin\/app\/uploads\/2024\/11\/uelzener_allgemeine_versicherungsgesellschaft_a_g_logo.jpg","width":200,"height":200,"caption":"Uelzener Versicherungen"},"image":{"@id":"https:\/\/uelzener.de\/magazin\/#\/schema\/logo\/image\/"},"sameAs":["https:\/\/www.facebook.com\/Uelzener","https:\/\/instagram.com\/uelzener","https:\/\/www.xing.com\/pages\/uelzenerallgemeineversicherungs-gesellschafta-g","https:\/\/www.youtube.com\/UelzenerVersicherungen"]}]}},"_links":{"self":[{"href":"https:\/\/uelzener.de\/magazin\/wp-json\/wp\/v2\/pages\/14745","targetHints":{"allow":["GET"]}}],"collection":[{"href":"https:\/\/uelzener.de\/magazin\/wp-json\/wp\/v2\/pages"}],"about":[{"href":"https:\/\/uelzener.de\/magazin\/wp-json\/wp\/v2\/types\/page"}],"author":[{"embeddable":true,"href":"https:\/\/uelzener.de\/magazin\/wp-json\/wp\/v2\/users\/11"}],"replies":[{"embeddable":true,"href":"https:\/\/uelzener.de\/magazin\/wp-json\/wp\/v2\/comments?post=14745"}],"version-history":[{"count":8,"href":"https:\/\/uelzener.de\/magazin\/wp-json\/wp\/v2\/pages\/14745\/revisions"}],"predecessor-version":[{"id":19394,"href":"https:\/\/uelzener.de\/magazin\/wp-json\/wp\/v2\/pages\/14745\/revisions\/19394"}],"up":[{"embeddable":true,"href":"https:\/\/uelzener.de\/magazin\/wp-json\/wp\/v2\/pages\/11706"}],"wp:featuredmedia":[{"embeddable":true,"href":"https:\/\/uelzener.de\/magazin\/wp-json\/wp\/v2\/media\/14747"}],"wp:attachment":[{"href":"https:\/\/uelzener.de\/magazin\/wp-json\/wp\/v2\/media?parent=14745"}],"curies":[{"name":"wp","href":"https:\/\/api.w.org\/{rel}","templated":true}]}}