{"id":14541,"date":"2022-12-12T11:25:29","date_gmt":"2022-12-12T10:25:29","guid":{"rendered":"https:\/\/uelzener.de\/magazin\/?page_id=14541"},"modified":"2025-11-13T10:38:35","modified_gmt":"2025-11-13T09:38:35","slug":"panikhaken-pferd","status":"publish","type":"page","link":"https:\/\/uelzener.de\/magazin\/pferd\/haeufige-fragen\/panikhaken-pferd\/","title":{"rendered":"Panikhaken, Bullsnap oder Karabiner: Wie am besten Pferd anbinden?"},"content":{"rendered":"<p>Es gibt viele Gelegenheiten, bei denen Pferde angebunden werden. Dabei ger\u00e4t man oftmals in ein Dilemma. Einerseits soll das Pferd angebunden sein, sodass es nicht wegl\u00e4uft. Andererseits darf es durch das Anbinden nicht fest fixiert sein.<\/p>\n<p>Anbinden ist f\u00fcr Pferde so problematisch, weil sie Fluchttiere sind. Erschrecken sie sich, wie zum Beispiel an <a href=\"https:\/\/uelzener.de\/magazin\/pferd\/erziehung-und-training\/pferd-silvester\/\">Silvester<\/a>, oder \u00fcbt das Angebundensein bei einer heftigen Bewegung Druck aus, dann geraten sie leicht in Panik. Dabei zieht das Pferd dann mit aller Kraft am Strick und versucht sich loszurei\u00dfen. Oftmals so stark und anhaltend, dass es sich dabei verletzt. Oder der Strick oder das Halfter rei\u00dft mit einem Ruck und das Pferd st\u00fcrzt zu Boden. Auch dies f\u00fchrt leider immer wieder zu Verletzungen.<\/p>\n<p>Doch das Dilemma des Anbindens ist l\u00f6sbar. Im ersten Schritt hilft es, wenn man das Anbinden von Anfang an bereits bei <a href=\"https:\/\/uelzener.de\/magazin\/pferd\/erziehung-und-training\/fohlen-erziehen-die-verschiedenen-rollen-in-der-sozialisierung\/\">der Erziehung des Fohlens<\/a> sanft ein\u00fcbt. Hilfreich kann auch ein Anbindestrick mit einem dehnbaren Teilst\u00fcck sein. So kann der Strick nachgeben, wenn das Pferd bei einer einsetzenden Panik am Strick zieht. Damit besteht die Chance, dass der Zug sich nicht zu stark auf das Pferd \u00fcbertr\u00e4gt und es sich wieder beruhigen kann.<\/p>\n<p>Besonders wichtig beim Anbinden ist jedoch die Befestigungsm\u00f6glichkeit, die man nutzt. Denn es gibt ja verschiedene M\u00f6glichkeiten, ein Pferd festzumachen. Darunter auch einige, die das Verletzungsrisiko stark minimieren k\u00f6nnen. Je nach Situation kann man die jeweils geeignetste Anbindem\u00f6glichkeit nutzen.<\/p>\n<p>F\u00fcr einen schnellen \u00dcberblick stellen wir dir hierzu drei Optionen mit ihren jeweiligen Vor- und Nachteilen vor: Panikhaken, Bullsnap und Karabiner.<\/p>\n<h2>Panikhaken<\/h2>\n<p>Der sogenannte Panikhaken geh\u00f6rt zu den geeignetsten M\u00f6glichkeiten, ein Pferd gefahrlos anzubinden. Er besteht aus einem Mittelst\u00fcck, das sich sehr leicht aus der \u00d6se ziehen l\u00e4sst und damit den Haken \u00f6ffnet.<\/p>\n<p><img decoding=\"async\" class=\"alignnone wp-image-14552 size-full\" src=\"https:\/\/uelzener.de\/magazin\/app\/uploads\/2022\/12\/panikhaken-pferd-detail.jpg\" alt=\"Nahaufnahme von einem Panikhaken f\u00fcr Pferde.\" width=\"1025\" height=\"450\" srcset=\"https:\/\/uelzener.de\/magazin\/app\/uploads\/2022\/12\/panikhaken-pferd-detail.jpg 1025w, https:\/\/uelzener.de\/magazin\/app\/uploads\/2022\/12\/panikhaken-pferd-detail-300x132.jpg 300w, https:\/\/uelzener.de\/magazin\/app\/uploads\/2022\/12\/panikhaken-pferd-detail-768x337.jpg 768w, https:\/\/uelzener.de\/magazin\/app\/uploads\/2022\/12\/panikhaken-pferd-detail-668x293.jpg 668w\" sizes=\"(max-width: 1025px) 100vw, 1025px\" \/><\/p>\n<h3>Funktion<\/h3>\n<p>Panikhaken gibt es in unterschiedlichen Ausf\u00fchrungen. Zum Beispiel aus Edelstahl, Chrom oder massive Stahl- und Zinklegierungen. Sie eignen sich zum Anbinden und F\u00fchren. Allen gemeinsam ist, dass sie sich unter Spannung leicht l\u00f6sen lassen.<\/p>\n<h3>Vorteile<\/h3>\n<p>Panikhaken haben einen entscheidenden Vorteil: Ger\u00e4t das angebundene Pferd in Panik oder scheut es beim F\u00fchren, l\u00e4sst sich der Haken leicht l\u00f6sen. Dazu braucht man nur das Mittelst\u00fcck nach unten zu ziehen und der Haken \u00f6ffnet sich. Der Zug auf das Pferd l\u00e4sst unmittelbar nach und die Verletzungsgefahr ist gebannt.<\/p>\n<h3>Nachteile<\/h3>\n<p>Trotz seines gro\u00dfen Nutzens hat der Panikhaken auch Nachteile: Durch h\u00e4ufiges \u00d6ffnen kann er ausleiern, sodass sich das Pferd, auch bei sehr geringem Zug auf den Strick, selbst befreien kann. Achte daher immer besonders gut darauf, einen einwandfrei funktionierenden Haken zu verwenden.<\/p>\n<p>Jedoch trifft man leider auch auf den umgekehrten Fall. Gerade neue Panikhaken sind mitunter sehr schwerg\u00e4ngig, sodass sie sich nicht leicht \u00f6ffnen lassen.<\/p>\n<p>Der Vorteil des Panikhakens wird so zunichtegemacht und damit steigt wieder die Verletzungsgefahr. Denn gelingt einem das \u00d6ffnen des Panikhaken erst, wenn das Pferd bereits massiv am Strick zerrt, st\u00fcrzt das Pferd aufgrund des pl\u00f6tzlich nachlassenden Zugs wom\u00f6glich schwer und kann sich verletzen. Man sollte also stets pr\u00fcfen wie leicht- oder schwerg\u00e4ngig ein Panikhaken sich verh\u00e4lt.<\/p>\n<h2>Bullsnap<\/h2>\n<p>Der Bullsnap ist ein massiver Haken, den man nicht so h\u00e4ufig sieht. Er ist besonders stabil und l\u00e4sst sich nur mit etwas Anstrengung l\u00f6sen.<\/p>\n<p><img decoding=\"async\" class=\"alignnone wp-image-14557 size-full\" src=\"https:\/\/uelzener.de\/magazin\/app\/uploads\/2022\/12\/bullsnap-pferd.jpg\" alt=\"Bullnap Haken um ein Pferd anzubinden.\" width=\"1025\" height=\"450\" srcset=\"https:\/\/uelzener.de\/magazin\/app\/uploads\/2022\/12\/bullsnap-pferd.jpg 1025w, https:\/\/uelzener.de\/magazin\/app\/uploads\/2022\/12\/bullsnap-pferd-300x132.jpg 300w, https:\/\/uelzener.de\/magazin\/app\/uploads\/2022\/12\/bullsnap-pferd-768x337.jpg 768w, https:\/\/uelzener.de\/magazin\/app\/uploads\/2022\/12\/bullsnap-pferd-668x293.jpg 668w\" sizes=\"(max-width: 1025px) 100vw, 1025px\" \/><\/p>\n<h3>Funktion<\/h3>\n<p>Der Bullsnap eignet sich f\u00fcr Befestigungen, die sich auf keinen Fall l\u00f6sen sollen. Daher kommt er zum Beispiel besonders h\u00e4ufig bei der Bodenarbeit oder beim Longieren zum Einsatz.<\/p>\n<h3>Vorteile<\/h3>\n<p>Die Vorteile des Bullsnap liegen auf der Hand: Er l\u00f6st sich nicht von alleine und h\u00e4lt damit zuverl\u00e4ssig, wenn es darum geht, auch unter st\u00e4rkerem Zug sicher zu halten.<\/p>\n<h3>Nachteile<\/h3>\n<p>Der gro\u00dfe Vorteil des Bullsnap ist gleichzeitig auch sein Nachteil. Unter Zug l\u00e4sst er sich nicht \u00f6ffnen. Gerade in Situationen, in denen es f\u00fcr die Sicherheit des Pferdes wichtig w\u00e4re, das Pferd schnell vom Strick zu l\u00f6sen, f\u00e4llt dieser Nachteil ins Gewicht. So kann eine Befestigung mit dem Bullsnap dazu f\u00fchren, dass sich das Pferd durch starkes Rei\u00dfen am Strick im Nacken verletzt.<\/p>\n<p>Ein weiterer Nachteil besteht darin, dass sich der Mechanismus schwer bet\u00e4tigen l\u00e4sst. Gerade, wenn ein Pferd unruhig ist und man schnell den Haken l\u00f6sen m\u00f6chte, kann dies zu riskanten Situationen f\u00fchren.<\/p>\n<h2>Karabiner<\/h2>\n<p>Karabiner kennen die meisten von uns auch aus anderen Zusammenh\u00e4nge. Sie kommen im Alltag h\u00e4ufiger zum Einsatz. Auch beim Umgang mit Pferden ist der Karabiner eine wichtige Befestigungsm\u00f6glichkeit.<\/p>\n<p><img decoding=\"async\" class=\"alignnone wp-image-14549 size-full\" src=\"https:\/\/uelzener.de\/magazin\/app\/uploads\/2022\/12\/karabiner-pferd-anbinden-1.jpg\" alt=\"Pferd an einer Leine mit Karabiner angebunden.\" width=\"1025\" height=\"450\" srcset=\"https:\/\/uelzener.de\/magazin\/app\/uploads\/2022\/12\/karabiner-pferd-anbinden-1.jpg 1025w, https:\/\/uelzener.de\/magazin\/app\/uploads\/2022\/12\/karabiner-pferd-anbinden-1-300x132.jpg 300w, https:\/\/uelzener.de\/magazin\/app\/uploads\/2022\/12\/karabiner-pferd-anbinden-1-768x337.jpg 768w, https:\/\/uelzener.de\/magazin\/app\/uploads\/2022\/12\/karabiner-pferd-anbinden-1-668x293.jpg 668w\" sizes=\"(max-width: 1025px) 100vw, 1025px\" \/><\/p>\n<h3>Funktion<\/h3>\n<p>Ein Karabiner l\u00e4sst sich durch Schieben oder Dr\u00fccken \u00f6ffnen. Dazu muss man den Karabiner zum Aushaken ein St\u00fcckchen vom Halfter nach vorne l\u00f6sen. Man findet den Karabiner in der Regel bei F\u00fchrstricken.<\/p>\n<h3>Vorteile<\/h3>\n<p>Der Karabiner \u00f6ffnet sich, \u00e4hnlich wie der Bullsnap, nicht unabsichtlich. Damit eignet er sich f\u00fcr Situationen, in denen ein Strick wirklich fest sitzen soll.<\/p>\n<h3>Nachteile<\/h3>\n<p>Den Karabiner muss man zum Aushaken ein St\u00fcckchen vom Halfter nach vorne l\u00f6sen. Das hat zur Folge, dass er sich unter Spannung nicht oder nur schwer entfernen l\u00e4sst. Daher besteht bei einem angebundenen Pferd Verletzungsgefahr, wenn es in Panik ger\u00e4t und sich vergeblich versucht loszurei\u00dfen.<\/p>\n<p>Ein weiterer Nachteil des Karabiners h\u00e4ngt mit seiner Konstruktion zusammen. Der Karabiner funktioniert mittels eines Federmechanismus. Dieser ist anf\u00e4llig f\u00fcr Verschmutzungen, was wiederum zu Funktionsm\u00e4ngeln f\u00fchren kann.<\/p>\n<p>Fazit: Zum Anbinden eignet sich am ehesten ein Panikhaken. Damit ist das Pferd zwar angebunden. Wenn es sich erschreckt und wom\u00f6glich in Panik ger\u00e4t, l\u00e4sst es sich jedoch schnell vom Strick l\u00f6sen. Ein Ziehen am Mittelst\u00fcck des Panikhakens reicht und das Pferd ist frei und kann sich durch das Ziehen am Strick nicht mehr verletzen. Bullsnap und Karabiner eignen sich \u00fcberall dort, wo man eine wirklich feste Verbindung braucht, die sich nicht leicht l\u00f6sen darf. Beispielsweise beim Longieren oder bei der Bodenarbeit.<\/p>\n<p>Mit einer bewussten Entscheidung f\u00fcr die jeweilige Anbindem\u00f6glichkeit, wird das Festmachen sicherer. So kann man ohne gro\u00dfe Sorgen den unterschiedlichsten Situationen entgegensehen. Ob es um den Putzplatz geht, den Weg zum Reitplatz oder auch darum, <a href=\"https:\/\/uelzener.de\/magazin\/pferd\/erziehung-und-training\/angstfrei-zum-schmied\/\">angstfrei zum Schmied<\/a> zu gehen.<\/p>\n<p>Eine Frage ist in diesem Zusammenhang jedoch noch interessant. Was ist mit dem Knotenhalfter? Eignet es sich zum Anbinden?<\/p>\n<h2>Knotenhalfter als Alternative zu Panikhaken, Bullsnap oder Karabiner<\/h2>\n<p>Immer mal taucht die Frage auf, ob sich das Knotenhalfter als gute Alternative zu Panikhaken, Bullsnap oder Karabiner eignet. Diese Frage l\u00e4sst sich klar und leicht beantworten: Das Knotenhalfter ist keine geeignete Alternative. Denn das Knotenhalfter sitzt in jedem Falle fest und das Pferd kann sich nicht befreien, wenn es sich bei einer m\u00f6glichen Panik loszurei\u00dfen versucht. Anders als sonstige Halfter haben Knotenhalter keine Sollbruchstelle. Daher ist die Gefahr, dass sich das Pferd beim Zerren am Strick verletzt, besonders gro\u00df.<\/p>\n<p><img decoding=\"async\" class=\"alignnone wp-image-14555 size-full\" src=\"https:\/\/uelzener.de\/magazin\/app\/uploads\/2022\/12\/knotenhalfter-pferd.jpg\" alt=\"Pferd mit Knotenhalfter\" width=\"1025\" height=\"450\" srcset=\"https:\/\/uelzener.de\/magazin\/app\/uploads\/2022\/12\/knotenhalfter-pferd.jpg 1025w, https:\/\/uelzener.de\/magazin\/app\/uploads\/2022\/12\/knotenhalfter-pferd-300x132.jpg 300w, https:\/\/uelzener.de\/magazin\/app\/uploads\/2022\/12\/knotenhalfter-pferd-768x337.jpg 768w, https:\/\/uelzener.de\/magazin\/app\/uploads\/2022\/12\/knotenhalfter-pferd-668x293.jpg 668w\" sizes=\"(max-width: 1025px) 100vw, 1025px\" \/><\/p>\n","protected":false},"excerpt":{"rendered":"<p>Es gibt viele Gelegenheiten, bei denen Pferde angebunden werden. Dabei ger\u00e4t man oftmals in ein Dilemma. Einerseits soll das Pferd angebunden sein, sodass es nicht wegl\u00e4uft. Andererseits darf es durch das Anbinden nicht fest fixiert sein. Anbinden ist f\u00fcr Pferde so problematisch, weil sie Fluchttiere sind. Erschrecken sie sich, wie zum Beispiel an Silvester, oder [&hellip;]<\/p>\n","protected":false},"author":11,"featured_media":14543,"parent":11685,"menu_order":17,"comment_status":"closed","ping_status":"closed","template":"templates\/blog.php","meta":{"_acf_changed":false,"_crdt_document":"","footnotes":"","beyondwords_generate_audio":"","beyondwords_project_id":"","beyondwords_content_id":"","beyondwords_preview_token":"","beyondwords_player_style":"","beyondwords_language_id":"","beyondwords_title_voice_id":"","beyondwords_body_voice_id":"","beyondwords_summary_voice_id":"","beyondwords_error_message":"","beyondwords_disabled":"","beyondwords_delete_content":"","beyondwords_podcast_id":"","beyondwords_hash":"","publish_post_to_speechkit":"","speechkit_hash":"","speechkit_generate_audio":"","speechkit_project_id":"","speechkit_podcast_id":"","speechkit_error_message":"","speechkit_disabled":"","speechkit_access_key":"","speechkit_error":"","speechkit_info":"","speechkit_response":"","speechkit_retries":"","speechkit_status":"","speechkit_updated_at":"","_speechkit_link":"","_speechkit_text":""},"class_list":["post-14541","page","type-page","status-publish","has-post-thumbnail","hentry"],"acf":[],"yoast_head":"<!-- This site is optimized with the Yoast SEO Premium plugin  - https:\/\/yoast.com\/product\/yoast-seo-premium-wordpress\/ -->\n<title>Panikhaken, Bullsnap oder Karabiner: Wie am besten Pferd anbinden? | Uelzener Magazin<\/title>\n<meta name=\"description\" content=\"Sicheres Festmachen. Drei Anbinde-M\u00f6glichkeiten und ihre Vor- und Nachteile f\u00fcr die richtige Entscheidung.\" \/>\n<meta name=\"robots\" content=\"index, follow, max-snippet:-1, max-image-preview:large, max-video-preview:-1\" \/>\n<link rel=\"canonical\" href=\"https:\/\/uelzener.de\/magazin\/pferd\/haeufige-fragen\/panikhaken-pferd\/\" \/>\n<meta property=\"og:locale\" content=\"de_DE\" \/>\n<meta property=\"og:type\" content=\"article\" \/>\n<meta property=\"og:title\" content=\"Panikhaken, Bullsnap oder Karabiner: Wie am besten Pferd anbinden?\" \/>\n<meta property=\"og:description\" content=\"Sicheres Festmachen. Drei Anbinde-M\u00f6glichkeiten und ihre Vor- und Nachteile f\u00fcr die richtige Entscheidung.\" \/>\n<meta property=\"og:url\" content=\"https:\/\/uelzener.de\/magazin\/pferd\/haeufige-fragen\/panikhaken-pferd\/\" \/>\n<meta property=\"og:site_name\" content=\"Uelzener Tier-Magazin\" \/>\n<meta property=\"article:publisher\" content=\"https:\/\/www.facebook.com\/Uelzener\" \/>\n<meta property=\"article:modified_time\" content=\"2025-11-13T09:38:35+00:00\" \/>\n<meta property=\"og:image\" content=\"https:\/\/uelzener.de\/magazin\/app\/uploads\/2022\/12\/panikhaken-pferd.jpg\" \/>\n\t<meta property=\"og:image:width\" content=\"1025\" \/>\n\t<meta property=\"og:image:height\" content=\"450\" \/>\n\t<meta property=\"og:image:type\" content=\"image\/jpeg\" \/>\n<meta name=\"twitter:card\" content=\"summary_large_image\" \/>\n<meta name=\"twitter:label1\" content=\"Gesch\u00e4tzte Lesezeit\" \/>\n\t<meta name=\"twitter:data1\" content=\"7\u00a0Minuten\" \/>\n<script type=\"application\/ld+json\" class=\"yoast-schema-graph\">{\"@context\":\"https:\\\/\\\/schema.org\",\"@graph\":[{\"@type\":\"WebPage\",\"@id\":\"https:\\\/\\\/uelzener.de\\\/magazin\\\/pferd\\\/haeufige-fragen\\\/panikhaken-pferd\\\/\",\"url\":\"https:\\\/\\\/uelzener.de\\\/magazin\\\/pferd\\\/haeufige-fragen\\\/panikhaken-pferd\\\/\",\"name\":\"Panikhaken, Bullsnap oder Karabiner: Wie am besten Pferd anbinden? | Uelzener Magazin\",\"isPartOf\":{\"@id\":\"https:\\\/\\\/uelzener.de\\\/magazin\\\/#website\"},\"primaryImageOfPage\":{\"@id\":\"https:\\\/\\\/uelzener.de\\\/magazin\\\/pferd\\\/haeufige-fragen\\\/panikhaken-pferd\\\/#primaryimage\"},\"image\":{\"@id\":\"https:\\\/\\\/uelzener.de\\\/magazin\\\/pferd\\\/haeufige-fragen\\\/panikhaken-pferd\\\/#primaryimage\"},\"thumbnailUrl\":\"https:\\\/\\\/uelzener.de\\\/magazin\\\/app\\\/uploads\\\/2022\\\/12\\\/panikhaken-pferd.jpg\",\"datePublished\":\"2022-12-12T10:25:29+00:00\",\"dateModified\":\"2025-11-13T09:38:35+00:00\",\"description\":\"Sicheres Festmachen. Drei Anbinde-M\u00f6glichkeiten und ihre Vor- und Nachteile f\u00fcr die richtige Entscheidung.\",\"breadcrumb\":{\"@id\":\"https:\\\/\\\/uelzener.de\\\/magazin\\\/pferd\\\/haeufige-fragen\\\/panikhaken-pferd\\\/#breadcrumb\"},\"inLanguage\":\"de\",\"potentialAction\":[{\"@type\":\"ReadAction\",\"target\":[\"https:\\\/\\\/uelzener.de\\\/magazin\\\/pferd\\\/haeufige-fragen\\\/panikhaken-pferd\\\/\"]}]},{\"@type\":\"ImageObject\",\"inLanguage\":\"de\",\"@id\":\"https:\\\/\\\/uelzener.de\\\/magazin\\\/pferd\\\/haeufige-fragen\\\/panikhaken-pferd\\\/#primaryimage\",\"url\":\"https:\\\/\\\/uelzener.de\\\/magazin\\\/app\\\/uploads\\\/2022\\\/12\\\/panikhaken-pferd.jpg\",\"contentUrl\":\"https:\\\/\\\/uelzener.de\\\/magazin\\\/app\\\/uploads\\\/2022\\\/12\\\/panikhaken-pferd.jpg\",\"width\":1025,\"height\":450,\"caption\":\"Pferd am Panikhaken wir im Stall geb\u00fcrstet.\"},{\"@type\":\"WebSite\",\"@id\":\"https:\\\/\\\/uelzener.de\\\/magazin\\\/#website\",\"url\":\"https:\\\/\\\/uelzener.de\\\/magazin\\\/\",\"name\":\"Uelzener Tiermagazin\",\"description\":\"Online Tierratgeber der Uelzener Versicherungen\",\"publisher\":{\"@id\":\"https:\\\/\\\/uelzener.de\\\/magazin\\\/#organization\"},\"potentialAction\":[{\"@type\":\"SearchAction\",\"target\":{\"@type\":\"EntryPoint\",\"urlTemplate\":\"https:\\\/\\\/uelzener.de\\\/magazin\\\/?s={search_term_string}\"},\"query-input\":{\"@type\":\"PropertyValueSpecification\",\"valueRequired\":true,\"valueName\":\"search_term_string\"}}],\"inLanguage\":\"de\"},{\"@type\":\"Organization\",\"@id\":\"https:\\\/\\\/uelzener.de\\\/magazin\\\/#organization\",\"name\":\"Uelzener Versicherungen\",\"url\":\"https:\\\/\\\/uelzener.de\\\/magazin\\\/\",\"logo\":{\"@type\":\"ImageObject\",\"inLanguage\":\"de\",\"@id\":\"https:\\\/\\\/uelzener.de\\\/magazin\\\/#\\\/schema\\\/logo\\\/image\\\/\",\"url\":\"https:\\\/\\\/uelzener.de\\\/magazin\\\/app\\\/uploads\\\/2024\\\/11\\\/uelzener_allgemeine_versicherungsgesellschaft_a_g_logo.jpg\",\"contentUrl\":\"https:\\\/\\\/uelzener.de\\\/magazin\\\/app\\\/uploads\\\/2024\\\/11\\\/uelzener_allgemeine_versicherungsgesellschaft_a_g_logo.jpg\",\"width\":200,\"height\":200,\"caption\":\"Uelzener Versicherungen\"},\"image\":{\"@id\":\"https:\\\/\\\/uelzener.de\\\/magazin\\\/#\\\/schema\\\/logo\\\/image\\\/\"},\"sameAs\":[\"https:\\\/\\\/www.facebook.com\\\/Uelzener\",\"https:\\\/\\\/instagram.com\\\/uelzener\",\"https:\\\/\\\/www.xing.com\\\/pages\\\/uelzenerallgemeineversicherungs-gesellschafta-g\",\"https:\\\/\\\/www.youtube.com\\\/UelzenerVersicherungen\"]}]}<\/script>\n<!-- \/ Yoast SEO Premium plugin. -->","yoast_head_json":{"title":"Panikhaken, Bullsnap oder Karabiner: Wie am besten Pferd anbinden? | Uelzener Magazin","description":"Sicheres Festmachen. Drei Anbinde-M\u00f6glichkeiten und ihre Vor- und Nachteile f\u00fcr die richtige Entscheidung.","robots":{"index":"index","follow":"follow","max-snippet":"max-snippet:-1","max-image-preview":"max-image-preview:large","max-video-preview":"max-video-preview:-1"},"canonical":"https:\/\/uelzener.de\/magazin\/pferd\/haeufige-fragen\/panikhaken-pferd\/","og_locale":"de_DE","og_type":"article","og_title":"Panikhaken, Bullsnap oder Karabiner: Wie am besten Pferd anbinden?","og_description":"Sicheres Festmachen. Drei Anbinde-M\u00f6glichkeiten und ihre Vor- und Nachteile f\u00fcr die richtige Entscheidung.","og_url":"https:\/\/uelzener.de\/magazin\/pferd\/haeufige-fragen\/panikhaken-pferd\/","og_site_name":"Uelzener Tier-Magazin","article_publisher":"https:\/\/www.facebook.com\/Uelzener","article_modified_time":"2025-11-13T09:38:35+00:00","og_image":[{"width":1025,"height":450,"url":"https:\/\/uelzener.de\/magazin\/app\/uploads\/2022\/12\/panikhaken-pferd.jpg","type":"image\/jpeg"}],"twitter_card":"summary_large_image","twitter_misc":{"Gesch\u00e4tzte Lesezeit":"7\u00a0Minuten"},"schema":{"@context":"https:\/\/schema.org","@graph":[{"@type":"WebPage","@id":"https:\/\/uelzener.de\/magazin\/pferd\/haeufige-fragen\/panikhaken-pferd\/","url":"https:\/\/uelzener.de\/magazin\/pferd\/haeufige-fragen\/panikhaken-pferd\/","name":"Panikhaken, Bullsnap oder Karabiner: Wie am besten Pferd anbinden? | Uelzener Magazin","isPartOf":{"@id":"https:\/\/uelzener.de\/magazin\/#website"},"primaryImageOfPage":{"@id":"https:\/\/uelzener.de\/magazin\/pferd\/haeufige-fragen\/panikhaken-pferd\/#primaryimage"},"image":{"@id":"https:\/\/uelzener.de\/magazin\/pferd\/haeufige-fragen\/panikhaken-pferd\/#primaryimage"},"thumbnailUrl":"https:\/\/uelzener.de\/magazin\/app\/uploads\/2022\/12\/panikhaken-pferd.jpg","datePublished":"2022-12-12T10:25:29+00:00","dateModified":"2025-11-13T09:38:35+00:00","description":"Sicheres Festmachen. Drei Anbinde-M\u00f6glichkeiten und ihre Vor- und Nachteile f\u00fcr die richtige Entscheidung.","breadcrumb":{"@id":"https:\/\/uelzener.de\/magazin\/pferd\/haeufige-fragen\/panikhaken-pferd\/#breadcrumb"},"inLanguage":"de","potentialAction":[{"@type":"ReadAction","target":["https:\/\/uelzener.de\/magazin\/pferd\/haeufige-fragen\/panikhaken-pferd\/"]}]},{"@type":"ImageObject","inLanguage":"de","@id":"https:\/\/uelzener.de\/magazin\/pferd\/haeufige-fragen\/panikhaken-pferd\/#primaryimage","url":"https:\/\/uelzener.de\/magazin\/app\/uploads\/2022\/12\/panikhaken-pferd.jpg","contentUrl":"https:\/\/uelzener.de\/magazin\/app\/uploads\/2022\/12\/panikhaken-pferd.jpg","width":1025,"height":450,"caption":"Pferd am Panikhaken wir im Stall geb\u00fcrstet."},{"@type":"WebSite","@id":"https:\/\/uelzener.de\/magazin\/#website","url":"https:\/\/uelzener.de\/magazin\/","name":"Uelzener Tiermagazin","description":"Online Tierratgeber der Uelzener Versicherungen","publisher":{"@id":"https:\/\/uelzener.de\/magazin\/#organization"},"potentialAction":[{"@type":"SearchAction","target":{"@type":"EntryPoint","urlTemplate":"https:\/\/uelzener.de\/magazin\/?s={search_term_string}"},"query-input":{"@type":"PropertyValueSpecification","valueRequired":true,"valueName":"search_term_string"}}],"inLanguage":"de"},{"@type":"Organization","@id":"https:\/\/uelzener.de\/magazin\/#organization","name":"Uelzener Versicherungen","url":"https:\/\/uelzener.de\/magazin\/","logo":{"@type":"ImageObject","inLanguage":"de","@id":"https:\/\/uelzener.de\/magazin\/#\/schema\/logo\/image\/","url":"https:\/\/uelzener.de\/magazin\/app\/uploads\/2024\/11\/uelzener_allgemeine_versicherungsgesellschaft_a_g_logo.jpg","contentUrl":"https:\/\/uelzener.de\/magazin\/app\/uploads\/2024\/11\/uelzener_allgemeine_versicherungsgesellschaft_a_g_logo.jpg","width":200,"height":200,"caption":"Uelzener Versicherungen"},"image":{"@id":"https:\/\/uelzener.de\/magazin\/#\/schema\/logo\/image\/"},"sameAs":["https:\/\/www.facebook.com\/Uelzener","https:\/\/instagram.com\/uelzener","https:\/\/www.xing.com\/pages\/uelzenerallgemeineversicherungs-gesellschafta-g","https:\/\/www.youtube.com\/UelzenerVersicherungen"]}]}},"_links":{"self":[{"href":"https:\/\/uelzener.de\/magazin\/wp-json\/wp\/v2\/pages\/14541","targetHints":{"allow":["GET"]}}],"collection":[{"href":"https:\/\/uelzener.de\/magazin\/wp-json\/wp\/v2\/pages"}],"about":[{"href":"https:\/\/uelzener.de\/magazin\/wp-json\/wp\/v2\/types\/page"}],"author":[{"embeddable":true,"href":"https:\/\/uelzener.de\/magazin\/wp-json\/wp\/v2\/users\/11"}],"replies":[{"embeddable":true,"href":"https:\/\/uelzener.de\/magazin\/wp-json\/wp\/v2\/comments?post=14541"}],"version-history":[{"count":12,"href":"https:\/\/uelzener.de\/magazin\/wp-json\/wp\/v2\/pages\/14541\/revisions"}],"predecessor-version":[{"id":19431,"href":"https:\/\/uelzener.de\/magazin\/wp-json\/wp\/v2\/pages\/14541\/revisions\/19431"}],"up":[{"embeddable":true,"href":"https:\/\/uelzener.de\/magazin\/wp-json\/wp\/v2\/pages\/11685"}],"wp:featuredmedia":[{"embeddable":true,"href":"https:\/\/uelzener.de\/magazin\/wp-json\/wp\/v2\/media\/14543"}],"wp:attachment":[{"href":"https:\/\/uelzener.de\/magazin\/wp-json\/wp\/v2\/media?parent=14541"}],"curies":[{"name":"wp","href":"https:\/\/api.w.org\/{rel}","templated":true}]}}