{"id":14429,"date":"2023-09-04T12:00:50","date_gmt":"2023-09-04T10:00:50","guid":{"rendered":"https:\/\/uelzener.de\/magazin\/?page_id=14429"},"modified":"2026-01-06T18:06:35","modified_gmt":"2026-01-06T17:06:35","slug":"wie-alt-werden-katzen","status":"publish","type":"page","link":"https:\/\/uelzener.de\/magazin\/katze\/haeufige-fragen\/wie-alt-werden-katzen\/","title":{"rendered":"Wie alt werden Hauskatzen?"},"content":{"rendered":"<p>Wer sich eine Katze anschafft, m\u00f6chte nat\u00fcrlich eine m\u00f6glichst lange Zeit mit ihr verbringen. Daher ist die Frage, wie alt Hauskatzen werden, durchaus interessant f\u00fcr alle, die mit dem Gedanken spielen, sich eine Samtpfote ins Haus zu holen. Klar: Keiner kann vorhersehen, ob sich das Tier lebensbedrohlich verletzen oder schlimm erkranken wird. Ein Blick auf die Statistiken kann trotzdem hilfreich sein, um ein Gef\u00fchl daf\u00fcr zu bekommen, wie alt die Katze voraussichtlich werden k\u00f6nnte. Dabei spielen verschiedene Faktoren eine Rolle, zum Beispiel die Haltungsbedingungen und Ern\u00e4hrungsweise, aber auch, ob es sich um eine reine Wohnungskatze oder einen Freig\u00e4nger handelt. Schauen wir uns also einmal im Detail an, welche Aspekte die Lebenserwartung einer Katze beeinflussen und wie alt Hauskatzen im Schnitt werden.<\/p>\n<h2>Grundlegendes zur Lebenserwartung von Katzen<\/h2>\n<p>Exakt beziffern l\u00e4sst sich die durchschnittliche Lebenserwartung der Hauskatze nicht, da die entsprechenden Daten nicht systematisch erfasst werden, wie das bei Menschen der Fall ist. Je nach Quelle wird die Lebenserwartung mit circa 10 bis 20 Jahren angegeben. Eine weite Spanne, die sich dadurch erkl\u00e4ren l\u00e4sst, dass Katzen sehr unterschiedlich leben. Einen gro\u00dfen Einfluss auf die Lebenserwartung hat die Lebensweise, also in welchem Umfeld die Katze lebt und wie ihre Versorgungslage ist.<\/p>\n<h2>Wie alt werden Hauskatzen in der Wohnung?<\/h2>\n<p>Die gr\u00f6\u00dfte Lebenserwartung haben Katzen, die ausschlie\u00dflich im Haus oder in der Wohnung gehalten werden. Sie k\u00f6nnen gut und gerne 15 Jahre alt werden und erreichen nicht selten sogar das dritte Lebensjahrzehnt. Die <a href=\"https:\/\/uelzener.de\/magazin\/katze\/tiergesundheit\/haeufigste-krankheiten-unfaelle-bei-katzen\/\">Unfallgefahr<\/a> ist in der Wohnung deutlich geringer als drau\u00dfen, au\u00dferdem hat die Katze weniger Kontakt mit potenziell gesundheitssch\u00e4dlichen Pflanzen, Insekten oder Krankheitserregern. <a href=\"https:\/\/uelzener.de\/magazin\/katze\/haltung\/wohnungskatze-beschaeftigen\/\" target=\"_blank\" rel=\"noopener\">Wohnungskatzen<\/a> sind dar\u00fcber hinaus nicht ung\u00fcnstiger Witterung wie K\u00e4lte, N\u00e4sse oder extremer Hitze ausgesetzt. Die Futterzeiten sind regul\u00e4r, Engp\u00e4sse bei der Versorgung sind nicht zu bef\u00fcrchten, sofern sich die menschlichen Mitbewohner gut um ihren Stubentiger k\u00fcmmern.<\/p>\n<p>Ein gesundheitlicher Nachteil, der sich aus der reinen Wohnungshaltung ergeben kann, ist mangelnde Bewegung. Dies kann zu einem erh\u00f6hten Risiko f\u00fcr \u00dcbergewicht und den daraus resultierenden Krankheiten wie <a href=\"https:\/\/uelzener.de\/magazin\/katze\/tiergesundheit\/diabetes-bei-katzen\/\">Diabetes mellitus<\/a> oder Gelenkbeschwerden f\u00fchren. Eine ausgewogene Ern\u00e4hrung und ausreichend Spiel- und Bewegungsm\u00f6glichkeiten k\u00f6nnen dabei helfen, solchen Problemen vorzubeugen. Mit einer Katzen-Krankenversicherung bist du vor hohen Tierarztkosten gesch\u00fctzt und kannst sicherstellen, dass es deinem Liebling auch in Sachen medizinischer Versorgung an nichts mangelt.<\/p>\n\n<div class=\"banner\">\n    <a href=\"https:\/\/uelzener.de\/katze\/katzen-krankenversicherung\/?agt=0000104925&sem=true&utm_medium=magazin&utm_source=wordpress&utm_campaign=katze_kv&utm_content=banner\">\n        <img decoding=\"async\" width=\"300\" height=\"212\" src=\"https:\/\/uelzener.de\/magazin\/app\/uploads\/2025\/01\/Katzen-Kranken-Versicherung.jpg\" class=\"attachment-medium size-medium\" alt=\"Banner Katzen-Kranken-Versicherung\" \/>    <\/a>\n<\/div>\n\n<h2>Lebenserwartung von Freig\u00e4ngerkatzen und Streunern<\/h2>\n<p>Freig\u00e4ngerkatzen sind deutlich mehr Risiken ausgesetzt als Wohnungskatzen. So ziehen sie sich zum Beispiel schneller Krankheiten oder Parasiten zu. Au\u00dferdem sind Freig\u00e4nger dem Risiko ausgesetzt, im Stra\u00dfenverkehr verletzt oder in K\u00e4mpfe mit anderen Freig\u00e4ngern verwickelt zu werden. Daher haben sie statistisch gesehen eine geringere Lebenserwartung als Wohnungskatzen. Hauskatzen, die zumindest teilweise drau\u00dfen unterwegs sind, werden durchschnittlich circa 10 bis 12 Jahre alt.<\/p>\n<p>Den Freig\u00e4ngerkatzen kommt zugute, dass sie ein Zuhause haben, in das sie regelm\u00e4\u00dfig zur\u00fcckkehren. Dort werden sie mit Futter versorgt, gepflegt und auch tier\u00e4rztlich versorgt, wenn sie erkranken oder sich verletzen.<\/p>\n<p>Doch es gibt auch zahlreiche im Freien lebende Katzen, die niemanden haben, der sich um sie k\u00fcmmert. Stra\u00dfenkatzen beziehungsweise \u201eStreuner\u201c ohne Besitzer oder Besitzerin haben eine deutlich geringere Lebenserwartung, wobei es nat\u00fcrlich schwierig ist, genaue Werte zu bestimmen. In den 80er Jahren ermittelten schwedische Wissenschaftler eine ca. 3- bis 4-j\u00e4hrige Lebenserwartung. Andere Sch\u00e4tzungen gehen von 6 bis 8 Jahren aus. Fest steht: Das Leben wildlebender Katzen ist gef\u00e4hrlich. Ihre k\u00f6rperliche Konstitution ist im Allgemeinen schlecht, da sie nicht ausreichend Futter bekommen und keine medizinische Hilfe erhalten, wenn sie krank werden oder sich verletzen. F\u00fcr wildlebende Katzen ist jeder Tag ein Kampf ums \u00dcberleben \u2013 ein Grund, warum sich Tierschutzorganisationen f\u00fcr eine generelle Kastration insbesondere freilaufender Hauskatzen aussprechen. So soll eine unkontrollierte Fortpflanzung, die unerw\u00fcnschten Nachwuchs und somit vorhersehbares Tierleid zur Folge hat, verhindert werden.<\/p>\n<h2>Leben Rassekatzen l\u00e4nger?<\/h2>\n<p>Unter der Bezeichnung Hauskatzen werden in der Regel Katzen zusammengefasst, die keiner bestimmten Rasse angeh\u00f6ren, wobei es sich h\u00e4ufig tats\u00e4chlich um die Europ\u00e4isch Kurzhaar handelt. Katzen anderer Rassen k\u00f6nnen eine abweichende Lebenserwartung haben als die \u201etypische Hauskatze\u201c. So gibt es Katzenrassen, die als besonders langlebig gelten, zum Beispiel die Siamkatze mit einer Lebenserwartung von 18 bis 20 Jahren.<\/p>\n<p>Generell aber gilt die Regel, dass reinrassige Katzen mit einer langen Zuchthistorie eher eine geringere Lebenserwartung haben als die robusten Hauskatzen. Das h\u00e4ngt unter anderem damit zusammen, dass viele Katzenrassen anf\u00e4lliger f\u00fcr bestimmte gesundheitliche Probleme sind, die ganz unterschiedlich ausfallen k\u00f6nnen. In extremen F\u00e4llen sind Katzen bestimmter Rassen k\u00f6rperlich sogar schwer eingeschr\u00e4nkt, daher ist es wichtig, bei der Anschaffung von Rassekatzen darauf zu achten, dass es sich nicht um <a href=\"https:\/\/uelzener.de\/magazin\/katze\/haeufige-fragen\/qualzucht-bei-katzen\/\">Qualzuchten<\/a> handelt.<\/p>\n<h2>Lebenserwartungen von Katzen allgemein<\/h2>\n<ul>\n<li>Hauskatzen: 15 Jahre und mehr<\/li>\n<li>Freig\u00e4nger: 10 \u2013 12 Jahre<\/li>\n<li>Streuner: 6 \u2013 8 Jahre<\/li>\n<li>Rassekatzen: 10 \u2013 12 Jahre<\/li>\n<\/ul>\n<h3>Das Katzenalter in Menschenjahren<\/h3>\n<p>Wohnungskatzen haben bei guter Pflege, Ern\u00e4hrung und ausreichender Bewegung sehr gute Chancen ein hohes Alter zu erreichen. Es ist keine Seltenheit, dass ein Stubentiger seinen 20. Geburtstag erlebt. Doch wie lassen sich die Lebensjahre einer Katze einsch\u00e4tzen? Ist ein einj\u00e4hriger Stubentiger bereits erwachsen oder befindet er sich noch in der Pubert\u00e4t? Um das Verhalten deiner Katze besser einordnen zu k\u00f6nnen, hilft es, die Katzenjahre in Menschenjahre umzurechnen. Mehr zu diesem spannenden Thema erf\u00e4hrst du in unserem Artikel <a href=\"https:\/\/uelzener.de\/magazin\/katze\/haeufige-fragen\/katzenjahre-in-menschenjahre\/\">Katzenjahre in Menschenjahre<\/a>.<\/p>\n<h2>Wie erkenne ich das Alter einer Katze?<\/h2>\n<p>Das Alter einer Katze ist schwer einzusch\u00e4tzen. Anders als wir Menschen bekommt sie keine Falten und grauen Haare. Sehr junge Katzen sind aufgrund ihrer kleinen Gr\u00f6\u00dfe und des geringen Gewichts noch einfach zu erkennen, aber ist die Samtpfote erstmal ein Jahr alt, wird es schwierig. Am ehesten l\u00e4sst sich ein fortgeschrittenes Alter anhand der k\u00f6rperlichen Konstitution und am Zustand der Z\u00e4hne und des Fells ausmachen. H\u00e4ufig wird das Fell mit zunehmendem Alter stumpfer und struppiger, die Augen sehen tr\u00fcber aus. Katzensenioren sind zudem oft weniger agil und bewegungsfreudig als ihre jungen Artgenossen, sie schlafen mehr und lassen es allgemein ruhiger angehen. Mitunter beeintr\u00e4chtigen \u00dcber- oder Untergewicht sowie Gelenkprobleme die Mobilit\u00e4t erkennbar. Das ist aber l\u00e4ngst nicht bei allen Katzen der Fall.<\/p>\n\n<div class=\"banner\">\n    <a href=\"https:\/\/uelzener.de\/katze\/katzen-zahn-versicherung\/?agt=0000104925&sem=true&utm_medium=magazin&utm_source=wordpress&utm_campaign=katze_zahn&utm_content=banner\">\n        <img decoding=\"async\" width=\"300\" height=\"212\" src=\"https:\/\/uelzener.de\/magazin\/app\/uploads\/2025\/08\/Katzen-Zahn-Versicherung.jpg\" class=\"attachment-medium size-medium\" alt=\"Banner Katzen-Zahn-Versicherung\" \/>    <\/a>\n<\/div>\n\n<p>Ist das Geburtsjahr unbekannt, l\u00e4sst sich also schwer beurteilen, wie viel gemeinsame Zeit man mit einer Katze voraussichtlich noch hat. Das kann zum Beispiel bei Katzenadoptionen aus dem Tierheim der Fall sein, wenn der Einrichtung nicht bekannt ist, wann die Katze zur Welt kam. Wichtig ist, die k\u00f6rperliche Verfassung in Augenschein zu nehmen und das Verhalten zu beobachten. Selbst \u00e4ltere Katzen, die schon 10 Geburtstage oder mehr erlebt haben, k\u00f6nnen noch viele sch\u00f6ne Jahre vor sich haben. Doch irgendwann kommt auch bei bester Pflege der Moment, in dem man f\u00fcr immer Abschied nehmen muss. In unserem Artikel <a href=\"https:\/\/uelzener.de\/magazin\/katze\/haltung\/katze-beerdigen\/\">Wie verh\u00e4lt sich eine Katze, wenn sie stirbt?<\/a> findest du Hinweise f\u00fcr diese schwere Zeit.<\/p>\n<h2>Fazit<\/h2>\n<p>Wie alt Hauskatzen werden, h\u00e4ngt von vielen Faktoren ab, in erster Linie davon, ob sie drinnen oder drau\u00dfen leben und wie die Versorgung aussieht. Im besten Fall erreichen sie ein beachtliches Alter von 20 Jahren oder sogar mehr. F\u00fcr die einzelne Katze l\u00e4sst sich die Lebensdauer nat\u00fcrlich nicht vorhersagen, da jedes Tier krank werden oder sich lebensbedrohlich verletzen kann. Daher gilt es, die gemeinsame Zeit in vollen Z\u00fcgen zu genie\u00dfen und die Gesundheit des Schmusetigers durch eine ausgewogene Ern\u00e4hrung, gute Pflege, optimale medizinische Versorgung und nicht zuletzt durch ganz viel Liebe zu unterst\u00fctzen.<\/p>\n<h2>FAQ: H\u00e4ufig gestellte Fragen zur Lebenserwartung von Hauskatzen<\/h2>\n<h3>Wie alt wurde die \u00e4lteste Katze?<\/h3>\n<p>Das Guinness-Buch der Rekorde kennt die Antwort. Mit \u00fcber 38 Jahren war Cr\u00e8me Puff die \u00e4lteste bekannte Katze der Welt und h\u00e4lt bis heute den offiziellen Rekord. Sie lebte von 1967 bis 2005 in Texas (USA).<\/p>\n<h3>Ist eine Katze mit 14 Jahren alt?<\/h3>\n<p>Eine Katze mit 14 Jahren gilt als Senior. Je nach Rasse als hochbetagt oder als r\u00fcstig. Eine Balinese, die durchaus 22 Jahre alt werden kann, ist mit 14 Jahren noch eine r\u00fcstige Seniorin. Eine Maine Coon, die in der Regel nur 12 bis 15 Jahre alt wird, ist mit 14 Jahren bereits eine hochbetagte Katze.<\/p>\n\n<div class=\"related_articles boxed\">\n    <h2>Mehr zum Thema<\/h2>\n    \n    <div class=\"wrapper\"><div class=\"title align-center\"><h3><a href=\"https:\/\/uelzener.de\/magazin\/katze\/rasseportrait\/maine-coon\/\">Maine Coon: liebenswerte &#8222;sanfte Riesen&#8220;<\/a><\/h3><\/div><div class=\"img align-center\"><img decoding=\"async\" width=\"315\" height=\"180\" src=\"https:\/\/uelzener.de\/magazin\/app\/uploads\/2015\/03\/ffd2356a-a64f-48d6-ad42-eeac32166a26-315x180.jpg\" class=\"attachment-315x180 size-315x180 wp-post-image\" alt=\"Die Maine Coon Katze liegt auf einem Kissen vor einem roten Hintergrund.\" srcset=\"https:\/\/uelzener.de\/magazin\/app\/uploads\/2015\/03\/ffd2356a-a64f-48d6-ad42-eeac32166a26-315x180.jpg 315w, https:\/\/uelzener.de\/magazin\/app\/uploads\/2015\/03\/ffd2356a-a64f-48d6-ad42-eeac32166a26-650x369.jpg 650w\" sizes=\"(max-width: 315px) 100vw, 315px\" \/><\/div><\/div><div class=\"wrapper\"><div class=\"title align-center\"><h3><a href=\"https:\/\/uelzener.de\/magazin\/katze\/rasseportrait\/europaeisch-kurzhaar\/\">Die Europ\u00e4isch Kurzhaar<\/a><\/h3><\/div><div class=\"img align-center\"><img decoding=\"async\" width=\"315\" height=\"180\" src=\"https:\/\/uelzener.de\/magazin\/app\/uploads\/2019\/05\/364a1a60-dad5-48c8-87be-4e8e29c7544a-315x180.jpg\" class=\"attachment-315x180 size-315x180 wp-post-image\" alt=\"Zwei Europ\u00e4ische Kurzhaar Katzen liegen im Sonnenschein auf dem Rasen.\" srcset=\"https:\/\/uelzener.de\/magazin\/app\/uploads\/2019\/05\/364a1a60-dad5-48c8-87be-4e8e29c7544a-315x180.jpg 315w, https:\/\/uelzener.de\/magazin\/app\/uploads\/2019\/05\/364a1a60-dad5-48c8-87be-4e8e29c7544a-650x369.jpg 650w\" sizes=\"(max-width: 315px) 100vw, 315px\" \/><\/div><\/div><div class=\"wrapper\"><div class=\"title align-center\"><h3><a href=\"https:\/\/uelzener.de\/magazin\/katze\/rasseportrait\/balinesen\/\">Balinesen: Intelligente und gesellige Samtpfoten<\/a><\/h3><\/div><div class=\"img align-center\"><img decoding=\"async\" width=\"315\" height=\"180\" src=\"https:\/\/uelzener.de\/magazin\/app\/uploads\/2025\/04\/balinese-315x180.jpg\" class=\"attachment-315x180 size-315x180 wp-post-image\" alt=\"Balinese Katze.\" \/><\/div><\/div><\/div>\n\n<h3>K\u00f6nnen Katzen 20 Jahre alt werden?<\/h3>\n<p>Wie alt eine Katze wird, h\u00e4ngt sehr von der Pflege und den Lebensumst\u00e4nden ab. Ein weiterer wichtiger Faktor ist die Rasse. Je nach Rasse k\u00f6nnen Katzen gut 20 Jahre alt werden, als durchschnittliche Lebenserwartung gelten aber eher 15 Jahre.<\/p>\n<h3>Welche Katzenrasse wird am \u00e4ltesten?<\/h3>\n<p>Katzen der Rassen Balinese, Europ\u00e4isch Kurzhaar und <a href=\"https:\/\/uelzener.de\/magazin\/katze\/rasseportrait\/siamkatze\/\">Siam<\/a> werden im Schnitt \u00fcber 15 und bis zu 22 Jahre alt. Damit gelten sie als die Katzenrassen mit der h\u00f6chsten Lebenserwartung. Wer eine m\u00f6glichst lange gemeinsame Lebenszeit mit seiner Katze verbringen m\u00f6chte, liegt mit einer dieser Katzenrassen richtig. Bei guter Pflege und Versorgung k\u00f6nnen aber auch Katzen anderer Rassen ein stattliches Alter von \u00fcber 15 Jahren erreichen.<\/p>\n","protected":false},"excerpt":{"rendered":"<p>Wer sich eine Katze anschafft, m\u00f6chte nat\u00fcrlich eine m\u00f6glichst lange Zeit mit ihr verbringen. Daher ist die Frage, wie alt Hauskatzen werden, durchaus interessant f\u00fcr alle, die mit dem Gedanken spielen, sich eine Samtpfote ins Haus zu holen. Klar: Keiner kann vorhersehen, ob sich das Tier lebensbedrohlich verletzen oder schlimm erkranken wird. Ein Blick auf [&hellip;]<\/p>\n","protected":false},"author":11,"featured_media":14432,"parent":11691,"menu_order":13,"comment_status":"closed","ping_status":"closed","template":"templates\/blog.php","meta":{"_acf_changed":false,"_crdt_document":"","footnotes":"","beyondwords_generate_audio":"0","beyondwords_project_id":"","beyondwords_content_id":"","beyondwords_preview_token":"","beyondwords_player_style":"","beyondwords_language_id":"","beyondwords_title_voice_id":"","beyondwords_body_voice_id":"","beyondwords_summary_voice_id":"","beyondwords_error_message":"","beyondwords_disabled":"","beyondwords_delete_content":"","beyondwords_podcast_id":"","beyondwords_hash":"","publish_post_to_speechkit":"","speechkit_hash":"","speechkit_generate_audio":"","speechkit_project_id":"","speechkit_podcast_id":"","speechkit_error_message":"","speechkit_disabled":"","speechkit_access_key":"","speechkit_error":"","speechkit_info":"","speechkit_response":"","speechkit_retries":"","speechkit_status":"","speechkit_updated_at":"","_speechkit_link":"","_speechkit_text":""},"class_list":["post-14429","page","type-page","status-publish","has-post-thumbnail","hentry"],"acf":[],"yoast_head":"<!-- This site is optimized with the Yoast SEO Premium plugin  - https:\/\/yoast.com\/product\/yoast-seo-premium-wordpress\/ -->\n<title>Wie alt werden Hauskatzen? | Uelzener Magazin<\/title>\n<meta name=\"description\" content=\"Erfahre, was die Lebenserwartung deiner Katze beeinflusst. Was davon liegt in deiner Hand, was nicht?\" \/>\n<meta name=\"robots\" content=\"index, follow, max-snippet:-1, max-image-preview:large, max-video-preview:-1\" \/>\n<link rel=\"canonical\" href=\"https:\/\/uelzener.de\/magazin\/katze\/haeufige-fragen\/wie-alt-werden-katzen\/\" \/>\n<meta property=\"og:locale\" content=\"de_DE\" \/>\n<meta property=\"og:type\" content=\"article\" \/>\n<meta property=\"og:title\" content=\"Wie alt werden Hauskatzen?\" \/>\n<meta property=\"og:description\" content=\"Erfahre, was die Lebenserwartung deiner Katze beeinflusst. Was davon liegt in deiner Hand, was nicht?\" \/>\n<meta property=\"og:url\" content=\"https:\/\/uelzener.de\/magazin\/katze\/haeufige-fragen\/wie-alt-werden-katzen\/\" \/>\n<meta property=\"og:site_name\" content=\"Uelzener Tier-Magazin\" \/>\n<meta property=\"article:publisher\" content=\"https:\/\/www.facebook.com\/Uelzener\" \/>\n<meta property=\"article:modified_time\" content=\"2026-01-06T17:06:35+00:00\" \/>\n<meta property=\"og:image\" content=\"https:\/\/uelzener.de\/magazin\/app\/uploads\/2022\/11\/wie-alt-werden-katzen.jpg\" \/>\n\t<meta property=\"og:image:width\" content=\"1025\" \/>\n\t<meta property=\"og:image:height\" content=\"450\" \/>\n\t<meta property=\"og:image:type\" content=\"image\/jpeg\" \/>\n<meta name=\"twitter:card\" content=\"summary_large_image\" \/>\n<meta name=\"twitter:label1\" content=\"Gesch\u00e4tzte Lesezeit\" \/>\n\t<meta name=\"twitter:data1\" content=\"9\u00a0Minuten\" \/>\n<script type=\"application\/ld+json\" class=\"yoast-schema-graph\">{\"@context\":\"https:\/\/schema.org\",\"@graph\":[{\"@type\":\"WebPage\",\"@id\":\"https:\/\/uelzener.de\/magazin\/katze\/haeufige-fragen\/wie-alt-werden-katzen\/\",\"url\":\"https:\/\/uelzener.de\/magazin\/katze\/haeufige-fragen\/wie-alt-werden-katzen\/\",\"name\":\"Wie alt werden Hauskatzen? | Uelzener Magazin\",\"isPartOf\":{\"@id\":\"https:\/\/uelzener.de\/magazin\/#website\"},\"primaryImageOfPage\":{\"@id\":\"https:\/\/uelzener.de\/magazin\/katze\/haeufige-fragen\/wie-alt-werden-katzen\/#primaryimage\"},\"image\":{\"@id\":\"https:\/\/uelzener.de\/magazin\/katze\/haeufige-fragen\/wie-alt-werden-katzen\/#primaryimage\"},\"thumbnailUrl\":\"https:\/\/uelzener.de\/magazin\/app\/uploads\/2022\/11\/wie-alt-werden-katzen.jpg\",\"datePublished\":\"2023-09-04T10:00:50+00:00\",\"dateModified\":\"2026-01-06T17:06:35+00:00\",\"description\":\"Erfahre, was die Lebenserwartung deiner Katze beeinflusst. Was davon liegt in deiner Hand, was nicht?\",\"breadcrumb\":{\"@id\":\"https:\/\/uelzener.de\/magazin\/katze\/haeufige-fragen\/wie-alt-werden-katzen\/#breadcrumb\"},\"inLanguage\":\"de\",\"potentialAction\":[{\"@type\":\"ReadAction\",\"target\":[\"https:\/\/uelzener.de\/magazin\/katze\/haeufige-fragen\/wie-alt-werden-katzen\/\"]}]},{\"@type\":\"ImageObject\",\"inLanguage\":\"de\",\"@id\":\"https:\/\/uelzener.de\/magazin\/katze\/haeufige-fragen\/wie-alt-werden-katzen\/#primaryimage\",\"url\":\"https:\/\/uelzener.de\/magazin\/app\/uploads\/2022\/11\/wie-alt-werden-katzen.jpg\",\"contentUrl\":\"https:\/\/uelzener.de\/magazin\/app\/uploads\/2022\/11\/wie-alt-werden-katzen.jpg\",\"width\":1025,\"height\":450,\"caption\":\"Ein K\u00e4tzchen liegt bei seiner Mama. Wie alt k\u00f6nnen Katzen eigentlich werden?\"},{\"@type\":\"WebSite\",\"@id\":\"https:\/\/uelzener.de\/magazin\/#website\",\"url\":\"https:\/\/uelzener.de\/magazin\/\",\"name\":\"Uelzener Tiermagazin\",\"description\":\"Online Tierratgeber der Uelzener Versicherungen\",\"publisher\":{\"@id\":\"https:\/\/uelzener.de\/magazin\/#organization\"},\"potentialAction\":[{\"@type\":\"SearchAction\",\"target\":{\"@type\":\"EntryPoint\",\"urlTemplate\":\"https:\/\/uelzener.de\/magazin\/?s={search_term_string}\"},\"query-input\":{\"@type\":\"PropertyValueSpecification\",\"valueRequired\":true,\"valueName\":\"search_term_string\"}}],\"inLanguage\":\"de\"},{\"@type\":\"Organization\",\"@id\":\"https:\/\/uelzener.de\/magazin\/#organization\",\"name\":\"Uelzener Versicherungen\",\"url\":\"https:\/\/uelzener.de\/magazin\/\",\"logo\":{\"@type\":\"ImageObject\",\"inLanguage\":\"de\",\"@id\":\"https:\/\/uelzener.de\/magazin\/#\/schema\/logo\/image\/\",\"url\":\"https:\/\/uelzener.de\/magazin\/app\/uploads\/2024\/11\/uelzener_allgemeine_versicherungsgesellschaft_a_g_logo.jpg\",\"contentUrl\":\"https:\/\/uelzener.de\/magazin\/app\/uploads\/2024\/11\/uelzener_allgemeine_versicherungsgesellschaft_a_g_logo.jpg\",\"width\":200,\"height\":200,\"caption\":\"Uelzener Versicherungen\"},\"image\":{\"@id\":\"https:\/\/uelzener.de\/magazin\/#\/schema\/logo\/image\/\"},\"sameAs\":[\"https:\/\/www.facebook.com\/Uelzener\",\"https:\/\/instagram.com\/uelzener\",\"https:\/\/www.xing.com\/pages\/uelzenerallgemeineversicherungs-gesellschafta-g\",\"https:\/\/www.youtube.com\/UelzenerVersicherungen\"]}]}<\/script>\n<!-- \/ Yoast SEO Premium plugin. -->","yoast_head_json":{"title":"Wie alt werden Hauskatzen? | Uelzener Magazin","description":"Erfahre, was die Lebenserwartung deiner Katze beeinflusst. Was davon liegt in deiner Hand, was nicht?","robots":{"index":"index","follow":"follow","max-snippet":"max-snippet:-1","max-image-preview":"max-image-preview:large","max-video-preview":"max-video-preview:-1"},"canonical":"https:\/\/uelzener.de\/magazin\/katze\/haeufige-fragen\/wie-alt-werden-katzen\/","og_locale":"de_DE","og_type":"article","og_title":"Wie alt werden Hauskatzen?","og_description":"Erfahre, was die Lebenserwartung deiner Katze beeinflusst. Was davon liegt in deiner Hand, was nicht?","og_url":"https:\/\/uelzener.de\/magazin\/katze\/haeufige-fragen\/wie-alt-werden-katzen\/","og_site_name":"Uelzener Tier-Magazin","article_publisher":"https:\/\/www.facebook.com\/Uelzener","article_modified_time":"2026-01-06T17:06:35+00:00","og_image":[{"width":1025,"height":450,"url":"https:\/\/uelzener.de\/magazin\/app\/uploads\/2022\/11\/wie-alt-werden-katzen.jpg","type":"image\/jpeg"}],"twitter_card":"summary_large_image","twitter_misc":{"Gesch\u00e4tzte Lesezeit":"9\u00a0Minuten"},"schema":{"@context":"https:\/\/schema.org","@graph":[{"@type":"WebPage","@id":"https:\/\/uelzener.de\/magazin\/katze\/haeufige-fragen\/wie-alt-werden-katzen\/","url":"https:\/\/uelzener.de\/magazin\/katze\/haeufige-fragen\/wie-alt-werden-katzen\/","name":"Wie alt werden Hauskatzen? | Uelzener Magazin","isPartOf":{"@id":"https:\/\/uelzener.de\/magazin\/#website"},"primaryImageOfPage":{"@id":"https:\/\/uelzener.de\/magazin\/katze\/haeufige-fragen\/wie-alt-werden-katzen\/#primaryimage"},"image":{"@id":"https:\/\/uelzener.de\/magazin\/katze\/haeufige-fragen\/wie-alt-werden-katzen\/#primaryimage"},"thumbnailUrl":"https:\/\/uelzener.de\/magazin\/app\/uploads\/2022\/11\/wie-alt-werden-katzen.jpg","datePublished":"2023-09-04T10:00:50+00:00","dateModified":"2026-01-06T17:06:35+00:00","description":"Erfahre, was die Lebenserwartung deiner Katze beeinflusst. Was davon liegt in deiner Hand, was nicht?","breadcrumb":{"@id":"https:\/\/uelzener.de\/magazin\/katze\/haeufige-fragen\/wie-alt-werden-katzen\/#breadcrumb"},"inLanguage":"de","potentialAction":[{"@type":"ReadAction","target":["https:\/\/uelzener.de\/magazin\/katze\/haeufige-fragen\/wie-alt-werden-katzen\/"]}]},{"@type":"ImageObject","inLanguage":"de","@id":"https:\/\/uelzener.de\/magazin\/katze\/haeufige-fragen\/wie-alt-werden-katzen\/#primaryimage","url":"https:\/\/uelzener.de\/magazin\/app\/uploads\/2022\/11\/wie-alt-werden-katzen.jpg","contentUrl":"https:\/\/uelzener.de\/magazin\/app\/uploads\/2022\/11\/wie-alt-werden-katzen.jpg","width":1025,"height":450,"caption":"Ein K\u00e4tzchen liegt bei seiner Mama. Wie alt k\u00f6nnen Katzen eigentlich werden?"},{"@type":"WebSite","@id":"https:\/\/uelzener.de\/magazin\/#website","url":"https:\/\/uelzener.de\/magazin\/","name":"Uelzener Tiermagazin","description":"Online Tierratgeber der Uelzener Versicherungen","publisher":{"@id":"https:\/\/uelzener.de\/magazin\/#organization"},"potentialAction":[{"@type":"SearchAction","target":{"@type":"EntryPoint","urlTemplate":"https:\/\/uelzener.de\/magazin\/?s={search_term_string}"},"query-input":{"@type":"PropertyValueSpecification","valueRequired":true,"valueName":"search_term_string"}}],"inLanguage":"de"},{"@type":"Organization","@id":"https:\/\/uelzener.de\/magazin\/#organization","name":"Uelzener Versicherungen","url":"https:\/\/uelzener.de\/magazin\/","logo":{"@type":"ImageObject","inLanguage":"de","@id":"https:\/\/uelzener.de\/magazin\/#\/schema\/logo\/image\/","url":"https:\/\/uelzener.de\/magazin\/app\/uploads\/2024\/11\/uelzener_allgemeine_versicherungsgesellschaft_a_g_logo.jpg","contentUrl":"https:\/\/uelzener.de\/magazin\/app\/uploads\/2024\/11\/uelzener_allgemeine_versicherungsgesellschaft_a_g_logo.jpg","width":200,"height":200,"caption":"Uelzener Versicherungen"},"image":{"@id":"https:\/\/uelzener.de\/magazin\/#\/schema\/logo\/image\/"},"sameAs":["https:\/\/www.facebook.com\/Uelzener","https:\/\/instagram.com\/uelzener","https:\/\/www.xing.com\/pages\/uelzenerallgemeineversicherungs-gesellschafta-g","https:\/\/www.youtube.com\/UelzenerVersicherungen"]}]}},"_links":{"self":[{"href":"https:\/\/uelzener.de\/magazin\/wp-json\/wp\/v2\/pages\/14429","targetHints":{"allow":["GET"]}}],"collection":[{"href":"https:\/\/uelzener.de\/magazin\/wp-json\/wp\/v2\/pages"}],"about":[{"href":"https:\/\/uelzener.de\/magazin\/wp-json\/wp\/v2\/types\/page"}],"author":[{"embeddable":true,"href":"https:\/\/uelzener.de\/magazin\/wp-json\/wp\/v2\/users\/11"}],"replies":[{"embeddable":true,"href":"https:\/\/uelzener.de\/magazin\/wp-json\/wp\/v2\/comments?post=14429"}],"version-history":[{"count":13,"href":"https:\/\/uelzener.de\/magazin\/wp-json\/wp\/v2\/pages\/14429\/revisions"}],"predecessor-version":[{"id":19684,"href":"https:\/\/uelzener.de\/magazin\/wp-json\/wp\/v2\/pages\/14429\/revisions\/19684"}],"up":[{"embeddable":true,"href":"https:\/\/uelzener.de\/magazin\/wp-json\/wp\/v2\/pages\/11691"}],"wp:featuredmedia":[{"embeddable":true,"href":"https:\/\/uelzener.de\/magazin\/wp-json\/wp\/v2\/media\/14432"}],"wp:attachment":[{"href":"https:\/\/uelzener.de\/magazin\/wp-json\/wp\/v2\/media?parent=14429"}],"curies":[{"name":"wp","href":"https:\/\/api.w.org\/{rel}","templated":true}]}}