{"id":14368,"date":"2025-08-05T15:11:02","date_gmt":"2025-08-05T13:11:02","guid":{"rendered":"https:\/\/uelzener.de\/magazin\/?page_id=14368"},"modified":"2025-08-05T15:12:22","modified_gmt":"2025-08-05T13:12:22","slug":"was-fressen-pferde","status":"publish","type":"page","link":"https:\/\/uelzener.de\/magazin\/pferd\/ernaehrung\/was-fressen-pferde\/","title":{"rendered":"Was fressen Pferde"},"content":{"rendered":"<p>Neben Heu, Raufutter, Kraftfutter und Zusatzfutter, m\u00f6chtest du deinem Pferd vielleicht etwas gesunde Abwechslung g\u00f6nnen. Oder du w\u00fcnschst dir einige Highlights, um dein Pferd besser belohnen und motivieren zu k\u00f6nnen. Dazu findest du hier eine Menge Inspiration und Anregung. Au\u00dferdem n\u00fctzliche Informationen, was du bei den Extras f\u00fcr dein Pferd beachten solltest.<\/p>\n<p>Gelegenheit dazu gibt es viele. Denn als Dauerfresser kauen und fressen Pferde am liebsten den ganzen Tag. Zum einen sind sie mit einem relativ kleinen Magen ausgestattet. Zum anderen ben\u00f6tigen Pferde den beim Kauen entstehenden Speichel dringend f\u00fcr ihren empfindlichen Magen. Produzieren Pferde nur unzureichend Speichel, greift die Magens\u00e4ure die Magenschleimh\u00e4ute an und das Risiko f\u00fcr ein Magengeschw\u00fcr steigt.<\/p>\n<p>Die Basis sollten immer Raufutter und Kraftfutter sein. Doch f\u00fcr die Belohnungen und Motivationsanreize zwischendurch findest du hier viele Anregungen f\u00fcr handliche Snacks.<\/p>\n<h2>Diese Obstsorten d\u00fcrfen Pferde fressen<\/h2>\n<p>Obst bringt Abwechslung und wichtige Vitamine in die Ern\u00e4hrung deines Pferdes. Es eignet sich obendrein gut als ganz besonderes Leckerli zur Belohnung. Zwei Punkte sind bei Obst f\u00fcr Pferde ganz grunds\u00e4tzlich wichtig:<\/p>\n<ol>\n<li><strong>Nur kleine Mengen: Obst enth\u00e4lt Fruchtzucker. Dieser ist f\u00fcr Pferde im Allgemeinen nicht gut vertr\u00e4glich. Das gilt besonders f\u00fcr Fr\u00fcchte mit sehr hohem Fruchtzuckeranteil, wie zum Beispiel Bananen.<\/strong><\/li>\n<li><strong>Fr\u00fcchte sollten reif, aber nicht zu reif sein. Bei \u00fcberreifen Fr\u00fcchten besteht die Gefahr, dass sie g\u00e4ren. Das kann zu Bl\u00e4hungen bzw. Koliken f\u00fchren.<\/strong><\/li>\n<\/ol>\n<p>Los geht es jetzt mit der Liste der f\u00fcr Pferde geeigneten Obstsorten:<\/p>\n<ul>\n<li>Birnen (einmal oder zweimal durchschneiden, nicht zu kleine Fr\u00fcchte f\u00fcttern, Gefahr der Schlundverstopfung)<\/li>\n<li><a href=\"https:\/\/uelzener.de\/magazin\/pferd\/ernaehrung\/hagebutten-fuer-pferde-ein-gesunder-snack-aus-der-natur\/\" target=\"_blank\" rel=\"noopener\">Hagebutten<\/a> (getrocknet, sehr gesund, lassen sich auch im Handel kaufen)<\/li>\n<li>\u00c4pfel (einmal oder zweimal durchschneiden, nicht zu kleine Fr\u00fcchte f\u00fcttern, Gefahr der Schlundverstopfung)<\/li>\n<li>Bananen (ohne Schale)<\/li>\n<li>Wassermelonen (ohne Schale und auch die Kerne entfernen)<\/li>\n<\/ul>\n<h3>Diese Obstsorten sollten nur ausnahmsweise in kleinen Mengen gef\u00fcttert werden:<\/h3>\n<ul>\n<li>Mandarinen (nur in kleinen Mengen, nicht f\u00fcr Pferde mit Magenproblemen geeignet)<\/li>\n<li>Kiwi (ebenfalls zerkleinern)<\/li>\n<li>Feigen (frische Feigen, die nicht zu reif sind)<\/li>\n<li>Kirschen (Kolikgefahr, mit Stein gef\u00fcttert besteht Gefahr der Schlundverstopfung)<\/li>\n<li>Himbeeren<\/li>\n<li>Blaubeeren (nur in kleinen Mengen, viel Fruchtzucker)<\/li>\n<li>Cranberries<\/li>\n<\/ul>\n<p>Du siehst: Bei Obstsorten ist zum Teil gro\u00dfe Vorsicht geboten. Vor allem Fruchtzucker, Steine bzw. Kerne und die Gr\u00f6\u00dfe des Obstes solltest du ber\u00fccksichtigen.<\/p>\n<p>Und wie sieht es mit Gem\u00fcse aus? Auch hier gibt es eine F\u00fclle M\u00f6glichkeiten und ein paar Punkte zu beachten.<\/p>\n<h2>Diese Gem\u00fcsesorten d\u00fcrfen Pferde fressen<\/h2>\n<p>\u00c4hnlich wie beim Obst gilt auch hier: nur in Ma\u00dfen. Probiere zun\u00e4chst mit kleinen Mengen aus, wie dein Pferd auf die F\u00fctterung des jeweiligen Gem\u00fcses reagiert.<\/p>\n<ul>\n<li>Karotten (ohne Gr\u00fcn, weil dies Blaus\u00e4ure enth\u00e4lt)<\/li>\n<li><a href=\"https:\/\/uelzener.de\/magazin\/pferd\/ernaehrung\/rote-bete-fuer-pferde\/\" target=\"_blank\" rel=\"noopener\">Rote Beete<\/a><\/li>\n<li>Steckr\u00fcben, R\u00fcben, <a href=\"https:\/\/uelzener.de\/magazin\/pferd\/ernaehrung\/ruebenschnitzel-fuer-pferde\/\" target=\"_blank\" rel=\"noopener\">R\u00fcbenschnitzel<\/a><\/li>\n<li>Sellerie<\/li>\n<li>Spirulina-Algen<\/li>\n<li>Fenchel (kann in Ma\u00dfen Verdauung entlasten, weil er bl\u00e4hend wirken kann)<\/li>\n<li>Salat<\/li>\n<li>Zucchini<\/li>\n<li>S\u00fc\u00dfkartoffeln\u00a0 (nur in kleinen Mengen, weil st\u00e4rkereich und kohlenhydrathaltig)<\/li>\n<li>Knoblauch (nur geringe Mengen)<\/li>\n<li>Gurken (sehr wasserhaltig. Daher wegen Durchfallgefahr nur in kleinen Mengen f\u00fcttern.)<\/li>\n<li>Brokkoli (nur in kleinen Mengen und nur bei Pferden ohne Magenprobleme, wirkt bl\u00e4hend, <a href=\"https:\/\/uelzener.de\/magazin\/pferd\/tiergesundheit\/kolik-beim-pferd\/\"><strong>Kolikgefahr<\/strong><\/a>)<\/li>\n<li>Kohlbl\u00e4tter (nicht geeignet, weil sie bl\u00e4hend wirken und Koliken ausl\u00f6sen k\u00f6nnen)<\/li>\n<\/ul>\n<h2>Sind Kr\u00e4uter und Heilpflanzen gut f\u00fcr Pferde?<\/h2>\n<p>Nicht alle Heilkr\u00e4uter und Heilpflanzen, die f\u00fcr den Menschen gut sind, sind es auch f\u00fcr Pferde. Es gibt jedoch gro\u00dfe Schnittmengen. Wir geben im Artikel \u00fcber <a href=\"https:\/\/uelzener.de\/magazin\/pferd\/ernaehrung\/heilpflanzen-kraeuter-fuer-pferde\/\" target=\"_blank\" rel=\"noopener\">Heilkr\u00e4uter und Pflanzen f\u00fcr Pferde<\/a> einen ausf\u00fchrlichen \u00dcberblick, welche sich f\u00fcr Pferde eignen und in welchen Bereichen sie verwendet werden.<\/p>\n<h2>D\u00fcrfen Pferde Laub fressen?<\/h2>\n<p>Ja, du kannst deinem Pferd Laub zum Fressen geben, aber sei vorsichtig, welche Arten von Laub du ausw\u00e4hlst. Einige Bl\u00e4tter sind sicher und werden von Pferden gerne gefressen, w\u00e4hrend andere giftige Substanzen enthalten k\u00f6nnen.<\/p>\n<h3>Sicheres Laub f\u00fcr Pferde:<\/h3>\n<ul>\n<li>Apfelbl\u00e4tter sind in der Regel unbedenklich und werden oft als Leckerbissen genossen.<\/li>\n<li>Birkenbl\u00e4tter sind auch f\u00fcr Pferde unbedenklich und k\u00f6nnen gef\u00fcttert werden.<\/li>\n<li>Weidenbl\u00e4tter sind sicher und werden von Pferden oft gerne gefressen.<\/li>\n<\/ul>\n<h3>Du solltest jedoch vermeiden:<\/h3>\n<ul>\n<li>Eichenbl\u00e4tter, da sie Tannin enthalten, das f\u00fcr Pferde giftig sein kann.<\/li>\n<li>Auch Ahornbl\u00e4tter sollten vermieden werden, da einige Arten von Ahornbl\u00e4ttern Toxine enthalten k\u00f6nnen und somit nicht sicher f\u00fcr Pferde sind.<\/li>\n<li>Kirschlorbeer ist f\u00fcr Pferde giftig und sollte keinesfalls gef\u00fcttert werden.<\/li>\n<\/ul>\n<p>Achte auch darauf, dass das Laub nicht von B\u00e4umen stammt, die mit Pestiziden oder anderen sch\u00e4dlichen Substanzen behandelt wurden. Zus\u00e4tzlich ist es wichtig, m\u00f6glichen Schimmelbefall im Laub zu ber\u00fccksichtigen. Schimmelpilze k\u00f6nnen sich besonders in feuchtem Herbstlaub bilden und sind sch\u00e4dlich f\u00fcr Pferde. Wenn das Laub verschimmelt ist, solltest du es auf keinen Fall verf\u00fcttern.<\/p>\n<p>Wenn du dir nicht sicher bist, ob bestimmte Pflanzen oder Laubarten f\u00fcr dein Pferd sicher sind, konsultiere am besten einen Tierarzt oder einen Pferdeexperten, um sicherzugehen, dass du deinem Pferd keine sch\u00e4dlichen Substanzen f\u00fctterst.<\/p>\n<h2>Fleisch \/ Proteine<\/h2>\n<p>Pferde sind Pflanzenfresser. Dennoch kann dein Pferd m\u00f6glicherweise gerne zugreifen, wenn du ihm Fleischhaltiges anbietest. Es ist jedoch keinesfalls n\u00f6tig und ungesund, wenn du deinem Pferd Fleisch gibst. Denn der\u00a0<span style=\"color: #c50451;\">Magen- und Darmtrakt des Pferdes<\/span><span style=\"color: #4a4a4a;\">\u00a0ist auf pflanzliche Nahrung ausgelegt.<\/span><\/p>\n<p>Fleisch enth\u00e4lt viele Proteine und Vitamin B. Doch f\u00fcr dein Pferd sind pflanzliche Quellen besser geeignet. Es gibt sie in Form von Raufutter, Kraftfutter oder Zusatzfutter. Dieses ist f\u00fcr dein Pferd in der passenden Dosierung gut vertr\u00e4glich und hilft auch beim <span style=\"color: #c50451;\">Muskelaufbau<\/span><span style=\"color: #4a4a4a;\">.<\/span><\/p>\n\n<div class=\"related_articles boxed\">\n    <h2>Mehr zum Thema<\/h2>\n    \n    <div class=\"wrapper\"><div class=\"title align-center\"><h3><a href=\"https:\/\/uelzener.de\/magazin\/pferd\/ernaehrung\/was-fuettern-wenn-das-pferd-zu-duenn-ist\/\">Was f\u00fcttern, wenn das Pferd zu d\u00fcnn ist?<\/a><\/h3><\/div><div class=\"img align-center\"><img decoding=\"async\" width=\"315\" height=\"180\" src=\"https:\/\/uelzener.de\/magazin\/app\/uploads\/2025\/02\/pferde_duenn_fressen-315x180.jpg\" class=\"attachment-315x180 size-315x180 wp-post-image\" alt=\"Ein Pferd bekommt fressen gereicht.\" \/><\/div><\/div><div class=\"wrapper\"><div class=\"title align-center\"><h3><a href=\"https:\/\/uelzener.de\/magazin\/pferd\/tiergesundheit\/verdauung-pferd\/\">Wie funktioniert die Verdauung eines Pferdes?<\/a><\/h3><\/div><div class=\"img align-center\"><img decoding=\"async\" width=\"315\" height=\"180\" src=\"https:\/\/uelzener.de\/magazin\/app\/uploads\/2021\/10\/Verdauung_GettyImages-173297783_RGB_1024x450_Rahmen-315x180.jpg\" class=\"attachment-315x180 size-315x180 wp-post-image\" alt=\"Grafik Verdauung Pferd Darm\" \/><\/div><\/div><div class=\"wrapper\"><div class=\"title align-center\"><h3><a href=\"https:\/\/uelzener.de\/magazin\/pferd\/ernaehrung\/muskelaufbau-bei-pferden-durch-nahrung\/\">Muskelaufbau bei Pferden durch die richtige Nahrung<\/a><\/h3><\/div><div class=\"img align-center\"><img decoding=\"async\" width=\"315\" height=\"180\" src=\"https:\/\/uelzener.de\/magazin\/app\/uploads\/2024\/05\/Muskelaufbau-Pferd-durch-Ernaehrung-315x180.jpg\" class=\"attachment-315x180 size-315x180 wp-post-image\" alt=\"Pferd in Nahaufnahme kaut Gras. Welches Futter ist gut geeignet f\u00fcr den Muskelaufbau bei Pferden?\" \/><\/div><\/div><\/div>\n\n<h2>Diese Nusssorten d\u00fcrfen Pferde fressen<\/h2>\n<p>N\u00fcsse eignen sich hervorragend zum Mitnehmen als Leckerli-Alternative und sind ein guter Mangan-Lieferant. Du solltest allerdings die Schalen entfernen. Sie sind schwer bek\u00f6mmlich und manchmal leider auch sch\u00e4dlich f\u00fcr dein Pferd.<\/p>\n<ul>\n<li>Haseln\u00fcsse<\/li>\n<li>Waln\u00fcsse<\/li>\n<li>Mandeln<\/li>\n<li>Erdn\u00fcsse (Vorsicht: wirken h\u00e4ufig allergen)<\/li>\n<li>Cashewn\u00fcsse<\/li>\n<\/ul>\n<h2>Getreide<\/h2>\n<p>Zu Getreide geh\u00f6ren Weizen, Roggen, Hafer, Gerste, Dinkel, Buchweizen, Hirse und Mais.<\/p>\n<p>Viele Getreidesorten sind unbearbeitet f\u00fcr das Pferd im D\u00fcnndarm nur schwer verdaulich. Daher ist es wichtig, zu bearbeiteten Formen zu greifen. Diese gibt es in verschiedenen Ausf\u00fchrungen, beispielsweise als M\u00fcsli aus Getreideschrot oder Getreideflocken. Lediglich Hafer l\u00e4sst sich auch unbearbeitet gut verdauen.<\/p>\n<p>Von Weizen und Roggen ist generell abzuraten. Denn aufgrund des hohen Gluten-Anteils k\u00f6nnen beide Getreidesorten vom Pferd nur schwer verarbeitet werden. \u00c4hnliches gilt f\u00fcr Dinkel. Auch hier sind Hafer, Mais oder Gerste die deutlich bessere Alternative.<\/p>\n<h2>Zucker und Honig<\/h2>\n<p>Bei der Frage nach Zuckerw\u00fcrfeln aus industriellem Zucker oder Honig scheiden sich unter Pferdehalter:innen die Geister. Ab und an ein bisschen raffinierter Zucker oder Honig schaden gesunden Pferden nicht. Dauerhaft und f\u00fcr kranke und \u00fcbergewichtige Pferde ist er aber nicht geeignet und man sollte lieber zu einer gesunden Alternative greifen.<\/p>\n<p>Gegen \u00dcbergewicht hilft \u00fcbrigens ausreichend Bewegung, aber auch die sogenannte <a href=\"https:\/\/uelzener.de\/magazin\/pferd\/ernaehrung\/fressbremse-fuer-pferde\/\">Fressbremse<\/a>.<\/p>\n<h2>Backwaren<\/h2>\n<p>Altes, getrocknetes Brot wird oftmals an Pferde verf\u00fcttert. In den meisten F\u00e4llen geht es gut und das Pferd kommt prima damit zurecht. Eigentlich sind Brot und Br\u00f6tchen f\u00fcr Pferde jedoch ungeeignet. Sie enthalten normalerweise Weizen oder Roggen. Diese haben einen hohen Anteil an Gluten. Das sorgt h\u00e4ufig f\u00fcr Verdauungsst\u00f6rungen. Zudem enthalten Backwaren viel St\u00e4rke. Diese gelangt \u00fcber den D\u00fcnndarm als Blutzucker ins Blut und m\u00fcsste nun durch k\u00f6rperliche Bewegung abgebaut werden. Geschieht dies nicht, kann es zu Krankheiten kommen.<\/p>\n<h2>Gekaufte Leckerlis<\/h2>\n<p>Gekaufte Leckerlis gibt es in den verschiedensten Zusammensetzungen. Leckerlis dienen vor allem der Belohnung im Training. Sie sollten dosiert eingesetzt werden. Leckerlies mit viel zugesetztem Zucker k\u00f6nnen in gr\u00f6\u00dferen Mengen sch\u00e4dlich sein. Entscheide daher bewusst, was du deinem Pferd in welchen Mengen f\u00fcttern m\u00f6chtest.<\/p>\n<h2>FAQ: H\u00e4ufig gestellte Fragen<\/h2>\n<h3>D\u00fcrfen Pferde Erdbeeren essen?<\/h3>\n<p>Erdbeeren d\u00fcrfen von Pferden gegessen werden. Wie bei allen Obstsorten gilt: Sie sollten reif, aber nicht zu reif sein.<\/p>\n<h3>Was m\u00f6gen Pferde am liebsten?<\/h3>\n<p>Pferde sind Individuen. Daher gibt es bei Pferden auch sehr unterschiedliche Vorlieben. F\u00fcr viele Pferde sind Karotten oder \u00c4pfel ein Highlight. S\u00fc\u00dfe Leckerlis m\u00f6gen die meisten gerne. Generell gilt aber: Finde heraus, was dein Pferd am allerliebsten mag und achte dann darauf, dass du sein Futter so zubereitest und darreichst, dass es ihm guttut und wohl bekommt.<\/p>\n<h3>K\u00f6nnen Pferde Gurken essen?<\/h3>\n<p>Grunds\u00e4tzlich spricht nichts dagegen, wenn Pferde Gurke fressen. Allerdings geh\u00f6ren Gurken zu den sehr wasserhaltigen Gem\u00fcsen. Frisst ein Pferd reichlich Gurke, kann dies zu Durchfall f\u00fchren.<\/p>\n<p>Sei daher vorsichtig mit der Futtergabe von Gurke und probiere lieber in kleinen Mengen aus, ob dein Pferd sie mag und wie es Gurke vertr\u00e4gt. Du bist dir nicht sicher, ob es Durchfall oder Kotwasser ist? Lies hier mehr nach \u00fcber den <a href=\"https:\/\/uelzener.de\/magazin\/pferd\/tiergesundheit\/kotwasser-beim-pferd\/\">Unterschied zwischen Kotwasser und Durchfall<\/a>.<\/p>\n","protected":false},"excerpt":{"rendered":"<p>Neben Heu, Raufutter, Kraftfutter und Zusatzfutter, m\u00f6chtest du deinem Pferd vielleicht etwas gesunde Abwechslung g\u00f6nnen. Oder du w\u00fcnschst dir einige Highlights, um dein Pferd besser belohnen und motivieren zu k\u00f6nnen. Dazu findest du hier eine Menge Inspiration und Anregung. Au\u00dferdem n\u00fctzliche Informationen, was du bei den Extras f\u00fcr dein Pferd beachten solltest. Gelegenheit dazu gibt [&hellip;]<\/p>\n","protected":false},"author":11,"featured_media":14370,"parent":11672,"menu_order":3,"comment_status":"closed","ping_status":"closed","template":"templates\/blog.php","meta":{"_acf_changed":false,"_crdt_document":"","footnotes":"","beyondwords_generate_audio":"0","beyondwords_project_id":"","beyondwords_content_id":"","beyondwords_preview_token":"","beyondwords_player_style":"","beyondwords_language_id":"","beyondwords_title_voice_id":"","beyondwords_body_voice_id":"","beyondwords_summary_voice_id":"","beyondwords_error_message":"","beyondwords_disabled":"","beyondwords_delete_content":"","beyondwords_podcast_id":"","beyondwords_hash":"","publish_post_to_speechkit":"","speechkit_hash":"","speechkit_generate_audio":"","speechkit_project_id":"","speechkit_podcast_id":"","speechkit_error_message":"","speechkit_disabled":"","speechkit_access_key":"","speechkit_error":"","speechkit_info":"","speechkit_response":"","speechkit_retries":"","speechkit_status":"","speechkit_updated_at":"","_speechkit_link":"","_speechkit_text":""},"class_list":["post-14368","page","type-page","status-publish","has-post-thumbnail","hentry"],"acf":[],"yoast_head":"<!-- This site is optimized with the Yoast SEO Premium plugin  - https:\/\/yoast.com\/product\/yoast-seo-premium-wordpress\/ -->\n<title>Was fressen Pferde | Uelzener Magazin<\/title>\n<meta name=\"description\" content=\"Abwechslungsreiche Leckereien f\u00fcrs Pferd. \ud83e\udde1 Ideen-Liste f\u00fcr Snacks zwischendurch. Obst \u2705 Gem\u00fcse \u2705 N\u00fcsse \u2705 Backwaren \u2705 und vieles mehr.\" \/>\n<meta name=\"robots\" content=\"index, follow, max-snippet:-1, max-image-preview:large, max-video-preview:-1\" \/>\n<link rel=\"canonical\" href=\"https:\/\/uelzener.de\/magazin\/pferd\/ernaehrung\/was-fressen-pferde\/\" \/>\n<meta property=\"og:locale\" content=\"de_DE\" \/>\n<meta property=\"og:type\" content=\"article\" \/>\n<meta property=\"og:title\" content=\"Was fressen Pferde\" \/>\n<meta property=\"og:description\" content=\"Abwechslungsreiche Leckereien f\u00fcrs Pferd. \ud83e\udde1 Ideen-Liste f\u00fcr Snacks zwischendurch. Obst \u2705 Gem\u00fcse \u2705 N\u00fcsse \u2705 Backwaren \u2705 und vieles mehr.\" \/>\n<meta property=\"og:url\" content=\"https:\/\/uelzener.de\/magazin\/pferd\/ernaehrung\/was-fressen-pferde\/\" \/>\n<meta property=\"og:site_name\" content=\"Uelzener Tier-Magazin\" \/>\n<meta property=\"article:publisher\" content=\"https:\/\/www.facebook.com\/Uelzener\" \/>\n<meta property=\"article:modified_time\" content=\"2025-08-05T13:12:22+00:00\" \/>\n<meta property=\"og:image\" content=\"https:\/\/uelzener.de\/magazin\/app\/uploads\/2022\/11\/was-fressen-pferde.jpg\" \/>\n\t<meta property=\"og:image:width\" content=\"1025\" \/>\n\t<meta property=\"og:image:height\" content=\"450\" \/>\n\t<meta property=\"og:image:type\" content=\"image\/jpeg\" \/>\n<meta name=\"twitter:card\" content=\"summary_large_image\" \/>\n<meta name=\"twitter:label1\" content=\"Gesch\u00e4tzte Lesezeit\" \/>\n\t<meta name=\"twitter:data1\" content=\"8\u00a0Minuten\" \/>\n<script type=\"application\/ld+json\" class=\"yoast-schema-graph\">{\"@context\":\"https:\/\/schema.org\",\"@graph\":[{\"@type\":\"WebPage\",\"@id\":\"https:\/\/uelzener.de\/magazin\/pferd\/ernaehrung\/was-fressen-pferde\/\",\"url\":\"https:\/\/uelzener.de\/magazin\/pferd\/ernaehrung\/was-fressen-pferde\/\",\"name\":\"Was fressen Pferde | Uelzener Magazin\",\"isPartOf\":{\"@id\":\"https:\/\/uelzener.de\/magazin\/#website\"},\"primaryImageOfPage\":{\"@id\":\"https:\/\/uelzener.de\/magazin\/pferd\/ernaehrung\/was-fressen-pferde\/#primaryimage\"},\"image\":{\"@id\":\"https:\/\/uelzener.de\/magazin\/pferd\/ernaehrung\/was-fressen-pferde\/#primaryimage\"},\"thumbnailUrl\":\"https:\/\/uelzener.de\/magazin\/app\/uploads\/2022\/11\/was-fressen-pferde.jpg\",\"datePublished\":\"2025-08-05T13:11:02+00:00\",\"dateModified\":\"2025-08-05T13:12:22+00:00\",\"description\":\"Abwechslungsreiche Leckereien f\u00fcrs Pferd. \ud83e\udde1 Ideen-Liste f\u00fcr Snacks zwischendurch. Obst \u2705 Gem\u00fcse \u2705 N\u00fcsse \u2705 Backwaren \u2705 und vieles mehr.\",\"breadcrumb\":{\"@id\":\"https:\/\/uelzener.de\/magazin\/pferd\/ernaehrung\/was-fressen-pferde\/#breadcrumb\"},\"inLanguage\":\"de\",\"potentialAction\":[{\"@type\":\"ReadAction\",\"target\":[\"https:\/\/uelzener.de\/magazin\/pferd\/ernaehrung\/was-fressen-pferde\/\"]}]},{\"@type\":\"ImageObject\",\"inLanguage\":\"de\",\"@id\":\"https:\/\/uelzener.de\/magazin\/pferd\/ernaehrung\/was-fressen-pferde\/#primaryimage\",\"url\":\"https:\/\/uelzener.de\/magazin\/app\/uploads\/2022\/11\/was-fressen-pferde.jpg\",\"contentUrl\":\"https:\/\/uelzener.de\/magazin\/app\/uploads\/2022\/11\/was-fressen-pferde.jpg\",\"width\":1025,\"height\":450,\"caption\":\"Braunes Pferd knabbert vertr\u00e4umt an einem Apfel am Baum. Was d\u00fcrfen Pferde alles fressen?\"},{\"@type\":\"WebSite\",\"@id\":\"https:\/\/uelzener.de\/magazin\/#website\",\"url\":\"https:\/\/uelzener.de\/magazin\/\",\"name\":\"Uelzener Tiermagazin\",\"description\":\"Online Tierratgeber der Uelzener Versicherungen\",\"publisher\":{\"@id\":\"https:\/\/uelzener.de\/magazin\/#organization\"},\"potentialAction\":[{\"@type\":\"SearchAction\",\"target\":{\"@type\":\"EntryPoint\",\"urlTemplate\":\"https:\/\/uelzener.de\/magazin\/?s={search_term_string}\"},\"query-input\":{\"@type\":\"PropertyValueSpecification\",\"valueRequired\":true,\"valueName\":\"search_term_string\"}}],\"inLanguage\":\"de\"},{\"@type\":\"Organization\",\"@id\":\"https:\/\/uelzener.de\/magazin\/#organization\",\"name\":\"Uelzener Versicherungen\",\"url\":\"https:\/\/uelzener.de\/magazin\/\",\"logo\":{\"@type\":\"ImageObject\",\"inLanguage\":\"de\",\"@id\":\"https:\/\/uelzener.de\/magazin\/#\/schema\/logo\/image\/\",\"url\":\"https:\/\/uelzener.de\/magazin\/app\/uploads\/2024\/11\/uelzener_allgemeine_versicherungsgesellschaft_a_g_logo.jpg\",\"contentUrl\":\"https:\/\/uelzener.de\/magazin\/app\/uploads\/2024\/11\/uelzener_allgemeine_versicherungsgesellschaft_a_g_logo.jpg\",\"width\":200,\"height\":200,\"caption\":\"Uelzener Versicherungen\"},\"image\":{\"@id\":\"https:\/\/uelzener.de\/magazin\/#\/schema\/logo\/image\/\"},\"sameAs\":[\"https:\/\/www.facebook.com\/Uelzener\",\"https:\/\/instagram.com\/uelzener\",\"https:\/\/www.xing.com\/pages\/uelzenerallgemeineversicherungs-gesellschafta-g\",\"https:\/\/www.youtube.com\/UelzenerVersicherungen\"]}]}<\/script>\n<!-- \/ Yoast SEO Premium plugin. -->","yoast_head_json":{"title":"Was fressen Pferde | Uelzener Magazin","description":"Abwechslungsreiche Leckereien f\u00fcrs Pferd. \ud83e\udde1 Ideen-Liste f\u00fcr Snacks zwischendurch. Obst \u2705 Gem\u00fcse \u2705 N\u00fcsse \u2705 Backwaren \u2705 und vieles mehr.","robots":{"index":"index","follow":"follow","max-snippet":"max-snippet:-1","max-image-preview":"max-image-preview:large","max-video-preview":"max-video-preview:-1"},"canonical":"https:\/\/uelzener.de\/magazin\/pferd\/ernaehrung\/was-fressen-pferde\/","og_locale":"de_DE","og_type":"article","og_title":"Was fressen Pferde","og_description":"Abwechslungsreiche Leckereien f\u00fcrs Pferd. \ud83e\udde1 Ideen-Liste f\u00fcr Snacks zwischendurch. Obst \u2705 Gem\u00fcse \u2705 N\u00fcsse \u2705 Backwaren \u2705 und vieles mehr.","og_url":"https:\/\/uelzener.de\/magazin\/pferd\/ernaehrung\/was-fressen-pferde\/","og_site_name":"Uelzener Tier-Magazin","article_publisher":"https:\/\/www.facebook.com\/Uelzener","article_modified_time":"2025-08-05T13:12:22+00:00","og_image":[{"width":1025,"height":450,"url":"https:\/\/uelzener.de\/magazin\/app\/uploads\/2022\/11\/was-fressen-pferde.jpg","type":"image\/jpeg"}],"twitter_card":"summary_large_image","twitter_misc":{"Gesch\u00e4tzte Lesezeit":"8\u00a0Minuten"},"schema":{"@context":"https:\/\/schema.org","@graph":[{"@type":"WebPage","@id":"https:\/\/uelzener.de\/magazin\/pferd\/ernaehrung\/was-fressen-pferde\/","url":"https:\/\/uelzener.de\/magazin\/pferd\/ernaehrung\/was-fressen-pferde\/","name":"Was fressen Pferde | Uelzener Magazin","isPartOf":{"@id":"https:\/\/uelzener.de\/magazin\/#website"},"primaryImageOfPage":{"@id":"https:\/\/uelzener.de\/magazin\/pferd\/ernaehrung\/was-fressen-pferde\/#primaryimage"},"image":{"@id":"https:\/\/uelzener.de\/magazin\/pferd\/ernaehrung\/was-fressen-pferde\/#primaryimage"},"thumbnailUrl":"https:\/\/uelzener.de\/magazin\/app\/uploads\/2022\/11\/was-fressen-pferde.jpg","datePublished":"2025-08-05T13:11:02+00:00","dateModified":"2025-08-05T13:12:22+00:00","description":"Abwechslungsreiche Leckereien f\u00fcrs Pferd. \ud83e\udde1 Ideen-Liste f\u00fcr Snacks zwischendurch. Obst \u2705 Gem\u00fcse \u2705 N\u00fcsse \u2705 Backwaren \u2705 und vieles mehr.","breadcrumb":{"@id":"https:\/\/uelzener.de\/magazin\/pferd\/ernaehrung\/was-fressen-pferde\/#breadcrumb"},"inLanguage":"de","potentialAction":[{"@type":"ReadAction","target":["https:\/\/uelzener.de\/magazin\/pferd\/ernaehrung\/was-fressen-pferde\/"]}]},{"@type":"ImageObject","inLanguage":"de","@id":"https:\/\/uelzener.de\/magazin\/pferd\/ernaehrung\/was-fressen-pferde\/#primaryimage","url":"https:\/\/uelzener.de\/magazin\/app\/uploads\/2022\/11\/was-fressen-pferde.jpg","contentUrl":"https:\/\/uelzener.de\/magazin\/app\/uploads\/2022\/11\/was-fressen-pferde.jpg","width":1025,"height":450,"caption":"Braunes Pferd knabbert vertr\u00e4umt an einem Apfel am Baum. Was d\u00fcrfen Pferde alles fressen?"},{"@type":"WebSite","@id":"https:\/\/uelzener.de\/magazin\/#website","url":"https:\/\/uelzener.de\/magazin\/","name":"Uelzener Tiermagazin","description":"Online Tierratgeber der Uelzener Versicherungen","publisher":{"@id":"https:\/\/uelzener.de\/magazin\/#organization"},"potentialAction":[{"@type":"SearchAction","target":{"@type":"EntryPoint","urlTemplate":"https:\/\/uelzener.de\/magazin\/?s={search_term_string}"},"query-input":{"@type":"PropertyValueSpecification","valueRequired":true,"valueName":"search_term_string"}}],"inLanguage":"de"},{"@type":"Organization","@id":"https:\/\/uelzener.de\/magazin\/#organization","name":"Uelzener Versicherungen","url":"https:\/\/uelzener.de\/magazin\/","logo":{"@type":"ImageObject","inLanguage":"de","@id":"https:\/\/uelzener.de\/magazin\/#\/schema\/logo\/image\/","url":"https:\/\/uelzener.de\/magazin\/app\/uploads\/2024\/11\/uelzener_allgemeine_versicherungsgesellschaft_a_g_logo.jpg","contentUrl":"https:\/\/uelzener.de\/magazin\/app\/uploads\/2024\/11\/uelzener_allgemeine_versicherungsgesellschaft_a_g_logo.jpg","width":200,"height":200,"caption":"Uelzener Versicherungen"},"image":{"@id":"https:\/\/uelzener.de\/magazin\/#\/schema\/logo\/image\/"},"sameAs":["https:\/\/www.facebook.com\/Uelzener","https:\/\/instagram.com\/uelzener","https:\/\/www.xing.com\/pages\/uelzenerallgemeineversicherungs-gesellschafta-g","https:\/\/www.youtube.com\/UelzenerVersicherungen"]}]}},"_links":{"self":[{"href":"https:\/\/uelzener.de\/magazin\/wp-json\/wp\/v2\/pages\/14368","targetHints":{"allow":["GET"]}}],"collection":[{"href":"https:\/\/uelzener.de\/magazin\/wp-json\/wp\/v2\/pages"}],"about":[{"href":"https:\/\/uelzener.de\/magazin\/wp-json\/wp\/v2\/types\/page"}],"author":[{"embeddable":true,"href":"https:\/\/uelzener.de\/magazin\/wp-json\/wp\/v2\/users\/11"}],"replies":[{"embeddable":true,"href":"https:\/\/uelzener.de\/magazin\/wp-json\/wp\/v2\/comments?post=14368"}],"version-history":[{"count":15,"href":"https:\/\/uelzener.de\/magazin\/wp-json\/wp\/v2\/pages\/14368\/revisions"}],"predecessor-version":[{"id":18816,"href":"https:\/\/uelzener.de\/magazin\/wp-json\/wp\/v2\/pages\/14368\/revisions\/18816"}],"up":[{"embeddable":true,"href":"https:\/\/uelzener.de\/magazin\/wp-json\/wp\/v2\/pages\/11672"}],"wp:featuredmedia":[{"embeddable":true,"href":"https:\/\/uelzener.de\/magazin\/wp-json\/wp\/v2\/media\/14370"}],"wp:attachment":[{"href":"https:\/\/uelzener.de\/magazin\/wp-json\/wp\/v2\/media?parent=14368"}],"curies":[{"name":"wp","href":"https:\/\/api.w.org\/{rel}","templated":true}]}}