{"id":13828,"date":"2022-09-22T13:30:44","date_gmt":"2022-09-22T11:30:44","guid":{"rendered":"https:\/\/uelzener.de\/magazin\/?page_id=13828"},"modified":"2025-11-13T11:47:23","modified_gmt":"2025-11-13T10:47:23","slug":"katzen-fellfarben","status":"publish","type":"page","link":"https:\/\/uelzener.de\/magazin\/katze\/haeufige-fragen\/katzen-fellfarben\/","title":{"rendered":"Fellfarben bei Katzen: Wie sie entstehen und welche Bedeutung sie haben"},"content":{"rendered":"<p>Schwarze Katzen sind in vielen Geschichten verankert, die Tigermusterung ist jedem bekannt, aber bei F\u00e4rbungen wie Lilac oder der Bezeichnung Agouti entstehen f\u00fcr Laien mehr und mehr Fragezeichen. Die Fellfarben von Katzen sind mit all ihren Varianten eine Wissenschaft f\u00fcr sich. Im Folgenden erf\u00e4hrst du, wie die verschiedenen Farben und Fellzeichnungen entstehen und welche Folgen sie f\u00fcr die Gesundheit des Tieres haben k\u00f6nnen.<\/p>\n<p>Wenn man jemanden auf der Stra\u00dfe fragt, wie viele Fellfarben es bei Katzen gibt, werden sicherlich viele verschiedene Farbt\u00f6ne und Farbabstufungen aufgez\u00e4hlt. Diese Vielfalt ist das Ergebnis aus einer langen Tradition der Z\u00fcchtung. Die Grundfarben von Katzenfell lassen sich sehr viel k\u00fcrzer zusammenfassen.<\/p>\n<h2><strong>Wie Fellfarben von Katzen entstehen <\/strong><\/h2>\n<p>Je nach Z\u00e4hlart gibt es zwei oder drei Grundfarben von Katzen: Schwarz, Rot und Wei\u00df. Schwarz entsteht durch den Farbstoff Eumelanin, Rot durch Ph\u00e4omelanin und ein reines Wei\u00df entsteht durch die Abwesenheit von Farbpartikeln. Als Bestandteil des Erbguts werden diese Farbinformationen genetisch weitergegeben. Die Struktur der einzelnen Partikel sorgt zudem f\u00fcr farbliche Abstufungen, w\u00e4hrend die generelle Menge eines Farbstoffs in einer Zelle die T\u00f6ne kr\u00e4ftig oder blass erscheinen lassen kann. Es wird daher in Vollfarben und Verd\u00fcnnungen unterschieden.<\/p>\n<p>Zu den kr\u00e4ftigen Vollfarben z\u00e4hlen:<\/p>\n<ul>\n<li><strong>Schwarz<\/strong><\/li>\n<li><strong>Rot: <\/strong>Obwohl Rot eine der Grundfarben bei Katzenfell ist, k\u00f6nnen Katzen interessanterweise selbst gar kein Rot sehen. <a href=\"https:\/\/uelzener.de\/magazin\/katze\/haeufige-fragen\/koennen-katzen-farben-sehen\/\">Katzen nehmen daf\u00fcr andere Farben besser wahr<\/a>.<\/li>\n<li><strong>Wei\u00df: <\/strong>Das Leuzismus-Gen erzeugt ein wei\u00dfes Fell. Es fehlen Zellen, die den Farbstoff Melanin bilden k\u00f6nnten. <a href=\"https:\/\/uelzener.de\/magazin\/katze\/haeufige-fragen\/weisse-katze-taub-ursachen\/\">Diese wei\u00dfen Katzen neigen h\u00e4ufig zu Taubheit<\/a>, da die feinen H\u00e4rchen im Innenohr zu weich f\u00fcr eine H\u00f6rfunktion sind. Auch Gewichtsprobleme treten \u00f6fter auf.<\/li>\n<li><strong>Chocolate: <\/strong>Ein dunkler Braunton, bei dem genetisch bedingt schwarze Partikel braun erscheinen.<\/li>\n<li><strong>Cinnamon: <\/strong>Zimtfarbene Katzen haben ein eher kupferrotes Fell, in dem sich bei jedem Haar auch Braunt\u00f6ne einmischen.<\/li>\n<li><strong>Amber: <\/strong>Bisher ist die Farbe Amber nur bei Norwegischen Waldkatzen bekannt. Diese erscheinen bei <a href=\"https:\/\/uelzener.de\/magazin\/katze\/tiergesundheit\/katzengeburt\/\" target=\"_blank\" rel=\"noopener\">Geburt<\/a> schwarz, werden mit der Zeit aber immer heller bis zimtfarben.<\/li>\n<\/ul>\n<p>Durch das Verd\u00fcnnungs-Gen (oft auch Dilute-Gen genannt) erscheint die Farbe hingegen schw\u00e4cher:<\/p>\n<ul>\n<li><strong>Blau: <\/strong>Ein blaues oder eher blaugraues Fell entsteht durch die Verd\u00fcnnung von schwarzen Pigmenten.<\/li>\n<li><strong>Creme: <\/strong>Rot wird zu einem hellen Beige.<\/li>\n<li><strong>Lilac:<\/strong> Chocolate wird zu einem Beige mit leicht bl\u00e4ulichem Anteil.<\/li>\n<li><strong>Fawn:<\/strong> Die Abschw\u00e4chung von Cinnamon erzeugt ein eher mattes Beige.<\/li>\n<li><strong>Light Amber:<\/strong> Im Vergleich zur Vollfarbe erscheinen auch hier die Farbt\u00f6ne noch einmal heller.<\/li>\n<li><strong>Weitere Abschw\u00e4chungen:<\/strong> Werden die zuvor genannten Verd\u00fcnnungen in einer sp\u00e4teren Generation weiter abgeschw\u00e4cht, entstehen jeweils noch einmal hellere Farbt\u00f6ne, die sich jedoch von Wei\u00df unterscheiden. So entstehen etwa Farben wie Caramel, Apricot, Taupe oder Honey.<\/li>\n<\/ul>\n<p>Fellzeichnungen erg\u00e4nzen einzelne Farbt\u00f6ne, die mal als markantes Muster im Fell sichtbar werden, mal aber auch nur einzelne Haare betreffen.<\/p>\n<h2><strong>Die Fellmusterung bei Katzen<\/strong><\/h2>\n<p>Auch f\u00fcr die Musterung gibt es wieder verschiedene Begrifflichkeiten, die zuerst einmal die Fellmusterung von Katzen in Kategorien unterteilen. <strong>Agouti<\/strong> ist die Bezeichnung f\u00fcr Katzen des Wildtyps. Diese zeichnen sich durch ein <strong>Tabbymuster<\/strong> aus. Allen Katzen mit Tabby ist gemein, dass auf der Stirn eine M-f\u00f6rmige Zeichnung in ihrer Grundfarbe erkennbar ist. Au\u00dferdem sind in der Regel die Augen und Ohren hell umrandet. Das Muster im Fell unterscheidet sich wiederum in vier Grundtypen:<\/p>\n<ul>\n<li><strong>Getigert: <\/strong>Die klassische Tigermusterung bildet ein klares, dunkles Streifenmuster aus.<\/li>\n<li><strong>Gestromt:<\/strong> Bei dieser Mutation der Tigermusterung sind die Streifen nicht mehr klar getrennt und k\u00f6nnen deutlich breiter sein.<\/li>\n<li><strong>Getupft:<\/strong> In diesem Fall werden die Streifen durch Punkte oder Flecken auf der Grundfarbe ersetzt.<\/li>\n<li><strong>Getickt:<\/strong> Bei getickten Katzen hat jedes Haar helle und dunkle B\u00e4nderungen. Das Fell kann dadurch nahezu einfarbig erscheinen, da kein festes Muster mehr erkennbar ist.<\/li>\n<\/ul>\n<p><strong>Non-Agouti<\/strong> ist hingegen die Bezeichnung f\u00fcr alle einfarbigen Katzen, die kein solches Muster mehr vorweisen. Auch einfarbige Tiere mit zus\u00e4tzlichem Wei\u00dfanteil werden zu dieser Kategorie gez\u00e4hlt.<\/p>\n<h3>Fellfarben: Kombinationen mit dem Erbgut f\u00fcr Wei\u00df<\/h3>\n<p>Durch die Kombination mit Wei\u00df k\u00f6nnen au\u00dferdem weitere Fellarten bezeichnet werden, die mitunter auch ein Tabbymuster haben k\u00f6nnen, aber nicht m\u00fcssen:<\/p>\n<ul>\n<li><strong>Point: <\/strong>Das typische Beispiel f\u00fcr eine Point-Katze ist die <a href=\"https:\/\/uelzener.de\/magazin\/katze\/rasseportrait\/siamkatze\/\">Siamkatze<\/a>. Bei einem grunds\u00e4tzlich hellen Fell sind die k\u00fchleren K\u00f6rperteile wie Gesicht, Ohren und Beine dunkel. Grund daf\u00fcr ist ein Teil-Albinismus, bei dem an den w\u00e4rmeren K\u00f6rperstellen keine Farbpartikel gebildet werden k\u00f6nnen. Neben einem Kurzhaar wie der Siamkatze k\u00f6nnen auch Rassen mit l\u00e4ngerem Fell eine Point-Zeichnung ausbilden. Beispielhaft daf\u00fcr w\u00e4re <a href=\"https:\/\/uelzener.de\/magazin\/katze\/rasseportrait\/heilige-birma\/\">die Heilige Birma<\/a> zu nennen.<\/li>\n<li><strong>Scheckung: <\/strong>Wenn eine Katze wei\u00dfe Stellen beispielsweise an Pfoten oder Bauch hat, spricht man in der Regel von einer Scheckung. Ist mehr als ein Drittel der Katze wei\u00df, wird auch von einer Zweifarbigkeit (in der Fachsprache Bicolour genannt) gesprochen.<\/li>\n<li><strong>Rauchfarben:<\/strong> Wie bei getickten Tabby-Katzen entsteht ein rauchfarbenes Fell durch die F\u00e4rbung jedes einzelnen Haares. Dabei ist der Haaransatz wei\u00df, aber mehr als die H\u00e4lfte des restlichen Haares bis zur Haarspitze schwarz. Diese Katzen erscheinen im Stillstand schwarz und einfarbig, bei Bewegung scheint aber das Wei\u00df durch. Auch das Licht kann den Effekt beeinflussen.<\/li>\n<li><strong>Schildpatt: <\/strong>Bei Schildpatt-Katzen kommt schlie\u00dflich eine Zweifarbigkeit von Rot und Schwarz (oder Verd\u00fcnnungen) zustande. Entsteht mit wei\u00dfen Anteilen sogar eine Dreifarbigkeit, spricht man von einer Gl\u00fcckskatze.<\/li>\n<\/ul>\n<h2><strong>Gl\u00fcckskatzen und Bedeutungen<\/strong> <strong>von anderen Fellfarben<\/strong><\/h2>\n<p>Erbinformationen f\u00fcr rote und schwarze Farbpartikeln braucht das Fell einer <a href=\"https:\/\/uelzener.de\/magazin\/katze\/rasseportrait\/glueckskatze-dreifarbig-schildpatt\/\">Gl\u00fcckskatze<\/a>. In je einem X-Chromosom wird daf\u00fcr je eine Farbe verankert. Daher ist Farb-Kombination sehr selten. Au\u00dferdem sind deshalb fast alle Gl\u00fcckskatzen weiblich, da m\u00e4nnliche Kater nur in absoluten Ausnahmef\u00e4llen zwei X-Chromosomen haben. Die wei\u00dfe Farbe kommt durch Erbgut f\u00fcr eine Scheckung hinzu.<\/p>\n<p>Auf Grund ihrer Seltenheit wurden die dreifarbigen Katzen in Japan schon fr\u00fch als Gl\u00fccksbringer eingesetzt. Sie mussten beispielsweise mit zur See fahren, um Schiffe vor Unwettern und die Besatzung vor Krankheiten zu besch\u00fctzen. Die Bezeichnung Gl\u00fcckskatze hat sich dar\u00fcber hinaus gehalten.<\/p>\n<p>Aber auch anderen Katzenfarben werden bestimmte Bedeutungen zugeschrieben. So wird schwarzen Katzen in Geschichten und Aberglaube viel Schlechtes nachgesagt. Das k\u00f6nnte ein Grund daf\u00fcr sein, dass schwarze Katzen tats\u00e4chlich seltener als Haustier gew\u00e4hlt werden.<\/p>\n<p>Wei\u00dfe Katzen haben hingegen durch ihr Erbgut h\u00e4ufig Probleme mit dem H\u00f6r- und Sehsinn. Entsprechend kann es zu Fehlinterpretationen kommen, wenn die Katze sich auff\u00e4llig benimmt oder nicht gehorcht. Eine Paarung von zwei rein wei\u00dfen Katzen ist auf Grund der hohen Wahrscheinlichkeit einer Vererbung gesundheitlicher Probleme in Deutschland nicht erlaubt. Generell sind h\u00e4ufig Untersuchungen vorgeschrieben, wenn Katzen mit hohem Wei\u00dfanteil gepaart werden sollen.<\/p>\n<p>Studien, die einen Zusammenhang zwischen der Fellfarbe und dem Charakter einer Katze untersucht haben, kamen in den letzten Jahren nicht zu eindeutigen Ergebnissen, ob bestimmte Farbvariationen ein Tier zum Beispiel anh\u00e4nglicher oder aggressiver machen. Menschen neigen demnach sehr subjektiv dazu, welcher Katze sie welche Eigenschaften zuschreiben w\u00fcrden.<\/p>\n<h2><strong>Die eigene Katze ist die sch\u00f6nste<\/strong><\/h2>\n<p>Ein Schluss, dem die meisten Katzenhalter:innen zustimmen werden, ist aber ohnehin, dass die eigene Katze die sch\u00f6nste ist \u2013 egal ob einfarbig, mehrfarbig und wie die Fellmusterung aussieht. Es entscheidet letztlich eben der pers\u00f6nliche Geschmack, der individuelle Charakter des Tieres und nat\u00fcrlich auch, wie viel Zeit man in die <a href=\"https:\/\/uelzener.de\/magazin\/katze\/pflege\/fellpflege-katze\/\">Fellpflege<\/a> der Katze investiert. Denn auch die sch\u00f6nste Katzenfarbe kommt erst dann wirklich zur Geltung, wenn das Tier gut gepflegt aussieht.<\/p>\n<h2><strong>FAQ: H\u00e4ufig gestellte Fragen<\/strong><\/h2>\n<h3><strong>Sagt die Fellfarbe etwas \u00fcber den Charakter von Katzen?<\/strong><\/h3>\n<p>Studien, die einen Zusammenhang zwischen der Fellfarbe und dem Charakter einer Katze untersucht haben, kamen in den letzten Jahren nicht zu eindeutigen Ergebnissen, ob bestimmte Farbvariationen ein Tier zum Beispiel anh\u00e4nglicher oder aggressiver machen.<\/p>\n<h3><strong>Kann sich die Fellfarbe von Katzen \u00e4ndern?<\/strong><\/h3>\n<p>Im Laufe eines Katzenlebens kann sich die Fellfarbe einer Katze aus verschiedene Ursachen \u00e4ndern: das Alter, die Rasse, die Ern\u00e4hrung oder eine Krankheit.<\/p>\n","protected":false},"excerpt":{"rendered":"<p>Schwarze Katzen sind in vielen Geschichten verankert, die Tigermusterung ist jedem bekannt, aber bei F\u00e4rbungen wie Lilac oder der Bezeichnung Agouti entstehen f\u00fcr Laien mehr und mehr Fragezeichen. Die Fellfarben von Katzen sind mit all ihren Varianten eine Wissenschaft f\u00fcr sich. Im Folgenden erf\u00e4hrst du, wie die verschiedenen Farben und Fellzeichnungen entstehen und welche Folgen [&hellip;]<\/p>\n","protected":false},"author":11,"featured_media":13829,"parent":11691,"menu_order":1,"comment_status":"closed","ping_status":"closed","template":"templates\/blog.php","meta":{"_acf_changed":false,"_crdt_document":"","footnotes":"","beyondwords_generate_audio":"0","beyondwords_project_id":"","beyondwords_content_id":"","beyondwords_preview_token":"","beyondwords_player_style":"","beyondwords_language_id":"","beyondwords_title_voice_id":"","beyondwords_body_voice_id":"","beyondwords_summary_voice_id":"","beyondwords_error_message":"","beyondwords_disabled":"","beyondwords_delete_content":"","beyondwords_podcast_id":"","beyondwords_hash":"","publish_post_to_speechkit":"","speechkit_hash":"","speechkit_generate_audio":"","speechkit_project_id":"","speechkit_podcast_id":"","speechkit_error_message":"","speechkit_disabled":"","speechkit_access_key":"","speechkit_error":"","speechkit_info":"","speechkit_response":"","speechkit_retries":"","speechkit_status":"","speechkit_updated_at":"","_speechkit_link":"","_speechkit_text":""},"class_list":["post-13828","page","type-page","status-publish","has-post-thumbnail","hentry"],"acf":[],"yoast_head":"<!-- This site is optimized with the Yoast SEO Premium plugin  - https:\/\/yoast.com\/product\/yoast-seo-premium-wordpress\/ -->\n<title>Fellfarben bei Katzen: Welche Farbe ist die beliebteste? \u2013 Uelzener<\/title>\n<meta name=\"description\" content=\"Was solltest du \u00fcber Katzen &amp; ihre Fellfarbe wissen? \u2713 Farben &amp; Muster \u2713 Beliebte Fellfarben \u00bb Hier mehr erfahren!\" \/>\n<meta name=\"robots\" content=\"index, follow, max-snippet:-1, max-image-preview:large, max-video-preview:-1\" \/>\n<link rel=\"canonical\" href=\"https:\/\/uelzener.de\/magazin\/katze\/haeufige-fragen\/katzen-fellfarben\/\" \/>\n<meta property=\"og:locale\" content=\"de_DE\" \/>\n<meta property=\"og:type\" content=\"article\" \/>\n<meta property=\"og:title\" content=\"Fellfarben bei Katzen: Wie sie entstehen und welche Bedeutung sie haben\" \/>\n<meta property=\"og:description\" content=\"Was solltest du \u00fcber Katzen &amp; ihre Fellfarbe wissen? \u2713 Farben &amp; Muster \u2713 Beliebte Fellfarben \u00bb Hier mehr erfahren!\" \/>\n<meta property=\"og:url\" content=\"https:\/\/uelzener.de\/magazin\/katze\/haeufige-fragen\/katzen-fellfarben\/\" \/>\n<meta property=\"og:site_name\" content=\"Uelzener Tier-Magazin\" \/>\n<meta property=\"article:publisher\" content=\"https:\/\/www.facebook.com\/Uelzener\" \/>\n<meta property=\"article:modified_time\" content=\"2025-11-13T10:47:23+00:00\" \/>\n<meta property=\"og:image\" content=\"https:\/\/uelzener.de\/magazin\/app\/uploads\/2022\/09\/Fellfarben-Katzen.jpg\" \/>\n\t<meta property=\"og:image:width\" content=\"1025\" \/>\n\t<meta property=\"og:image:height\" content=\"450\" \/>\n\t<meta property=\"og:image:type\" content=\"image\/jpeg\" \/>\n<meta name=\"twitter:card\" content=\"summary_large_image\" \/>\n<meta name=\"twitter:label1\" content=\"Gesch\u00e4tzte Lesezeit\" \/>\n\t<meta name=\"twitter:data1\" content=\"7\u00a0Minuten\" \/>\n<script type=\"application\/ld+json\" class=\"yoast-schema-graph\">{\"@context\":\"https:\/\/schema.org\",\"@graph\":[{\"@type\":\"WebPage\",\"@id\":\"https:\/\/uelzener.de\/magazin\/katze\/haeufige-fragen\/katzen-fellfarben\/\",\"url\":\"https:\/\/uelzener.de\/magazin\/katze\/haeufige-fragen\/katzen-fellfarben\/\",\"name\":\"Fellfarben bei Katzen: Welche Farbe ist die beliebteste? \u2013 Uelzener\",\"isPartOf\":{\"@id\":\"https:\/\/uelzener.de\/magazin\/#website\"},\"primaryImageOfPage\":{\"@id\":\"https:\/\/uelzener.de\/magazin\/katze\/haeufige-fragen\/katzen-fellfarben\/#primaryimage\"},\"image\":{\"@id\":\"https:\/\/uelzener.de\/magazin\/katze\/haeufige-fragen\/katzen-fellfarben\/#primaryimage\"},\"thumbnailUrl\":\"https:\/\/uelzener.de\/magazin\/app\/uploads\/2022\/09\/Fellfarben-Katzen.jpg\",\"datePublished\":\"2022-09-22T11:30:44+00:00\",\"dateModified\":\"2025-11-13T10:47:23+00:00\",\"description\":\"Was solltest du \u00fcber Katzen & ihre Fellfarbe wissen? \u2713 Farben & Muster \u2713 Beliebte Fellfarben \u00bb Hier mehr erfahren!\",\"breadcrumb\":{\"@id\":\"https:\/\/uelzener.de\/magazin\/katze\/haeufige-fragen\/katzen-fellfarben\/#breadcrumb\"},\"inLanguage\":\"de\",\"potentialAction\":[{\"@type\":\"ReadAction\",\"target\":[\"https:\/\/uelzener.de\/magazin\/katze\/haeufige-fragen\/katzen-fellfarben\/\"]}]},{\"@type\":\"ImageObject\",\"inLanguage\":\"de\",\"@id\":\"https:\/\/uelzener.de\/magazin\/katze\/haeufige-fragen\/katzen-fellfarben\/#primaryimage\",\"url\":\"https:\/\/uelzener.de\/magazin\/app\/uploads\/2022\/09\/Fellfarben-Katzen.jpg\",\"contentUrl\":\"https:\/\/uelzener.de\/magazin\/app\/uploads\/2022\/09\/Fellfarben-Katzen.jpg\",\"width\":1025,\"height\":450,\"caption\":\"4 Katzen in unterschiedlichen Fellfarben liegen beieinander.\"},{\"@type\":\"WebSite\",\"@id\":\"https:\/\/uelzener.de\/magazin\/#website\",\"url\":\"https:\/\/uelzener.de\/magazin\/\",\"name\":\"Uelzener Tiermagazin\",\"description\":\"Online Tierratgeber der Uelzener Versicherungen\",\"publisher\":{\"@id\":\"https:\/\/uelzener.de\/magazin\/#organization\"},\"potentialAction\":[{\"@type\":\"SearchAction\",\"target\":{\"@type\":\"EntryPoint\",\"urlTemplate\":\"https:\/\/uelzener.de\/magazin\/?s={search_term_string}\"},\"query-input\":{\"@type\":\"PropertyValueSpecification\",\"valueRequired\":true,\"valueName\":\"search_term_string\"}}],\"inLanguage\":\"de\"},{\"@type\":\"Organization\",\"@id\":\"https:\/\/uelzener.de\/magazin\/#organization\",\"name\":\"Uelzener Versicherungen\",\"url\":\"https:\/\/uelzener.de\/magazin\/\",\"logo\":{\"@type\":\"ImageObject\",\"inLanguage\":\"de\",\"@id\":\"https:\/\/uelzener.de\/magazin\/#\/schema\/logo\/image\/\",\"url\":\"https:\/\/uelzener.de\/magazin\/app\/uploads\/2024\/11\/uelzener_allgemeine_versicherungsgesellschaft_a_g_logo.jpg\",\"contentUrl\":\"https:\/\/uelzener.de\/magazin\/app\/uploads\/2024\/11\/uelzener_allgemeine_versicherungsgesellschaft_a_g_logo.jpg\",\"width\":200,\"height\":200,\"caption\":\"Uelzener Versicherungen\"},\"image\":{\"@id\":\"https:\/\/uelzener.de\/magazin\/#\/schema\/logo\/image\/\"},\"sameAs\":[\"https:\/\/www.facebook.com\/Uelzener\",\"https:\/\/instagram.com\/uelzener\",\"https:\/\/www.xing.com\/pages\/uelzenerallgemeineversicherungs-gesellschafta-g\",\"https:\/\/www.youtube.com\/UelzenerVersicherungen\"]}]}<\/script>\n<!-- \/ Yoast SEO Premium plugin. -->","yoast_head_json":{"title":"Fellfarben bei Katzen: Welche Farbe ist die beliebteste? \u2013 Uelzener","description":"Was solltest du \u00fcber Katzen & ihre Fellfarbe wissen? \u2713 Farben & Muster \u2713 Beliebte Fellfarben \u00bb Hier mehr erfahren!","robots":{"index":"index","follow":"follow","max-snippet":"max-snippet:-1","max-image-preview":"max-image-preview:large","max-video-preview":"max-video-preview:-1"},"canonical":"https:\/\/uelzener.de\/magazin\/katze\/haeufige-fragen\/katzen-fellfarben\/","og_locale":"de_DE","og_type":"article","og_title":"Fellfarben bei Katzen: Wie sie entstehen und welche Bedeutung sie haben","og_description":"Was solltest du \u00fcber Katzen & ihre Fellfarbe wissen? \u2713 Farben & Muster \u2713 Beliebte Fellfarben \u00bb Hier mehr erfahren!","og_url":"https:\/\/uelzener.de\/magazin\/katze\/haeufige-fragen\/katzen-fellfarben\/","og_site_name":"Uelzener Tier-Magazin","article_publisher":"https:\/\/www.facebook.com\/Uelzener","article_modified_time":"2025-11-13T10:47:23+00:00","og_image":[{"width":1025,"height":450,"url":"https:\/\/uelzener.de\/magazin\/app\/uploads\/2022\/09\/Fellfarben-Katzen.jpg","type":"image\/jpeg"}],"twitter_card":"summary_large_image","twitter_misc":{"Gesch\u00e4tzte Lesezeit":"7\u00a0Minuten"},"schema":{"@context":"https:\/\/schema.org","@graph":[{"@type":"WebPage","@id":"https:\/\/uelzener.de\/magazin\/katze\/haeufige-fragen\/katzen-fellfarben\/","url":"https:\/\/uelzener.de\/magazin\/katze\/haeufige-fragen\/katzen-fellfarben\/","name":"Fellfarben bei Katzen: Welche Farbe ist die beliebteste? \u2013 Uelzener","isPartOf":{"@id":"https:\/\/uelzener.de\/magazin\/#website"},"primaryImageOfPage":{"@id":"https:\/\/uelzener.de\/magazin\/katze\/haeufige-fragen\/katzen-fellfarben\/#primaryimage"},"image":{"@id":"https:\/\/uelzener.de\/magazin\/katze\/haeufige-fragen\/katzen-fellfarben\/#primaryimage"},"thumbnailUrl":"https:\/\/uelzener.de\/magazin\/app\/uploads\/2022\/09\/Fellfarben-Katzen.jpg","datePublished":"2022-09-22T11:30:44+00:00","dateModified":"2025-11-13T10:47:23+00:00","description":"Was solltest du \u00fcber Katzen & ihre Fellfarbe wissen? \u2713 Farben & Muster \u2713 Beliebte Fellfarben \u00bb Hier mehr erfahren!","breadcrumb":{"@id":"https:\/\/uelzener.de\/magazin\/katze\/haeufige-fragen\/katzen-fellfarben\/#breadcrumb"},"inLanguage":"de","potentialAction":[{"@type":"ReadAction","target":["https:\/\/uelzener.de\/magazin\/katze\/haeufige-fragen\/katzen-fellfarben\/"]}]},{"@type":"ImageObject","inLanguage":"de","@id":"https:\/\/uelzener.de\/magazin\/katze\/haeufige-fragen\/katzen-fellfarben\/#primaryimage","url":"https:\/\/uelzener.de\/magazin\/app\/uploads\/2022\/09\/Fellfarben-Katzen.jpg","contentUrl":"https:\/\/uelzener.de\/magazin\/app\/uploads\/2022\/09\/Fellfarben-Katzen.jpg","width":1025,"height":450,"caption":"4 Katzen in unterschiedlichen Fellfarben liegen beieinander."},{"@type":"WebSite","@id":"https:\/\/uelzener.de\/magazin\/#website","url":"https:\/\/uelzener.de\/magazin\/","name":"Uelzener Tiermagazin","description":"Online Tierratgeber der Uelzener Versicherungen","publisher":{"@id":"https:\/\/uelzener.de\/magazin\/#organization"},"potentialAction":[{"@type":"SearchAction","target":{"@type":"EntryPoint","urlTemplate":"https:\/\/uelzener.de\/magazin\/?s={search_term_string}"},"query-input":{"@type":"PropertyValueSpecification","valueRequired":true,"valueName":"search_term_string"}}],"inLanguage":"de"},{"@type":"Organization","@id":"https:\/\/uelzener.de\/magazin\/#organization","name":"Uelzener Versicherungen","url":"https:\/\/uelzener.de\/magazin\/","logo":{"@type":"ImageObject","inLanguage":"de","@id":"https:\/\/uelzener.de\/magazin\/#\/schema\/logo\/image\/","url":"https:\/\/uelzener.de\/magazin\/app\/uploads\/2024\/11\/uelzener_allgemeine_versicherungsgesellschaft_a_g_logo.jpg","contentUrl":"https:\/\/uelzener.de\/magazin\/app\/uploads\/2024\/11\/uelzener_allgemeine_versicherungsgesellschaft_a_g_logo.jpg","width":200,"height":200,"caption":"Uelzener Versicherungen"},"image":{"@id":"https:\/\/uelzener.de\/magazin\/#\/schema\/logo\/image\/"},"sameAs":["https:\/\/www.facebook.com\/Uelzener","https:\/\/instagram.com\/uelzener","https:\/\/www.xing.com\/pages\/uelzenerallgemeineversicherungs-gesellschafta-g","https:\/\/www.youtube.com\/UelzenerVersicherungen"]}]}},"_links":{"self":[{"href":"https:\/\/uelzener.de\/magazin\/wp-json\/wp\/v2\/pages\/13828","targetHints":{"allow":["GET"]}}],"collection":[{"href":"https:\/\/uelzener.de\/magazin\/wp-json\/wp\/v2\/pages"}],"about":[{"href":"https:\/\/uelzener.de\/magazin\/wp-json\/wp\/v2\/types\/page"}],"author":[{"embeddable":true,"href":"https:\/\/uelzener.de\/magazin\/wp-json\/wp\/v2\/users\/11"}],"replies":[{"embeddable":true,"href":"https:\/\/uelzener.de\/magazin\/wp-json\/wp\/v2\/comments?post=13828"}],"version-history":[{"count":7,"href":"https:\/\/uelzener.de\/magazin\/wp-json\/wp\/v2\/pages\/13828\/revisions"}],"predecessor-version":[{"id":19490,"href":"https:\/\/uelzener.de\/magazin\/wp-json\/wp\/v2\/pages\/13828\/revisions\/19490"}],"up":[{"embeddable":true,"href":"https:\/\/uelzener.de\/magazin\/wp-json\/wp\/v2\/pages\/11691"}],"wp:featuredmedia":[{"embeddable":true,"href":"https:\/\/uelzener.de\/magazin\/wp-json\/wp\/v2\/media\/13829"}],"wp:attachment":[{"href":"https:\/\/uelzener.de\/magazin\/wp-json\/wp\/v2\/media?parent=13828"}],"curies":[{"name":"wp","href":"https:\/\/api.w.org\/{rel}","templated":true}]}}