{"id":13580,"date":"2023-04-27T12:00:09","date_gmt":"2023-04-27T10:00:09","guid":{"rendered":"https:\/\/uelzener.de\/magazin\/?page_id=13580"},"modified":"2025-07-28T13:04:19","modified_gmt":"2025-07-28T11:04:19","slug":"pferde-vergesellschaften","status":"publish","type":"page","link":"https:\/\/uelzener.de\/magazin\/pferd\/haltung\/pferde-vergesellschaften\/","title":{"rendered":"Pferde vergesellschaften: Stressfrei und artgerecht"},"content":{"rendered":"<p>Das Pferd ist ein Lauf-, Flucht- und Herdentier. Ein passendes Zuhause in einer harmonischen Herde ist aber nicht immer ganz einfach. In diesem Beitrag erf\u00e4hrst du, wie Pferde artgerecht und stressfrei in eine bestehende Herde eingegliedert werden k\u00f6nnen oder auch was zu beachten ist, wenn die Weidesaison startet.<\/p>\n<h2>Erste Zusammenf\u00fchrungen der neuen Herde: Rangordnung beachten<\/h2>\n<p>Oft macht es die Integration leichter, wenn zuerst nur der Herdenchef zum Neuzugang gelassen wird. Jetzt steht der erste Kontakt in der Gruppe an. Die Tiere m\u00fcssen beobachtet und richtig eingesch\u00e4tzt werden. Hierf\u00fcr sind Kenntnisse \u00fcber die Kommunikation von Pferden untereinander unbedingt erforderlich. Verhaltenstherapeut:innen oder erfahrene Pferdetrainer:innen k\u00f6nnen hilfreich sein.<\/p>\n<p>Wichtige Regel: Bei Konflikten sollte die Herde getrennt werden. Sonst kann es zu anhaltenden Rangeleien und Verletzungen kommen. Die Hierarchie und Rangordnung unter den Pferden kann sich bei jedem Zu- oder Abgang ver\u00e4ndern. Daher muss die Herde immer sorgf\u00e4ltig beobachtet werden. Ver\u00e4nderungen in einer Gruppe sollten deshalb schrittweise vorgenommen werden.<\/p>\n<p><img decoding=\"async\" class=\"alignnone wp-image-18717 size-large\" src=\"https:\/\/uelzener.de\/magazin\/app\/uploads\/2025\/07\/infografik_sechs-tipps-fuer-pferdebesitzer_innen-1024x1024.jpg\" alt=\"Infografik der Uelzener Versicherungen: Sechs Tipps f\u00fcr Pferdebesitzer:innen.\" width=\"1024\" height=\"1024\" srcset=\"https:\/\/uelzener.de\/magazin\/app\/uploads\/2025\/07\/infografik_sechs-tipps-fuer-pferdebesitzer_innen-1024x1024.jpg 1024w, https:\/\/uelzener.de\/magazin\/app\/uploads\/2025\/07\/infografik_sechs-tipps-fuer-pferdebesitzer_innen-300x300.jpg 300w, https:\/\/uelzener.de\/magazin\/app\/uploads\/2025\/07\/infografik_sechs-tipps-fuer-pferdebesitzer_innen-150x150.jpg 150w, https:\/\/uelzener.de\/magazin\/app\/uploads\/2025\/07\/infografik_sechs-tipps-fuer-pferdebesitzer_innen-768x768.jpg 768w, https:\/\/uelzener.de\/magazin\/app\/uploads\/2025\/07\/infografik_sechs-tipps-fuer-pferdebesitzer_innen-1026x1026.jpg 1026w, https:\/\/uelzener.de\/magazin\/app\/uploads\/2025\/07\/infografik_sechs-tipps-fuer-pferdebesitzer_innen-668x668.jpg 668w, https:\/\/uelzener.de\/magazin\/app\/uploads\/2025\/07\/infografik_sechs-tipps-fuer-pferdebesitzer_innen.jpg 1080w\" sizes=\"(max-width: 1024px) 100vw, 1024px\" \/><\/p>\n<h2>Tipps f\u00fcr eine entspannte Pferdeherde<\/h2>\n<ul>\n<li>Es sollten ausreichend Futterpl\u00e4tze sowie Wasserstationen zur Verf\u00fcgung stehen, sodass auch rangniedrige Pferde und Neuzug\u00e4nge gen\u00fcgend zu fressen und zu trinken haben.<\/li>\n<li>Die Pferde sollten zudem einen gro\u00dfz\u00fcgigen Auslauf haben, damit die einzelnen Mitglieder der Herde die M\u00f6glichkeit haben, sich aus dem Weg zu gehen.<\/li>\n<li>Es sollte auch ein ausreichend gro\u00dfer Unterstand vorhanden sein. Alle Pferde der Herde sollten gen\u00fcgend Platz haben, sodass im Notfall \u2013 zum Beispiel bei Regen oder hohen Temperaturen \u2013 jeder Schutz bekommt.<\/li>\n<li>Lecksteine sind eine gute M\u00f6glichkeit, um den Pferden ausreichend Mineralien und Spurenelemente zuzuf\u00fchren und sorgen f\u00fcr Abwechslung.<\/li>\n<li>Auch Futterstroh, als Alternative zum Heu, kann bei vielen Pferden f\u00fcr Zeitvertreib sorgen. \u00c4ste zum Benagen sorgen ebenfalls f\u00fcr Kurzweil. Achtung: Nicht alle Zweige und St\u00e4mme sind.<\/li>\n<li>Die Gabe von gen\u00fcgend Raufutter oder einem ausreichenden Angebot an Gras ist nicht zu untersch\u00e4tzen. Hunger und Engp\u00e4sse an der Raufe schlagen n\u00e4mlich auf das Pferdegem\u00fct. Achte auch auf die Wasserqualit\u00e4t.<\/li>\n<\/ul>\n<h2>Unmut in der Herde<\/h2>\n<p>Wenn sich ein Pferd \u00fcber einen l\u00e4ngeren Zeitraum nicht in eine bestehende Herde integrieren l\u00e4sst, sogar andere Pferde attackiert und zu viele Konflikte sowie Verletzungen auftreten, sollte es herausgenommen werden. Es besteht oft der Trugschluss, dass ein rangniedrigeres Pferd einfacher integriert werden kann, trotzdem muss es sich genauso seinen Platz in der Herde sichern.<\/p>\n<h3>Konflikte in der Herde \u2013 diese Anzeichen geben Aufschluss:<\/h3>\n<ul>\n<li>Rangniedrige Pferde werden von Heustation oder Wasser gedr\u00e4ngt<\/li>\n<li>Die Pferde legen sich weniger oder gar nicht ab<\/li>\n<li>Stress kann sowohl daf\u00fcr sorgen, dass die Pferde unruhig sind, als auch der daraus resultierende Schlafmangel f\u00fcr Mattigkeit<\/li>\n<li>Es treten Trittspuren oder Bissverletzungen auf, welche \u00fcber die \u00fcblichen Rangeleien hinausgehen<\/li>\n<\/ul>\n<p>Damit dein Pferd und du hier gegen alle Eventualit\u00e4ten gewappnet bist, lohnt sich eine Pferdehaftpflichtversicherung.<\/p>\n\n<div class=\"banner\">\n    <a href=\"https:\/\/uelzener.de\/pferd\/pferde-haftpflichtversicherung\/?agt=0000104925&sem=true&utm_medium=magazin&utm_source=wordpress&utm_campaign=pferd_haf&utm_content=banner\">\n        <img decoding=\"async\" width=\"300\" height=\"212\" src=\"https:\/\/uelzener.de\/magazin\/app\/uploads\/2025\/01\/Pferdehalter-Haftpflicht-Versicherung.jpg\" class=\"attachment-medium size-medium\" alt=\"Banner Pferdehalter-Haftpflicht-Versicherung\" \/>    <\/a>\n<\/div>\n\n<h3>Stressfrei Anweiden: Worauf achten?<\/h3>\n<p>Beim Anweiden gibt es einige wichtige Dinge, auf die man achten sollte, um sicherzustellen, dass die Pferde eine angemessene Menge an Gras zu sich nehmen, aber auch gesund bleiben.<\/p>\n<ul>\n<li>Beginne langsam: Fange mit einer kurzen Weidezeit von 15 bis 20 Minuten und erh\u00f6he sie allm\u00e4hlich alle paar Tage um 10\u201315 Minuten, bis das Pferd auf die volle Weidezeit von 4 bis 6 Stunden pro Tag eingestellt ist.<\/li>\n<li>\u00dcberwache das Gewicht des Pferdes: W\u00e4hrend des Anweidens ist es wichtig, das Gewicht des Pferdes zu kontrollieren, dass es nicht zu schnell zunimmt. Wenn das Pferd zu schnell an Gewicht zunimmt, kann es zu gesundheitlichen Problemen wie <a href=\"https:\/\/uelzener.de\/magazin\/pferd\/tiergesundheit\/hufrehe\/\">Hufrehe<\/a> oder Stoffwechselst\u00f6rungen f\u00fchren.<\/li>\n<li>Reduziere das Kraftfutter: W\u00e4hrend des Anweidens sollte das Kraftfutter reduziert werden, um sicherzustellen, dass das Pferd gen\u00fcgend N\u00e4hrstoffe aus dem Gras erh\u00e4lt und nicht zu viele Kalorien aufnimmt.<\/li>\n<li>Vermeide das Anweiden bei zu trockenem oder nassen Wetter: Zu nasses Gras kann zu Verdauungsproblemen f\u00fchren und zu trockenes Gras kann zu Koliken f\u00fchren.<\/li>\n<li>\u00dcberwache das Pferd auf Anzeichen von Krankheiten wie Hufrehe, Durchfall oder anderen Verdauungsproblemen. Bei Durchfall gelangen Bakterien \u00fcber die Harnwege in die Blase und k\u00f6nnen dort zur Blasenentz\u00fcndung f\u00fchren.<\/li>\n<li>Stelle ausreichend Wasser zur Verf\u00fcgung: Schau, dass das Pferd w\u00e4hrend des Anweidens ausreichend Wasser zur Verf\u00fcgung hat, um Dehydratation zu vermeiden.<\/li>\n<\/ul>\n<p>Indem du diese Tipps befolgst und das Pferd sorgf\u00e4ltig \u00fcberwachst, kannst du sicherstellen, dass es gesund und gl\u00fccklich bleibt, w\u00e4hrend es sich (wieder) an das Weiden gew\u00f6hnt.<\/p>\n\n<div class=\"related_articles boxed\">\n    <h2>Mehr zum Thema<\/h2>\n    \n    <div class=\"wrapper\"><div class=\"title align-center\"><h3><a href=\"https:\/\/uelzener.de\/magazin\/pferd\/tiergesundheit\/blasenentzuendung-pferd\/\">Blasenentz\u00fcndung beim Pferd: Ursachen, Symptome und Behandlung<\/a><\/h3><\/div><div class=\"img align-center\"><img decoding=\"async\" width=\"315\" height=\"180\" src=\"https:\/\/uelzener.de\/magazin\/app\/uploads\/2023\/05\/blasenentzuendung-pferd-315x180.jpg\" class=\"attachment-315x180 size-315x180 wp-post-image\" alt=\"Stute hat Blasenentz\u00fcndung und pinkelt auf die Wiese.\" \/><\/div><\/div><div class=\"wrapper\"><div class=\"title align-center\"><h3><a href=\"https:\/\/uelzener.de\/magazin\/pferd\/tiergesundheit\/hufrehe\/\">Hufrehe: eine schmerzhafte Angelegenheit f\u00fcr das Pferd<\/a><\/h3><\/div><div class=\"img align-center\"><img decoding=\"async\" width=\"315\" height=\"180\" src=\"https:\/\/uelzener.de\/magazin\/app\/uploads\/2019\/07\/d9cc1f75-5596-42e3-b9d7-2165c6c1275a-315x180.jpg\" class=\"attachment-315x180 size-315x180 wp-post-image\" alt=\"Eine ausgewogene F\u00fctterung bei Pferden kann Hufrehe vorbeugen\" srcset=\"https:\/\/uelzener.de\/magazin\/app\/uploads\/2019\/07\/d9cc1f75-5596-42e3-b9d7-2165c6c1275a-315x180.jpg 315w, https:\/\/uelzener.de\/magazin\/app\/uploads\/2019\/07\/d9cc1f75-5596-42e3-b9d7-2165c6c1275a-650x369.jpg 650w\" sizes=\"(max-width: 315px) 100vw, 315px\" \/><\/div><\/div><div class=\"wrapper\"><div class=\"title align-center\"><h3><a href=\"https:\/\/uelzener.de\/magazin\/pferd\/tiergesundheit\/kolik-beim-pferd\/\">Kolik beim Pferd: Ursachen, Symptome, Behandlung und Kosten<\/a><\/h3><\/div><div class=\"img align-center\"><img decoding=\"async\" width=\"315\" height=\"180\" src=\"https:\/\/uelzener.de\/magazin\/app\/uploads\/2021\/09\/1024x450_Nahaufnahme-Tieraerztin-untersucht-Pferd-315x180.jpg\" class=\"attachment-315x180 size-315x180 wp-post-image\" alt=\"Tier\u00e4rztin untersuch braunes Pferd mit Stethoskop auf Anzeichen von Kolik.\" \/><\/div><\/div><\/div>\n\n<h2>Zusammenstellung einer Herde<\/h2>\n<p>Bei jeder Gruppenhaltungsform ist die richtige Zusammenstellung wichtig. Die Pferde sollten sich untereinander vertragen. Homogene Gruppen sind in der Regel besser vertr\u00e4glich. Sie bestehen aus einem Geschlecht \u2013 also nur Stuten oder nur Wallache.<\/p>\n<p>In vielen Pensionsbetrieben und Pferdeh\u00f6fen sind die Herden jedoch heterogen. Eine gemischte Herde aus Stuten und Wallachen kann ebenfalls gut funktionieren. Jedoch sollten Pferdehalter:innen ein paar Punkte nicht vergessen. Gerade in der Zeit der Rosse k\u00f6nnen Wallache die Stuten bedr\u00e4ngen und vermehrt an ihnen kleben. Das stresst nicht nur die Stute, sondern auch den Wallach.<\/p>\n<p>Hengstfohlen, die nicht zur Zucht bestimmt sind, werden meist im Alter von circa zwei Jahren kastriert. Hengste lassen sich wegen ihres starken Sexualtriebes gr\u00f6\u00dftenteils nur schwer in eine Pferdeherde integrieren, was eine artgerechte Haltung erschwert.<\/p>\n<p><img decoding=\"async\" class=\"alignnone wp-image-18734 size-large\" src=\"https:\/\/uelzener.de\/magazin\/app\/uploads\/2025\/07\/infografik-drei-vorteile-von-gruppenhaltung-1024x1024.jpg\" alt=\"Infografik der Uelzener Versicherungen: Drei Vorteile von Gruppenhaltungen.\" width=\"1024\" height=\"1024\" srcset=\"https:\/\/uelzener.de\/magazin\/app\/uploads\/2025\/07\/infografik-drei-vorteile-von-gruppenhaltung-1024x1024.jpg 1024w, https:\/\/uelzener.de\/magazin\/app\/uploads\/2025\/07\/infografik-drei-vorteile-von-gruppenhaltung-300x300.jpg 300w, https:\/\/uelzener.de\/magazin\/app\/uploads\/2025\/07\/infografik-drei-vorteile-von-gruppenhaltung-150x150.jpg 150w, https:\/\/uelzener.de\/magazin\/app\/uploads\/2025\/07\/infografik-drei-vorteile-von-gruppenhaltung-768x768.jpg 768w, https:\/\/uelzener.de\/magazin\/app\/uploads\/2025\/07\/infografik-drei-vorteile-von-gruppenhaltung-1026x1026.jpg 1026w, https:\/\/uelzener.de\/magazin\/app\/uploads\/2025\/07\/infografik-drei-vorteile-von-gruppenhaltung-668x668.jpg 668w, https:\/\/uelzener.de\/magazin\/app\/uploads\/2025\/07\/infografik-drei-vorteile-von-gruppenhaltung.jpg 1080w\" sizes=\"(max-width: 1024px) 100vw, 1024px\" \/><\/p>\n<h2>Pferde vergesellschaften<\/h2>\n<p>Pferde lassen sich in der Regel leichter in gro\u00dfe, als in kleine Herden integrieren. Die Chance einen Kumpel zu finden, ist in einer gr\u00f6\u00dferen Herde einfach h\u00f6her. Der Neuank\u00f6mmling sollte langsam ankommen und die Herde aus sicherer Entfernung kennenlernen. Die Pferde haben zun\u00e4chst nur Sicht- und Sozialkontakt \u00fcber eine Abgrenzung. Dazu kann zum Beispiel ein Teil des Auslaufes durch Litzen abgetrennt werden. Die Dauer dieser Eingew\u00f6hnung ist je nach Herde und Pferd sehr unterschiedlich. Oft reichen ein bis zwei Tage. Manchmal sind aber auch zwei Wochen n\u00f6tig. Pferdehalter:innen sollte genau beobachten, wie die Pferde sich verhalten. Eile mit Weile! Im Zweifel ist es nicht schlimm die Vierbeiner einen Tag l\u00e4nger in der Eingew\u00f6hnungsphase zu halten, bevor doch eine Rangelei passiert.<\/p>\n\n<div class=\"banner\">\n    <a href=\"https:\/\/uelzener.de\/pferd\/herden-versicherung\/?agt=0000104925&sem=true&utm_medium=magazin&utm_source=wordpress&utm_campaign=pferd_herde&utm_content=banner\">\n        <img decoding=\"async\" width=\"300\" height=\"212\" src=\"https:\/\/uelzener.de\/magazin\/app\/uploads\/2025\/01\/Pferde-Herden-Versicherung.jpg\" class=\"attachment-medium size-medium\" alt=\"Banner Pferde-Herden-Versicherung\" \/>    <\/a>\n<\/div>\n\n<h2>FAQ: H\u00e4ufig gestellte Fragen zum Thema Pferde vergesellschaften und anweiden<\/h2>\n<h3>Welche Haltungsform ist empfehlenswert?<\/h3>\n<p>Es h\u00e4ngt von den Gegebenheiten vor Ort und dem einzelnen Pferd ab, welche Haltung optimal ist. Grunds\u00e4tzlich ist im Sinne des Tieres eine Gruppenhaltung zu empfehlen.<\/p>\n<p>Dennoch gibt es Situationen, in denen eine Einzelhaltung sinnvoller erscheint, beispielsweise wenn in einem gro\u00dfen Pferdebetrieb starker Durchgangsverkehr herrscht. Bei h\u00e4ufigem Wechsel von Pferden muss geschaut werden, was mehr Stress ausl\u00f6st. Mitunter kann eine kurzzeitige Einzelhaltung die bessere Alternative sein. Dennoch gilt: Die Gruppenhaltung mit R\u00fcckzugsm\u00f6glichkeiten ist in der Regel der Einzelhaltung immer vorzuziehen. Lese hier nach, was du bei einem <a href=\"https:\/\/uelzener.de\/magazin\/pferd\/haltung\/stallwechsel-pferd-klebt\/\" target=\"_blank\" rel=\"noopener\">Stallwechsel<\/a> beachten solltest.<\/p>\n","protected":false},"excerpt":{"rendered":"<p>Das Pferd ist ein Lauf-, Flucht- und Herdentier. Ein passendes Zuhause in einer harmonischen Herde ist aber nicht immer ganz einfach. In diesem Beitrag erf\u00e4hrst du, wie Pferde artgerecht und stressfrei in eine bestehende Herde eingegliedert werden k\u00f6nnen oder auch was zu beachten ist, wenn die Weidesaison startet. Erste Zusammenf\u00fchrungen der neuen Herde: Rangordnung beachten [&hellip;]<\/p>\n","protected":false},"author":3,"featured_media":13581,"parent":11678,"menu_order":0,"comment_status":"closed","ping_status":"closed","template":"templates\/blog.php","meta":{"_acf_changed":false,"_crdt_document":"","footnotes":"","beyondwords_generate_audio":"0","beyondwords_project_id":"","beyondwords_content_id":"","beyondwords_preview_token":"","beyondwords_player_style":"","beyondwords_language_id":"","beyondwords_title_voice_id":"","beyondwords_body_voice_id":"","beyondwords_summary_voice_id":"","beyondwords_error_message":"","beyondwords_disabled":"","beyondwords_delete_content":"","beyondwords_podcast_id":"","beyondwords_hash":"","publish_post_to_speechkit":"","speechkit_hash":"","speechkit_generate_audio":"","speechkit_project_id":"","speechkit_podcast_id":"","speechkit_error_message":"","speechkit_disabled":"","speechkit_access_key":"","speechkit_error":"","speechkit_info":"","speechkit_response":"","speechkit_retries":"","speechkit_status":"","speechkit_updated_at":"","_speechkit_link":"","_speechkit_text":""},"class_list":["post-13580","page","type-page","status-publish","has-post-thumbnail","hentry"],"acf":[],"yoast_head":"<!-- This site is optimized with the Yoast SEO Premium plugin  - https:\/\/yoast.com\/product\/yoast-seo-premium-wordpress\/ -->\n<title>Pferde vergesellschaften und anweiden | Uelzener Tier-Magazin<\/title>\n<meta name=\"description\" content=\"Pferde artgerecht vergesellschaften und vorbereiten f\u00fcr die Anweide-Saison. Erfahre alles zu Grundvoraussetzungen \u2713 Zusammenf\u00fchrung \u2713 Umgang bei Konflikten.\" \/>\n<meta name=\"robots\" content=\"index, follow, max-snippet:-1, max-image-preview:large, max-video-preview:-1\" \/>\n<link rel=\"canonical\" href=\"https:\/\/uelzener.de\/magazin\/pferd\/haltung\/pferde-vergesellschaften\/\" \/>\n<meta property=\"og:locale\" content=\"de_DE\" \/>\n<meta property=\"og:type\" content=\"article\" \/>\n<meta property=\"og:title\" content=\"Pferde vergesellschaften: Stressfrei und artgerecht\" \/>\n<meta property=\"og:description\" content=\"Pferde artgerecht vergesellschaften und vorbereiten f\u00fcr die Anweide-Saison. Erfahre alles zu Grundvoraussetzungen \u2713 Zusammenf\u00fchrung \u2713 Umgang bei Konflikten.\" \/>\n<meta property=\"og:url\" content=\"https:\/\/uelzener.de\/magazin\/pferd\/haltung\/pferde-vergesellschaften\/\" \/>\n<meta property=\"og:site_name\" content=\"Uelzener Tier-Magazin\" \/>\n<meta property=\"article:publisher\" content=\"https:\/\/www.facebook.com\/Uelzener\" \/>\n<meta property=\"article:modified_time\" content=\"2025-07-28T11:04:19+00:00\" \/>\n<meta property=\"og:image\" content=\"https:\/\/uelzener.de\/magazin\/app\/uploads\/2022\/08\/pferde-vergesellschaften.jpg\" \/>\n\t<meta property=\"og:image:width\" content=\"1024\" \/>\n\t<meta property=\"og:image:height\" content=\"450\" \/>\n\t<meta property=\"og:image:type\" content=\"image\/jpeg\" \/>\n<meta name=\"twitter:card\" content=\"summary_large_image\" \/>\n<meta name=\"twitter:label1\" content=\"Gesch\u00e4tzte Lesezeit\" \/>\n\t<meta name=\"twitter:data1\" content=\"7\u00a0Minuten\" \/>\n<script type=\"application\/ld+json\" class=\"yoast-schema-graph\">{\"@context\":\"https:\\\/\\\/schema.org\",\"@graph\":[{\"@type\":\"WebPage\",\"@id\":\"https:\\\/\\\/uelzener.de\\\/magazin\\\/pferd\\\/haltung\\\/pferde-vergesellschaften\\\/\",\"url\":\"https:\\\/\\\/uelzener.de\\\/magazin\\\/pferd\\\/haltung\\\/pferde-vergesellschaften\\\/\",\"name\":\"Pferde vergesellschaften und anweiden | Uelzener Tier-Magazin\",\"isPartOf\":{\"@id\":\"https:\\\/\\\/uelzener.de\\\/magazin\\\/#website\"},\"primaryImageOfPage\":{\"@id\":\"https:\\\/\\\/uelzener.de\\\/magazin\\\/pferd\\\/haltung\\\/pferde-vergesellschaften\\\/#primaryimage\"},\"image\":{\"@id\":\"https:\\\/\\\/uelzener.de\\\/magazin\\\/pferd\\\/haltung\\\/pferde-vergesellschaften\\\/#primaryimage\"},\"thumbnailUrl\":\"https:\\\/\\\/uelzener.de\\\/magazin\\\/app\\\/uploads\\\/2022\\\/08\\\/pferde-vergesellschaften.jpg\",\"datePublished\":\"2023-04-27T10:00:09+00:00\",\"dateModified\":\"2025-07-28T11:04:19+00:00\",\"description\":\"Pferde artgerecht vergesellschaften und vorbereiten f\u00fcr die Anweide-Saison. Erfahre alles zu Grundvoraussetzungen \u2713 Zusammenf\u00fchrung \u2713 Umgang bei Konflikten.\",\"breadcrumb\":{\"@id\":\"https:\\\/\\\/uelzener.de\\\/magazin\\\/pferd\\\/haltung\\\/pferde-vergesellschaften\\\/#breadcrumb\"},\"inLanguage\":\"de\",\"potentialAction\":[{\"@type\":\"ReadAction\",\"target\":[\"https:\\\/\\\/uelzener.de\\\/magazin\\\/pferd\\\/haltung\\\/pferde-vergesellschaften\\\/\"]}]},{\"@type\":\"ImageObject\",\"inLanguage\":\"de\",\"@id\":\"https:\\\/\\\/uelzener.de\\\/magazin\\\/pferd\\\/haltung\\\/pferde-vergesellschaften\\\/#primaryimage\",\"url\":\"https:\\\/\\\/uelzener.de\\\/magazin\\\/app\\\/uploads\\\/2022\\\/08\\\/pferde-vergesellschaften.jpg\",\"contentUrl\":\"https:\\\/\\\/uelzener.de\\\/magazin\\\/app\\\/uploads\\\/2022\\\/08\\\/pferde-vergesellschaften.jpg\",\"width\":1024,\"height\":450,\"caption\":\"Pferde beschnuppern sich nach Pferde-Vergesellschaftung auf der Weide.\"},{\"@type\":\"WebSite\",\"@id\":\"https:\\\/\\\/uelzener.de\\\/magazin\\\/#website\",\"url\":\"https:\\\/\\\/uelzener.de\\\/magazin\\\/\",\"name\":\"Uelzener Tiermagazin\",\"description\":\"Online Tierratgeber der Uelzener Versicherungen\",\"publisher\":{\"@id\":\"https:\\\/\\\/uelzener.de\\\/magazin\\\/#organization\"},\"potentialAction\":[{\"@type\":\"SearchAction\",\"target\":{\"@type\":\"EntryPoint\",\"urlTemplate\":\"https:\\\/\\\/uelzener.de\\\/magazin\\\/?s={search_term_string}\"},\"query-input\":{\"@type\":\"PropertyValueSpecification\",\"valueRequired\":true,\"valueName\":\"search_term_string\"}}],\"inLanguage\":\"de\"},{\"@type\":\"Organization\",\"@id\":\"https:\\\/\\\/uelzener.de\\\/magazin\\\/#organization\",\"name\":\"Uelzener Versicherungen\",\"url\":\"https:\\\/\\\/uelzener.de\\\/magazin\\\/\",\"logo\":{\"@type\":\"ImageObject\",\"inLanguage\":\"de\",\"@id\":\"https:\\\/\\\/uelzener.de\\\/magazin\\\/#\\\/schema\\\/logo\\\/image\\\/\",\"url\":\"https:\\\/\\\/uelzener.de\\\/magazin\\\/app\\\/uploads\\\/2024\\\/11\\\/uelzener_allgemeine_versicherungsgesellschaft_a_g_logo.jpg\",\"contentUrl\":\"https:\\\/\\\/uelzener.de\\\/magazin\\\/app\\\/uploads\\\/2024\\\/11\\\/uelzener_allgemeine_versicherungsgesellschaft_a_g_logo.jpg\",\"width\":200,\"height\":200,\"caption\":\"Uelzener Versicherungen\"},\"image\":{\"@id\":\"https:\\\/\\\/uelzener.de\\\/magazin\\\/#\\\/schema\\\/logo\\\/image\\\/\"},\"sameAs\":[\"https:\\\/\\\/www.facebook.com\\\/Uelzener\",\"https:\\\/\\\/instagram.com\\\/uelzener\",\"https:\\\/\\\/www.xing.com\\\/pages\\\/uelzenerallgemeineversicherungs-gesellschafta-g\",\"https:\\\/\\\/www.youtube.com\\\/UelzenerVersicherungen\"]}]}<\/script>\n<!-- \/ Yoast SEO Premium plugin. -->","yoast_head_json":{"title":"Pferde vergesellschaften und anweiden | Uelzener Tier-Magazin","description":"Pferde artgerecht vergesellschaften und vorbereiten f\u00fcr die Anweide-Saison. Erfahre alles zu Grundvoraussetzungen \u2713 Zusammenf\u00fchrung \u2713 Umgang bei Konflikten.","robots":{"index":"index","follow":"follow","max-snippet":"max-snippet:-1","max-image-preview":"max-image-preview:large","max-video-preview":"max-video-preview:-1"},"canonical":"https:\/\/uelzener.de\/magazin\/pferd\/haltung\/pferde-vergesellschaften\/","og_locale":"de_DE","og_type":"article","og_title":"Pferde vergesellschaften: Stressfrei und artgerecht","og_description":"Pferde artgerecht vergesellschaften und vorbereiten f\u00fcr die Anweide-Saison. Erfahre alles zu Grundvoraussetzungen \u2713 Zusammenf\u00fchrung \u2713 Umgang bei Konflikten.","og_url":"https:\/\/uelzener.de\/magazin\/pferd\/haltung\/pferde-vergesellschaften\/","og_site_name":"Uelzener Tier-Magazin","article_publisher":"https:\/\/www.facebook.com\/Uelzener","article_modified_time":"2025-07-28T11:04:19+00:00","og_image":[{"width":1024,"height":450,"url":"https:\/\/uelzener.de\/magazin\/app\/uploads\/2022\/08\/pferde-vergesellschaften.jpg","type":"image\/jpeg"}],"twitter_card":"summary_large_image","twitter_misc":{"Gesch\u00e4tzte Lesezeit":"7\u00a0Minuten"},"schema":{"@context":"https:\/\/schema.org","@graph":[{"@type":"WebPage","@id":"https:\/\/uelzener.de\/magazin\/pferd\/haltung\/pferde-vergesellschaften\/","url":"https:\/\/uelzener.de\/magazin\/pferd\/haltung\/pferde-vergesellschaften\/","name":"Pferde vergesellschaften und anweiden | Uelzener Tier-Magazin","isPartOf":{"@id":"https:\/\/uelzener.de\/magazin\/#website"},"primaryImageOfPage":{"@id":"https:\/\/uelzener.de\/magazin\/pferd\/haltung\/pferde-vergesellschaften\/#primaryimage"},"image":{"@id":"https:\/\/uelzener.de\/magazin\/pferd\/haltung\/pferde-vergesellschaften\/#primaryimage"},"thumbnailUrl":"https:\/\/uelzener.de\/magazin\/app\/uploads\/2022\/08\/pferde-vergesellschaften.jpg","datePublished":"2023-04-27T10:00:09+00:00","dateModified":"2025-07-28T11:04:19+00:00","description":"Pferde artgerecht vergesellschaften und vorbereiten f\u00fcr die Anweide-Saison. Erfahre alles zu Grundvoraussetzungen \u2713 Zusammenf\u00fchrung \u2713 Umgang bei Konflikten.","breadcrumb":{"@id":"https:\/\/uelzener.de\/magazin\/pferd\/haltung\/pferde-vergesellschaften\/#breadcrumb"},"inLanguage":"de","potentialAction":[{"@type":"ReadAction","target":["https:\/\/uelzener.de\/magazin\/pferd\/haltung\/pferde-vergesellschaften\/"]}]},{"@type":"ImageObject","inLanguage":"de","@id":"https:\/\/uelzener.de\/magazin\/pferd\/haltung\/pferde-vergesellschaften\/#primaryimage","url":"https:\/\/uelzener.de\/magazin\/app\/uploads\/2022\/08\/pferde-vergesellschaften.jpg","contentUrl":"https:\/\/uelzener.de\/magazin\/app\/uploads\/2022\/08\/pferde-vergesellschaften.jpg","width":1024,"height":450,"caption":"Pferde beschnuppern sich nach Pferde-Vergesellschaftung auf der Weide."},{"@type":"WebSite","@id":"https:\/\/uelzener.de\/magazin\/#website","url":"https:\/\/uelzener.de\/magazin\/","name":"Uelzener Tiermagazin","description":"Online Tierratgeber der Uelzener Versicherungen","publisher":{"@id":"https:\/\/uelzener.de\/magazin\/#organization"},"potentialAction":[{"@type":"SearchAction","target":{"@type":"EntryPoint","urlTemplate":"https:\/\/uelzener.de\/magazin\/?s={search_term_string}"},"query-input":{"@type":"PropertyValueSpecification","valueRequired":true,"valueName":"search_term_string"}}],"inLanguage":"de"},{"@type":"Organization","@id":"https:\/\/uelzener.de\/magazin\/#organization","name":"Uelzener Versicherungen","url":"https:\/\/uelzener.de\/magazin\/","logo":{"@type":"ImageObject","inLanguage":"de","@id":"https:\/\/uelzener.de\/magazin\/#\/schema\/logo\/image\/","url":"https:\/\/uelzener.de\/magazin\/app\/uploads\/2024\/11\/uelzener_allgemeine_versicherungsgesellschaft_a_g_logo.jpg","contentUrl":"https:\/\/uelzener.de\/magazin\/app\/uploads\/2024\/11\/uelzener_allgemeine_versicherungsgesellschaft_a_g_logo.jpg","width":200,"height":200,"caption":"Uelzener Versicherungen"},"image":{"@id":"https:\/\/uelzener.de\/magazin\/#\/schema\/logo\/image\/"},"sameAs":["https:\/\/www.facebook.com\/Uelzener","https:\/\/instagram.com\/uelzener","https:\/\/www.xing.com\/pages\/uelzenerallgemeineversicherungs-gesellschafta-g","https:\/\/www.youtube.com\/UelzenerVersicherungen"]}]}},"_links":{"self":[{"href":"https:\/\/uelzener.de\/magazin\/wp-json\/wp\/v2\/pages\/13580","targetHints":{"allow":["GET"]}}],"collection":[{"href":"https:\/\/uelzener.de\/magazin\/wp-json\/wp\/v2\/pages"}],"about":[{"href":"https:\/\/uelzener.de\/magazin\/wp-json\/wp\/v2\/types\/page"}],"author":[{"embeddable":true,"href":"https:\/\/uelzener.de\/magazin\/wp-json\/wp\/v2\/users\/3"}],"replies":[{"embeddable":true,"href":"https:\/\/uelzener.de\/magazin\/wp-json\/wp\/v2\/comments?post=13580"}],"version-history":[{"count":20,"href":"https:\/\/uelzener.de\/magazin\/wp-json\/wp\/v2\/pages\/13580\/revisions"}],"predecessor-version":[{"id":18741,"href":"https:\/\/uelzener.de\/magazin\/wp-json\/wp\/v2\/pages\/13580\/revisions\/18741"}],"up":[{"embeddable":true,"href":"https:\/\/uelzener.de\/magazin\/wp-json\/wp\/v2\/pages\/11678"}],"wp:featuredmedia":[{"embeddable":true,"href":"https:\/\/uelzener.de\/magazin\/wp-json\/wp\/v2\/media\/13581"}],"wp:attachment":[{"href":"https:\/\/uelzener.de\/magazin\/wp-json\/wp\/v2\/media?parent=13580"}],"curies":[{"name":"wp","href":"https:\/\/api.w.org\/{rel}","templated":true}]}}