{"id":13573,"date":"2022-08-05T10:48:36","date_gmt":"2022-08-05T08:48:36","guid":{"rendered":"https:\/\/uelzener.de\/magazin\/?page_id=13573"},"modified":"2025-09-29T14:05:31","modified_gmt":"2025-09-29T12:05:31","slug":"scheinschwangerschaft-hund","status":"publish","type":"page","link":"https:\/\/uelzener.de\/magazin\/hund\/tiergesundheit\/scheinschwangerschaft-hund\/","title":{"rendered":"Scheinschwangerschaft beim Hund: Ursachen, Symptome und Ma\u00dfnahmen"},"content":{"rendered":"<p><strong>Deine H\u00fcndin verh\u00e4lt sich pl\u00f6tzlich anders als sonst? Sie will st\u00e4ndig schmusen, schleppt Schuhe mit sich herum oder baut sich eine H\u00f6hle? M\u00f6glicherweise ist sie scheinschwanger. Was f\u00fcr die Krankheit spricht, woher es kommt und wie du deine H\u00fcndin in dieser Phase unterst\u00fctzen kannst, erf\u00e4hrst du in diesem Artikel. <\/strong><\/p>\n<p>Wird in der Tierarztpraxis beim Hund eine Scheinschwangerschaft festgestellt, machen sich viele Tierbesitzer:innen Gedanken. Schlie\u00dflich verh\u00e4lt sich deine geliebte H\u00fcndin ganz anders als sonst und scheint sich nicht wohlzuf\u00fchlen. Aber keine Sorge: Die Scheintr\u00e4chtigkeit ist bei Hundeweibchen etwas <strong>ganz Normales<\/strong>. Damals, als die Vorfahren unserer Vierbeiner noch in Rudeln lebten, brachten ranghohe W\u00f6lfinnen viele Welpen auf die Welt. Der Hormonhaushalt der rangniedrigen Tiere sorgte daf\u00fcr, dass sich die anderen W\u00f6lfinnen ebenfalls um die Aufzucht der Welpen k\u00fcmmern und sie sogar s\u00e4ugen konnten. Die Scheinschwangerschaft unserer heutigen Hunde ist also ein \u00dcberbleibsel dieser \u00dcberlebensstrategie ihrer Vorfahren.<\/p>\n<h2><strong>Wie entsteht eine Scheinschwangerschaft beim Hund?<\/strong><\/h2>\n<p>Bei einer Scheintr\u00e4chtigkeit, also einer eingebildeten Schwangerschaft, verh\u00e4lt sich deine H\u00fcndin so, als sei sie schwanger. Dieser <strong>hormonell <\/strong>bedingte Zustand kann <strong>vier bis neun Wochen nach der L\u00e4ufigkeit<\/strong> auftreten. Grund daf\u00fcr sind die Hormone Progesteron und Prolaktin. Nach der L\u00e4ufigkeit sinkt der Progesteron-Spiegel rasch, wodurch das Hormon Prolaktin ausgesch\u00fcttet wird. Umso mehr Prolaktin eine H\u00fcndin nun produziert, umso wahrscheinlicher wird sie scheinschwanger. Das Gewebe um das Ges\u00e4uge herum w\u00e4chst infolge des ungleichm\u00e4\u00dfigen Hormonspiegels, und tats\u00e4chlich kann deine H\u00fcndin sogar <strong>Milch produzieren<\/strong>.<\/p>\n<h2><strong>Wie zeigt sich die Scheintr\u00e4chtigkeit beim Hund?<\/strong><\/h2>\n<p>Die Symptome einer Scheinschwangerschaft fallen bei jeder betroffenen H\u00fcndin anders aus: Manche verfallen ganz ihrer <strong>m\u00fctterlichen Rolle<\/strong> und suchen nach einem Ersatzwelpen: Spielzeuge, Stofftiere oder sogar Schuhe werden zusammengetragen, die H\u00fcndin baut ein Nest um ihre Sch\u00fctzlinge und besch\u00fctzt sie, als seien es echte Babys. Ihre <strong>Verteidigungsinstinkte<\/strong> setzen ein und sie wird aggressiv \u2013 oder auch ausgesprochen verschmust.<\/p>\n<p>Bei manchen H\u00fcndinnen zeigen sich diese Symptome einer Scheintr\u00e4chtigkeit sehr deutlich, bei anderen verl\u00e4uft die Phase eher unauff\u00e4llig. Diese Anzeichen sprechen daf\u00fcr, dass deine H\u00fcndin scheinschwanger ist:<\/p>\n<ul>\n<li>Ein klares Zeichen ist die <strong>Milchproduktion<\/strong>, ohne dass deine H\u00fcndin tr\u00e4chtig ist. Das Ges\u00e4uge sowie die Bauchdecke k\u00f6nnen anschwellen und aus den Zitzen tropft manchmal Milch.<\/li>\n<li>Das <strong>Nestbauverhalten<\/strong> ist ein typisches Symptom. Zuerst werden verschiedene Gegenst\u00e4nde gesammelt, dann baut die H\u00fcndin aus Decken ein Nest um ihre vermeintlichen Welpen oder sie zieht sich in ihr K\u00f6rbchen zur\u00fcck. F\u00fcrsorglich k\u00fcmmert sie sich um ein Paar Pantoffeln und h\u00e4lt Gefahren von ihnen fern.<\/li>\n<li>Durch den schwankenden Hormonhaushalt <strong>ver\u00e4ndert sich das Verhalten<\/strong> deiner H\u00fcndin. Sie kann depressiv wirken und mag nicht mehr aus dem Haus gehen, ist ersch\u00f6pft und appetitlos. In der N\u00e4he ihres Nestes geht sie auf Abwehrhaltung und reagiert aggressiv. Oder sie ist ganz verschmust und verlangt nach Streicheleinheiten.<\/li>\n<li><strong>Blutig-eitriger Scheidenausfluss, Fieber oder erh\u00f6hte Temperatur<\/strong> sind seltene, aber ernstzunehmende Symptome. Da sie als Anzeichen einer Geb\u00e4rmutterentz\u00fcndung gelten, m\u00fcssen sie tier\u00e4rztlich behandelt werden. Auch verst\u00e4rkter Durst und Abgeschlagenheit k\u00f6nnen Hinweise darauf sein.<\/li>\n<\/ul>\n<h2><strong>Welche Unterst\u00fctzung braucht dein Hund w\u00e4hrend einer Scheinschwangerschaft?<\/strong><\/h2>\n<p>Die Scheintr\u00e4chtigkeit kann sowohl f\u00fcr deinen Hund als auch f\u00fcr dich als Hundehalter:in eine belastende Zeit sein. Deine scheinschwangere H\u00fcndin bekommt es nat\u00fcrlich am st\u00e4rksten zu sp\u00fcren: Die angeschwollene Bauchdecke schmerzt, das Ges\u00e4uge ist verh\u00e4rtet. Leckt sie daran, kann es sich entz\u00fcnden und manchmal ist Fieber die Folge. Die sonst so verspielte H\u00fcndin zieht sich zur\u00fcck, verh\u00e4lt sich ungew\u00f6hnlich und man selbst fragt sich: Was kann ich tun?<\/p>\n<ul>\n<li><strong>Ablenkung<\/strong>: Ablenkung ist manchmal die beste Medizin. Spazierg\u00e4nge und lockere Bewegung bringen deine H\u00fcndin auf andere Gedanken, halten Hund und Mensch gemeinsam aktiv und gesund. Wenn sie partout nicht nach drau\u00dfen mag, kann Ruhe helfen. Spielsachen sollten lieber von ihr ferngehalten und bis zum Ende der Scheinschwangerschaft sicher aufbewahrt werden.<\/li>\n<li><strong>Vermeidung<\/strong>: Bahnt sich bei deiner H\u00fcndin m\u00fctterliches Verhalten an, sollte es nicht weiter bekr\u00e4ftigt werden. Es kurbelt die Milchproduktion nur weiter an. Das gleiche gilt auch, wenn sie Milchtropfen von ihren Zitzen ableckt. Halskragen oder alte Shirts halten sie davon ab.<\/li>\n<li><strong>Tiermedizinische Unterst\u00fctzung<\/strong>: Bei leichten bis mittelschweren F\u00e4llen muss es nicht sofort zum Arzt gehen. Meistens vergehen die Symptome einer Scheinschwangerschaft nach zwei Wochen, manchmal dauert es auch bis zu acht Wochen. Hundehalter:innen sollten darauf verzichten, ihr Tier mit Hausmitteln selbst zu behandeln. Weder essigsaure Tonerde noch Quarkwickel, Kr\u00e4uter oder hom\u00f6opathische Mittel werden von Tier\u00e4rzt:innen empfohlen.<\/li>\n<\/ul>\n<p>Wenn sich deine H\u00fcndin zu schlecht f\u00fchlt, sollte sie lieber in tier\u00e4rztliche Obhut kommen. In der Praxis erh\u00e4lt deine H\u00fcndin dann Medikamente, welche die Produktion von Prolaktin hemmen und die schmerzhaften Symptome der Scheintr\u00e4chtigkeit lindern. Wer eine <strong>Hunde-Krankenversicherung<\/strong> abgeschlossen hat, muss sich um die Kosten keine Sorgen machen.<\/p>\n\n<div class=\"banner\">\n    <a href=\"https:\/\/uelzener.de\/hund\/hunde-krankenversicherung\/?agt=0000104925&sem=true&utm_medium=magazin&utm_source=wordpress&utm_campaign=hund_kv&utm_content=banner\">\n        <img decoding=\"async\" width=\"300\" height=\"212\" src=\"https:\/\/uelzener.de\/magazin\/app\/uploads\/2025\/01\/Hunde-Kranken-Versicherung.jpg\" class=\"attachment-medium size-medium\" alt=\"Banner Hunde-Kranken-Versicherung\" \/>    <\/a>\n<\/div>\n\n<h2><strong>Wie kann man einer Scheinschwangerschaft beim Hund vorbeugen?<\/strong><\/h2>\n<p>Leider passiert es immer wieder: Nach der halbj\u00e4hrlichen L\u00e4ufigkeit wird eine H\u00fcndin scheinschwanger. Manche Hundebesitzer:innen ziehen eine <a href=\"https:\/\/uelzener.de\/magazin\/hund\/tiergesundheit\/kastration-hund-huendin\/\"><strong>Kastration<\/strong><\/a> in Erw\u00e4gung \u2013 schlie\u00dflich soll dadurch eine Scheintr\u00e4chtigkeit unterbunden werden. Bedauerlicherweise stimmt das nicht ganz. Zwar wird dadurch das Tr\u00e4chtigkeits-Hormon Progesteron gehemmt, jedoch steigt kurz nach einer Kastration der Prolaktin-Spiegel an. Das kann wieder zu einer unerw\u00fcnschten Scheinschwangerschaft f\u00fchren.<\/p>\n<p>Eine Kastration bietet also <strong>nur langfristig eine L\u00f6sung<\/strong> und sollte allenfalls in ernsten F\u00e4llen durchgef\u00fchrt werden. Das ist beispielsweise der Fall, wenn eine H\u00fcndin stark und oft unter Scheinschwangerschaften leidet. Dazu geh\u00f6ren nicht nur Schmerzen am Ges\u00e4uge, sondern Entz\u00fcndungen an den Milchdr\u00fcsen oder eine vereiterte Geb\u00e4rmutter.<\/p>\n<p>Machen einer H\u00fcndin und ihren Halter:innen Scheinschwangerschaften stark zu schaffen, sollten m\u00f6gliche Eingriffe mit dem Tierarzt oder der Tier\u00e4rztin des Vertrauens besprochen werden. Die Veterin\u00e4rmediziner:innen werden jeden Fall individuell betrachten und entscheiden, ob eine minimalinvasive Kastration oder eine Behandlung mit dem Hormon Gestagen infrage kommt.<\/p>\n<h2><strong>Gemeinsam durch den Ausnahmezustand<\/strong><\/h2>\n<p>Scheinschwangerschaften sind keine <a href=\"https:\/\/uelzener.de\/magazin\/hund\/tiergesundheit\/hundekrankheiten-unfaelle\/\">Hundekrankheit<\/a>, sondern ein Ausnahmezustand. W\u00e4hrend einige H\u00fcndinnen nur zwei Wochen mit der l\u00e4stigen Scheintr\u00e4chtigkeit zu tun haben, m\u00fcssen andere Tiere die hormonelle Verwirrung <strong>bis zu acht Wochen<\/strong> aushalten. Einen Grund zur Sorge gibt es f\u00fcr die Tierbesitzer:innen jedoch meistens nicht.<\/p>\n<p>Mit liebevoller Ablenkung und Geduld lassen sich die meisten Scheinschwangerschaften bei einer H\u00fcndin auskurieren. Frische Luft, ein Tapetenwechsel und viel Verst\u00e4ndnis und Zuneigung helfen den Tieren ebenso wie uns Menschen durch schwierige Zeiten.<\/p>\n<h2><strong>FAQ: H\u00e4ufig gestellte Fragen<\/strong><\/h2>\n<h3><strong>Was sind Symptome f\u00fcr eine Scheintr\u00e4chtigkeit bei meinem Hund?<\/strong><\/h3>\n<p>Ein klares Zeichen ist die Milchproduktion<strong>, <\/strong>ohne dass eine H\u00fcndin tr\u00e4chtig ist. Das Ges\u00e4uge sowie die Bauchdecke k\u00f6nnen anschwellen und aus den Zitzen tropft manchmal Milch. Auch das Nestbauverhalten ist ein typisches Symptom. Durch den schwankenden Hormonhaushalt kann sich auch das Verhalten der H\u00fcndin ver\u00e4ndern. Sie kann depressiv wirken und mag nicht mehr aus dem Haus gehen, ist ersch\u00f6pft und appetitlos. In der N\u00e4he ihres Nestes geht sie auf Abwehrhaltung und reagiert aggressiv. Oder sie ist ganz verschmust und verlangt nach Streicheleinheiten.<\/p>\n<h3><strong>Wie lange dauert eine Scheintr\u00e4chtigeit beim Hund an?<\/strong><\/h3>\n<p>Scheinschwangerschaften sind keine Erkrankung, sondern ein Ausnahmezustand. W\u00e4hrend einige H\u00fcndinnen nur zwei Wochen mit der l\u00e4stigen Scheintr\u00e4chtigkeit zu tun haben, m\u00fcssen andere Tiere die hormonelle Verwirrung bis zu acht Wochen aushalten.<\/p>\n<h3><strong>Ist eine Scheintr\u00e4chtigkeit beim Hund gef\u00e4hrlich?<\/strong><\/h3>\n<p>Die Scheintr\u00e4chtigkeit ist keine Erkrankung, sondern ein Ausnahmezustand. Die meisten Scheinschwangerschaften lassen sich mit liebevoller Ablenkung und Geduld auskurieren. Frische Luft, ein Tapetenwechsel und viel Verst\u00e4ndnis und Zuneigung k\u00f6nnen den Tieren \u00fcber die schwierige Zeit hinweghelfen.<\/p>\n","protected":false},"excerpt":{"rendered":"<p>Deine H\u00fcndin verh\u00e4lt sich pl\u00f6tzlich anders als sonst? Sie will st\u00e4ndig schmusen, schleppt Schuhe mit sich herum oder baut sich eine H\u00f6hle? M\u00f6glicherweise ist sie scheinschwanger. Was f\u00fcr die Krankheit spricht, woher es kommt und wie du deine H\u00fcndin in dieser Phase unterst\u00fctzen kannst, erf\u00e4hrst du in diesem Artikel. Wird in der Tierarztpraxis beim Hund [&hellip;]<\/p>\n","protected":false},"author":9,"featured_media":13586,"parent":11701,"menu_order":1,"comment_status":"closed","ping_status":"closed","template":"templates\/blog.php","meta":{"_acf_changed":false,"_crdt_document":"","footnotes":"","beyondwords_generate_audio":"0","beyondwords_project_id":"","beyondwords_content_id":"","beyondwords_preview_token":"","beyondwords_player_style":"","beyondwords_language_id":"","beyondwords_title_voice_id":"","beyondwords_body_voice_id":"","beyondwords_summary_voice_id":"","beyondwords_error_message":"","beyondwords_disabled":"","beyondwords_delete_content":"","beyondwords_podcast_id":"","beyondwords_hash":"","publish_post_to_speechkit":"","speechkit_hash":"","speechkit_generate_audio":"","speechkit_project_id":"","speechkit_podcast_id":"","speechkit_error_message":"","speechkit_disabled":"","speechkit_access_key":"","speechkit_error":"","speechkit_info":"","speechkit_response":"","speechkit_retries":"","speechkit_status":"","speechkit_updated_at":"","_speechkit_link":"","_speechkit_text":""},"class_list":["post-13573","page","type-page","status-publish","has-post-thumbnail","hentry"],"acf":[],"yoast_head":"<!-- This site is optimized with the Yoast SEO Premium plugin  - https:\/\/yoast.com\/product\/yoast-seo-premium-wordpress\/ -->\n<title>Scheinschwangerschaft beim Hund erkennen &amp; behandeln | Uelzener<\/title>\n<meta name=\"description\" content=\"Scheinschwangerschaft beim Hund erkennen &amp; reagieren \u2714 Ursachen &amp; Symptome \u2714 Behandeln &amp; vorbeugen \u27a4 Hier mehr erfahren!\" \/>\n<meta name=\"robots\" content=\"index, follow, max-snippet:-1, max-image-preview:large, max-video-preview:-1\" \/>\n<link rel=\"canonical\" href=\"https:\/\/uelzener.de\/magazin\/hund\/tiergesundheit\/scheinschwangerschaft-hund\/\" \/>\n<meta property=\"og:locale\" content=\"de_DE\" \/>\n<meta property=\"og:type\" content=\"article\" \/>\n<meta property=\"og:title\" content=\"Scheinschwangerschaft beim Hund: Ursachen, Symptome und Ma\u00dfnahmen\" \/>\n<meta property=\"og:description\" content=\"Scheinschwangerschaft beim Hund erkennen &amp; reagieren \u2714 Ursachen &amp; Symptome \u2714 Behandeln &amp; vorbeugen \u27a4 Hier mehr erfahren!\" \/>\n<meta property=\"og:url\" content=\"https:\/\/uelzener.de\/magazin\/hund\/tiergesundheit\/scheinschwangerschaft-hund\/\" \/>\n<meta property=\"og:site_name\" content=\"Uelzener Tier-Magazin\" \/>\n<meta property=\"article:publisher\" content=\"https:\/\/www.facebook.com\/Uelzener\" \/>\n<meta property=\"article:modified_time\" content=\"2025-09-29T12:05:31+00:00\" \/>\n<meta property=\"og:image\" content=\"https:\/\/uelzener.de\/magazin\/app\/uploads\/2022\/08\/Huendin-wird-beim-Tierarzt-auf-Scheinschwangerschaft-untersucht.jpg\" \/>\n\t<meta property=\"og:image:width\" content=\"1025\" \/>\n\t<meta property=\"og:image:height\" content=\"450\" \/>\n\t<meta property=\"og:image:type\" content=\"image\/jpeg\" \/>\n<meta name=\"twitter:card\" content=\"summary_large_image\" \/>\n<meta name=\"twitter:label1\" content=\"Gesch\u00e4tzte Lesezeit\" \/>\n\t<meta name=\"twitter:data1\" content=\"7\u00a0Minuten\" \/>\n<script type=\"application\/ld+json\" class=\"yoast-schema-graph\">{\"@context\":\"https:\/\/schema.org\",\"@graph\":[{\"@type\":\"WebPage\",\"@id\":\"https:\/\/uelzener.de\/magazin\/hund\/tiergesundheit\/scheinschwangerschaft-hund\/\",\"url\":\"https:\/\/uelzener.de\/magazin\/hund\/tiergesundheit\/scheinschwangerschaft-hund\/\",\"name\":\"Scheinschwangerschaft beim Hund erkennen & behandeln | Uelzener\",\"isPartOf\":{\"@id\":\"https:\/\/uelzener.de\/magazin\/#website\"},\"primaryImageOfPage\":{\"@id\":\"https:\/\/uelzener.de\/magazin\/hund\/tiergesundheit\/scheinschwangerschaft-hund\/#primaryimage\"},\"image\":{\"@id\":\"https:\/\/uelzener.de\/magazin\/hund\/tiergesundheit\/scheinschwangerschaft-hund\/#primaryimage\"},\"thumbnailUrl\":\"https:\/\/uelzener.de\/magazin\/app\/uploads\/2022\/08\/Huendin-wird-beim-Tierarzt-auf-Scheinschwangerschaft-untersucht.jpg\",\"datePublished\":\"2022-08-05T08:48:36+00:00\",\"dateModified\":\"2025-09-29T12:05:31+00:00\",\"description\":\"Scheinschwangerschaft beim Hund erkennen & reagieren \u2714 Ursachen & Symptome \u2714 Behandeln & vorbeugen \u27a4 Hier mehr erfahren!\",\"breadcrumb\":{\"@id\":\"https:\/\/uelzener.de\/magazin\/hund\/tiergesundheit\/scheinschwangerschaft-hund\/#breadcrumb\"},\"inLanguage\":\"de\",\"potentialAction\":[{\"@type\":\"ReadAction\",\"target\":[\"https:\/\/uelzener.de\/magazin\/hund\/tiergesundheit\/scheinschwangerschaft-hund\/\"]}]},{\"@type\":\"ImageObject\",\"inLanguage\":\"de\",\"@id\":\"https:\/\/uelzener.de\/magazin\/hund\/tiergesundheit\/scheinschwangerschaft-hund\/#primaryimage\",\"url\":\"https:\/\/uelzener.de\/magazin\/app\/uploads\/2022\/08\/Huendin-wird-beim-Tierarzt-auf-Scheinschwangerschaft-untersucht.jpg\",\"contentUrl\":\"https:\/\/uelzener.de\/magazin\/app\/uploads\/2022\/08\/Huendin-wird-beim-Tierarzt-auf-Scheinschwangerschaft-untersucht.jpg\",\"width\":1025,\"height\":450,\"caption\":\"H\u00fcndin wird beim Tierarzt auf Scheinschwangerschaft untersucht mit Ultraschall.\"},{\"@type\":\"WebSite\",\"@id\":\"https:\/\/uelzener.de\/magazin\/#website\",\"url\":\"https:\/\/uelzener.de\/magazin\/\",\"name\":\"Uelzener Tiermagazin\",\"description\":\"Online Tierratgeber der Uelzener Versicherungen\",\"publisher\":{\"@id\":\"https:\/\/uelzener.de\/magazin\/#organization\"},\"potentialAction\":[{\"@type\":\"SearchAction\",\"target\":{\"@type\":\"EntryPoint\",\"urlTemplate\":\"https:\/\/uelzener.de\/magazin\/?s={search_term_string}\"},\"query-input\":{\"@type\":\"PropertyValueSpecification\",\"valueRequired\":true,\"valueName\":\"search_term_string\"}}],\"inLanguage\":\"de\"},{\"@type\":\"Organization\",\"@id\":\"https:\/\/uelzener.de\/magazin\/#organization\",\"name\":\"Uelzener Versicherungen\",\"url\":\"https:\/\/uelzener.de\/magazin\/\",\"logo\":{\"@type\":\"ImageObject\",\"inLanguage\":\"de\",\"@id\":\"https:\/\/uelzener.de\/magazin\/#\/schema\/logo\/image\/\",\"url\":\"https:\/\/uelzener.de\/magazin\/app\/uploads\/2024\/11\/uelzener_allgemeine_versicherungsgesellschaft_a_g_logo.jpg\",\"contentUrl\":\"https:\/\/uelzener.de\/magazin\/app\/uploads\/2024\/11\/uelzener_allgemeine_versicherungsgesellschaft_a_g_logo.jpg\",\"width\":200,\"height\":200,\"caption\":\"Uelzener Versicherungen\"},\"image\":{\"@id\":\"https:\/\/uelzener.de\/magazin\/#\/schema\/logo\/image\/\"},\"sameAs\":[\"https:\/\/www.facebook.com\/Uelzener\",\"https:\/\/instagram.com\/uelzener\",\"https:\/\/www.xing.com\/pages\/uelzenerallgemeineversicherungs-gesellschafta-g\",\"https:\/\/www.youtube.com\/UelzenerVersicherungen\"]}]}<\/script>\n<!-- \/ Yoast SEO Premium plugin. -->","yoast_head_json":{"title":"Scheinschwangerschaft beim Hund erkennen & behandeln | Uelzener","description":"Scheinschwangerschaft beim Hund erkennen & reagieren \u2714 Ursachen & Symptome \u2714 Behandeln & vorbeugen \u27a4 Hier mehr erfahren!","robots":{"index":"index","follow":"follow","max-snippet":"max-snippet:-1","max-image-preview":"max-image-preview:large","max-video-preview":"max-video-preview:-1"},"canonical":"https:\/\/uelzener.de\/magazin\/hund\/tiergesundheit\/scheinschwangerschaft-hund\/","og_locale":"de_DE","og_type":"article","og_title":"Scheinschwangerschaft beim Hund: Ursachen, Symptome und Ma\u00dfnahmen","og_description":"Scheinschwangerschaft beim Hund erkennen & reagieren \u2714 Ursachen & Symptome \u2714 Behandeln & vorbeugen \u27a4 Hier mehr erfahren!","og_url":"https:\/\/uelzener.de\/magazin\/hund\/tiergesundheit\/scheinschwangerschaft-hund\/","og_site_name":"Uelzener Tier-Magazin","article_publisher":"https:\/\/www.facebook.com\/Uelzener","article_modified_time":"2025-09-29T12:05:31+00:00","og_image":[{"width":1025,"height":450,"url":"https:\/\/uelzener.de\/magazin\/app\/uploads\/2022\/08\/Huendin-wird-beim-Tierarzt-auf-Scheinschwangerschaft-untersucht.jpg","type":"image\/jpeg"}],"twitter_card":"summary_large_image","twitter_misc":{"Gesch\u00e4tzte Lesezeit":"7\u00a0Minuten"},"schema":{"@context":"https:\/\/schema.org","@graph":[{"@type":"WebPage","@id":"https:\/\/uelzener.de\/magazin\/hund\/tiergesundheit\/scheinschwangerschaft-hund\/","url":"https:\/\/uelzener.de\/magazin\/hund\/tiergesundheit\/scheinschwangerschaft-hund\/","name":"Scheinschwangerschaft beim Hund erkennen & behandeln | Uelzener","isPartOf":{"@id":"https:\/\/uelzener.de\/magazin\/#website"},"primaryImageOfPage":{"@id":"https:\/\/uelzener.de\/magazin\/hund\/tiergesundheit\/scheinschwangerschaft-hund\/#primaryimage"},"image":{"@id":"https:\/\/uelzener.de\/magazin\/hund\/tiergesundheit\/scheinschwangerschaft-hund\/#primaryimage"},"thumbnailUrl":"https:\/\/uelzener.de\/magazin\/app\/uploads\/2022\/08\/Huendin-wird-beim-Tierarzt-auf-Scheinschwangerschaft-untersucht.jpg","datePublished":"2022-08-05T08:48:36+00:00","dateModified":"2025-09-29T12:05:31+00:00","description":"Scheinschwangerschaft beim Hund erkennen & reagieren \u2714 Ursachen & Symptome \u2714 Behandeln & vorbeugen \u27a4 Hier mehr erfahren!","breadcrumb":{"@id":"https:\/\/uelzener.de\/magazin\/hund\/tiergesundheit\/scheinschwangerschaft-hund\/#breadcrumb"},"inLanguage":"de","potentialAction":[{"@type":"ReadAction","target":["https:\/\/uelzener.de\/magazin\/hund\/tiergesundheit\/scheinschwangerschaft-hund\/"]}]},{"@type":"ImageObject","inLanguage":"de","@id":"https:\/\/uelzener.de\/magazin\/hund\/tiergesundheit\/scheinschwangerschaft-hund\/#primaryimage","url":"https:\/\/uelzener.de\/magazin\/app\/uploads\/2022\/08\/Huendin-wird-beim-Tierarzt-auf-Scheinschwangerschaft-untersucht.jpg","contentUrl":"https:\/\/uelzener.de\/magazin\/app\/uploads\/2022\/08\/Huendin-wird-beim-Tierarzt-auf-Scheinschwangerschaft-untersucht.jpg","width":1025,"height":450,"caption":"H\u00fcndin wird beim Tierarzt auf Scheinschwangerschaft untersucht mit Ultraschall."},{"@type":"WebSite","@id":"https:\/\/uelzener.de\/magazin\/#website","url":"https:\/\/uelzener.de\/magazin\/","name":"Uelzener Tiermagazin","description":"Online Tierratgeber der Uelzener Versicherungen","publisher":{"@id":"https:\/\/uelzener.de\/magazin\/#organization"},"potentialAction":[{"@type":"SearchAction","target":{"@type":"EntryPoint","urlTemplate":"https:\/\/uelzener.de\/magazin\/?s={search_term_string}"},"query-input":{"@type":"PropertyValueSpecification","valueRequired":true,"valueName":"search_term_string"}}],"inLanguage":"de"},{"@type":"Organization","@id":"https:\/\/uelzener.de\/magazin\/#organization","name":"Uelzener Versicherungen","url":"https:\/\/uelzener.de\/magazin\/","logo":{"@type":"ImageObject","inLanguage":"de","@id":"https:\/\/uelzener.de\/magazin\/#\/schema\/logo\/image\/","url":"https:\/\/uelzener.de\/magazin\/app\/uploads\/2024\/11\/uelzener_allgemeine_versicherungsgesellschaft_a_g_logo.jpg","contentUrl":"https:\/\/uelzener.de\/magazin\/app\/uploads\/2024\/11\/uelzener_allgemeine_versicherungsgesellschaft_a_g_logo.jpg","width":200,"height":200,"caption":"Uelzener Versicherungen"},"image":{"@id":"https:\/\/uelzener.de\/magazin\/#\/schema\/logo\/image\/"},"sameAs":["https:\/\/www.facebook.com\/Uelzener","https:\/\/instagram.com\/uelzener","https:\/\/www.xing.com\/pages\/uelzenerallgemeineversicherungs-gesellschafta-g","https:\/\/www.youtube.com\/UelzenerVersicherungen"]}]}},"_links":{"self":[{"href":"https:\/\/uelzener.de\/magazin\/wp-json\/wp\/v2\/pages\/13573","targetHints":{"allow":["GET"]}}],"collection":[{"href":"https:\/\/uelzener.de\/magazin\/wp-json\/wp\/v2\/pages"}],"about":[{"href":"https:\/\/uelzener.de\/magazin\/wp-json\/wp\/v2\/types\/page"}],"author":[{"embeddable":true,"href":"https:\/\/uelzener.de\/magazin\/wp-json\/wp\/v2\/users\/9"}],"replies":[{"embeddable":true,"href":"https:\/\/uelzener.de\/magazin\/wp-json\/wp\/v2\/comments?post=13573"}],"version-history":[{"count":10,"href":"https:\/\/uelzener.de\/magazin\/wp-json\/wp\/v2\/pages\/13573\/revisions"}],"predecessor-version":[{"id":19316,"href":"https:\/\/uelzener.de\/magazin\/wp-json\/wp\/v2\/pages\/13573\/revisions\/19316"}],"up":[{"embeddable":true,"href":"https:\/\/uelzener.de\/magazin\/wp-json\/wp\/v2\/pages\/11701"}],"wp:featuredmedia":[{"embeddable":true,"href":"https:\/\/uelzener.de\/magazin\/wp-json\/wp\/v2\/media\/13586"}],"wp:attachment":[{"href":"https:\/\/uelzener.de\/magazin\/wp-json\/wp\/v2\/media?parent=13573"}],"curies":[{"name":"wp","href":"https:\/\/api.w.org\/{rel}","templated":true}]}}