{"id":13525,"date":"2022-07-14T14:41:12","date_gmt":"2022-07-14T12:41:12","guid":{"rendered":"https:\/\/uelzener.de\/magazin\/?page_id=13525"},"modified":"2022-11-15T18:26:35","modified_gmt":"2022-11-15T17:26:35","slug":"gute-wasserqualitaet-so-wichtig-ist-sie-fuer-pferde","status":"publish","type":"page","link":"https:\/\/uelzener.de\/magazin\/pferd\/tiergesundheit\/gute-wasserqualitaet-so-wichtig-ist-sie-fuer-pferde\/","title":{"rendered":"Gute Wasserqualit\u00e4t: So wichtig ist sie f\u00fcr Pferde"},"content":{"rendered":"<p><strong>Pferde bestehen zu gut zwei Dritteln ihrer K\u00f6rpermasse aus Wasser. Bei Hitze und Belastung k\u00f6nnen sie 30 bis 40 Liter Fl\u00fcssigkeit ausschwitzen. Kein Wunder also, dass das Wasser, mit dem sie ihre Reserven f\u00fcllen, eine gute Qualit\u00e4t haben sollte. Worauf genau du achten solltest, erf\u00e4hrst du hier.<\/strong><\/p>\n<p>Im Ruhezustand ben\u00f6tigt ein durchschnittliches Pferd etwa <strong>f\u00fcnf Liter Wasser pro 100 Kilogramm K\u00f6rpergewicht am Tag<\/strong>. Schon bei leichter Arbeit steigt dieser Bedarf, eine stillende Stute ben\u00f6tigt sogar die doppelte Menge. Ihren Fl\u00fcssigkeitsbedarf befriedigen Pferde bei der F\u00fctterung teilweise \u00fcber die Restfeuchte ihres Futters und im Sommer \u00fcber saftiges Weidegras. Den Gro\u00dfteil nehmen sie aber an ihrer Tr\u00e4nke zu sich.<\/p>\n<p>Wasser ben\u00f6tigen die Tiere f\u00fcr unz\u00e4hlige K\u00f6rperfunktionen \u2013 vom Betrieb der Organe bis zur Regulierung ihrer K\u00f6rpertemperatur. Wird es etwa im Sommer hei\u00df, k\u00fchlen sich Pferde \u00fcber ihren Schwei\u00df ab. Zudem nehmen Pferde auch <strong>wichtige Salze und Mineralien<\/strong>, die sogenannten Elektrolyte, teilweise \u00fcber das Tr\u00e4nkwasser auf.<\/p>\n<p>Entsprechend wichtig ist es, dass es nicht zu einem Wassermangel kommt. Fehlen f\u00fcnf Prozent des Wasserbedarfs, kommt es zu einer leichten Dehydration. Bei <strong>zehn Prozent<\/strong> kann es schon <strong>lebensbedrohlich<\/strong> werden und erste Ausfallerscheinungen treten auf. Es ist daher wichtig, dass einem Pferd immer etwas zu trinken zur Verf\u00fcgung steht. Dazu muss auf der einen Seite sichergestellt werden, dass die<strong> Tr\u00e4nke leicht zug\u00e4nglich und betriebsbereit<\/strong> ist. Auf der anderen Seite muss aber auch das Pferd die M\u00f6glichkeit zum Trinken wahrnehmen. Macht es das nicht, k\u00f6nnte es an einer mangelhaften Wasserqualit\u00e4t liegen.<\/p>\n<h2><strong>Die richtige Wasserqualit\u00e4t f\u00fcr Pferde<\/strong><\/h2>\n<p>Grunds\u00e4tzlich stehen einem Pferd <strong>unterschiedliche Wasserquellen<\/strong> zur Verf\u00fcgung: Regenwasser, Brunnenwasser, Leitungswasser, ein Bachlauf oder stehende Gew\u00e4sser. Diese unterscheiden sich alle in ihrer Zusammensetzung, also der Konzentration an Mineralien, aber auch in ihrem Gehalt an sch\u00e4dlichen Stoffen und Organismen.<\/p>\n<p>Das Bundesministerium f\u00fcr Ern\u00e4hrung und Landwirtschaft (BMEL) hat deshalb 2019 in einem Leitfaden zur hygienischen Qualit\u00e4t von Tr\u00e4nkwasser ver\u00f6ffentlicht, welche Eigenschaften Wasser f\u00fcr Nutztiere haben darf. Grunds\u00e4tzlich werden dort drei Kriterien vorausgesetzt:<\/p>\n<ol>\n<li><strong>Schmackhaftigkeit<\/strong>: Das Wasser muss geschmacklich so gestaltet sein, dass freiwillig eine ausreichende Wasseraufnahme erfolgt.<\/li>\n<li><strong>Vertr\u00e4glichkeit<\/strong>: Die einzelnen Inhaltsstoffe d\u00fcrfen nur in solchen Konzentrationen vorhanden sein, wie sie nicht sch\u00e4dlich f\u00fcr die Gesundheit sind.<\/li>\n<li><strong>Verwendbarkeit<\/strong>: Es d\u00fcrfen durch das Wasser keine Sch\u00e4den am Tr\u00e4nksystem oder Geb\u00e4ude entstehen.<\/li>\n<\/ol>\n<p>Zudem sind f\u00fcr die einzelnen enthaltenen Elemente spezifische Orientierungs- und Grenzwerte aufgef\u00fchrt, bis zu denen das Wasser als geeignet gilt.<\/p>\n<p>Wer kein Leitungswasser zum Tr\u00e4nken nutzt, sollte daher routinem\u00e4\u00dfig einmal im Jahr in einem Labor eine <strong>Trinkwasseranalyse<\/strong> durchf\u00fchren lassen. Auch bei Verdacht auf eine Verunreinigung wird diese Untersuchung empfohlen, da sich die Wasserwerte schnell \u00e4ndern k\u00f6nnen.<\/p>\n<h2><strong>Bakterien, Keime und Algen im Wasser schaden dem Pferd<\/strong><\/h2>\n<p>Verschiedene Bedingungen k\u00f6nnen unterschiedliche Verunreinigungen im Wasser hervorrufen. Einige der h\u00e4ufigsten werden in der folgenden Liste angef\u00fchrt:<\/p>\n<ul>\n<li><strong>Bakterien:<\/strong> Coli-Bakterien sind bei Proben leicht im Wasser festzustellen. Da sie im Darm entstehen, deuten sie darauf hin, dass eine Verschmutzung mit F\u00e4kalien vorliegt. Damit steigt zudem die Wahrscheinlichkeit, dass auch Salmonellen im Wasser enthalten sein k\u00f6nnen.<\/li>\n<li><strong>Algen:<\/strong> Algen entstehen vor allem in n\u00e4hrstoffreichem Wasser, das mit F\u00e4kalien oder Futterresten verschmutzt ist. Insbesondere Teiche sind daher oft keine geeignete Trinkwasserquelle. Zwar sind manche Algen harmlos f\u00fcr Pferde, doch sie erh\u00f6hen die Bakterienzahl im Wasser. Blaualgen hingegen z\u00e4hlen zu den <strong><a href=\"https:\/\/uelzener.de\/magazin\/pferd\/tiergesundheit\/giftpflanzen-pferd\/\">Giftpflanzen f\u00fcr Pferde<\/a><\/strong>.<\/li>\n<li><strong>Schwebstoffe: <\/strong>Zu den Schwebstoffen geh\u00f6ren all die Dinge, die das Wasser tr\u00fcb und dreckig erscheinen lassen. Staub, Haare und Pollen sind zwar selbst nicht sch\u00e4dlich, bieten aber Erregern die Grundlage, sich schnell zu vermehren.<\/li>\n<li><strong>Hefepilze:<\/strong> Hefepilze machen sich meist optisch durch Bl\u00e4schen im Wasser bemerkbar. Sie entstehen durch Futterreste und verursachen einen unangenehmen Geruch. Das Wasser ist verdorben und sollte gemieden oder ausgetauscht werden.<\/li>\n<li><strong>Kadaver: <\/strong>Vogel- oder M\u00e4usekadaver verbreiten F\u00e4kalkeime und Leichengift im Wasser, wodurch dieses sofort entsorgt werden muss.<\/li>\n<li><strong>Eisen:<\/strong> Eine relativ neue Entdeckung ist, wie sch\u00e4dlich auch Eisen in einem zu hohen Anteil sein kann. Die sogenannte H\u00e4mosiderose, also die \u00fcberm\u00e4\u00dfige Ansammlung von Eisen im Gewebe, geht oft mit schweren Lebererkrankungen einher.<\/li>\n<li><strong>Schwermetalle:<\/strong> Blei, Kupfer und Zink setzen sich mitunter aus alten Leitungen ab und geraten so ins Wasser. Vergiftungen sind m\u00f6glich, aber sehr selten.<\/li>\n<\/ul>\n<p>T\u00fcmpel sind durch die hohe Wahrscheinlichkeit f\u00fcr einen Keimbefall grunds\u00e4tzlich als Trinkwasserquelle zu meiden. Leitungen, die mit Chlor keimfrei gehalten werden sollen, werden bei einem zu hohen Chlorgehalt von Pferden mit feinen Nasen verschm\u00e4ht.<\/p>\n<p>Schlie\u00dflich ist auch die <strong>Temperatur<\/strong> ein wichtiger Faktor, der nicht missachtet werden sollte. Warmes Wasser beschleunigt das Wachstum von Bakterien und Algen enorm. Ein Wasserfass sollte daher nie l\u00e4nger als zwei Tage auf einer Sommerweide genutzt werden. Ein sauberer und schattiger Tr\u00e4nkewagen ist bis zu sechs Tage nutzbar.<\/p>\n<h2><strong>Brunnen- und Regenwasser f\u00fcr Pferde<\/strong><\/h2>\n<p>Manche Pferdehalter:innen nutzen einen Brunnen, um das Wasser f\u00fcr ihre Tiere zu beschaffen. Dabei sollte ein genauer Blick auf die Wasserwerte zur Routine werden. H\u00e4ufig sammeln sich viele Bakterien in diesen Wasserspeichern und auch Inhaltsstoffe wie Eisen, Mangan oder Nitrat sind in einem h\u00f6heren Ma\u00dfe vertreten als es Pferden guttut. Als Folge k\u00f6nnen die Tiere krankheitsanf\u00e4llig werden, auch die Fruchtbarkeit und die allgemeine Leistungsf\u00e4higkeit k\u00f6nnen leiden. Da viele Pferde sehr w\u00e4hlerische Trinker sind, kann es au\u00dferdem sein, dass sie Wasser mit schlechter Qualit\u00e4t meiden und zu wenig trinken.<\/p>\n<p>Leider scheidet auch Regenwasser als Alternative zu Leitungswasser aus. Denn im Gegensatz zu Wasser, dass sich jahrelang durch Gesteinsschichten gearbeitet hat, sind im Regenwasser die wichtigen Mineralstoffe kaum enthalten. Wenn Pferde das Wasser trinken, wird zwar ihr Durst gestillt, die fehlenden Elektrolyte werden aber durch den restlichen Organismus ausgeglichen. Nach einer Weile kann es zu Mangelerscheinungen kommen. Zudem enth\u00e4lt das Regenwasser m\u00f6glicherweise Schmutz, etwa Vogelkot oder Schwermetallpartikel, und kann dadurch die Entgiftungsorgane des Pferdes belasten. Sollte Regenwasser dennoch zum Einsatz kommen, dann sollte es k\u00fchl und dunkel in Tanks gelagert werden. Die Wasserqualit\u00e4t sollte regelm\u00e4\u00dfig gepr\u00fcft werden.<\/p>\n<h2><strong>Die richtige Tr\u00e4nke w\u00e4hlen<\/strong><\/h2>\n<p>Neben der Wasserqualit\u00e4t beeinflusst auch die Tr\u00e4nke selbst, ob ein Tier ausreichend Fl\u00fcssigkeit zu sich nimmt. Grunds\u00e4tzlich sollten bei <strong>Gruppenhaltung gen\u00fcgend Tr\u00e4nken<\/strong> vorhanden sein, damit auch die rangniedrigen Tiere Gelegenheit zum Trinken haben. Zudem sollte eine Tr\u00e4nke mehrere Eigenschaften erf\u00fcllen:<\/p>\n<ul>\n<li>Es m\u00fcssen ausreichende <strong>Wassermengen<\/strong> flie\u00dfen k\u00f6nnen.<\/li>\n<li>Die Trinkschale muss <strong>gro\u00df und tief<\/strong> genug sein, dass das Maul einige Zentimeter eingetaucht werden kann.<\/li>\n<li>Das Material sollte <strong>ungiftig<\/strong> und <strong>geschmacksneutral<\/strong> sein.<\/li>\n<li>Die <strong>H\u00f6he<\/strong> des <strong>Wasserspiegels<\/strong> darf maximal der Formel <strong>\u201e0,4 x Widerristh\u00f6he\u201c<\/strong> entsprechen.<\/li>\n<li>Auch im Winter darf das Wasser <strong>nicht einfrieren<\/strong>.<\/li>\n<li>Sie sollte <strong>leicht zu reinigen<\/strong> sein.<\/li>\n<\/ul>\n<p>M\u00f6chte man sein Pferd <strong>unterwegs<\/strong> tr\u00e4nken, beispielsweise bei einer H\u00e4ngerfahrt, ist besonders die <strong>Geschmacksneutralit\u00e4t<\/strong> zu beachten. Pferde bemerken schnell, wenn ein Eimer aus <strong>Plastik<\/strong> ist und sich bei Hitze <strong>Weichmacher<\/strong> im Wasser verteilen. Auch <strong>Plastikflaschen<\/strong> und <strong>Gartenschl\u00e4uche<\/strong> k\u00f6nnen dazu f\u00fchren, dass Pferde das angebotene Wasser <strong>ablehnen<\/strong>.<\/p>\n<h2><strong>Gutes Wasser, gutes Pferd<\/strong><\/h2>\n<p>Viele Menschen achten bei der Ern\u00e4hrung ihres Pferdes auf hochwertiges Futter, sehen die Wasserzufuhr jedoch als gegeben an. Nun sollte klar sein, warum die <strong>Wasserqualit\u00e4t<\/strong> f\u00fcr ein Pferd doch eine <strong>wichtige Rolle<\/strong> spielt und sich ab und an eine Wasseranalyse lohnt. Denn sch\u00e4dliche Inhaltsstoffe oder ein beginnender Keimbefall sind leider oft mit dem blo\u00dfen Auge nicht zu erkennen. Sollte ein Pferd doch einmal kr\u00e4nkeln, weil es sch\u00e4dliche Stoffe zu sich genommen hat, dann ist eine <strong><a href=\"https:\/\/uelzener.de\/pferd\/pferde-krankenversicherung\/\">Pferde-Krankenversicherung<\/a><\/strong> hilfreich. So sind die Pferdehalter:innen nicht pl\u00f6tzlich mit den Kosten einer langen Behandlung konfrontiert. Ausf\u00fchrliche <a href=\"https:\/\/uelzener.de\/magazin\/pferd\/ernaehrung\/was-fressen-pferde\/\">Listen, was Pferde fressen k\u00f6nnen<\/a>, haben wir hier f\u00fcr dich im Magazin.<\/p>\n<h2><strong>FAQ: H\u00e4ufig gestellte Fragen<\/strong><\/h2>\n<h3><strong>Wie viel trinkt ein Pferd am Tag?<\/strong><\/h3>\n<p>Im Ruhezustand ben\u00f6tigt ein durchschnittliches Pferd etwa f\u00fcnf Liter Wasser pro 100 Kilogramm K\u00f6rpergewicht am Tag. Schon bei leichter Arbeit steigt dieser Bedarf, eine stillende Stute ben\u00f6tigt sogar die doppelte Menge.<\/p>\n<h3><strong>Ist eisenhaltiges Wasser f\u00fcr Pferde sch\u00e4dlich?<\/strong><\/h3>\n<p>Eine relativ neue Entdeckung ist, das auch Eisen in einem zu hohen Anteil sch\u00e4dlich sein kann. Die sogenannte H\u00e4mosiderose, also die \u00fcberm\u00e4\u00dfige Ansammlung von Eisen im Gewebe, geht oft mit schweren Lebererkrankungen einher.<\/p>\n<h3><strong>Wie sauber ist das Trinkwasser f\u00fcr Pferde?<\/strong><\/h3>\n<p>Manche Pferdehalter:innen nutzen einen Brunnen, um das Wasser f\u00fcr ihre Tiere zu beschaffen. Dabei sollte ein genauer Blick auf die Wasserwerte zur Routine werden. H\u00e4ufig sammeln sich viele Bakterien in diesen Wasserspeichern und auch Inhaltsstoffe wie Eisen, Mangan oder Nitrat sind in einem h\u00f6heren Ma\u00dfe vertreten als es Pferden guttut.<\/p>\n","protected":false},"excerpt":{"rendered":"<p>Pferde bestehen zu gut zwei Dritteln ihrer K\u00f6rpermasse aus Wasser. Bei Hitze und Belastung k\u00f6nnen sie 30 bis 40 Liter Fl\u00fcssigkeit ausschwitzen. Kein Wunder also, dass das Wasser, mit dem sie ihre Reserven f\u00fcllen, eine gute Qualit\u00e4t haben sollte. Worauf genau du achten solltest, erf\u00e4hrst du hier. Im Ruhezustand ben\u00f6tigt ein durchschnittliches Pferd etwa f\u00fcnf [&hellip;]<\/p>\n","protected":false},"author":9,"featured_media":13534,"parent":11706,"menu_order":76,"comment_status":"closed","ping_status":"closed","template":"templates\/blog.php","meta":{"_acf_changed":false,"_crdt_document":"","footnotes":"","beyondwords_generate_audio":"","beyondwords_project_id":"","beyondwords_content_id":"","beyondwords_preview_token":"","beyondwords_player_style":"","beyondwords_language_id":"","beyondwords_title_voice_id":"","beyondwords_body_voice_id":"","beyondwords_summary_voice_id":"","beyondwords_error_message":"","beyondwords_disabled":"","beyondwords_delete_content":"","beyondwords_podcast_id":"","beyondwords_hash":"","publish_post_to_speechkit":"","speechkit_hash":"","speechkit_generate_audio":"","speechkit_project_id":"","speechkit_podcast_id":"","speechkit_error_message":"","speechkit_disabled":"","speechkit_access_key":"","speechkit_error":"","speechkit_info":"","speechkit_response":"","speechkit_retries":"","speechkit_status":"","speechkit_updated_at":"","_speechkit_link":"","_speechkit_text":""},"class_list":["post-13525","page","type-page","status-publish","has-post-thumbnail","hentry"],"acf":[],"yoast_head":"<!-- This site is optimized with the Yoast SEO Premium plugin  - https:\/\/yoast.com\/product\/yoast-seo-premium-wordpress\/ -->\n<title>Wasserqualit\u00e4t Pferde \u2013 das ist zu beachten | Uelzener<\/title>\n<meta name=\"description\" content=\"Tr\u00e4nkwasser von Pferden \u2714 Algen \u2714 Keime \u2714 Regenwasser \u27a4 Hier alles rund um die Wasserqualit\u00e4t und -versorgung von Pferden erfahren!\" \/>\n<meta name=\"robots\" content=\"index, follow, max-snippet:-1, max-image-preview:large, max-video-preview:-1\" \/>\n<link rel=\"canonical\" href=\"https:\/\/uelzener.de\/magazin\/pferd\/tiergesundheit\/gute-wasserqualitaet-so-wichtig-ist-sie-fuer-pferde\/\" \/>\n<meta property=\"og:locale\" content=\"de_DE\" \/>\n<meta property=\"og:type\" content=\"article\" \/>\n<meta property=\"og:title\" content=\"Gute Wasserqualit\u00e4t: So wichtig ist sie f\u00fcr Pferde\" \/>\n<meta property=\"og:description\" content=\"Tr\u00e4nkwasser von Pferden \u2714 Algen \u2714 Keime \u2714 Regenwasser \u27a4 Hier alles rund um die Wasserqualit\u00e4t und -versorgung von Pferden erfahren!\" \/>\n<meta property=\"og:url\" content=\"https:\/\/uelzener.de\/magazin\/pferd\/tiergesundheit\/gute-wasserqualitaet-so-wichtig-ist-sie-fuer-pferde\/\" \/>\n<meta property=\"og:site_name\" content=\"Uelzener Tier-Magazin\" \/>\n<meta property=\"article:publisher\" content=\"https:\/\/www.facebook.com\/Uelzener\" \/>\n<meta property=\"article:modified_time\" content=\"2022-11-15T17:26:35+00:00\" \/>\n<meta property=\"og:image\" content=\"https:\/\/uelzener.de\/magazin\/app\/uploads\/2022\/07\/Header_Magazin_Wasserqualitaet.jpg\" \/>\n\t<meta property=\"og:image:width\" content=\"1025\" \/>\n\t<meta property=\"og:image:height\" content=\"450\" \/>\n\t<meta property=\"og:image:type\" content=\"image\/jpeg\" \/>\n<meta name=\"twitter:card\" content=\"summary_large_image\" \/>\n<meta name=\"twitter:label1\" content=\"Gesch\u00e4tzte Lesezeit\" \/>\n\t<meta name=\"twitter:data1\" content=\"6\u00a0Minuten\" \/>\n<script type=\"application\/ld+json\" class=\"yoast-schema-graph\">{\"@context\":\"https:\\\/\\\/schema.org\",\"@graph\":[{\"@type\":\"WebPage\",\"@id\":\"https:\\\/\\\/uelzener.de\\\/magazin\\\/pferd\\\/tiergesundheit\\\/gute-wasserqualitaet-so-wichtig-ist-sie-fuer-pferde\\\/\",\"url\":\"https:\\\/\\\/uelzener.de\\\/magazin\\\/pferd\\\/tiergesundheit\\\/gute-wasserqualitaet-so-wichtig-ist-sie-fuer-pferde\\\/\",\"name\":\"Wasserqualit\u00e4t Pferde \u2013 das ist zu beachten | Uelzener\",\"isPartOf\":{\"@id\":\"https:\\\/\\\/uelzener.de\\\/magazin\\\/#website\"},\"primaryImageOfPage\":{\"@id\":\"https:\\\/\\\/uelzener.de\\\/magazin\\\/pferd\\\/tiergesundheit\\\/gute-wasserqualitaet-so-wichtig-ist-sie-fuer-pferde\\\/#primaryimage\"},\"image\":{\"@id\":\"https:\\\/\\\/uelzener.de\\\/magazin\\\/pferd\\\/tiergesundheit\\\/gute-wasserqualitaet-so-wichtig-ist-sie-fuer-pferde\\\/#primaryimage\"},\"thumbnailUrl\":\"https:\\\/\\\/uelzener.de\\\/magazin\\\/app\\\/uploads\\\/2022\\\/07\\\/Header_Magazin_Wasserqualitaet.jpg\",\"datePublished\":\"2022-07-14T12:41:12+00:00\",\"dateModified\":\"2022-11-15T17:26:35+00:00\",\"description\":\"Tr\u00e4nkwasser von Pferden \u2714 Algen \u2714 Keime \u2714 Regenwasser \u27a4 Hier alles rund um die Wasserqualit\u00e4t und -versorgung von Pferden erfahren!\",\"breadcrumb\":{\"@id\":\"https:\\\/\\\/uelzener.de\\\/magazin\\\/pferd\\\/tiergesundheit\\\/gute-wasserqualitaet-so-wichtig-ist-sie-fuer-pferde\\\/#breadcrumb\"},\"inLanguage\":\"de\",\"potentialAction\":[{\"@type\":\"ReadAction\",\"target\":[\"https:\\\/\\\/uelzener.de\\\/magazin\\\/pferd\\\/tiergesundheit\\\/gute-wasserqualitaet-so-wichtig-ist-sie-fuer-pferde\\\/\"]}]},{\"@type\":\"ImageObject\",\"inLanguage\":\"de\",\"@id\":\"https:\\\/\\\/uelzener.de\\\/magazin\\\/pferd\\\/tiergesundheit\\\/gute-wasserqualitaet-so-wichtig-ist-sie-fuer-pferde\\\/#primaryimage\",\"url\":\"https:\\\/\\\/uelzener.de\\\/magazin\\\/app\\\/uploads\\\/2022\\\/07\\\/Header_Magazin_Wasserqualitaet.jpg\",\"contentUrl\":\"https:\\\/\\\/uelzener.de\\\/magazin\\\/app\\\/uploads\\\/2022\\\/07\\\/Header_Magazin_Wasserqualitaet.jpg\",\"width\":1025,\"height\":450,\"caption\":\"Braunes Pferd trinkt bei gro\u00dfer Hitze auf der Weide\"},{\"@type\":\"WebSite\",\"@id\":\"https:\\\/\\\/uelzener.de\\\/magazin\\\/#website\",\"url\":\"https:\\\/\\\/uelzener.de\\\/magazin\\\/\",\"name\":\"Uelzener Tiermagazin\",\"description\":\"Online Tierratgeber der Uelzener Versicherungen\",\"publisher\":{\"@id\":\"https:\\\/\\\/uelzener.de\\\/magazin\\\/#organization\"},\"potentialAction\":[{\"@type\":\"SearchAction\",\"target\":{\"@type\":\"EntryPoint\",\"urlTemplate\":\"https:\\\/\\\/uelzener.de\\\/magazin\\\/?s={search_term_string}\"},\"query-input\":{\"@type\":\"PropertyValueSpecification\",\"valueRequired\":true,\"valueName\":\"search_term_string\"}}],\"inLanguage\":\"de\"},{\"@type\":\"Organization\",\"@id\":\"https:\\\/\\\/uelzener.de\\\/magazin\\\/#organization\",\"name\":\"Uelzener Versicherungen\",\"url\":\"https:\\\/\\\/uelzener.de\\\/magazin\\\/\",\"logo\":{\"@type\":\"ImageObject\",\"inLanguage\":\"de\",\"@id\":\"https:\\\/\\\/uelzener.de\\\/magazin\\\/#\\\/schema\\\/logo\\\/image\\\/\",\"url\":\"https:\\\/\\\/uelzener.de\\\/magazin\\\/app\\\/uploads\\\/2024\\\/11\\\/uelzener_allgemeine_versicherungsgesellschaft_a_g_logo.jpg\",\"contentUrl\":\"https:\\\/\\\/uelzener.de\\\/magazin\\\/app\\\/uploads\\\/2024\\\/11\\\/uelzener_allgemeine_versicherungsgesellschaft_a_g_logo.jpg\",\"width\":200,\"height\":200,\"caption\":\"Uelzener Versicherungen\"},\"image\":{\"@id\":\"https:\\\/\\\/uelzener.de\\\/magazin\\\/#\\\/schema\\\/logo\\\/image\\\/\"},\"sameAs\":[\"https:\\\/\\\/www.facebook.com\\\/Uelzener\",\"https:\\\/\\\/instagram.com\\\/uelzener\",\"https:\\\/\\\/www.xing.com\\\/pages\\\/uelzenerallgemeineversicherungs-gesellschafta-g\",\"https:\\\/\\\/www.youtube.com\\\/UelzenerVersicherungen\"]}]}<\/script>\n<!-- \/ Yoast SEO Premium plugin. -->","yoast_head_json":{"title":"Wasserqualit\u00e4t Pferde \u2013 das ist zu beachten | Uelzener","description":"Tr\u00e4nkwasser von Pferden \u2714 Algen \u2714 Keime \u2714 Regenwasser \u27a4 Hier alles rund um die Wasserqualit\u00e4t und -versorgung von Pferden erfahren!","robots":{"index":"index","follow":"follow","max-snippet":"max-snippet:-1","max-image-preview":"max-image-preview:large","max-video-preview":"max-video-preview:-1"},"canonical":"https:\/\/uelzener.de\/magazin\/pferd\/tiergesundheit\/gute-wasserqualitaet-so-wichtig-ist-sie-fuer-pferde\/","og_locale":"de_DE","og_type":"article","og_title":"Gute Wasserqualit\u00e4t: So wichtig ist sie f\u00fcr Pferde","og_description":"Tr\u00e4nkwasser von Pferden \u2714 Algen \u2714 Keime \u2714 Regenwasser \u27a4 Hier alles rund um die Wasserqualit\u00e4t und -versorgung von Pferden erfahren!","og_url":"https:\/\/uelzener.de\/magazin\/pferd\/tiergesundheit\/gute-wasserqualitaet-so-wichtig-ist-sie-fuer-pferde\/","og_site_name":"Uelzener Tier-Magazin","article_publisher":"https:\/\/www.facebook.com\/Uelzener","article_modified_time":"2022-11-15T17:26:35+00:00","og_image":[{"width":1025,"height":450,"url":"https:\/\/uelzener.de\/magazin\/app\/uploads\/2022\/07\/Header_Magazin_Wasserqualitaet.jpg","type":"image\/jpeg"}],"twitter_card":"summary_large_image","twitter_misc":{"Gesch\u00e4tzte Lesezeit":"6\u00a0Minuten"},"schema":{"@context":"https:\/\/schema.org","@graph":[{"@type":"WebPage","@id":"https:\/\/uelzener.de\/magazin\/pferd\/tiergesundheit\/gute-wasserqualitaet-so-wichtig-ist-sie-fuer-pferde\/","url":"https:\/\/uelzener.de\/magazin\/pferd\/tiergesundheit\/gute-wasserqualitaet-so-wichtig-ist-sie-fuer-pferde\/","name":"Wasserqualit\u00e4t Pferde \u2013 das ist zu beachten | Uelzener","isPartOf":{"@id":"https:\/\/uelzener.de\/magazin\/#website"},"primaryImageOfPage":{"@id":"https:\/\/uelzener.de\/magazin\/pferd\/tiergesundheit\/gute-wasserqualitaet-so-wichtig-ist-sie-fuer-pferde\/#primaryimage"},"image":{"@id":"https:\/\/uelzener.de\/magazin\/pferd\/tiergesundheit\/gute-wasserqualitaet-so-wichtig-ist-sie-fuer-pferde\/#primaryimage"},"thumbnailUrl":"https:\/\/uelzener.de\/magazin\/app\/uploads\/2022\/07\/Header_Magazin_Wasserqualitaet.jpg","datePublished":"2022-07-14T12:41:12+00:00","dateModified":"2022-11-15T17:26:35+00:00","description":"Tr\u00e4nkwasser von Pferden \u2714 Algen \u2714 Keime \u2714 Regenwasser \u27a4 Hier alles rund um die Wasserqualit\u00e4t und -versorgung von Pferden erfahren!","breadcrumb":{"@id":"https:\/\/uelzener.de\/magazin\/pferd\/tiergesundheit\/gute-wasserqualitaet-so-wichtig-ist-sie-fuer-pferde\/#breadcrumb"},"inLanguage":"de","potentialAction":[{"@type":"ReadAction","target":["https:\/\/uelzener.de\/magazin\/pferd\/tiergesundheit\/gute-wasserqualitaet-so-wichtig-ist-sie-fuer-pferde\/"]}]},{"@type":"ImageObject","inLanguage":"de","@id":"https:\/\/uelzener.de\/magazin\/pferd\/tiergesundheit\/gute-wasserqualitaet-so-wichtig-ist-sie-fuer-pferde\/#primaryimage","url":"https:\/\/uelzener.de\/magazin\/app\/uploads\/2022\/07\/Header_Magazin_Wasserqualitaet.jpg","contentUrl":"https:\/\/uelzener.de\/magazin\/app\/uploads\/2022\/07\/Header_Magazin_Wasserqualitaet.jpg","width":1025,"height":450,"caption":"Braunes Pferd trinkt bei gro\u00dfer Hitze auf der Weide"},{"@type":"WebSite","@id":"https:\/\/uelzener.de\/magazin\/#website","url":"https:\/\/uelzener.de\/magazin\/","name":"Uelzener Tiermagazin","description":"Online Tierratgeber der Uelzener Versicherungen","publisher":{"@id":"https:\/\/uelzener.de\/magazin\/#organization"},"potentialAction":[{"@type":"SearchAction","target":{"@type":"EntryPoint","urlTemplate":"https:\/\/uelzener.de\/magazin\/?s={search_term_string}"},"query-input":{"@type":"PropertyValueSpecification","valueRequired":true,"valueName":"search_term_string"}}],"inLanguage":"de"},{"@type":"Organization","@id":"https:\/\/uelzener.de\/magazin\/#organization","name":"Uelzener Versicherungen","url":"https:\/\/uelzener.de\/magazin\/","logo":{"@type":"ImageObject","inLanguage":"de","@id":"https:\/\/uelzener.de\/magazin\/#\/schema\/logo\/image\/","url":"https:\/\/uelzener.de\/magazin\/app\/uploads\/2024\/11\/uelzener_allgemeine_versicherungsgesellschaft_a_g_logo.jpg","contentUrl":"https:\/\/uelzener.de\/magazin\/app\/uploads\/2024\/11\/uelzener_allgemeine_versicherungsgesellschaft_a_g_logo.jpg","width":200,"height":200,"caption":"Uelzener Versicherungen"},"image":{"@id":"https:\/\/uelzener.de\/magazin\/#\/schema\/logo\/image\/"},"sameAs":["https:\/\/www.facebook.com\/Uelzener","https:\/\/instagram.com\/uelzener","https:\/\/www.xing.com\/pages\/uelzenerallgemeineversicherungs-gesellschafta-g","https:\/\/www.youtube.com\/UelzenerVersicherungen"]}]}},"_links":{"self":[{"href":"https:\/\/uelzener.de\/magazin\/wp-json\/wp\/v2\/pages\/13525","targetHints":{"allow":["GET"]}}],"collection":[{"href":"https:\/\/uelzener.de\/magazin\/wp-json\/wp\/v2\/pages"}],"about":[{"href":"https:\/\/uelzener.de\/magazin\/wp-json\/wp\/v2\/types\/page"}],"author":[{"embeddable":true,"href":"https:\/\/uelzener.de\/magazin\/wp-json\/wp\/v2\/users\/9"}],"replies":[{"embeddable":true,"href":"https:\/\/uelzener.de\/magazin\/wp-json\/wp\/v2\/comments?post=13525"}],"version-history":[{"count":8,"href":"https:\/\/uelzener.de\/magazin\/wp-json\/wp\/v2\/pages\/13525\/revisions"}],"predecessor-version":[{"id":14408,"href":"https:\/\/uelzener.de\/magazin\/wp-json\/wp\/v2\/pages\/13525\/revisions\/14408"}],"up":[{"embeddable":true,"href":"https:\/\/uelzener.de\/magazin\/wp-json\/wp\/v2\/pages\/11706"}],"wp:featuredmedia":[{"embeddable":true,"href":"https:\/\/uelzener.de\/magazin\/wp-json\/wp\/v2\/media\/13534"}],"wp:attachment":[{"href":"https:\/\/uelzener.de\/magazin\/wp-json\/wp\/v2\/media?parent=13525"}],"curies":[{"name":"wp","href":"https:\/\/api.w.org\/{rel}","templated":true}]}}