{"id":13431,"date":"2022-06-10T10:15:27","date_gmt":"2022-06-10T08:15:27","guid":{"rendered":"https:\/\/uelzener.de\/magazin\/?page_id=13431"},"modified":"2024-01-31T16:08:42","modified_gmt":"2024-01-31T15:08:42","slug":"mit-hund-sprechen","status":"publish","type":"page","link":"https:\/\/uelzener.de\/magazin\/hund\/haeufige-fragen\/mit-hund-sprechen\/","title":{"rendered":"Mit dem Hund sprechen: Die beliebtesten Phrasen"},"content":{"rendered":"<p><strong>Die Stimme geht hoch, die Emotionen schwappen \u00fcber: So wie mit Hunden sprechen die meisten Menschen sonst nur mit Babys. Aber auch die Inhalte unserer Gespr\u00e4che mit dem Haustier fallen in bestimmte Muster der Babysprache. Sicherlich hast du deinem Vierbeiner schon einmal gesagt, dass er etwas \u201egaaanz fein\u201c gemacht hat, oder ihm Fragen gestellt, auf die er kaum antworten kann. In diesem Beitrag stellen wir die typischen Phrasen vor.<\/strong><\/p>\n<h2><strong>Mit dem Hund in Babysprache reden <\/strong><\/h2>\n<p>Wenn wir mit Babys sprechen, helfen eine h\u00f6here Tonlage und ein \u00fcbertriebener emotionaler Ausdruck dabei, dass die Kinder selbst das Sprechen erlernen. Au\u00dferdem st\u00e4rkt diese angepasste Art des Sprechens die Bindung zwischen Eltern und Kind.<\/p>\n<p>Verschiedene Studien haben bei Hunden eine \u00e4hnliche Funktion beim Einsatz von Babysprache festgestellt. Insbesondere <strong>Welpen reagieren demnach stark auf die Stimmlage.<\/strong> \u00c4ltere Hunde konzentrieren sich hingegen st\u00e4rker auf den Inhalt einer Nachricht. Zwar verstehen sie nicht jedes Wort in seiner sprachlichen Bedeutung, reagieren allerdings auf hundespezifische Begriffe wie \u201eGassi\u201c oder auf erlernte Kommandos.<\/p>\n<p>Grunds\u00e4tzlich verarbeiten Hunde den Inhalt und den Tonfall einer Nachricht separat. Ein Lob wird entsprechend nur als solches erkannt, wenn auch die Stimme dabei lobend und freundlich klingt. Einem Befehl wird nur gefolgt, wenn dieser auch als Ansage erkannt wird und nicht als lockeres Plaudern.<\/p>\n<h2><strong>Mit dem Hund reden und ihn loben <\/strong><\/h2>\n<p>Nicht nur sprachlich liegt ein Vergleich von Gespr\u00e4chen mit Kindern und Gespr\u00e4chen mit Hunden nahe. In beiden F\u00e4llen wird oft viel gelobt, sodass es Au\u00dfenstehende manchmal \u00fcberrascht, was ein Hund alles \u201efein gemacht\u201c haben kann. Er gehorcht auf dein Wort? \u201eBraver Junge!\u201c. Sie liegt ruhig in ihrem K\u00f6rbchen? \u201eSo ist\u2018s fein!\u201c. Ein gemeinsames Training verl\u00e4uft gut? \u201eDu bist ein guter Hund!\u201c.<\/p>\n<p>Lob ist in diesen und mehr Situationen angebracht, damit dein Tier in Zukunft ein gew\u00fcnschtes Verhalten weiter umsetzt. Auch negative Erfahrungen, wie beispielsweise Besuche beim Tierarzt oder -\u00e4rztin k\u00f6nnen so mit einem positiven Gef\u00fchl verkn\u00fcpft werden.<\/p>\n<h2><strong>Fragen an den Hund: \u201eWollen wir Gassi gehen?\u201c<\/strong><\/h2>\n<p>Ein beliebtes Mittel in der Kommunikation mit Hunden sind rhetorische Fragen. Obwohl man wei\u00df, dass das Tier keine langen Geschichten erz\u00e4hlen kann, fragst du vielleicht, wie der Tag war oder ob das Futter geschmeckt hat. Auch vor dem t\u00e4glichen Spaziergang, vermutlich zur immer selben Zeit und mit ebenso gleicher Strecke, kommt hin und wieder die Frage: \u201eWollen wir <a href=\"https:\/\/uelzener.de\/magazin\/hund\/tipps-fuer-den-alltag\/gassi-gehen\/\" target=\"_blank\" rel=\"noopener\">Gassi gehen<\/a>?\u201c. Gerade lauffreudige Hunde werden sich dabei wohl kaum wegdrehen und zur\u00fcck auf die Decke legen. Ganz im Gegenteil: Viele Hunde reagieren sogar schon, wenn du nur wortlos nach den Schuhen oder der Leine greifst und gar kein Wort aussprichst. So funktioniert das auch, wenn man<strong> <a href=\"https:\/\/uelzener.de\/magazin\/hund\/erziehung-und-training\/hund-kommandos-beibringen\/\">Hunden Kommandos beibringt<\/a>.<\/strong><\/p>\n<p>Statt einer Frage, die man gerne beantwortet h\u00e4tte, handelt es sich hier eher um ein Ritual, ein Durchbrechen des Schweigens oder das Zeichen, das offiziell den Startschuss zu Aktivit\u00e4ten gibt.<\/p>\n<h2><strong>Wiederholungen und \u00dcbertreibungen: \u201eFeini-fein\u201c<\/strong><\/h2>\n<p>Auch Wiederholungen tauchen h\u00e4ufig auf, wenn wir mit dem Hund sprechen. Das Wort \u201efein\u201c kann beispielsweise Mantra-\u00e4hnliche Z\u00fcge annehmen und endlos mit Verniedlichungsformen aneinandergereiht werden.<\/p>\n<p>Mitunter werden sogar ganze S\u00e4tze wiederholt und wahlweise unterschiedlich betont. Folgendes Szenario: Der eigene Hund kommt freudig angelaufen. Aus eigener Erfahrung wei\u00df man: Er will auf jeden Fall spielen. Manche Personen lassen sich nun dazu hinrei\u00dfen, diese Erkenntnis als lachende Fragen-Reihe zu wiederholen: \u201eJa, wer will denn da spielen? Willst du spielen? Willst du spiiielen? Immer nur spielen willst du!\u201c Das Wort \u201espielen\u201c kommt so unmissverst\u00e4ndlich bei der Fellnase an, auch wenn rein inhaltlich nat\u00fcrlich eine einmalige Frage ausreichend w\u00e4re.<\/p>\n<h2><strong>Mit dem Hund sprechen: Selbstgespr\u00e4che oder Dialog?<\/strong><\/h2>\n<p>Die meisten Aussagen, wenn sie denn keine Signalw\u00f6rter f\u00fcr den Hund enthalten, sind eigentlich mehr f\u00fcr den Menschen selbst bestimmt. <strong>Weil es oft guttut, sich etwas von der Seele zu reden, wird Hunden so einiges anvertraut.<\/strong> Vom Erz\u00e4hlen des eigenen Tagesablaufs zu Gedanken und Gef\u00fchlen, die man gerne teilen w\u00fcrde, ist alles dabei. Schlie\u00dflich bietet ein Hund als Zuh\u00f6rer riesige Vorteile: Er unterbricht nicht mit Fragen, erz\u00e4hlt nichts weiter und urteilt nicht \u00fcber das Gesagte.<\/p>\n<p>Bei diesen Selbstgespr\u00e4chen wird oft nicht nur das vermittelt, was sonst keiner h\u00f6ren darf, sondern auch das, wo sonst kaum jemand lange zuh\u00f6ren w\u00fcrde. Nicht selten werden im Gespr\u00e4ch zwischen Mensch und Hund all die Gedanken ausgesprochen, die sonst stumm im Kopf bleiben w\u00fcrden. Vom Plan, Kaffee zu kochen \u00fcber das Wetter bis zum Einkaufszettel: Dein Hund wird garantiert zuh\u00f6ren!<\/p>\n<h2><strong>Synchronsprechen in der Gruppe<\/strong><\/h2>\n<p>Im Gegensatz zu den Selbstgespr\u00e4chen bekommen Hunde in Menschengruppen hin und wieder einen Synchronsprecher, der f\u00fcr sie spricht. In der Regel beobachtet ein Mensch den Hund, der gerade auf eine andere Person zugeht und mit dieser interagieren m\u00f6chte. Insbesondere wenn diese Person eigentlich keine Lust hat, springt in einem solchen Moment manchmal die erste herbei und \u00fcbersetzt mit schmollender Stimme: \u201eNa komm schon, spiel mit mir!\u201c In Zeiten von Social Media haben diese \u00dcbersetzer eine riesige neue Spielwiese bekommen, bei der Hundebildern die passenden S\u00e4tze ins Maul gelegt werden k\u00f6nnen.<\/p>\n<h2><strong>Mit dem Hund sprechen: Vorteile f\u00fcr alle!<\/strong><\/h2>\n<p>Im Gespr\u00e4ch mit dem eigenen Hund wird viel gelobt, gefragt und das Haustier als Zuh\u00f6rer eingesetzt. <strong>Dass viele Hundebesitzer:innen dabei mit dem Hund in Babysprache reden, hilft besonders jungen Hunden bei der positiven Bindung.<\/strong> Aber auch du als Hundebesitzer:in profitierst, wenn du mit deinem Hund sprichst, indem du einen treuen Zuh\u00f6rer gewinnst.<\/p>\n<h2><strong>FAQ: H\u00e4ufig gestellte Fragen<\/strong><\/h2>\n<h3><strong>Soll ich viel mit meinem Hund sprechen?<\/strong><\/h3>\n<p>Durch die wiederholte Verwendung gewisser Stimmlagen und bestimmter W\u00f6rter k\u00f6nnen Hunde ihre Hundebesitzer:in verstehen. Demnach solltest du regelm\u00e4\u00dfig mit deinem Hund reden, um ihm so wichtige Kommandos beizubringen.<\/p>\n<h3><strong>Warum rede ich mit meinem Hund in Babysprache?<\/strong><\/h3>\n<p>Genau wie bei Babys kann auch bei Hunden die Bindung zu den Besitzern durch die angepasste Art des Sprechens verbessert werden. Besonders bei Welpen spielt die Stimmlage eine wichtige Rolle.<\/p>\n<h3><strong>Kann mein Hund mich verstehen?<\/strong><\/h3>\n<p>Durch eine regelm\u00e4\u00dfige Verwendung bestimmter Begriffe lernen Hunde auf die Kommandos zu h\u00f6ren. Demnach lernen Hunde deine Sprache nach einiger Zeit zumindest auf eine gewisse Art und Weise und k\u00f6nnen dich verstehen.<\/p>\n","protected":false},"excerpt":{"rendered":"<p>Die Stimme geht hoch, die Emotionen schwappen \u00fcber: So wie mit Hunden sprechen die meisten Menschen sonst nur mit Babys. Aber auch die Inhalte unserer Gespr\u00e4che mit dem Haustier fallen in bestimmte Muster der Babysprache. Sicherlich hast du deinem Vierbeiner schon einmal gesagt, dass er etwas \u201egaaanz fein\u201c gemacht hat, oder ihm Fragen gestellt, auf [&hellip;]<\/p>\n","protected":false},"author":9,"featured_media":13439,"parent":11687,"menu_order":31,"comment_status":"closed","ping_status":"closed","template":"templates\/blog.php","meta":{"_acf_changed":false,"_crdt_document":"","footnotes":"","beyondwords_generate_audio":"0","beyondwords_project_id":"","beyondwords_content_id":"","beyondwords_preview_token":"","beyondwords_player_style":"","beyondwords_language_id":"","beyondwords_title_voice_id":"","beyondwords_body_voice_id":"","beyondwords_summary_voice_id":"","beyondwords_error_message":"","beyondwords_disabled":"","beyondwords_delete_content":"","beyondwords_podcast_id":"","beyondwords_hash":"","publish_post_to_speechkit":"","speechkit_hash":"","speechkit_generate_audio":"","speechkit_project_id":"","speechkit_podcast_id":"","speechkit_error_message":"","speechkit_disabled":"","speechkit_access_key":"","speechkit_error":"","speechkit_info":"","speechkit_response":"","speechkit_retries":"","speechkit_status":"","speechkit_updated_at":"","_speechkit_link":"","_speechkit_text":""},"class_list":["post-13431","page","type-page","status-publish","has-post-thumbnail","hentry"],"acf":[],"yoast_head":"<!-- This site is optimized with the Yoast SEO Premium plugin  - https:\/\/yoast.com\/product\/yoast-seo-premium-wordpress\/ -->\n<title>Mit dem Hund sprechen \u2013 passende Phrasen | Uelzener<\/title>\n<meta name=\"description\" content=\"Kommunikation mit dem Hund \u2713 Loben &amp; Fragen stellen \u2713 Babysprache \u25b6 Erfahre hier was die Kommunikation bewirkt!\" \/>\n<meta name=\"robots\" content=\"index, follow, max-snippet:-1, max-image-preview:large, max-video-preview:-1\" \/>\n<link rel=\"canonical\" href=\"https:\/\/uelzener.de\/magazin\/hund\/haeufige-fragen\/mit-hund-sprechen\/\" \/>\n<meta property=\"og:locale\" content=\"de_DE\" \/>\n<meta property=\"og:type\" content=\"article\" \/>\n<meta property=\"og:title\" content=\"Mit dem Hund sprechen: Die beliebtesten Phrasen\" \/>\n<meta property=\"og:description\" content=\"Kommunikation mit dem Hund \u2713 Loben &amp; Fragen stellen \u2713 Babysprache \u25b6 Erfahre hier was die Kommunikation bewirkt!\" \/>\n<meta property=\"og:url\" content=\"https:\/\/uelzener.de\/magazin\/hund\/haeufige-fragen\/mit-hund-sprechen\/\" \/>\n<meta property=\"og:site_name\" content=\"Uelzener Tier-Magazin\" \/>\n<meta property=\"article:publisher\" content=\"https:\/\/www.facebook.com\/Uelzener\" \/>\n<meta property=\"article:modified_time\" content=\"2024-01-31T15:08:42+00:00\" \/>\n<meta property=\"og:image\" content=\"https:\/\/uelzener.de\/magazin\/app\/uploads\/2022\/06\/Mit-Hund-sprechen_Header0.jpg\" \/>\n\t<meta property=\"og:image:width\" content=\"1024\" \/>\n\t<meta property=\"og:image:height\" content=\"450\" \/>\n\t<meta property=\"og:image:type\" content=\"image\/jpeg\" \/>\n<meta name=\"twitter:card\" content=\"summary_large_image\" \/>\n<meta name=\"twitter:label1\" content=\"Gesch\u00e4tzte Lesezeit\" \/>\n\t<meta name=\"twitter:data1\" content=\"5\u00a0Minuten\" \/>\n<script type=\"application\/ld+json\" class=\"yoast-schema-graph\">{\"@context\":\"https:\/\/schema.org\",\"@graph\":[{\"@type\":\"WebPage\",\"@id\":\"https:\/\/uelzener.de\/magazin\/hund\/haeufige-fragen\/mit-hund-sprechen\/\",\"url\":\"https:\/\/uelzener.de\/magazin\/hund\/haeufige-fragen\/mit-hund-sprechen\/\",\"name\":\"Mit dem Hund sprechen \u2013 passende Phrasen | Uelzener\",\"isPartOf\":{\"@id\":\"https:\/\/uelzener.de\/magazin\/#website\"},\"primaryImageOfPage\":{\"@id\":\"https:\/\/uelzener.de\/magazin\/hund\/haeufige-fragen\/mit-hund-sprechen\/#primaryimage\"},\"image\":{\"@id\":\"https:\/\/uelzener.de\/magazin\/hund\/haeufige-fragen\/mit-hund-sprechen\/#primaryimage\"},\"thumbnailUrl\":\"https:\/\/uelzener.de\/magazin\/app\/uploads\/2022\/06\/Mit-Hund-sprechen_Header0.jpg\",\"datePublished\":\"2022-06-10T08:15:27+00:00\",\"dateModified\":\"2024-01-31T15:08:42+00:00\",\"description\":\"Kommunikation mit dem Hund \u2713 Loben & Fragen stellen \u2713 Babysprache \u25b6 Erfahre hier was die Kommunikation bewirkt!\",\"breadcrumb\":{\"@id\":\"https:\/\/uelzener.de\/magazin\/hund\/haeufige-fragen\/mit-hund-sprechen\/#breadcrumb\"},\"inLanguage\":\"de\",\"potentialAction\":[{\"@type\":\"ReadAction\",\"target\":[\"https:\/\/uelzener.de\/magazin\/hund\/haeufige-fragen\/mit-hund-sprechen\/\"]}]},{\"@type\":\"ImageObject\",\"inLanguage\":\"de\",\"@id\":\"https:\/\/uelzener.de\/magazin\/hund\/haeufige-fragen\/mit-hund-sprechen\/#primaryimage\",\"url\":\"https:\/\/uelzener.de\/magazin\/app\/uploads\/2022\/06\/Mit-Hund-sprechen_Header0.jpg\",\"contentUrl\":\"https:\/\/uelzener.de\/magazin\/app\/uploads\/2022\/06\/Mit-Hund-sprechen_Header0.jpg\",\"width\":1024,\"height\":450,\"caption\":\"Junger Mensch spricht mit Hund auf der Wiese bei Sonnenschein mit Spielzeug in der Hand.\"},{\"@type\":\"WebSite\",\"@id\":\"https:\/\/uelzener.de\/magazin\/#website\",\"url\":\"https:\/\/uelzener.de\/magazin\/\",\"name\":\"Uelzener Tiermagazin\",\"description\":\"Online Tierratgeber der Uelzener Versicherungen\",\"publisher\":{\"@id\":\"https:\/\/uelzener.de\/magazin\/#organization\"},\"potentialAction\":[{\"@type\":\"SearchAction\",\"target\":{\"@type\":\"EntryPoint\",\"urlTemplate\":\"https:\/\/uelzener.de\/magazin\/?s={search_term_string}\"},\"query-input\":{\"@type\":\"PropertyValueSpecification\",\"valueRequired\":true,\"valueName\":\"search_term_string\"}}],\"inLanguage\":\"de\"},{\"@type\":\"Organization\",\"@id\":\"https:\/\/uelzener.de\/magazin\/#organization\",\"name\":\"Uelzener Versicherungen\",\"url\":\"https:\/\/uelzener.de\/magazin\/\",\"logo\":{\"@type\":\"ImageObject\",\"inLanguage\":\"de\",\"@id\":\"https:\/\/uelzener.de\/magazin\/#\/schema\/logo\/image\/\",\"url\":\"https:\/\/uelzener.de\/magazin\/app\/uploads\/2024\/11\/uelzener_allgemeine_versicherungsgesellschaft_a_g_logo.jpg\",\"contentUrl\":\"https:\/\/uelzener.de\/magazin\/app\/uploads\/2024\/11\/uelzener_allgemeine_versicherungsgesellschaft_a_g_logo.jpg\",\"width\":200,\"height\":200,\"caption\":\"Uelzener Versicherungen\"},\"image\":{\"@id\":\"https:\/\/uelzener.de\/magazin\/#\/schema\/logo\/image\/\"},\"sameAs\":[\"https:\/\/www.facebook.com\/Uelzener\",\"https:\/\/instagram.com\/uelzener\",\"https:\/\/www.xing.com\/pages\/uelzenerallgemeineversicherungs-gesellschafta-g\",\"https:\/\/www.youtube.com\/UelzenerVersicherungen\"]}]}<\/script>\n<!-- \/ Yoast SEO Premium plugin. -->","yoast_head_json":{"title":"Mit dem Hund sprechen \u2013 passende Phrasen | Uelzener","description":"Kommunikation mit dem Hund \u2713 Loben & Fragen stellen \u2713 Babysprache \u25b6 Erfahre hier was die Kommunikation bewirkt!","robots":{"index":"index","follow":"follow","max-snippet":"max-snippet:-1","max-image-preview":"max-image-preview:large","max-video-preview":"max-video-preview:-1"},"canonical":"https:\/\/uelzener.de\/magazin\/hund\/haeufige-fragen\/mit-hund-sprechen\/","og_locale":"de_DE","og_type":"article","og_title":"Mit dem Hund sprechen: Die beliebtesten Phrasen","og_description":"Kommunikation mit dem Hund \u2713 Loben & Fragen stellen \u2713 Babysprache \u25b6 Erfahre hier was die Kommunikation bewirkt!","og_url":"https:\/\/uelzener.de\/magazin\/hund\/haeufige-fragen\/mit-hund-sprechen\/","og_site_name":"Uelzener Tier-Magazin","article_publisher":"https:\/\/www.facebook.com\/Uelzener","article_modified_time":"2024-01-31T15:08:42+00:00","og_image":[{"width":1024,"height":450,"url":"https:\/\/uelzener.de\/magazin\/app\/uploads\/2022\/06\/Mit-Hund-sprechen_Header0.jpg","type":"image\/jpeg"}],"twitter_card":"summary_large_image","twitter_misc":{"Gesch\u00e4tzte Lesezeit":"5\u00a0Minuten"},"schema":{"@context":"https:\/\/schema.org","@graph":[{"@type":"WebPage","@id":"https:\/\/uelzener.de\/magazin\/hund\/haeufige-fragen\/mit-hund-sprechen\/","url":"https:\/\/uelzener.de\/magazin\/hund\/haeufige-fragen\/mit-hund-sprechen\/","name":"Mit dem Hund sprechen \u2013 passende Phrasen | Uelzener","isPartOf":{"@id":"https:\/\/uelzener.de\/magazin\/#website"},"primaryImageOfPage":{"@id":"https:\/\/uelzener.de\/magazin\/hund\/haeufige-fragen\/mit-hund-sprechen\/#primaryimage"},"image":{"@id":"https:\/\/uelzener.de\/magazin\/hund\/haeufige-fragen\/mit-hund-sprechen\/#primaryimage"},"thumbnailUrl":"https:\/\/uelzener.de\/magazin\/app\/uploads\/2022\/06\/Mit-Hund-sprechen_Header0.jpg","datePublished":"2022-06-10T08:15:27+00:00","dateModified":"2024-01-31T15:08:42+00:00","description":"Kommunikation mit dem Hund \u2713 Loben & Fragen stellen \u2713 Babysprache \u25b6 Erfahre hier was die Kommunikation bewirkt!","breadcrumb":{"@id":"https:\/\/uelzener.de\/magazin\/hund\/haeufige-fragen\/mit-hund-sprechen\/#breadcrumb"},"inLanguage":"de","potentialAction":[{"@type":"ReadAction","target":["https:\/\/uelzener.de\/magazin\/hund\/haeufige-fragen\/mit-hund-sprechen\/"]}]},{"@type":"ImageObject","inLanguage":"de","@id":"https:\/\/uelzener.de\/magazin\/hund\/haeufige-fragen\/mit-hund-sprechen\/#primaryimage","url":"https:\/\/uelzener.de\/magazin\/app\/uploads\/2022\/06\/Mit-Hund-sprechen_Header0.jpg","contentUrl":"https:\/\/uelzener.de\/magazin\/app\/uploads\/2022\/06\/Mit-Hund-sprechen_Header0.jpg","width":1024,"height":450,"caption":"Junger Mensch spricht mit Hund auf der Wiese bei Sonnenschein mit Spielzeug in der Hand."},{"@type":"WebSite","@id":"https:\/\/uelzener.de\/magazin\/#website","url":"https:\/\/uelzener.de\/magazin\/","name":"Uelzener Tiermagazin","description":"Online Tierratgeber der Uelzener Versicherungen","publisher":{"@id":"https:\/\/uelzener.de\/magazin\/#organization"},"potentialAction":[{"@type":"SearchAction","target":{"@type":"EntryPoint","urlTemplate":"https:\/\/uelzener.de\/magazin\/?s={search_term_string}"},"query-input":{"@type":"PropertyValueSpecification","valueRequired":true,"valueName":"search_term_string"}}],"inLanguage":"de"},{"@type":"Organization","@id":"https:\/\/uelzener.de\/magazin\/#organization","name":"Uelzener Versicherungen","url":"https:\/\/uelzener.de\/magazin\/","logo":{"@type":"ImageObject","inLanguage":"de","@id":"https:\/\/uelzener.de\/magazin\/#\/schema\/logo\/image\/","url":"https:\/\/uelzener.de\/magazin\/app\/uploads\/2024\/11\/uelzener_allgemeine_versicherungsgesellschaft_a_g_logo.jpg","contentUrl":"https:\/\/uelzener.de\/magazin\/app\/uploads\/2024\/11\/uelzener_allgemeine_versicherungsgesellschaft_a_g_logo.jpg","width":200,"height":200,"caption":"Uelzener Versicherungen"},"image":{"@id":"https:\/\/uelzener.de\/magazin\/#\/schema\/logo\/image\/"},"sameAs":["https:\/\/www.facebook.com\/Uelzener","https:\/\/instagram.com\/uelzener","https:\/\/www.xing.com\/pages\/uelzenerallgemeineversicherungs-gesellschafta-g","https:\/\/www.youtube.com\/UelzenerVersicherungen"]}]}},"_links":{"self":[{"href":"https:\/\/uelzener.de\/magazin\/wp-json\/wp\/v2\/pages\/13431","targetHints":{"allow":["GET"]}}],"collection":[{"href":"https:\/\/uelzener.de\/magazin\/wp-json\/wp\/v2\/pages"}],"about":[{"href":"https:\/\/uelzener.de\/magazin\/wp-json\/wp\/v2\/types\/page"}],"author":[{"embeddable":true,"href":"https:\/\/uelzener.de\/magazin\/wp-json\/wp\/v2\/users\/9"}],"replies":[{"embeddable":true,"href":"https:\/\/uelzener.de\/magazin\/wp-json\/wp\/v2\/comments?post=13431"}],"version-history":[{"count":7,"href":"https:\/\/uelzener.de\/magazin\/wp-json\/wp\/v2\/pages\/13431\/revisions"}],"predecessor-version":[{"id":17015,"href":"https:\/\/uelzener.de\/magazin\/wp-json\/wp\/v2\/pages\/13431\/revisions\/17015"}],"up":[{"embeddable":true,"href":"https:\/\/uelzener.de\/magazin\/wp-json\/wp\/v2\/pages\/11687"}],"wp:featuredmedia":[{"embeddable":true,"href":"https:\/\/uelzener.de\/magazin\/wp-json\/wp\/v2\/media\/13439"}],"wp:attachment":[{"href":"https:\/\/uelzener.de\/magazin\/wp-json\/wp\/v2\/media?parent=13431"}],"curies":[{"name":"wp","href":"https:\/\/api.w.org\/{rel}","templated":true}]}}