{"id":13376,"date":"2022-05-09T12:08:00","date_gmt":"2022-05-09T10:08:00","guid":{"rendered":"https:\/\/uelzener.de\/magazin\/?page_id=13376"},"modified":"2025-08-21T11:32:41","modified_gmt":"2025-08-21T09:32:41","slug":"gefahr-im-garten-wenn-der-hund-giftige-pflanzen-gefressen-hat","status":"publish","type":"page","link":"https:\/\/uelzener.de\/magazin\/hund\/tiergesundheit\/gefahr-im-garten-wenn-der-hund-giftige-pflanzen-gefressen-hat\/","title":{"rendered":"Gefahr im Garten: Wenn der Hund giftige Pflanzen gefressen hat"},"content":{"rendered":"<p>Der heimische Garten ist der perfekte Ort f\u00fcr deinen Hund, um ausgelassen zu toben. Was viele jedoch nicht ahnen: Selbst eingez\u00e4unte G\u00e4rten k\u00f6nnen sich als Gefahrenzone f\u00fcr den vierbeinigen Freund entpuppen. Auch hier k\u00f6nnen gesundheitssch\u00e4dliche Pflanzen wachsen, die schnell zum Ernstfall f\u00fchren k\u00f6nnen. Mit unserem Ratgeber bekommst du einen \u00dcberblick, wie du Vergiftungen durch Pflanzen bei deinem treuen Gef\u00e4hrten vorbeugst und im Notfall umsichtig handelst.<\/p>\n<p>Ballspielen, Sonnenbaden, ausgelassene Bockspr\u00fcnge \u2013 ein Ausflug in den eigenen Garten ist f\u00fcr viele Hunde eine willkommene Abwechslung. Im sicher eingez\u00e4unten Areal kann das Tier frei umherlaufen und ist keinem Risiko ausgesetzt. Wirklich nicht? Tats\u00e4chlich lauern auch im Garten Gefahren.<\/p>\n<h2>Welche Pflanzen sind giftig f\u00fcr meinen Hund?<\/h2>\n<p>Es gibt viele Giftpflanzen, vor denen du deinen Vierbeiner sch\u00fctzen solltest. Auch wenn ihr h\u00fcbsches Aussehen oft tr\u00fcgt, speichern zahlreiche Pflanzen nicht nur in den Bl\u00e4ttern, sondern auch in den Wurzeln und Fr\u00fcchten gef\u00e4hrliche Stoffe. Besonders im Fr\u00fchling und Sommer, wenn unsere heimischen Pflanzen Knospen entwickeln und ihre Bl\u00fcten \u00f6ffnen, besteht ein Risiko im Kontakt mit giftigen Fr\u00fcchten und gesundheitsgef\u00e4hrdenden Milchs\u00e4ften.<\/p>\n<p>Von diesen Pflanzen solltest du deinen Hund fernhalten<\/p>\n<ul>\n<li>Wie viele Rhododendron-Gew\u00e4chse ist auch die <strong>Alpenrose <\/strong>f\u00fcr Mensch und Hund giftig. Die Substanz Andromedotoxin l\u00f6st in der Regel typische Symptome wie Erbrechen, Durchfall und Depression aus. Herzkreislaufprobleme k\u00f6nnen schlimmstenfalls zum Tod des Hundes f\u00fchren.<\/li>\n<li><strong>Azaleen<\/strong> k\u00f6nnen beim Verzehr zu Erbrechen, Durchfall, Depression und Anorexie f\u00fchren. Nach einem ersten Erregungszustand kann es zu L\u00e4hmungen kommen.<\/li>\n<li>Der unscheinbare <strong>Buchsbaum<\/strong>, der <strong>Lebensbaum <\/strong>und die <strong>Stechpalme <\/strong>sind ebenfalls giftige Gew\u00e4chse, deren Verzehr im besten Fall zu einer vor\u00fcbergehenden Erregung beim Hund und im schlimmsten Fall zu Leber- und Nierensch\u00e4den f\u00fchren kann.<\/li>\n<li>Der Stoff Colchizin, der in allen Teilen der <strong>Herbstzeitlose<\/strong> enthalten ist, l\u00f6st Appetitlosigkeit, Lethargie und Erbrechen aus. In seltenen F\u00e4llen kann es zum Nierenversagen kommen.<\/li>\n<li>Die Zierpflanze<strong> Kalanchoe<\/strong> enth\u00e4lt in ihren Bl\u00fcten und Bl\u00e4ttern giftige Stoffe, die einen beschleunigten Puls, Erbrechen, Durchfall und Depression ausl\u00f6sen k\u00f6nnen. Herz- und Atemst\u00f6rungen k\u00f6nnen sich innerhalb von ein bis zwei Tagen entwickeln.<\/li>\n<li><strong>Maigl\u00f6ckchen<\/strong> und <strong>Fingerhut<\/strong> sind zwar beliebte Bepflanzungen in deutschen G\u00e4rten, der pflanzeneigene Stoff Glykosid kann beim Verzehr jedoch schnell zum Herzstillstand und schlie\u00dflich sogar zum Tod deines Hundes f\u00fchren.<\/li>\n<li>Auch der Verzehr von <strong>Oleander <\/strong>kann Erbrechen, Depression oder Durchfall zur Folge haben. Herzrhythmusst\u00f6rungen k\u00f6nnen schlie\u00dflich einen Herzstillstand verursachen.<\/li>\n<li>Die Samen und Wedel der <strong>Sagopalme<\/strong> k\u00f6nnen Erbrechen, Lethargie und Durchfall herbeif\u00fchren. Der Verzehr von ein bis zwei Samen dieser Palmenpflanze kann bereits t\u00f6dlich sein oder nach ein bis zwei Tagen Lebersch\u00e4den ausl\u00f6sen.<\/li>\n<li>Der Milchsaft, der von<strong> Wolfsmilchgew\u00e4chsen<\/strong> produziert wird, f\u00fchrt beim Verzehr zum blutigen Erbrechen und Schw\u00e4cheanf\u00e4llen. Auch k\u00f6nnen schwere Durchf\u00e4lle und diffuse Magen-Darm-Beschwerden mit Kr\u00e4mpfen die Folge sein. In schweren F\u00e4llen kommt es zu Blutungen im Herz und in der Lunge, die t\u00f6dlich enden k\u00f6nnen.<\/li>\n<\/ul>\n<h2>Wie erkennst du eine Vergiftung beim Hund?<\/h2>\n<p>Pauschal l\u00e4sst sich sagen: Bei fast allen Vergiftungen durch Pflanzen sind Erbrechen und Durchfall die ersten Symptome, die sich bei deinem Vierbeiner zeigen. Da n\u00e4mlich die meisten F\u00e4lle auf den Verzehr von Pflanzenteilen zur\u00fcckzuf\u00fchren sind, ist der Verdauungstakt, also Magen und Darm des Hundes, als erstes betroffen. So kommt es auch nicht selten zu einem vermehrten Speichelfluss des Tieres. Aber auch pl\u00f6tzliche Atembeschwerden, Fieber und ein ungew\u00f6hnliches Verhalten wie Erregtheit oder auch eine ged\u00e4mpfte Stimmung k\u00f6nnen symptomatisch f\u00fcr eine Toxikose sein.<\/p>\n<p>Wenn es auff\u00e4llige Symptome gibt, muss nicht immer eine Vergiftung der Grund sein. Manchmal sind entsprechende Beschwerden auf eine Umstellung des Futters oder eine bakterielle Ansteckung bei anderen Hunden zur\u00fcckzuf\u00fchren. Eine Magen-Darm-Verstimmung ist also nicht zwingend ein Grund zur Sorge. Wie bei uns Menschen stehen dann Ruhe und Schonkost, wie die Moro\u2019sche Karottensuppe, auf dem Plan. Klar ist dennoch: Vorsicht ist im Ernstfall besser als Nachsicht.<\/p>\n\n<div class=\"related_articles boxed\">\n    <h2>Mehr zum Thema<\/h2>\n    \n    <div class=\"wrapper\"><div class=\"title align-center\"><h3><a href=\"https:\/\/uelzener.de\/magazin\/hund\/haeufige-fragen\/durchfall-beim-hund-verdauung\/\">Durchfall beim Hund: Ein umfassender Leitfaden zur Verdauung<\/a><\/h3><\/div><div class=\"img align-center\"><img decoding=\"async\" width=\"315\" height=\"180\" src=\"https:\/\/uelzener.de\/magazin\/app\/uploads\/2023\/08\/hund-verdauung-315x180.jpg\" class=\"attachment-315x180 size-315x180 wp-post-image\" alt=\"Beiger Hund verrichtet sein Gesch\u00e4ft im Garten hinter einem Baum.\" \/><\/div><\/div><div class=\"wrapper\"><div class=\"title align-center\"><h3><a href=\"https:\/\/uelzener.de\/magazin\/hund\/ernaehrung\/morosche-karottensuppe\/\">Morosche Karottensuppe f\u00fcr Hunde: Beliebtes Hausmittel gegen Durchfall<\/a><\/h3><\/div><div class=\"img align-center\"><img decoding=\"async\" width=\"315\" height=\"180\" src=\"https:\/\/uelzener.de\/magazin\/app\/uploads\/2021\/10\/Morosche-Karottensuppe-315x180.jpg\" class=\"attachment-315x180 size-315x180 wp-post-image\" alt=\"Morosche Karottensuppe mit Karotten auf K\u00fcchenbrett\" \/><\/div><\/div><div class=\"wrapper\"><div class=\"title align-center\"><h3><a href=\"https:\/\/uelzener.de\/magazin\/hund\/haeufige-fragen\/wenn-hunde-gras-fressen-gruende-risiken\/\">Wenn Hunde Gras fressen: Gr\u00fcnde und m\u00f6gliche Risiken<\/a><\/h3><\/div><div class=\"img align-center\"><img decoding=\"async\" width=\"315\" height=\"180\" src=\"https:\/\/uelzener.de\/magazin\/app\/uploads\/2024\/05\/hund-frisst-gras-315x180.jpg\" class=\"attachment-315x180 size-315x180 wp-post-image\" alt=\"Hund frisst Gras.\" \/><\/div><\/div><\/div>\n\n<h2>Dein Hund hat eine giftige Pflanze gefressen \u2013 was kannst du tun?<\/h2>\n<p>Wenn der Verdacht besteht, dass dein Hund eine der oben genannten Pflanzen gegessen hat, wende dich sofort an einen Tierarzt oder eine Tier\u00e4rztin. Au\u00dferhalb der \u00d6ffnungszeiten kannst du die n\u00e4chstgelegene Notfallklinik f\u00fcr Haustiere kontaktieren. Versuche, eine Probe der gef\u00e4hrlichen Pflanze oder alternativ ein Foto des verd\u00e4chtigen Gew\u00e4chses mit zum Tierarztbesuch zu nehmen. So kann der Tierarzt oder die Tier\u00e4rztin rasch und zielgerichtet handeln, damit dein Vierbeiner bald wieder fit ist.<\/p>\n<p>Viele Vergiftungen verlaufen sehr schnell. Es kann aber auch sein, dass sich die ersten Symptome erst nach einigen Tagen bemerkbar machen, da das Gift bestimmter Pflanzen sehr langsam wirkt.<\/p>\n<p>Die folgenden Richtlinien helfen bei der Orientierung, wenn der Verdacht auf eine Pflanzenvergiftung besteht:<\/p>\n<ol>\n<li>Kontaktiere einen Tierarzt oder eine Notfallklinik.<\/li>\n<li>Versuche, die verd\u00e4chtige Pflanze zu lokalisieren. Nimm eine Probe des Gew\u00e4chses mit oder mache ein Foto der Pflanze. Das Erbrochene des Hundes kann auch in einem Plastikbeutel mitgenommen werden.<\/li>\n<li>\u00dcbermittele dem Tierarzt oder der Tier\u00e4rztin so viele Informationen wie m\u00f6glich. Dazu geh\u00f6ren:<\/li>\n<\/ol>\n<ul>\n<li>Informationen zur verd\u00e4chtigen Pflanze und zum Zeitpunkt der Einnahme,<\/li>\n<li>das Gewicht des Hundes,<\/li>\n<li>alle Symptome seit dem Verzehr der Pflanze.<\/li>\n<\/ul>\n<ol start=\"4\">\n<li><strong>Wichtig<\/strong>: Erbrechen sollte in keinem Fall herbeif\u00fchrt werden, es sei denn, der Tierarzt bzw. die Tier\u00e4rztin fordert dich dazu auf. Bestimmte Pflanzengifte erfordern spezifische Behandlungen und ein herbeigef\u00fchrtes Erbrechen kann in manchen F\u00e4llen die Situation verschlimmern.<\/li>\n<\/ol>\n<p>Sichere dich und deinen Hund mit einer <strong>Hunde-OP- und Krankenversicherung<\/strong> ab. Die Kosten der Tierarztbehandlung \u00fcbernimmt die Versicherung. Damit du dich im Ernstfall ganz allein um deinen Vierbeiner k\u00fcmmern kannst.<\/p>\n\n<div class=\"banner\">\n    <a href=\"https:\/\/uelzener.de\/hund\/hunde-krankenversicherung\/?agt=0000104925&sem=true&utm_medium=magazin&utm_source=wordpress&utm_campaign=hund_kv&utm_content=banner\">\n        <img decoding=\"async\" width=\"300\" height=\"212\" src=\"https:\/\/uelzener.de\/magazin\/app\/uploads\/2025\/01\/Hunde-Kranken-Versicherung.jpg\" class=\"attachment-medium size-medium\" alt=\"Banner Hunde-Kranken-Versicherung\" \/>    <\/a>\n<\/div>\n\n<h2>So beugst du Pflanzenvergiftungen vor<\/h2>\n<p>Wer seinen Hund vor gesundheitsgef\u00e4hrdenden Gew\u00e4chsen sch\u00fctzen m\u00f6chte, sollte die entsprechenden Pflanzen erkennen k\u00f6nnen. Recherchen und das Einlesen in die Materie sind daher unabdingbar. Erkunde dich \u00fcber bedenkliche und unbedenkliche Pflanzen, sieh dich in deinem eigenen Garten um und f\u00fchre eine Checkliste, welche Gew\u00e4chse bleiben k\u00f6nnen und zu welchen Pflanzen man doch lieber Lebewohl sagt.<\/p>\n<p>Falls ein Abschied von den geliebten Azaleen oder Alpenrosen zu schwerf\u00e4llt, ist die Errichtung eines hundesicheren Zaunes auch eine L\u00f6sung. Dieser sollte jedoch mindestens doppelt oder dreifach so hoch wie dein Hund sein. Die Neugierde unserer Fellnasen kennt schlie\u00dflich selten klare Grenzen. Deswegen ist es ratsam, dem eigenen Hund durch gezieltes Training beizubringen, wo frei geschn\u00fcffelt werden kann und von welchen Gebieten er sich besser fernhalten sollte.<\/p>\n<p>Sicherlich mag es zuerst den Anschein haben, dass es mehr giftige als unbedenkliche Pflanzen gibt. Anfangs f\u00fchlst du dich vielleicht \u00fcberfordert und dieser Aufgabe nicht gewachsen. Doch mit ein wenig Geduld und dem n\u00f6tigen Know-how kannst du f\u00fcr dich und deinen pelzigen Freund eine gem\u00fctliche und haustierfreundliche Gartenlandschaft schaffen. Am besten schnappst du dir gleich deine Gartenschaufel, entfernst die giftigen Pflanzen aus dem Garten oder errichtest einen sch\u00fctzenden Zaun. Und wenn dein Hund einmal an einem anderen Ort an m\u00f6glicherweise giftigen Pflanzen und Str\u00e4uchern geknabbert hat, dann wei\u00dft du jetzt, was zu tun ist.<\/p>\n<p>Die Sonne im Garten genie\u00dfen macht riesigen Spa\u00df, wir verraten dir weitere <a href=\"https:\/\/uelzener.de\/magazin\/hund\/tipps-fuer-den-alltag\/fruehling-mit-hund-7-tipps-fuer-eine-unbeschwerte-zeit\/\">Tipps f\u00fcr den Fr\u00fchling mit dem Hund<\/a>.<\/p>\n","protected":false},"excerpt":{"rendered":"<p>Der heimische Garten ist der perfekte Ort f\u00fcr deinen Hund, um ausgelassen zu toben. Was viele jedoch nicht ahnen: Selbst eingez\u00e4unte G\u00e4rten k\u00f6nnen sich als Gefahrenzone f\u00fcr den vierbeinigen Freund entpuppen. Auch hier k\u00f6nnen gesundheitssch\u00e4dliche Pflanzen wachsen, die schnell zum Ernstfall f\u00fchren k\u00f6nnen. Mit unserem Ratgeber bekommst du einen \u00dcberblick, wie du Vergiftungen durch Pflanzen [&hellip;]<\/p>\n","protected":false},"author":3,"featured_media":13377,"parent":11701,"menu_order":51,"comment_status":"closed","ping_status":"closed","template":"templates\/blog.php","meta":{"_acf_changed":false,"_crdt_document":"","footnotes":"","beyondwords_generate_audio":"0","beyondwords_project_id":"","beyondwords_content_id":"","beyondwords_preview_token":"","beyondwords_player_style":"","beyondwords_language_id":"","beyondwords_title_voice_id":"","beyondwords_body_voice_id":"","beyondwords_summary_voice_id":"","beyondwords_error_message":"","beyondwords_disabled":"","beyondwords_delete_content":"","beyondwords_podcast_id":"","beyondwords_hash":"","publish_post_to_speechkit":"","speechkit_hash":"","speechkit_generate_audio":"","speechkit_project_id":"","speechkit_podcast_id":"","speechkit_error_message":"","speechkit_disabled":"","speechkit_access_key":"","speechkit_error":"","speechkit_info":"","speechkit_response":"","speechkit_retries":"","speechkit_status":"","speechkit_updated_at":"","_speechkit_link":"","_speechkit_text":""},"class_list":["post-13376","page","type-page","status-publish","has-post-thumbnail","hentry"],"acf":[],"yoast_head":"<!-- This site is optimized with the Yoast SEO Premium plugin  - https:\/\/yoast.com\/product\/yoast-seo-premium-wordpress\/ -->\n<title>Manche Pflanzen sind giftig f\u00fcr Hunde | Uelzener<\/title>\n<meta name=\"description\" content=\"Wenn der Hund giftige Pflanzen gefressen hat. \u2713 Was sind die Symptome? Was ist zu tun? Wie kann man das verhindern? \u25b6 Hier erfahrt Ihr mehr!\" \/>\n<meta name=\"robots\" content=\"index, follow, max-snippet:-1, max-image-preview:large, max-video-preview:-1\" \/>\n<link rel=\"canonical\" href=\"https:\/\/uelzener.de\/magazin\/hund\/tiergesundheit\/gefahr-im-garten-wenn-der-hund-giftige-pflanzen-gefressen-hat\/\" \/>\n<meta property=\"og:locale\" content=\"de_DE\" \/>\n<meta property=\"og:type\" content=\"article\" \/>\n<meta property=\"og:title\" content=\"Gefahr im Garten: Wenn der Hund giftige Pflanzen gefressen hat\" \/>\n<meta property=\"og:description\" content=\"Wenn der Hund giftige Pflanzen gefressen hat. \u2713 Was sind die Symptome? Was ist zu tun? Wie kann man das verhindern? \u25b6 Hier erfahrt Ihr mehr!\" \/>\n<meta property=\"og:url\" content=\"https:\/\/uelzener.de\/magazin\/hund\/tiergesundheit\/gefahr-im-garten-wenn-der-hund-giftige-pflanzen-gefressen-hat\/\" \/>\n<meta property=\"og:site_name\" content=\"Uelzener Tier-Magazin\" \/>\n<meta property=\"article:publisher\" content=\"https:\/\/www.facebook.com\/Uelzener\" \/>\n<meta property=\"article:modified_time\" content=\"2025-08-21T09:32:41+00:00\" \/>\n<meta property=\"og:image\" content=\"https:\/\/uelzener.de\/magazin\/app\/uploads\/2022\/05\/Giftige-Pflanzen-im-Garten.jpg\" \/>\n\t<meta property=\"og:image:width\" content=\"1024\" \/>\n\t<meta property=\"og:image:height\" content=\"450\" \/>\n\t<meta property=\"og:image:type\" content=\"image\/jpeg\" \/>\n<meta name=\"twitter:card\" content=\"summary_large_image\" \/>\n<meta name=\"twitter:label1\" content=\"Gesch\u00e4tzte Lesezeit\" \/>\n\t<meta name=\"twitter:data1\" content=\"7\u00a0Minuten\" \/>\n<script type=\"application\/ld+json\" class=\"yoast-schema-graph\">{\"@context\":\"https:\/\/schema.org\",\"@graph\":[{\"@type\":\"WebPage\",\"@id\":\"https:\/\/uelzener.de\/magazin\/hund\/tiergesundheit\/gefahr-im-garten-wenn-der-hund-giftige-pflanzen-gefressen-hat\/\",\"url\":\"https:\/\/uelzener.de\/magazin\/hund\/tiergesundheit\/gefahr-im-garten-wenn-der-hund-giftige-pflanzen-gefressen-hat\/\",\"name\":\"Manche Pflanzen sind giftig f\u00fcr Hunde | Uelzener\",\"isPartOf\":{\"@id\":\"https:\/\/uelzener.de\/magazin\/#website\"},\"primaryImageOfPage\":{\"@id\":\"https:\/\/uelzener.de\/magazin\/hund\/tiergesundheit\/gefahr-im-garten-wenn-der-hund-giftige-pflanzen-gefressen-hat\/#primaryimage\"},\"image\":{\"@id\":\"https:\/\/uelzener.de\/magazin\/hund\/tiergesundheit\/gefahr-im-garten-wenn-der-hund-giftige-pflanzen-gefressen-hat\/#primaryimage\"},\"thumbnailUrl\":\"https:\/\/uelzener.de\/magazin\/app\/uploads\/2022\/05\/Giftige-Pflanzen-im-Garten.jpg\",\"datePublished\":\"2022-05-09T10:08:00+00:00\",\"dateModified\":\"2025-08-21T09:32:41+00:00\",\"description\":\"Wenn der Hund giftige Pflanzen gefressen hat. \u2713 Was sind die Symptome? Was ist zu tun? Wie kann man das verhindern? \u25b6 Hier erfahrt Ihr mehr!\",\"breadcrumb\":{\"@id\":\"https:\/\/uelzener.de\/magazin\/hund\/tiergesundheit\/gefahr-im-garten-wenn-der-hund-giftige-pflanzen-gefressen-hat\/#breadcrumb\"},\"inLanguage\":\"de\",\"potentialAction\":[{\"@type\":\"ReadAction\",\"target\":[\"https:\/\/uelzener.de\/magazin\/hund\/tiergesundheit\/gefahr-im-garten-wenn-der-hund-giftige-pflanzen-gefressen-hat\/\"]}]},{\"@type\":\"ImageObject\",\"inLanguage\":\"de\",\"@id\":\"https:\/\/uelzener.de\/magazin\/hund\/tiergesundheit\/gefahr-im-garten-wenn-der-hund-giftige-pflanzen-gefressen-hat\/#primaryimage\",\"url\":\"https:\/\/uelzener.de\/magazin\/app\/uploads\/2022\/05\/Giftige-Pflanzen-im-Garten.jpg\",\"contentUrl\":\"https:\/\/uelzener.de\/magazin\/app\/uploads\/2022\/05\/Giftige-Pflanzen-im-Garten.jpg\",\"width\":1024,\"height\":450,\"caption\":\"Golden Retriever liegt auf Rasen im Garten. Auch hier ist Vorsicht geboten, es gibt giftige Pflanzen im Garten.\"},{\"@type\":\"WebSite\",\"@id\":\"https:\/\/uelzener.de\/magazin\/#website\",\"url\":\"https:\/\/uelzener.de\/magazin\/\",\"name\":\"Uelzener Tiermagazin\",\"description\":\"Online Tierratgeber der Uelzener Versicherungen\",\"publisher\":{\"@id\":\"https:\/\/uelzener.de\/magazin\/#organization\"},\"potentialAction\":[{\"@type\":\"SearchAction\",\"target\":{\"@type\":\"EntryPoint\",\"urlTemplate\":\"https:\/\/uelzener.de\/magazin\/?s={search_term_string}\"},\"query-input\":{\"@type\":\"PropertyValueSpecification\",\"valueRequired\":true,\"valueName\":\"search_term_string\"}}],\"inLanguage\":\"de\"},{\"@type\":\"Organization\",\"@id\":\"https:\/\/uelzener.de\/magazin\/#organization\",\"name\":\"Uelzener Versicherungen\",\"url\":\"https:\/\/uelzener.de\/magazin\/\",\"logo\":{\"@type\":\"ImageObject\",\"inLanguage\":\"de\",\"@id\":\"https:\/\/uelzener.de\/magazin\/#\/schema\/logo\/image\/\",\"url\":\"https:\/\/uelzener.de\/magazin\/app\/uploads\/2024\/11\/uelzener_allgemeine_versicherungsgesellschaft_a_g_logo.jpg\",\"contentUrl\":\"https:\/\/uelzener.de\/magazin\/app\/uploads\/2024\/11\/uelzener_allgemeine_versicherungsgesellschaft_a_g_logo.jpg\",\"width\":200,\"height\":200,\"caption\":\"Uelzener Versicherungen\"},\"image\":{\"@id\":\"https:\/\/uelzener.de\/magazin\/#\/schema\/logo\/image\/\"},\"sameAs\":[\"https:\/\/www.facebook.com\/Uelzener\",\"https:\/\/instagram.com\/uelzener\",\"https:\/\/www.xing.com\/pages\/uelzenerallgemeineversicherungs-gesellschafta-g\",\"https:\/\/www.youtube.com\/UelzenerVersicherungen\"]}]}<\/script>\n<!-- \/ Yoast SEO Premium plugin. -->","yoast_head_json":{"title":"Manche Pflanzen sind giftig f\u00fcr Hunde | Uelzener","description":"Wenn der Hund giftige Pflanzen gefressen hat. \u2713 Was sind die Symptome? Was ist zu tun? Wie kann man das verhindern? \u25b6 Hier erfahrt Ihr mehr!","robots":{"index":"index","follow":"follow","max-snippet":"max-snippet:-1","max-image-preview":"max-image-preview:large","max-video-preview":"max-video-preview:-1"},"canonical":"https:\/\/uelzener.de\/magazin\/hund\/tiergesundheit\/gefahr-im-garten-wenn-der-hund-giftige-pflanzen-gefressen-hat\/","og_locale":"de_DE","og_type":"article","og_title":"Gefahr im Garten: Wenn der Hund giftige Pflanzen gefressen hat","og_description":"Wenn der Hund giftige Pflanzen gefressen hat. \u2713 Was sind die Symptome? Was ist zu tun? Wie kann man das verhindern? \u25b6 Hier erfahrt Ihr mehr!","og_url":"https:\/\/uelzener.de\/magazin\/hund\/tiergesundheit\/gefahr-im-garten-wenn-der-hund-giftige-pflanzen-gefressen-hat\/","og_site_name":"Uelzener Tier-Magazin","article_publisher":"https:\/\/www.facebook.com\/Uelzener","article_modified_time":"2025-08-21T09:32:41+00:00","og_image":[{"width":1024,"height":450,"url":"https:\/\/uelzener.de\/magazin\/app\/uploads\/2022\/05\/Giftige-Pflanzen-im-Garten.jpg","type":"image\/jpeg"}],"twitter_card":"summary_large_image","twitter_misc":{"Gesch\u00e4tzte Lesezeit":"7\u00a0Minuten"},"schema":{"@context":"https:\/\/schema.org","@graph":[{"@type":"WebPage","@id":"https:\/\/uelzener.de\/magazin\/hund\/tiergesundheit\/gefahr-im-garten-wenn-der-hund-giftige-pflanzen-gefressen-hat\/","url":"https:\/\/uelzener.de\/magazin\/hund\/tiergesundheit\/gefahr-im-garten-wenn-der-hund-giftige-pflanzen-gefressen-hat\/","name":"Manche Pflanzen sind giftig f\u00fcr Hunde | Uelzener","isPartOf":{"@id":"https:\/\/uelzener.de\/magazin\/#website"},"primaryImageOfPage":{"@id":"https:\/\/uelzener.de\/magazin\/hund\/tiergesundheit\/gefahr-im-garten-wenn-der-hund-giftige-pflanzen-gefressen-hat\/#primaryimage"},"image":{"@id":"https:\/\/uelzener.de\/magazin\/hund\/tiergesundheit\/gefahr-im-garten-wenn-der-hund-giftige-pflanzen-gefressen-hat\/#primaryimage"},"thumbnailUrl":"https:\/\/uelzener.de\/magazin\/app\/uploads\/2022\/05\/Giftige-Pflanzen-im-Garten.jpg","datePublished":"2022-05-09T10:08:00+00:00","dateModified":"2025-08-21T09:32:41+00:00","description":"Wenn der Hund giftige Pflanzen gefressen hat. \u2713 Was sind die Symptome? Was ist zu tun? Wie kann man das verhindern? \u25b6 Hier erfahrt Ihr mehr!","breadcrumb":{"@id":"https:\/\/uelzener.de\/magazin\/hund\/tiergesundheit\/gefahr-im-garten-wenn-der-hund-giftige-pflanzen-gefressen-hat\/#breadcrumb"},"inLanguage":"de","potentialAction":[{"@type":"ReadAction","target":["https:\/\/uelzener.de\/magazin\/hund\/tiergesundheit\/gefahr-im-garten-wenn-der-hund-giftige-pflanzen-gefressen-hat\/"]}]},{"@type":"ImageObject","inLanguage":"de","@id":"https:\/\/uelzener.de\/magazin\/hund\/tiergesundheit\/gefahr-im-garten-wenn-der-hund-giftige-pflanzen-gefressen-hat\/#primaryimage","url":"https:\/\/uelzener.de\/magazin\/app\/uploads\/2022\/05\/Giftige-Pflanzen-im-Garten.jpg","contentUrl":"https:\/\/uelzener.de\/magazin\/app\/uploads\/2022\/05\/Giftige-Pflanzen-im-Garten.jpg","width":1024,"height":450,"caption":"Golden Retriever liegt auf Rasen im Garten. Auch hier ist Vorsicht geboten, es gibt giftige Pflanzen im Garten."},{"@type":"WebSite","@id":"https:\/\/uelzener.de\/magazin\/#website","url":"https:\/\/uelzener.de\/magazin\/","name":"Uelzener Tiermagazin","description":"Online Tierratgeber der Uelzener Versicherungen","publisher":{"@id":"https:\/\/uelzener.de\/magazin\/#organization"},"potentialAction":[{"@type":"SearchAction","target":{"@type":"EntryPoint","urlTemplate":"https:\/\/uelzener.de\/magazin\/?s={search_term_string}"},"query-input":{"@type":"PropertyValueSpecification","valueRequired":true,"valueName":"search_term_string"}}],"inLanguage":"de"},{"@type":"Organization","@id":"https:\/\/uelzener.de\/magazin\/#organization","name":"Uelzener Versicherungen","url":"https:\/\/uelzener.de\/magazin\/","logo":{"@type":"ImageObject","inLanguage":"de","@id":"https:\/\/uelzener.de\/magazin\/#\/schema\/logo\/image\/","url":"https:\/\/uelzener.de\/magazin\/app\/uploads\/2024\/11\/uelzener_allgemeine_versicherungsgesellschaft_a_g_logo.jpg","contentUrl":"https:\/\/uelzener.de\/magazin\/app\/uploads\/2024\/11\/uelzener_allgemeine_versicherungsgesellschaft_a_g_logo.jpg","width":200,"height":200,"caption":"Uelzener Versicherungen"},"image":{"@id":"https:\/\/uelzener.de\/magazin\/#\/schema\/logo\/image\/"},"sameAs":["https:\/\/www.facebook.com\/Uelzener","https:\/\/instagram.com\/uelzener","https:\/\/www.xing.com\/pages\/uelzenerallgemeineversicherungs-gesellschafta-g","https:\/\/www.youtube.com\/UelzenerVersicherungen"]}]}},"_links":{"self":[{"href":"https:\/\/uelzener.de\/magazin\/wp-json\/wp\/v2\/pages\/13376","targetHints":{"allow":["GET"]}}],"collection":[{"href":"https:\/\/uelzener.de\/magazin\/wp-json\/wp\/v2\/pages"}],"about":[{"href":"https:\/\/uelzener.de\/magazin\/wp-json\/wp\/v2\/types\/page"}],"author":[{"embeddable":true,"href":"https:\/\/uelzener.de\/magazin\/wp-json\/wp\/v2\/users\/3"}],"replies":[{"embeddable":true,"href":"https:\/\/uelzener.de\/magazin\/wp-json\/wp\/v2\/comments?post=13376"}],"version-history":[{"count":7,"href":"https:\/\/uelzener.de\/magazin\/wp-json\/wp\/v2\/pages\/13376\/revisions"}],"predecessor-version":[{"id":18902,"href":"https:\/\/uelzener.de\/magazin\/wp-json\/wp\/v2\/pages\/13376\/revisions\/18902"}],"up":[{"embeddable":true,"href":"https:\/\/uelzener.de\/magazin\/wp-json\/wp\/v2\/pages\/11701"}],"wp:featuredmedia":[{"embeddable":true,"href":"https:\/\/uelzener.de\/magazin\/wp-json\/wp\/v2\/media\/13377"}],"wp:attachment":[{"href":"https:\/\/uelzener.de\/magazin\/wp-json\/wp\/v2\/media?parent=13376"}],"curies":[{"name":"wp","href":"https:\/\/api.w.org\/{rel}","templated":true}]}}