{"id":13132,"date":"2022-04-23T11:33:29","date_gmt":"2022-04-23T09:33:29","guid":{"rendered":"https:\/\/uelzener.de\/magazin\/?page_id=13132"},"modified":"2024-03-12T11:50:17","modified_gmt":"2024-03-12T10:50:17","slug":"heuschnupfen-bei-katzen","status":"publish","type":"page","link":"https:\/\/uelzener.de\/magazin\/katze\/tiergesundheit\/heuschnupfen-bei-katzen\/","title":{"rendered":"Heuschnupfen bei Katzen: Symptome und Behandlungsm\u00f6glichkeiten bei Pollenallergie"},"content":{"rendered":"<p>Auch Katzen k\u00f6nnen an einer Pollenallergie leiden. Dabei k\u00f6nnen die Symptome vom Fr\u00fchjahr bis zum Herbst auftreten \u2013 je nachdem, auf welche Pollen die Mieze allergisch reagiert. Auf welche Symptome Du achten kannst und was Du unternehmen solltest, wenn ein Verdacht auf eine Pollenallergie besteht, erf\u00e4hrst Du hier.<\/p>\n<p>Egal, ob Freig\u00e4nger oder <a href=\"https:\/\/uelzener.de\/magazin\/katze\/haltung\/wohnungskatze-beschaeftigen\/\" target=\"_blank\" rel=\"noopener\">Wohnungskatze<\/a>: Grunds\u00e4tzlich kann jede Katze eine Pollenallergie entwickeln. Wir k\u00f6nnen das Tier leider nicht davor sch\u00fctzen, eine \u00dcberempfindlichkeit gegen Pollen zu entwickeln. Dennoch k\u00f6nnen wir der betroffenen Katze das Leben sehr erleichtern, wenn wir ein paar Dinge beachten und unseren vierbeinigen Mitbewohner so gut wie m\u00f6glich unterst\u00fctzen.<\/p>\n<h2><strong>Ursachen f\u00fcr die Pollenallergie bei der Katze<\/strong><\/h2>\n<p>Wenn ab dem Fr\u00fchjahr Str\u00e4ucher und B\u00e4ume bl\u00fchen, dann befinden sich mit den Pollen unz\u00e4hlige potenziell allergieausl\u00f6sende Partikel in der Luft. Diese eigentlich harmlosen Allergene werden vom Immunsystem allergischer Katzen als gef\u00e4hrlich eingestuft, sodass der K\u00f6rper sich angegriffen f\u00fchlt und mit Abwehrmechanismen reagiert. Diese allergische Reaktion \u00e4u\u00dfert sich schlie\u00dflich anhand typischer Symptome.<\/p>\n<h2><strong>An welchen Symptomen erkenne ich Heuschnupfen bei meiner Katze?<\/strong><\/h2>\n<p>W\u00e4hrend der Begriff Heuschnupfen an \u00fcbliche menschliche Symptome wie tr\u00e4nende Augen, h\u00e4ufiges Niesen und eine laufende Nase erinnert, \u00e4u\u00dfert sich eine Pollenallergie bei Katzen in der Regel \u00fcber eine allergische Hautentz\u00fcndung \u2013 die atopische Dermatitis. Tr\u00e4nende Augen, Niesen und eine laufende Nase sind bei einer Katze hingegen meist Anzeichen f\u00fcr andere Erkrankungen wie beispielsweise Katzenschnupfen und sollten von Tierarzt oder -\u00e4rztin untersucht werden.<\/p>\n<p>Die Hautentz\u00fcndung zeigt sich vor allem durch einen starken Juckreiz an Gesicht, Ohren, Gliedma\u00dfen und Bauch. Betroffene Stellen beleckt die Katze intensiv oder kratzt sich. Dabei wird oft die Hautbarriere besch\u00e4digt und es kommt infolgedessen zu Haarausfall, Entz\u00fcndungen und Krustenbildung.<\/p>\n<p>Da die Pollenkonzentration nur zur jeweiligen Bl\u00fctezeit dicht genug ist, kommen Beschwerden im Zusammenhang mit einer Pollenallergie gr\u00f6\u00dftenteils saisonal vor. Die Symptome treten in der Regel zwischen dem sechsten Lebensmonat und dem dritten Lebensjahr das erste Mal auf. Auch sp\u00e4tere Entdeckungen einer solchen Allergie sind m\u00f6glich, aber eher unwahrscheinlich.<\/p>\n<h2><strong>Asthma als Folge einer Pollenallergie<\/strong><\/h2>\n<p>Wenn das Immunsystem einer Katze auf Allergene reagiert, kann die Reaktion auch so ausfallen, dass sich die Bronchien krampfhaft zusammenziehen. Das Ergebnis sind vermehrte Schleimbildung, Husten und Atemnot: Man spricht von Asthma. Dabei handelt es sich um eine chronische Erkrankung, die in der Regel lebenslang therapiert werden muss.<\/p>\n<h2><strong>Die Diagnose von Pollenallergie bei Katzen durch Tier\u00e4rzt:innen<\/strong><\/h2>\n<p>Die Diagnose einer Pollenallergie erfolgt zun\u00e4chst durch Ausschluss anderer Ursachen. So k\u00f6nnte f\u00fcr den Juckreiz auch Parasitenbefall verantwortlich sein oder eine allgemeine Lungenentz\u00fcndung f\u00fcr Atemprobleme sorgen. Ebenso \u00e4u\u00dfern sich Flohbiss- und Futterallergien meist durch Juckreiz. Ein Indiz, das f\u00fcr eine Allergie spricht: Hatten die Elterntiere eine Pollenallergie, besteht die M\u00f6glichkeit, dass die \u00dcberempfindlichkeit auf Pollen auch an die Nachkommen vererbt wurde. Die Suche nach den Ursachen ist relativ aufw\u00e4ndig.<\/p>\n<p>Eine <a href=\"https:\/\/uelzener.de\/magazin\/katze\/tiergesundheit\/katzen-blut-abnehmen-lassen\/\">Blutuntersuchung<\/a> ist der erste Schritt, um die Vielzahl an m\u00f6glichen Allergenen auf bestimmte Untergruppen einzugrenzen. Darauf folgt ein Einzelallergennachweis, h\u00e4ufig in Form einer Hautuntersuchung. \u00c4hnlich zum Pricktest beim Menschen werden dabei kleinste Allergenmengen in die Haut am Brustkorb gespritzt. Sp\u00e4testens eine halbe Stunde danach deuten Reaktionen auf der Haut auf die allergieausl\u00f6senden Pollen hin.<\/p>\n<h2><strong>Wie \u201eHeuschnupfen\u201c bei Katzen behandelt werden kann<\/strong><\/h2>\n<p>Ist die Diagnose einmal gestellt, gibt es drei Behandlungsmethoden, die entweder die Ursachen therapieren oder die Symptome mildern k\u00f6nnen.<\/p>\n<p>Die erste M\u00f6glichkeit ist, den Kontakt zu ausl\u00f6senden Allergenen zu verringern, also die Ursache der Allergie weitestgehend zu vermeiden. Zwar ist es in der Regel nicht m\u00f6glich, die Partikel g\u00e4nzlich von der Katze fernzuhalten, die Konzentration der Allergene kann jedoch etwas verringert werden. Wer seine Katze bei starkem Pollenflug in der sch\u00fctzenden Wohnung beh\u00e4lt und nur zu Zeiten mit geringem Pollenflug l\u00fcftet, am besten nach einem Regenschauer, der die Pollen aus der Luft gewaschen hat, verschafft ihr etwas Erleichterung. Auch regelm\u00e4\u00dfiges Staubsaugen und Staub wischen k\u00f6nnen positive Auswirkungen haben.<\/p>\n<p>Eine Therapie, die ebenfalls auf die allergieausl\u00f6sende Ursache zielt, kann durch eine Hyposensibilisierung durch Tierarzt oder -\u00e4rztin erfolgen. Bei dieser allergenspezifischen Immuntherapie werden kleine Mengen der verantwortlichen Allergene in bestimmten Intervallen injiziert und der K\u00f6rper so kontrolliert an den Umgang mit den Ausl\u00f6sern gew\u00f6hnt. Die Abst\u00e4nde zwischen den Behandlungen wachsen dabei von zuerst w\u00f6chentlichen zu sp\u00e4ter monatlichen Injektionen, die im Verlauf auch durch die Katzenhalter:innen gegeben werden k\u00f6nnen. Wenn die Hyposensibilisierung erfolgreich ist, ist die Katze zwar nicht vollst\u00e4ndig von der Allergie befreit, ben\u00f6tigt jedoch meist keine zus\u00e4tzlichen Medikamente zur Behandlung der Symptome mehr.<\/p>\n<p>Eine symptomatische Therapie ist schlie\u00dflich die dritte Behandlungsmethode. In R\u00fccksprache mit dem Tierarzt oder der Tier\u00e4rztin wird versucht, den Juckreiz zu verringern und die Haut wieder heilen zu lassen. Zu Beginn werden dazu h\u00e4ufig starke Arzneien wie Kortison und Antihistaminika eingesetzt, die zu Nebenwirkungen f\u00fchren k\u00f6nnen. Die Zugabe von essenziellen Fetts\u00e4uren zum Futter oder die Verwendung von speziellen Shampoos kann diesen Prozess erg\u00e4nzen. Unter keinen Umst\u00e4nden sollten jedoch menschliche Medikamente f\u00fcr die Katze eingesetzt werden!<\/p>\n<p>Viele der beschriebenen Behandlungsmethoden zeigen erst nach einiger Zeit Wirkung. Katzenhalter:innen wird daher empfohlen, ein t\u00e4gliches Symptom-Tagebuch zu f\u00fchren. In diesem kann auf einer Skala festgehalten werden, ob und wann ein starker oder milderer Juckreiz beobachtet werden kann.<\/p>\n<h2><strong>Welche Pollen fliegen wann?<\/strong><\/h2>\n<p>W\u00e4hrend die Liste an potenziellen Pollen in der Luft sehr lang ist, sind manche Pflanzen besonders h\u00e4ufig als Ursache f\u00fcr \u201eHeuschnupfen\u201c bei Katzen festzustellen. Die folgende Liste zeigt diese alphabetisch mit den Zeiten ihres Vorkommens.<\/p>\n<ul>\n<li>Ambrosia: Mitte Juni bis Ende Oktober<\/li>\n<li>Beifu\u00df: Mitte Juni bis Ende Oktober<\/li>\n<li>Birke: Anfang Februar bis Ende August<\/li>\n<li>Brennnessel: Anfang April bis Ende November<\/li>\n<li>Buche: Anfang M\u00e4rz bis Mitte Juni<\/li>\n<li>Eiche: Januar bis Mitte Juli<\/li>\n<\/ul>\n<p>Je nach Region und den vorherrschenden Witterungsbedingungen k\u00f6nnen die Flugzeiten der jeweiligen Pollen aber auch um einige Wochen fr\u00fcher oder sp\u00e4ter beginnen und k\u00fcrzer oder l\u00e4nger andauern. Zudem k\u00f6nnen die Pollenkonzentrationen zu unterschiedlichen Tageszeiten unterschiedlich stark ausfallen. Am besten ist es, sich tagesaktuell zu informieren, welche Pollen in welchen Konzentrationen fliegen, wenn man eine Allergikerkatze zu Hause hat. Beispielsweise der Deutsche Wetterdienst (DWD) stellt die <a href=\"https:\/\/www.dwd.de\/DE\/leistungen\/gefahrenindizespollen\/gefahrenindexpollen.html\">deutschlandweiten Pollenfluginformationen<\/a> tagesaktuell auf seiner Webseite bereit.<\/p>\n<p>Wenn bei der eigenen Katze eine Pollenallergie festgestellt wird, hilft es ihr, wenn der Kontakt zu urs\u00e4chlichen Allergenen verringert und der symptomatische Juckreiz abgemildert wird. Zudem verringert eine Hyposensibilisierung die Reaktion auf die Allergieausl\u00f6ser. Zwar l\u00e4sst sich \u201eHeuschnupfen\u201c nicht vollst\u00e4ndig heilen, dennoch l\u00e4sst sich die Lebensqualit\u00e4t der Katze steigern. Eine <strong>Katzen-Krankenversicherung<\/strong> \u00fcbernimmt, je nach Behandlung auch die Tierarztkosten.<\/p>\n\n<div class=\"banner\">\n    <a href=\"https:\/\/uelzener.de\/katze\/katzen-krankenversicherung\/?agt=0000104925&sem=true&utm_medium=magazin&utm_source=wordpress&utm_campaign=katze_kv&utm_content=banner\">\n        <img decoding=\"async\" width=\"300\" height=\"212\" src=\"https:\/\/uelzener.de\/magazin\/app\/uploads\/2025\/01\/Katzen-Kranken-Versicherung.jpg\" class=\"attachment-medium size-medium\" alt=\"Banner Katzen-Kranken-Versicherung\" \/>    <\/a>\n<\/div>\n\n","protected":false},"excerpt":{"rendered":"<p>Auch Katzen k\u00f6nnen an einer Pollenallergie leiden. Dabei k\u00f6nnen die Symptome vom Fr\u00fchjahr bis zum Herbst auftreten \u2013 je nachdem, auf welche Pollen die Mieze allergisch reagiert. Auf welche Symptome Du achten kannst und was Du unternehmen solltest, wenn ein Verdacht auf eine Pollenallergie besteht, erf\u00e4hrst Du hier. Egal, ob Freig\u00e4nger oder Wohnungskatze: Grunds\u00e4tzlich kann [&hellip;]<\/p>\n","protected":false},"author":3,"featured_media":13133,"parent":11712,"menu_order":15,"comment_status":"closed","ping_status":"closed","template":"templates\/blog.php","meta":{"_acf_changed":false,"_crdt_document":"","footnotes":"","beyondwords_generate_audio":"0","beyondwords_project_id":"","beyondwords_content_id":"","beyondwords_preview_token":"","beyondwords_player_style":"","beyondwords_language_id":"","beyondwords_title_voice_id":"","beyondwords_body_voice_id":"","beyondwords_summary_voice_id":"","beyondwords_error_message":"","beyondwords_disabled":"","beyondwords_delete_content":"","beyondwords_podcast_id":"","beyondwords_hash":"","publish_post_to_speechkit":"","speechkit_hash":"","speechkit_generate_audio":"","speechkit_project_id":"","speechkit_podcast_id":"","speechkit_error_message":"","speechkit_disabled":"","speechkit_access_key":"","speechkit_error":"","speechkit_info":"","speechkit_response":"","speechkit_retries":"","speechkit_status":"","speechkit_updated_at":"","_speechkit_link":"","_speechkit_text":""},"class_list":["post-13132","page","type-page","status-publish","has-post-thumbnail","hentry"],"acf":[],"yoast_head":"<!-- This site is optimized with the Yoast SEO Premium plugin  - https:\/\/yoast.com\/product\/yoast-seo-premium-wordpress\/ -->\n<title>Pollenallergie bei Katzen | Uelzener<\/title>\n<meta name=\"description\" content=\"Wenn die Katze eine Pollenallergie hat. \u2713 Was sind die Symptome? Wie kannst du deiner Katze helfen? \u25b6Hier erf\u00e4hrst du mehr!\" \/>\n<meta name=\"robots\" content=\"index, follow, max-snippet:-1, max-image-preview:large, max-video-preview:-1\" \/>\n<link rel=\"canonical\" href=\"https:\/\/uelzener.de\/magazin\/katze\/tiergesundheit\/heuschnupfen-bei-katzen\/\" \/>\n<meta property=\"og:locale\" content=\"de_DE\" \/>\n<meta property=\"og:type\" content=\"article\" \/>\n<meta property=\"og:title\" content=\"Heuschnupfen bei Katzen: Symptome und Behandlungsm\u00f6glichkeiten bei Pollenallergie\" \/>\n<meta property=\"og:description\" content=\"Wenn die Katze eine Pollenallergie hat. \u2713 Was sind die Symptome? Wie kannst du deiner Katze helfen? \u25b6Hier erf\u00e4hrst du mehr!\" \/>\n<meta property=\"og:url\" content=\"https:\/\/uelzener.de\/magazin\/katze\/tiergesundheit\/heuschnupfen-bei-katzen\/\" \/>\n<meta property=\"og:site_name\" content=\"Uelzener Tier-Magazin\" \/>\n<meta property=\"article:publisher\" content=\"https:\/\/www.facebook.com\/Uelzener\" \/>\n<meta property=\"article:modified_time\" content=\"2024-03-12T10:50:17+00:00\" \/>\n<meta property=\"og:image\" content=\"https:\/\/uelzener.de\/magazin\/app\/uploads\/2022\/04\/Katze-kratzt-sich.jpg\" \/>\n\t<meta property=\"og:image:width\" content=\"1024\" \/>\n\t<meta property=\"og:image:height\" content=\"450\" \/>\n\t<meta property=\"og:image:type\" content=\"image\/jpeg\" \/>\n<meta name=\"twitter:card\" content=\"summary_large_image\" \/>\n<meta name=\"twitter:label1\" content=\"Gesch\u00e4tzte Lesezeit\" \/>\n\t<meta name=\"twitter:data1\" content=\"5\u00a0Minuten\" \/>\n<script type=\"application\/ld+json\" class=\"yoast-schema-graph\">{\"@context\":\"https:\/\/schema.org\",\"@graph\":[{\"@type\":\"WebPage\",\"@id\":\"https:\/\/uelzener.de\/magazin\/katze\/tiergesundheit\/heuschnupfen-bei-katzen\/\",\"url\":\"https:\/\/uelzener.de\/magazin\/katze\/tiergesundheit\/heuschnupfen-bei-katzen\/\",\"name\":\"Pollenallergie bei Katzen | Uelzener\",\"isPartOf\":{\"@id\":\"https:\/\/uelzener.de\/magazin\/#website\"},\"primaryImageOfPage\":{\"@id\":\"https:\/\/uelzener.de\/magazin\/katze\/tiergesundheit\/heuschnupfen-bei-katzen\/#primaryimage\"},\"image\":{\"@id\":\"https:\/\/uelzener.de\/magazin\/katze\/tiergesundheit\/heuschnupfen-bei-katzen\/#primaryimage\"},\"thumbnailUrl\":\"https:\/\/uelzener.de\/magazin\/app\/uploads\/2022\/04\/Katze-kratzt-sich.jpg\",\"datePublished\":\"2022-04-23T09:33:29+00:00\",\"dateModified\":\"2024-03-12T10:50:17+00:00\",\"description\":\"Wenn die Katze eine Pollenallergie hat. \u2713 Was sind die Symptome? Wie kannst du deiner Katze helfen? \u25b6Hier erf\u00e4hrst du mehr!\",\"breadcrumb\":{\"@id\":\"https:\/\/uelzener.de\/magazin\/katze\/tiergesundheit\/heuschnupfen-bei-katzen\/#breadcrumb\"},\"inLanguage\":\"de\",\"potentialAction\":[{\"@type\":\"ReadAction\",\"target\":[\"https:\/\/uelzener.de\/magazin\/katze\/tiergesundheit\/heuschnupfen-bei-katzen\/\"]}]},{\"@type\":\"ImageObject\",\"inLanguage\":\"de\",\"@id\":\"https:\/\/uelzener.de\/magazin\/katze\/tiergesundheit\/heuschnupfen-bei-katzen\/#primaryimage\",\"url\":\"https:\/\/uelzener.de\/magazin\/app\/uploads\/2022\/04\/Katze-kratzt-sich.jpg\",\"contentUrl\":\"https:\/\/uelzener.de\/magazin\/app\/uploads\/2022\/04\/Katze-kratzt-sich.jpg\",\"width\":1024,\"height\":450,\"caption\":\"Rote Katze kratzt sich am Kopf, die Ursache vom Juckreiz k\u00f6nnte eine Allergie sein.\"},{\"@type\":\"WebSite\",\"@id\":\"https:\/\/uelzener.de\/magazin\/#website\",\"url\":\"https:\/\/uelzener.de\/magazin\/\",\"name\":\"Uelzener Tiermagazin\",\"description\":\"Online Tierratgeber der Uelzener Versicherungen\",\"publisher\":{\"@id\":\"https:\/\/uelzener.de\/magazin\/#organization\"},\"potentialAction\":[{\"@type\":\"SearchAction\",\"target\":{\"@type\":\"EntryPoint\",\"urlTemplate\":\"https:\/\/uelzener.de\/magazin\/?s={search_term_string}\"},\"query-input\":{\"@type\":\"PropertyValueSpecification\",\"valueRequired\":true,\"valueName\":\"search_term_string\"}}],\"inLanguage\":\"de\"},{\"@type\":\"Organization\",\"@id\":\"https:\/\/uelzener.de\/magazin\/#organization\",\"name\":\"Uelzener Versicherungen\",\"url\":\"https:\/\/uelzener.de\/magazin\/\",\"logo\":{\"@type\":\"ImageObject\",\"inLanguage\":\"de\",\"@id\":\"https:\/\/uelzener.de\/magazin\/#\/schema\/logo\/image\/\",\"url\":\"https:\/\/uelzener.de\/magazin\/app\/uploads\/2024\/11\/uelzener_allgemeine_versicherungsgesellschaft_a_g_logo.jpg\",\"contentUrl\":\"https:\/\/uelzener.de\/magazin\/app\/uploads\/2024\/11\/uelzener_allgemeine_versicherungsgesellschaft_a_g_logo.jpg\",\"width\":200,\"height\":200,\"caption\":\"Uelzener Versicherungen\"},\"image\":{\"@id\":\"https:\/\/uelzener.de\/magazin\/#\/schema\/logo\/image\/\"},\"sameAs\":[\"https:\/\/www.facebook.com\/Uelzener\",\"https:\/\/instagram.com\/uelzener\",\"https:\/\/www.xing.com\/pages\/uelzenerallgemeineversicherungs-gesellschafta-g\",\"https:\/\/www.youtube.com\/UelzenerVersicherungen\"]}]}<\/script>\n<!-- \/ Yoast SEO Premium plugin. -->","yoast_head_json":{"title":"Pollenallergie bei Katzen | Uelzener","description":"Wenn die Katze eine Pollenallergie hat. \u2713 Was sind die Symptome? Wie kannst du deiner Katze helfen? \u25b6Hier erf\u00e4hrst du mehr!","robots":{"index":"index","follow":"follow","max-snippet":"max-snippet:-1","max-image-preview":"max-image-preview:large","max-video-preview":"max-video-preview:-1"},"canonical":"https:\/\/uelzener.de\/magazin\/katze\/tiergesundheit\/heuschnupfen-bei-katzen\/","og_locale":"de_DE","og_type":"article","og_title":"Heuschnupfen bei Katzen: Symptome und Behandlungsm\u00f6glichkeiten bei Pollenallergie","og_description":"Wenn die Katze eine Pollenallergie hat. \u2713 Was sind die Symptome? Wie kannst du deiner Katze helfen? \u25b6Hier erf\u00e4hrst du mehr!","og_url":"https:\/\/uelzener.de\/magazin\/katze\/tiergesundheit\/heuschnupfen-bei-katzen\/","og_site_name":"Uelzener Tier-Magazin","article_publisher":"https:\/\/www.facebook.com\/Uelzener","article_modified_time":"2024-03-12T10:50:17+00:00","og_image":[{"width":1024,"height":450,"url":"https:\/\/uelzener.de\/magazin\/app\/uploads\/2022\/04\/Katze-kratzt-sich.jpg","type":"image\/jpeg"}],"twitter_card":"summary_large_image","twitter_misc":{"Gesch\u00e4tzte Lesezeit":"5\u00a0Minuten"},"schema":{"@context":"https:\/\/schema.org","@graph":[{"@type":"WebPage","@id":"https:\/\/uelzener.de\/magazin\/katze\/tiergesundheit\/heuschnupfen-bei-katzen\/","url":"https:\/\/uelzener.de\/magazin\/katze\/tiergesundheit\/heuschnupfen-bei-katzen\/","name":"Pollenallergie bei Katzen | Uelzener","isPartOf":{"@id":"https:\/\/uelzener.de\/magazin\/#website"},"primaryImageOfPage":{"@id":"https:\/\/uelzener.de\/magazin\/katze\/tiergesundheit\/heuschnupfen-bei-katzen\/#primaryimage"},"image":{"@id":"https:\/\/uelzener.de\/magazin\/katze\/tiergesundheit\/heuschnupfen-bei-katzen\/#primaryimage"},"thumbnailUrl":"https:\/\/uelzener.de\/magazin\/app\/uploads\/2022\/04\/Katze-kratzt-sich.jpg","datePublished":"2022-04-23T09:33:29+00:00","dateModified":"2024-03-12T10:50:17+00:00","description":"Wenn die Katze eine Pollenallergie hat. \u2713 Was sind die Symptome? Wie kannst du deiner Katze helfen? \u25b6Hier erf\u00e4hrst du mehr!","breadcrumb":{"@id":"https:\/\/uelzener.de\/magazin\/katze\/tiergesundheit\/heuschnupfen-bei-katzen\/#breadcrumb"},"inLanguage":"de","potentialAction":[{"@type":"ReadAction","target":["https:\/\/uelzener.de\/magazin\/katze\/tiergesundheit\/heuschnupfen-bei-katzen\/"]}]},{"@type":"ImageObject","inLanguage":"de","@id":"https:\/\/uelzener.de\/magazin\/katze\/tiergesundheit\/heuschnupfen-bei-katzen\/#primaryimage","url":"https:\/\/uelzener.de\/magazin\/app\/uploads\/2022\/04\/Katze-kratzt-sich.jpg","contentUrl":"https:\/\/uelzener.de\/magazin\/app\/uploads\/2022\/04\/Katze-kratzt-sich.jpg","width":1024,"height":450,"caption":"Rote Katze kratzt sich am Kopf, die Ursache vom Juckreiz k\u00f6nnte eine Allergie sein."},{"@type":"WebSite","@id":"https:\/\/uelzener.de\/magazin\/#website","url":"https:\/\/uelzener.de\/magazin\/","name":"Uelzener Tiermagazin","description":"Online Tierratgeber der Uelzener Versicherungen","publisher":{"@id":"https:\/\/uelzener.de\/magazin\/#organization"},"potentialAction":[{"@type":"SearchAction","target":{"@type":"EntryPoint","urlTemplate":"https:\/\/uelzener.de\/magazin\/?s={search_term_string}"},"query-input":{"@type":"PropertyValueSpecification","valueRequired":true,"valueName":"search_term_string"}}],"inLanguage":"de"},{"@type":"Organization","@id":"https:\/\/uelzener.de\/magazin\/#organization","name":"Uelzener Versicherungen","url":"https:\/\/uelzener.de\/magazin\/","logo":{"@type":"ImageObject","inLanguage":"de","@id":"https:\/\/uelzener.de\/magazin\/#\/schema\/logo\/image\/","url":"https:\/\/uelzener.de\/magazin\/app\/uploads\/2024\/11\/uelzener_allgemeine_versicherungsgesellschaft_a_g_logo.jpg","contentUrl":"https:\/\/uelzener.de\/magazin\/app\/uploads\/2024\/11\/uelzener_allgemeine_versicherungsgesellschaft_a_g_logo.jpg","width":200,"height":200,"caption":"Uelzener Versicherungen"},"image":{"@id":"https:\/\/uelzener.de\/magazin\/#\/schema\/logo\/image\/"},"sameAs":["https:\/\/www.facebook.com\/Uelzener","https:\/\/instagram.com\/uelzener","https:\/\/www.xing.com\/pages\/uelzenerallgemeineversicherungs-gesellschafta-g","https:\/\/www.youtube.com\/UelzenerVersicherungen"]}]}},"_links":{"self":[{"href":"https:\/\/uelzener.de\/magazin\/wp-json\/wp\/v2\/pages\/13132","targetHints":{"allow":["GET"]}}],"collection":[{"href":"https:\/\/uelzener.de\/magazin\/wp-json\/wp\/v2\/pages"}],"about":[{"href":"https:\/\/uelzener.de\/magazin\/wp-json\/wp\/v2\/types\/page"}],"author":[{"embeddable":true,"href":"https:\/\/uelzener.de\/magazin\/wp-json\/wp\/v2\/users\/3"}],"replies":[{"embeddable":true,"href":"https:\/\/uelzener.de\/magazin\/wp-json\/wp\/v2\/comments?post=13132"}],"version-history":[{"count":5,"href":"https:\/\/uelzener.de\/magazin\/wp-json\/wp\/v2\/pages\/13132\/revisions"}],"predecessor-version":[{"id":17179,"href":"https:\/\/uelzener.de\/magazin\/wp-json\/wp\/v2\/pages\/13132\/revisions\/17179"}],"up":[{"embeddable":true,"href":"https:\/\/uelzener.de\/magazin\/wp-json\/wp\/v2\/pages\/11712"}],"wp:featuredmedia":[{"embeddable":true,"href":"https:\/\/uelzener.de\/magazin\/wp-json\/wp\/v2\/media\/13133"}],"wp:attachment":[{"href":"https:\/\/uelzener.de\/magazin\/wp-json\/wp\/v2\/media?parent=13132"}],"curies":[{"name":"wp","href":"https:\/\/api.w.org\/{rel}","templated":true}]}}