{"id":12920,"date":"2021-12-02T11:53:36","date_gmt":"2021-12-02T10:53:36","guid":{"rendered":"https:\/\/uelzener.de\/magazin\/?page_id=12920"},"modified":"2025-07-07T11:53:04","modified_gmt":"2025-07-07T09:53:04","slug":"pferdeauge-sensibles-sehorgan","status":"publish","type":"page","link":"https:\/\/uelzener.de\/magazin\/pferd\/tiergesundheit\/pferdeauge-sensibles-sehorgan\/","title":{"rendered":"Pferdeauge: Sensibles Sehorgan"},"content":{"rendered":"<p class=\"ai-optimize-introduction ai-optimize-6\">Eine gute Sehf\u00e4higkeit ist f\u00fcr das Fluchttier Pferd von gro\u00dfer Bedeutung. Ver\u00e4nderungen am Pferdeauge sollten deshalb immer ernst genommen und tier\u00e4rztlich behandelt werden. Unsere Gesellschaftstier\u00e4rztin Dr. Saskia Walther gibt einen \u00dcberblick \u00fcber die h\u00e4ufigsten Erkrankungen des Auges.<\/p>\n<p><img decoding=\"async\" class=\"alignleft wp-image-12924 size-full\" src=\"https:\/\/uelzener.de\/magazin\/app\/uploads\/2021\/12\/Auge_Pferd_Anatomie.jpg\" alt=\"Infografik zum Pferdeauge\" width=\"595\" height=\"595\" srcset=\"https:\/\/uelzener.de\/magazin\/app\/uploads\/2021\/12\/Auge_Pferd_Anatomie.jpg 595w, https:\/\/uelzener.de\/magazin\/app\/uploads\/2021\/12\/Auge_Pferd_Anatomie-300x300.jpg 300w, https:\/\/uelzener.de\/magazin\/app\/uploads\/2021\/12\/Auge_Pferd_Anatomie-150x150.jpg 150w\" sizes=\"(max-width: 595px) 100vw, 595px\" \/><\/p>\n<p class=\"ai-optimize-7\">Das Auge des Pferdes weist im Vergleich zum menschlichen Sehzentrum einige Besonderheiten auf. Es ist an die Lebensweise als grasendes und fl\u00fcchtendes Tier angepasst. Durch die seitliche Ausrichtung am Kopf verf\u00fcgt das Pferd \u00fcber ein panoramisches Sehverm\u00f6gen. Das binokulare Gesichtsfeld betr\u00e4gt zwar nur etwa 65 Grad, kann aber durch Seitw\u00e4rtsdrehung des Kopfes ausgeglichen werden.<\/p>\n<p class=\"ai-optimize-8\">Die Ursachen und der Umfang von Augenverletzungen beim Pferd k\u00f6nnen sehr unterschiedlich sein. Sie reichen von leichten Sch\u00fcrfverletzungen um das Auge herum \u00fcber Rissverletzungen an den Augenlidern bis hin zu komplizierten Br\u00fcchen der kn\u00f6chernen Umrandung des Auges. Die Perforation der Hornhaut sowie das Auslaufen des Auges sind weitere Krankheitserscheinungen. Verletzungen des Pferdeauges sorgen oft f\u00fcr gro\u00dfes Erschrecken beim Pferdehalter und sollten immer ernst genommen werden.<\/p>\n<p>&nbsp;<\/p>\n<h3 class=\"ai-optimize-9\">Bindehautentz\u00fcndungen<\/h3>\n<p class=\"ai-optimize-10\">Eine der am h\u00e4ufigsten vorkommenden Erkrankungen des Auges ist die Bindehautentz\u00fcndung. Die Bindeh\u00e4ute bilden die innere Auskleidung der Augenlider und sind eigentlich blassrosa. Liegt eine Bindehautentz\u00fcndung vor, sind die H\u00e4ute ger\u00f6tet und die Augen weisen einen deutlichen Tr\u00e4nenfluss auf. Es gibt auch eine eitrige Form. Ursache k\u00f6nnen lokale Reizungen durch <a href=\"https:\/\/uelzener.de\/magazin\/pferd\/tiergesundheit\/sommerekzem-pferd\/\">Insekten<\/a>, <a href=\"https:\/\/uelzener.de\/magazin\/pferd\/tiergesundheit\/heubedampfer\/\">Staub<\/a> oder Schadgase sein. Sind nur die Bindeh\u00e4ute betroffen, kann eine antibiotika- oder kortisonhaltige Salbe schnell Linderung verschaffen. Bindehautentz\u00fcndungen k\u00f6nnen aber auch in Verbindung mit anderen Erkrankungen des Auges auftreten.<\/p>\n<h3 class=\"ai-optimize-11\">Defekte der Hornhaut<\/h3>\n<p class=\"ai-optimize-12\">Verletzungen der Hornhaut k\u00f6nnen leicht durch einen Fremdk\u00f6rper im Auge auftreten. Die Hornhaut ist im Normalfall glasklar und nur circa 0,4 Millimeter dick. Verletzungen der Hornhaut k\u00f6nnen mitunter mit dem blo\u00dfen Auge sichtbar sein, m\u00fcssen ansonsten aber mit dem Fluorescintest angef\u00e4rbt werden. Dabei wird ein gelber Farbstoff in das Auge getr\u00e4ufelt, der auf einer intakten Hornhaut von der Tr\u00e4nenfl\u00fcssigkeit weggesp\u00fclt wird. Liegt ein Defekt vor, bleibt die Farbe h\u00e4ngen. Bei umfangreichen Verletzungen kann die Hornhaut perforiert werden und das Auge kann auslaufen.<\/p>\n<p class=\"ai-optimize-13\">Ganz wichtig beim Hornhautdefekt: Das Auge muss mit einer antibiotikahaltigen Salbe behandelt werden \u2013 auf keinen Fall mit Kortisonsalbe.<\/p>\n<h3 class=\"ai-optimize-14\">Idiopathische Keratokonjunktivitis<\/h3>\n<p class=\"ai-optimize-15\">Pferde k\u00f6nnen auch an einer sogenannten immunvermittelten <a href=\"https:\/\/uelzener.de\/magazin\/pferd\/haeufige-fragen\/liste-haeufigste-pferdekrankheiten-operationen\/\">Erkrankung<\/a> der Hornhaut und der Bindehaut leiden. Dabei sind Bindeh\u00e4ute und Hornhaut stark entz\u00fcndet. Anzeichen sind ger\u00f6\u00adtete Bindeh\u00e4ute und eine Einsprossung von Blutgef\u00e4\u00dfen in die Hornhaut. Letztere ist eigentlich frei von Blutgef\u00e4\u00dfen. Die Ursache f\u00fcr die Beschwerden ist medizinisch noch unklar, deswegen der Namenszusatz idiopathisch. Es wird vermutet, dass <a href=\"https:\/\/uelzener.de\/magazin\/pferd\/tiergesundheit\/herpes-pferd\/\">Herpes<\/a>viren eine Rolle spielen. In diesem Fall werden \u00fcber einen langen Zeitraum auch kortisonhaltige Salben gegen die hartn\u00e4ckige Erkrankung eingesetzt. Schl\u00e4gt das Salben der Augen nicht an, muss das Pferd operiert werden. Dabei wird die Hornhaut mit einer Gitterkeratektomie angeritzt. Mittlerweile wird auch eine moderne Therapie mit Lasern eingesetzt, die wesentlich schonender f\u00fcr das Auge ist.<\/p>\n<h3 class=\"ai-optimize-16\">Gr\u00fcner Star<\/h3>\n<p class=\"ai-optimize-17\">Beim Gr\u00fcnen Star, auch Glaukom genannt, ist der Augeninnendruck erh\u00f6ht. Diese Problematik ist beim Pferd h\u00e4ufig Folge einer anderen Grunderkrankung, wie zum Beispiel der periodischen Augenentz\u00fcndung.<\/p>\n<h3 class=\"ai-optimize-18\">Grauer Star<\/h3>\n<p class=\"ai-optimize-19\">Eine innere Augenentz\u00fcndung ist in vielen F\u00e4llen der Ausl\u00f6ser f\u00fcr den Grauen Star. Sie kann aber auch durch ein Trauma des Auges hervorgerufen werden. Der Graue Star wird auch als Katarakt-Linsentr\u00fcbung bezeichnet.<\/p>\n<h3 class=\"ai-optimize-20\">Periodische Augenentz\u00fcndung<\/h3>\n<p class=\"ai-optimize-21\">Die equine rezidivierende Uveitis (ERU) wurde fr\u00fcher auch als Mondblindheit bezeichnet und hei\u00dft heute im Volksmund periodische Augenentz\u00fcndung. Sie ist das Schreckgespenst unter den Augenerkrankungen.<\/p>\n<p class=\"ai-optimize-22\">Die Uveitis ist eine Entz\u00fcndung des inneren Auges. Sie wird entweder durch eine \u00e4u\u00dfere Verletzung des Auges oder durch eine Leptospiren-Infektion ausgel\u00f6st. Durch eine gezielte Behandlung mit Salben klingt sie wieder ab.<\/p>\n<p class=\"ai-optimize-23\">Bei der ERU handelt es sich um wiederkehrende Entz\u00fcndungssch\u00fcbe. Liegt eine wiederkehrende Entz\u00fcndung vor, ist sie in der Regel durch spiralf\u00f6rmige Bakterien, sogenannte Leptospiren, verursacht. Die Bakterien befinden sich im Glask\u00f6rper des Auges. Wie sie dorthin gelangen, wann sich das Pferd infiziert und wie es diese aufnimmt, ist bisher noch nicht komplett erforscht. Die Bakterien verursachen wiederkehrend auftretende Entz\u00fcndungen des inneren Auges und k\u00f6nnen das Auge bis zur Verkleinerung und Erblindung sch\u00e4digen. F\u00fcr Pferde ist diese Erkrankung sehr schmerzhaft. Leiden die Tiere an einem akuten Schub, kneifen sie das Auge zu, haben Tr\u00e4nenfluss, die Bindeh\u00e4ute sind ger\u00f6tet und die Pupille ist eng gestellt. Der Augenhintergrund kann gr\u00fcnlich schimmern. Mitunter ist der Schmerz so stark, dass die Pferde das <a href=\"https:\/\/uelzener.de\/magazin\/pferd\/ernaehrung\/was-fressen-pferde\/\">Fressen<\/a> einstellen.<\/p>\n<p class=\"ai-optimize-24\">Ein akuter Schub wird mit Schmerzmitteln und Augensalben (Kortison und Atropin) behandelt. Ist er abgeklungen, h\u00e4ngt es von dessen Schwere ab, ob und wie sehr das Auge gesch\u00e4digt ist. In manchen F\u00e4llen sind die Zeichen der Entz\u00fcndung so minimal, dass nur ein erfahrener Augenspezialist sie erkennen kann. In schwerwiegenden F\u00e4llen kommt es zu Verklebungen der Iris mit der Vorderfl\u00e4che der Linse. Als Folge kann auch ein Gr\u00fcner oder Grauer Star auftreten. Nach Abheilung und Abklingen des Schubes l\u00e4sst sich nicht voraussagen, wann der n\u00e4chste Entz\u00fcndungsschub kommt. Es gibt auch atypische Formen, die ohne jegliche Symptomatik ablaufen und erst dann auffallen, wenn das Pferd blind ist. Die periodische Augenentz\u00fcndung kann sogar eine Abl\u00f6sung der Netzhaut bewirken.<\/p>\n<p class=\"ai-optimize-25\">Treten die Sch\u00fcbe an einem Auge auf, besteht ein 75-prozentiges Risiko, dass das andere Auge ebenfalls infiziert ist und erkrankt. Gl\u00fccklicherweise kann diese Erkrankung durch die sogenannte Vitrektomie gut therapiert werden. Bei dieser Operation am Auge, die in Vollnarkose durchgef\u00fchrt wird, erfolgt ein Austausch des Glask\u00f6rpers mit einer Ersatzfl\u00fcssigkeit. Nach der Operation sind die Pferde zu 95 Prozent schubfrei.<\/p>\n<p class=\"ai-optimize-26\">Eine Besonderheit besteht beim Appaloosa und beim Paint Horse. Bei diesen Pferderassen ist die Vitrektomie nicht wirksam. Ihnen hilft nur ein Implantat, das ein Medikament zur Immunsuppression absondert.<\/p>\n<p class=\"ai-optimize-28\">\n<div class=\"related_articles boxed\">\n    <h2>Mehr zum Thema<\/h2>\n    \n    <div class=\"wrapper\"><div class=\"title align-center\"><h3><a href=\"https:\/\/uelzener.de\/magazin\/pferd\/tiergesundheit\/mondblindheit\/\">Mondblindheit: Symptome, Behandlung und Ansteckungsgefahr<\/a><\/h3><\/div><div class=\"img align-center\"><img decoding=\"async\" width=\"315\" height=\"180\" src=\"https:\/\/uelzener.de\/magazin\/app\/uploads\/2024\/01\/pferd-mondblindheit-315x180.jpg\" class=\"attachment-315x180 size-315x180 wp-post-image\" alt=\"Blindes Pferd.\" \/><\/div><\/div><div class=\"wrapper\"><div class=\"title align-center\"><h3><a href=\"https:\/\/uelzener.de\/magazin\/pferd\/tiergesundheit\/augenoperation-beim-pferd-vitrektomie\/\">Augenoperation beim Pferd: Wann eine Vitrektomie sinnvoll ist<\/a><\/h3><\/div><div class=\"img align-center\"><img decoding=\"async\" width=\"315\" height=\"180\" src=\"https:\/\/uelzener.de\/magazin\/app\/uploads\/2025\/07\/vitrektomie-pferd-315x180.jpg\" class=\"attachment-315x180 size-315x180 wp-post-image\" alt=\"Pferd wird am Auge operiert.\" \/><\/div><\/div><div class=\"wrapper\"><div class=\"title align-center\"><h3><a href=\"https:\/\/uelzener.de\/magazin\/pferd\/haeufige-fragen\/liste-haeufigste-pferdekrankheiten-operationen\/\">Liste der h\u00e4ufigsten Pferdekrankheiten und Operationen<\/a><\/h3><\/div><div class=\"img align-center\"><img decoding=\"async\" width=\"315\" height=\"180\" src=\"https:\/\/uelzener.de\/magazin\/app\/uploads\/2023\/01\/haeufige-pferdekrankheiten-operationen-315x180.jpg\" class=\"attachment-315x180 size-315x180 wp-post-image\" alt=\"\u00c4rztin untersucht Pferd auf Krankheiten. Wird eine OP notwendig sein?\" \/><\/div><\/div><\/div>\n<\/p>\n<p class=\"ai-optimize-27\">Hat das Auge mehrere schwere Sch\u00fcbe erlitten, ist es bei einigen Pferden nicht mehr zu retten. Liegt ein so dramatischer Zustand vor, wird das Auge meist vollst\u00e4ndig entfernt. Dadurch k\u00f6nnen weitere schmerzhafte Sch\u00fcbe f\u00fcr das Pferd verhindert werden.<\/p>\n","protected":false},"excerpt":{"rendered":"<p>Eine gute Sehf\u00e4higkeit ist f\u00fcr das Fluchttier Pferd von gro\u00dfer Bedeutung. Ver\u00e4nderungen am Pferdeauge sollten deshalb immer ernst genommen und tier\u00e4rztlich behandelt werden. Unsere Gesellschaftstier\u00e4rztin Dr. Saskia Walther gibt einen \u00dcberblick \u00fcber die h\u00e4ufigsten Erkrankungen des Auges. Das Auge des Pferdes weist im Vergleich zum menschlichen Sehzentrum einige Besonderheiten auf. Es ist an die Lebensweise [&hellip;]<\/p>\n","protected":false},"author":11,"featured_media":12926,"parent":11706,"menu_order":67,"comment_status":"closed","ping_status":"closed","template":"templates\/blog.php","meta":{"_acf_changed":false,"_crdt_document":"","footnotes":"","beyondwords_generate_audio":"0","beyondwords_project_id":"","beyondwords_content_id":"","beyondwords_preview_token":"","beyondwords_player_style":"","beyondwords_language_id":"","beyondwords_title_voice_id":"","beyondwords_body_voice_id":"","beyondwords_summary_voice_id":"","beyondwords_error_message":"","beyondwords_disabled":"","beyondwords_delete_content":"","beyondwords_podcast_id":"","beyondwords_hash":"","publish_post_to_speechkit":"","speechkit_hash":"","speechkit_generate_audio":"","speechkit_project_id":"","speechkit_podcast_id":"","speechkit_error_message":"","speechkit_disabled":"","speechkit_access_key":"","speechkit_error":"","speechkit_info":"","speechkit_response":"","speechkit_retries":"","speechkit_status":"","speechkit_updated_at":"","_speechkit_link":"","_speechkit_text":""},"class_list":["post-12920","page","type-page","status-publish","has-post-thumbnail","hentry"],"acf":[],"yoast_head":"<!-- This site is optimized with the Yoast SEO Premium plugin  - https:\/\/yoast.com\/product\/yoast-seo-premium-wordpress\/ -->\n<title>Pferdeauge: Sensibles Sehorgan | Uelzener<\/title>\n<meta name=\"description\" content=\"Unsere Gesellschaftstier\u00e4rztin Dr. Saskia Walther gibt einen \u00dcberblick \u00fcber die h\u00e4ufigsten Erkrankungen des Pferdeauges.\" \/>\n<meta name=\"robots\" content=\"index, follow, max-snippet:-1, max-image-preview:large, max-video-preview:-1\" \/>\n<link rel=\"canonical\" href=\"https:\/\/uelzener.de\/magazin\/pferd\/tiergesundheit\/pferdeauge-sensibles-sehorgan\/\" \/>\n<meta property=\"og:locale\" content=\"de_DE\" \/>\n<meta property=\"og:type\" content=\"article\" \/>\n<meta property=\"og:title\" content=\"Pferdeauge: Sensibles Sehorgan\" \/>\n<meta property=\"og:description\" content=\"Unsere Gesellschaftstier\u00e4rztin Dr. Saskia Walther gibt einen \u00dcberblick \u00fcber die h\u00e4ufigsten Erkrankungen des Pferdeauges.\" \/>\n<meta property=\"og:url\" content=\"https:\/\/uelzener.de\/magazin\/pferd\/tiergesundheit\/pferdeauge-sensibles-sehorgan\/\" \/>\n<meta property=\"og:site_name\" content=\"Uelzener Tier-Magazin\" \/>\n<meta property=\"article:publisher\" content=\"https:\/\/www.facebook.com\/Uelzener\" \/>\n<meta property=\"article:modified_time\" content=\"2025-07-07T09:53:04+00:00\" \/>\n<meta property=\"og:image\" content=\"https:\/\/uelzener.de\/magazin\/app\/uploads\/2021\/12\/Pferd_sensibles_Sehorgan.jpg\" \/>\n\t<meta property=\"og:image:width\" content=\"1024\" \/>\n\t<meta property=\"og:image:height\" content=\"450\" \/>\n\t<meta property=\"og:image:type\" content=\"image\/jpeg\" \/>\n<meta name=\"twitter:card\" content=\"summary_large_image\" \/>\n<meta name=\"twitter:label1\" content=\"Gesch\u00e4tzte Lesezeit\" \/>\n\t<meta name=\"twitter:data1\" content=\"6\u00a0Minuten\" \/>\n<script type=\"application\/ld+json\" class=\"yoast-schema-graph\">{\"@context\":\"https:\/\/schema.org\",\"@graph\":[{\"@type\":\"WebPage\",\"@id\":\"https:\/\/uelzener.de\/magazin\/pferd\/tiergesundheit\/pferdeauge-sensibles-sehorgan\/\",\"url\":\"https:\/\/uelzener.de\/magazin\/pferd\/tiergesundheit\/pferdeauge-sensibles-sehorgan\/\",\"name\":\"Pferdeauge: Sensibles Sehorgan | Uelzener\",\"isPartOf\":{\"@id\":\"https:\/\/uelzener.de\/magazin\/#website\"},\"primaryImageOfPage\":{\"@id\":\"https:\/\/uelzener.de\/magazin\/pferd\/tiergesundheit\/pferdeauge-sensibles-sehorgan\/#primaryimage\"},\"image\":{\"@id\":\"https:\/\/uelzener.de\/magazin\/pferd\/tiergesundheit\/pferdeauge-sensibles-sehorgan\/#primaryimage\"},\"thumbnailUrl\":\"https:\/\/uelzener.de\/magazin\/app\/uploads\/2021\/12\/Pferd_sensibles_Sehorgan.jpg\",\"datePublished\":\"2021-12-02T10:53:36+00:00\",\"dateModified\":\"2025-07-07T09:53:04+00:00\",\"description\":\"Unsere Gesellschaftstier\u00e4rztin Dr. Saskia Walther gibt einen \u00dcberblick \u00fcber die h\u00e4ufigsten Erkrankungen des Pferdeauges.\",\"breadcrumb\":{\"@id\":\"https:\/\/uelzener.de\/magazin\/pferd\/tiergesundheit\/pferdeauge-sensibles-sehorgan\/#breadcrumb\"},\"inLanguage\":\"de\",\"potentialAction\":[{\"@type\":\"ReadAction\",\"target\":[\"https:\/\/uelzener.de\/magazin\/pferd\/tiergesundheit\/pferdeauge-sensibles-sehorgan\/\"]}]},{\"@type\":\"ImageObject\",\"inLanguage\":\"de\",\"@id\":\"https:\/\/uelzener.de\/magazin\/pferd\/tiergesundheit\/pferdeauge-sensibles-sehorgan\/#primaryimage\",\"url\":\"https:\/\/uelzener.de\/magazin\/app\/uploads\/2021\/12\/Pferd_sensibles_Sehorgan.jpg\",\"contentUrl\":\"https:\/\/uelzener.de\/magazin\/app\/uploads\/2021\/12\/Pferd_sensibles_Sehorgan.jpg\",\"width\":1024,\"height\":450,\"caption\":\"Tier\u00e4rztin kotrolliert bei braunem Pferd das Auto\"},{\"@type\":\"WebSite\",\"@id\":\"https:\/\/uelzener.de\/magazin\/#website\",\"url\":\"https:\/\/uelzener.de\/magazin\/\",\"name\":\"Uelzener Tiermagazin\",\"description\":\"Online Tierratgeber der Uelzener Versicherungen\",\"publisher\":{\"@id\":\"https:\/\/uelzener.de\/magazin\/#organization\"},\"potentialAction\":[{\"@type\":\"SearchAction\",\"target\":{\"@type\":\"EntryPoint\",\"urlTemplate\":\"https:\/\/uelzener.de\/magazin\/?s={search_term_string}\"},\"query-input\":{\"@type\":\"PropertyValueSpecification\",\"valueRequired\":true,\"valueName\":\"search_term_string\"}}],\"inLanguage\":\"de\"},{\"@type\":\"Organization\",\"@id\":\"https:\/\/uelzener.de\/magazin\/#organization\",\"name\":\"Uelzener Versicherungen\",\"url\":\"https:\/\/uelzener.de\/magazin\/\",\"logo\":{\"@type\":\"ImageObject\",\"inLanguage\":\"de\",\"@id\":\"https:\/\/uelzener.de\/magazin\/#\/schema\/logo\/image\/\",\"url\":\"https:\/\/uelzener.de\/magazin\/app\/uploads\/2024\/11\/uelzener_allgemeine_versicherungsgesellschaft_a_g_logo.jpg\",\"contentUrl\":\"https:\/\/uelzener.de\/magazin\/app\/uploads\/2024\/11\/uelzener_allgemeine_versicherungsgesellschaft_a_g_logo.jpg\",\"width\":200,\"height\":200,\"caption\":\"Uelzener Versicherungen\"},\"image\":{\"@id\":\"https:\/\/uelzener.de\/magazin\/#\/schema\/logo\/image\/\"},\"sameAs\":[\"https:\/\/www.facebook.com\/Uelzener\",\"https:\/\/instagram.com\/uelzener\",\"https:\/\/www.xing.com\/pages\/uelzenerallgemeineversicherungs-gesellschafta-g\",\"https:\/\/www.youtube.com\/UelzenerVersicherungen\"]}]}<\/script>\n<!-- \/ Yoast SEO Premium plugin. -->","yoast_head_json":{"title":"Pferdeauge: Sensibles Sehorgan | Uelzener","description":"Unsere Gesellschaftstier\u00e4rztin Dr. Saskia Walther gibt einen \u00dcberblick \u00fcber die h\u00e4ufigsten Erkrankungen des Pferdeauges.","robots":{"index":"index","follow":"follow","max-snippet":"max-snippet:-1","max-image-preview":"max-image-preview:large","max-video-preview":"max-video-preview:-1"},"canonical":"https:\/\/uelzener.de\/magazin\/pferd\/tiergesundheit\/pferdeauge-sensibles-sehorgan\/","og_locale":"de_DE","og_type":"article","og_title":"Pferdeauge: Sensibles Sehorgan","og_description":"Unsere Gesellschaftstier\u00e4rztin Dr. Saskia Walther gibt einen \u00dcberblick \u00fcber die h\u00e4ufigsten Erkrankungen des Pferdeauges.","og_url":"https:\/\/uelzener.de\/magazin\/pferd\/tiergesundheit\/pferdeauge-sensibles-sehorgan\/","og_site_name":"Uelzener Tier-Magazin","article_publisher":"https:\/\/www.facebook.com\/Uelzener","article_modified_time":"2025-07-07T09:53:04+00:00","og_image":[{"width":1024,"height":450,"url":"https:\/\/uelzener.de\/magazin\/app\/uploads\/2021\/12\/Pferd_sensibles_Sehorgan.jpg","type":"image\/jpeg"}],"twitter_card":"summary_large_image","twitter_misc":{"Gesch\u00e4tzte Lesezeit":"6\u00a0Minuten"},"schema":{"@context":"https:\/\/schema.org","@graph":[{"@type":"WebPage","@id":"https:\/\/uelzener.de\/magazin\/pferd\/tiergesundheit\/pferdeauge-sensibles-sehorgan\/","url":"https:\/\/uelzener.de\/magazin\/pferd\/tiergesundheit\/pferdeauge-sensibles-sehorgan\/","name":"Pferdeauge: Sensibles Sehorgan | Uelzener","isPartOf":{"@id":"https:\/\/uelzener.de\/magazin\/#website"},"primaryImageOfPage":{"@id":"https:\/\/uelzener.de\/magazin\/pferd\/tiergesundheit\/pferdeauge-sensibles-sehorgan\/#primaryimage"},"image":{"@id":"https:\/\/uelzener.de\/magazin\/pferd\/tiergesundheit\/pferdeauge-sensibles-sehorgan\/#primaryimage"},"thumbnailUrl":"https:\/\/uelzener.de\/magazin\/app\/uploads\/2021\/12\/Pferd_sensibles_Sehorgan.jpg","datePublished":"2021-12-02T10:53:36+00:00","dateModified":"2025-07-07T09:53:04+00:00","description":"Unsere Gesellschaftstier\u00e4rztin Dr. Saskia Walther gibt einen \u00dcberblick \u00fcber die h\u00e4ufigsten Erkrankungen des Pferdeauges.","breadcrumb":{"@id":"https:\/\/uelzener.de\/magazin\/pferd\/tiergesundheit\/pferdeauge-sensibles-sehorgan\/#breadcrumb"},"inLanguage":"de","potentialAction":[{"@type":"ReadAction","target":["https:\/\/uelzener.de\/magazin\/pferd\/tiergesundheit\/pferdeauge-sensibles-sehorgan\/"]}]},{"@type":"ImageObject","inLanguage":"de","@id":"https:\/\/uelzener.de\/magazin\/pferd\/tiergesundheit\/pferdeauge-sensibles-sehorgan\/#primaryimage","url":"https:\/\/uelzener.de\/magazin\/app\/uploads\/2021\/12\/Pferd_sensibles_Sehorgan.jpg","contentUrl":"https:\/\/uelzener.de\/magazin\/app\/uploads\/2021\/12\/Pferd_sensibles_Sehorgan.jpg","width":1024,"height":450,"caption":"Tier\u00e4rztin kotrolliert bei braunem Pferd das Auto"},{"@type":"WebSite","@id":"https:\/\/uelzener.de\/magazin\/#website","url":"https:\/\/uelzener.de\/magazin\/","name":"Uelzener Tiermagazin","description":"Online Tierratgeber der Uelzener Versicherungen","publisher":{"@id":"https:\/\/uelzener.de\/magazin\/#organization"},"potentialAction":[{"@type":"SearchAction","target":{"@type":"EntryPoint","urlTemplate":"https:\/\/uelzener.de\/magazin\/?s={search_term_string}"},"query-input":{"@type":"PropertyValueSpecification","valueRequired":true,"valueName":"search_term_string"}}],"inLanguage":"de"},{"@type":"Organization","@id":"https:\/\/uelzener.de\/magazin\/#organization","name":"Uelzener Versicherungen","url":"https:\/\/uelzener.de\/magazin\/","logo":{"@type":"ImageObject","inLanguage":"de","@id":"https:\/\/uelzener.de\/magazin\/#\/schema\/logo\/image\/","url":"https:\/\/uelzener.de\/magazin\/app\/uploads\/2024\/11\/uelzener_allgemeine_versicherungsgesellschaft_a_g_logo.jpg","contentUrl":"https:\/\/uelzener.de\/magazin\/app\/uploads\/2024\/11\/uelzener_allgemeine_versicherungsgesellschaft_a_g_logo.jpg","width":200,"height":200,"caption":"Uelzener Versicherungen"},"image":{"@id":"https:\/\/uelzener.de\/magazin\/#\/schema\/logo\/image\/"},"sameAs":["https:\/\/www.facebook.com\/Uelzener","https:\/\/instagram.com\/uelzener","https:\/\/www.xing.com\/pages\/uelzenerallgemeineversicherungs-gesellschafta-g","https:\/\/www.youtube.com\/UelzenerVersicherungen"]}]}},"_links":{"self":[{"href":"https:\/\/uelzener.de\/magazin\/wp-json\/wp\/v2\/pages\/12920","targetHints":{"allow":["GET"]}}],"collection":[{"href":"https:\/\/uelzener.de\/magazin\/wp-json\/wp\/v2\/pages"}],"about":[{"href":"https:\/\/uelzener.de\/magazin\/wp-json\/wp\/v2\/types\/page"}],"author":[{"embeddable":true,"href":"https:\/\/uelzener.de\/magazin\/wp-json\/wp\/v2\/users\/11"}],"replies":[{"embeddable":true,"href":"https:\/\/uelzener.de\/magazin\/wp-json\/wp\/v2\/comments?post=12920"}],"version-history":[{"count":15,"href":"https:\/\/uelzener.de\/magazin\/wp-json\/wp\/v2\/pages\/12920\/revisions"}],"predecessor-version":[{"id":18639,"href":"https:\/\/uelzener.de\/magazin\/wp-json\/wp\/v2\/pages\/12920\/revisions\/18639"}],"up":[{"embeddable":true,"href":"https:\/\/uelzener.de\/magazin\/wp-json\/wp\/v2\/pages\/11706"}],"wp:featuredmedia":[{"embeddable":true,"href":"https:\/\/uelzener.de\/magazin\/wp-json\/wp\/v2\/media\/12926"}],"wp:attachment":[{"href":"https:\/\/uelzener.de\/magazin\/wp-json\/wp\/v2\/media?parent=12920"}],"curies":[{"name":"wp","href":"https:\/\/api.w.org\/{rel}","templated":true}]}}