{"id":12847,"date":"2021-10-29T11:57:48","date_gmt":"2021-10-29T09:57:48","guid":{"rendered":"https:\/\/uelzener.de\/magazin\/?page_id=12847"},"modified":"2022-04-26T09:56:55","modified_gmt":"2022-04-26T07:56:55","slug":"die-stallapotheke","status":"publish","type":"page","link":"https:\/\/uelzener.de\/magazin\/pferd\/tiergesundheit\/die-stallapotheke\/","title":{"rendered":"Die Stallapotheke"},"content":{"rendered":"<p>Kleine Schrammen, Wunden und andere harmlose Verletzungen k\u00f6nnen zum Teil selbst versorgt werden. Eine Stallapotheke ist daf\u00fcr unerl\u00e4sslich. Wir kl\u00e4ren auf, welche Bestandteile in der Erste-Hilfe-Box wirklich wichtig sind und worauf Pferdehalter:innen achten sollten. Bevor es jedoch um Medikamente und Verbandmaterial geht, kommt es auch auf den Standort an. Die Stallapotheke sollte k\u00fchl, dunkel, trocken und gut verschlossen gelagert werden. Oft sind auch angebrochene Medikamente von vorangegangenen Behandlungen \u00fcbrig. Offene Augensalben sind beispielsweise nicht lagerf\u00e4hig und sollten nicht bei verschiedenen Pferden angewendet werden. Bei Unsicherheiten bez\u00fcglich der Haltbarkeit helfen auch Tier\u00e4rzt:innen weiter. Halter:innen von Turnierpferden sollten bei den Medikamenten auch an die Karenzzeit denken.\u00a0 Und Achtung: Bestehen bei einer Verletzung Zweifel oder handelt es sich um eine gro\u00dfe, stark blutende Wunde, sollte sofort der Tierarzt oder die Tier\u00e4rztin gerufen werden. Die entstehenden Tierarztkosten werden von der <a href=\"https:\/\/uelzener.de\/pferd\/pferde-krankenversicherung\/\">Pferde-Krankenversicherung<\/a> \u00fcbernommen.<\/p>\n<p>&nbsp;<\/p>\n<p><strong>Weitere n\u00fctzliche Hilfsmittel <\/strong><\/p>\n<p><strong>Einweghandschuhe:<\/strong> Zum Reinigen von akuten offenen Wunden, um die Infektionsgefahr der Verletzung zu reduzieren.<\/p>\n<p><strong>Schere: <\/strong>Eine handels\u00fcbliche Schere ist ein Muss in der Stallapotheke: Abschneiden von Verb\u00e4nden, \u00d6ffnen von Verpackungen, K\u00fcrzen von Gewebeklebeb\u00e4ndern sind nur einige Beispiele.<\/p>\n<p><strong>Pinzette\/Zeckenzange: <\/strong>Beides ist unerl\u00e4sslich, um Fremdk\u00f6rper und Zecken zu entfernen. \u00dcbrigens: Zecken zieht man gerade heraus und fasst sie m\u00f6glichst direkt am Mund-werkzeug an.<\/p>\n<p><strong>Fieberthermometer:<\/strong> Am besten ist am Ende des Fieberthermometers ein B\u00e4ndchen befestigt, um es bei der Anwendung besser fixieren zu k\u00f6nnen.<\/p>\n<p><strong>K\u00fchlpacks: <\/strong>Gelk\u00fchlpacks m\u00fcssen im Gefrierschrank gelagert werden. Es gibt auch K\u00fchlpacks, welche durch eine chemische Reaktion den K\u00fchlvorgang starten. Diese sind nur einmal verwendbar, k\u00f6nnen aber in der Stallapotheke aufbewahrt werden. Achtung: Nie direkt auf die Pferdehaut auflegen, es droht Erfrierung.<\/p>\n<p><strong>Saubere Handt\u00fccher:<\/strong> Handt\u00fccher sind der Allrounder. Aber Achtung: Beim Reinigen einer offenen Wunde sollte auf Handt\u00fccher verzichtet und eine sterile Kompresse genutzt werden.<\/p>\n<p><strong>Taschenlampe:<\/strong> Es ist dunkel, die Verletzung ist am Bauch oder Innenschenkel \u2013 nur mit ausreichend Licht kann man erkennen, wie schwer die Verletzung ist. Pferdehalter:innen sollten regelm\u00e4\u00dfig die Funktion \u00fcberpr\u00fcfen. Batterien neigen zum Auslaufen.<\/p>\n<p><strong>Einwegrasierer:<\/strong> Mit einem Einwegrasierer k\u00f6nnen Haare an Wundr\u00e4ndern entfernt werden, um die Verletzung korrekt zu behandeln.<\/p>\n<p>&nbsp;<\/p>\n<p><strong>Medikamente<\/strong><\/p>\n<p><strong>Desinfektionsspray: <\/strong>Die Sprays sind notwendig zur Wunddesinfektion. Alkoholfreie Varianten verhindern Brennen. Auf f\u00e4rbende Desinfektionsmittel (Jodderivate) sollten Pferdehalter verzichten. Sie erschweren die Beurteilung der Wunde. Desinfektionst\u00fccher k\u00f6nnen hilfreich sein, um gezielt kleinere Areale zu reinigen.<\/p>\n<p><strong>Zinksalbe:<\/strong> Sie wird bei feuchten Wunden angewendet. Salben mit Zink f\u00f6rdern das Austrocknen der Wunde und unterst\u00fctzen die Heilung.<\/p>\n<p><strong>Panthenolsalbe:<\/strong> Panthenolsalbe kommt bei trockenen Wunden zum Einsatz. Sie verhindert schmerzhafte Risse bei der Wundheilung.<\/p>\n<p><strong>Aluspray:<\/strong> Es bildet einen luftdurch-l\u00e4ssigen Film auf offenen Wunden. Die Verletzung ist so vor Schmutz und Insekten gesch\u00fctzt. Achtung: Vor der Nutzung sollte die Wunde gereinigt und desinfiziert sein.<\/p>\n<p><strong>Mineralerde:<\/strong> Die fertig anger\u00fchrten bzw. die aus Wasser und Mineralerde erstellten Pasten helfen bei akuten Entz\u00fcndungen von Sehnen, Muskeln und Gelenken. Mineralerde\/Tonerde wirkt abschwellend und schmerzlindernd.<\/p>\n<p><strong>K\u00fchlgel:<\/strong> K\u00fchlgel hilft bei Muskel- und Gelenkbeschwerden, entspannt die Muskulatur und wirkt durchblutungs-f\u00f6rdernd. Vorsicht: K\u00fchlgel darf nie auf offene Wunden aufgetragen werden.<\/p>\n<p><strong>Magen-Darm-Pr\u00e4parate:<\/strong> \u00c4therische \u00d6le, meist aus K\u00fcmmel, Fenchel und Anis, helfen bei leichten Magen-beschwerden des Pferdes. Sie haben eine entkrampfende Wirkung auf den Magen- und Darm-Trakt.<\/p>\n<p>&nbsp;<\/p>\n<p><strong>Verbandsmaterial<\/strong><\/p>\n<p><strong>Kompressen:<\/strong> Eine Kompresse ist ein St\u00fcck Mull bzw. ein gefaltetes Tuch aus Vlies. Sie kann zur Reinigung von Wunden genutzt werden. Dazu muss sie steril verpackt sein. Unsterile Kompressen eignen sich zum Auftragen von Salben und bilden meist die erste Schicht eines Verbandes.<\/p>\n<p><strong>Wundauflagen:<\/strong> Wundauflagen m\u00fcssen steril verpackt sein und wirken wie ein gro\u00dfes Pflaster. Bei frischen Wunden dienen sie zur Wundabdeckung. Sie verhindern das Eindringen von Schmutz und nehmen Blut und Wundsekret auf.<\/p>\n<p><strong>Mullbinden:<\/strong> Mullbinden bestehen aus d\u00fcnnem Vliesstoff\/Gaze. Die d\u00fcnnen Verb\u00e4nde nutzt man, um Kompressen und Wundauflagen an der Verletzung zu fixieren.<\/p>\n<p><strong>Bandagierwatte: <\/strong>Es wird auch Mullwatte oder Verbandswatte genannt und dient zur Polsterung. Die Polsterung sollte faltenfrei angelegt werden und ist bei St\u00fctzverb\u00e4nden notwendig.<\/p>\n<p><strong>Bandagen:<\/strong> Sie fixieren den Verband und d\u00fcrfen nie direkt auf eine offene Wunde gelegt werden. Praktisch sind die selbsthaften-den Kreppvarianten.<\/p>\n<p><strong>Verbandsschere:<\/strong> Eine Verbandsschere ist gebogen und aus rostfreiem Metall. Sie ist n\u00f6tig, um Verb\u00e4nde wieder zu l\u00f6sen. Durch die Biegung wird dabei nur das Verbandmaterial durchtrennt und das Pferd bleibt unverletzt.<\/p>\n<p><strong>Gewebeklebeband:<\/strong> Das meist wasserabweisende Klebeband ist in verschiedenen Gr\u00f6\u00dfen erh\u00e4ltlich und kann zus\u00e4tzlich beim Fixieren der Verb\u00e4nde helfen.<\/p>\n","protected":false},"excerpt":{"rendered":"<p>Kleine Schrammen, Wunden und andere harmlose Verletzungen k\u00f6nnen zum Teil selbst versorgt werden. Eine Stallapotheke ist daf\u00fcr unerl\u00e4sslich. Wir kl\u00e4ren auf, welche Bestandteile in der Erste-Hilfe-Box wirklich wichtig sind und worauf Pferdehalter:innen achten sollten. Bevor es jedoch um Medikamente und Verbandmaterial geht, kommt es auch auf den Standort an. Die Stallapotheke sollte k\u00fchl, dunkel, trocken [&hellip;]<\/p>\n","protected":false},"author":3,"featured_media":12848,"parent":11706,"menu_order":58,"comment_status":"closed","ping_status":"closed","template":"templates\/blog.php","meta":{"_acf_changed":false,"_crdt_document":"","footnotes":"","beyondwords_generate_audio":"","beyondwords_project_id":"","beyondwords_content_id":"","beyondwords_preview_token":"","beyondwords_player_style":"","beyondwords_language_id":"","beyondwords_title_voice_id":"","beyondwords_body_voice_id":"","beyondwords_summary_voice_id":"","beyondwords_error_message":"","beyondwords_disabled":"","beyondwords_delete_content":"","beyondwords_podcast_id":"","beyondwords_hash":"","publish_post_to_speechkit":"","speechkit_hash":"","speechkit_generate_audio":"","speechkit_project_id":"","speechkit_podcast_id":"","speechkit_error_message":"","speechkit_disabled":"","speechkit_access_key":"","speechkit_error":"","speechkit_info":"","speechkit_response":"","speechkit_retries":"","speechkit_status":"","speechkit_updated_at":"","_speechkit_link":"","_speechkit_text":""},"class_list":["post-12847","page","type-page","status-publish","has-post-thumbnail","hentry"],"acf":[],"yoast_head":"<!-- This site is optimized with the Yoast SEO Premium plugin  - https:\/\/yoast.com\/product\/yoast-seo-premium-wordpress\/ -->\n<title>Die Stallapotheke | Uelzener<\/title>\n<meta name=\"description\" content=\"Einige Verletzungen kann man selbst versorgen. Was darf in der Stallapotheke nicht fehlen? \u2713 Hilfsmittel \u2713 Medikamente \u2713 Verbandsmaterial\" \/>\n<meta name=\"robots\" content=\"index, follow, max-snippet:-1, max-image-preview:large, max-video-preview:-1\" \/>\n<link rel=\"canonical\" href=\"https:\/\/uelzener.de\/magazin\/pferd\/tiergesundheit\/die-stallapotheke\/\" \/>\n<meta property=\"og:locale\" content=\"de_DE\" \/>\n<meta property=\"og:type\" content=\"article\" \/>\n<meta property=\"og:title\" content=\"Die Stallapotheke\" \/>\n<meta property=\"og:description\" content=\"Einige Verletzungen kann man selbst versorgen. Was darf in der Stallapotheke nicht fehlen? \u2713 Hilfsmittel \u2713 Medikamente \u2713 Verbandsmaterial\" \/>\n<meta property=\"og:url\" content=\"https:\/\/uelzener.de\/magazin\/pferd\/tiergesundheit\/die-stallapotheke\/\" \/>\n<meta property=\"og:site_name\" content=\"Uelzener Tier-Magazin\" \/>\n<meta property=\"article:publisher\" content=\"https:\/\/www.facebook.com\/Uelzener\" \/>\n<meta property=\"article:modified_time\" content=\"2022-04-26T07:56:55+00:00\" \/>\n<meta property=\"og:image\" content=\"https:\/\/uelzener.de\/magazin\/app\/uploads\/2021\/10\/Stallapotheke-Pferd.jpg\" \/>\n\t<meta property=\"og:image:width\" content=\"1024\" \/>\n\t<meta property=\"og:image:height\" content=\"450\" \/>\n\t<meta property=\"og:image:type\" content=\"image\/jpeg\" \/>\n<meta name=\"twitter:card\" content=\"summary_large_image\" \/>\n<meta name=\"twitter:label1\" content=\"Gesch\u00e4tzte Lesezeit\" \/>\n\t<meta name=\"twitter:data1\" content=\"4\u00a0Minuten\" \/>\n<script type=\"application\/ld+json\" class=\"yoast-schema-graph\">{\"@context\":\"https:\/\/schema.org\",\"@graph\":[{\"@type\":\"WebPage\",\"@id\":\"https:\/\/uelzener.de\/magazin\/pferd\/tiergesundheit\/die-stallapotheke\/\",\"url\":\"https:\/\/uelzener.de\/magazin\/pferd\/tiergesundheit\/die-stallapotheke\/\",\"name\":\"Die Stallapotheke | Uelzener\",\"isPartOf\":{\"@id\":\"https:\/\/uelzener.de\/magazin\/#website\"},\"primaryImageOfPage\":{\"@id\":\"https:\/\/uelzener.de\/magazin\/pferd\/tiergesundheit\/die-stallapotheke\/#primaryimage\"},\"image\":{\"@id\":\"https:\/\/uelzener.de\/magazin\/pferd\/tiergesundheit\/die-stallapotheke\/#primaryimage\"},\"thumbnailUrl\":\"https:\/\/uelzener.de\/magazin\/app\/uploads\/2021\/10\/Stallapotheke-Pferd.jpg\",\"datePublished\":\"2021-10-29T09:57:48+00:00\",\"dateModified\":\"2022-04-26T07:56:55+00:00\",\"description\":\"Einige Verletzungen kann man selbst versorgen. Was darf in der Stallapotheke nicht fehlen? \u2713 Hilfsmittel \u2713 Medikamente \u2713 Verbandsmaterial\",\"breadcrumb\":{\"@id\":\"https:\/\/uelzener.de\/magazin\/pferd\/tiergesundheit\/die-stallapotheke\/#breadcrumb\"},\"inLanguage\":\"de\",\"potentialAction\":[{\"@type\":\"ReadAction\",\"target\":[\"https:\/\/uelzener.de\/magazin\/pferd\/tiergesundheit\/die-stallapotheke\/\"]}]},{\"@type\":\"ImageObject\",\"inLanguage\":\"de\",\"@id\":\"https:\/\/uelzener.de\/magazin\/pferd\/tiergesundheit\/die-stallapotheke\/#primaryimage\",\"url\":\"https:\/\/uelzener.de\/magazin\/app\/uploads\/2021\/10\/Stallapotheke-Pferd.jpg\",\"contentUrl\":\"https:\/\/uelzener.de\/magazin\/app\/uploads\/2021\/10\/Stallapotheke-Pferd.jpg\",\"width\":1024,\"height\":450,\"caption\":\"Tier\u00e4rztin gibt Pferd Augentropfen\"},{\"@type\":\"WebSite\",\"@id\":\"https:\/\/uelzener.de\/magazin\/#website\",\"url\":\"https:\/\/uelzener.de\/magazin\/\",\"name\":\"Uelzener Tiermagazin\",\"description\":\"Online Tierratgeber der Uelzener Versicherungen\",\"publisher\":{\"@id\":\"https:\/\/uelzener.de\/magazin\/#organization\"},\"potentialAction\":[{\"@type\":\"SearchAction\",\"target\":{\"@type\":\"EntryPoint\",\"urlTemplate\":\"https:\/\/uelzener.de\/magazin\/?s={search_term_string}\"},\"query-input\":{\"@type\":\"PropertyValueSpecification\",\"valueRequired\":true,\"valueName\":\"search_term_string\"}}],\"inLanguage\":\"de\"},{\"@type\":\"Organization\",\"@id\":\"https:\/\/uelzener.de\/magazin\/#organization\",\"name\":\"Uelzener Versicherungen\",\"url\":\"https:\/\/uelzener.de\/magazin\/\",\"logo\":{\"@type\":\"ImageObject\",\"inLanguage\":\"de\",\"@id\":\"https:\/\/uelzener.de\/magazin\/#\/schema\/logo\/image\/\",\"url\":\"https:\/\/uelzener.de\/magazin\/app\/uploads\/2024\/11\/uelzener_allgemeine_versicherungsgesellschaft_a_g_logo.jpg\",\"contentUrl\":\"https:\/\/uelzener.de\/magazin\/app\/uploads\/2024\/11\/uelzener_allgemeine_versicherungsgesellschaft_a_g_logo.jpg\",\"width\":200,\"height\":200,\"caption\":\"Uelzener Versicherungen\"},\"image\":{\"@id\":\"https:\/\/uelzener.de\/magazin\/#\/schema\/logo\/image\/\"},\"sameAs\":[\"https:\/\/www.facebook.com\/Uelzener\",\"https:\/\/instagram.com\/uelzener\",\"https:\/\/www.xing.com\/pages\/uelzenerallgemeineversicherungs-gesellschafta-g\",\"https:\/\/www.youtube.com\/UelzenerVersicherungen\"]}]}<\/script>\n<!-- \/ Yoast SEO Premium plugin. -->","yoast_head_json":{"title":"Die Stallapotheke | Uelzener","description":"Einige Verletzungen kann man selbst versorgen. Was darf in der Stallapotheke nicht fehlen? \u2713 Hilfsmittel \u2713 Medikamente \u2713 Verbandsmaterial","robots":{"index":"index","follow":"follow","max-snippet":"max-snippet:-1","max-image-preview":"max-image-preview:large","max-video-preview":"max-video-preview:-1"},"canonical":"https:\/\/uelzener.de\/magazin\/pferd\/tiergesundheit\/die-stallapotheke\/","og_locale":"de_DE","og_type":"article","og_title":"Die Stallapotheke","og_description":"Einige Verletzungen kann man selbst versorgen. Was darf in der Stallapotheke nicht fehlen? \u2713 Hilfsmittel \u2713 Medikamente \u2713 Verbandsmaterial","og_url":"https:\/\/uelzener.de\/magazin\/pferd\/tiergesundheit\/die-stallapotheke\/","og_site_name":"Uelzener Tier-Magazin","article_publisher":"https:\/\/www.facebook.com\/Uelzener","article_modified_time":"2022-04-26T07:56:55+00:00","og_image":[{"width":1024,"height":450,"url":"https:\/\/uelzener.de\/magazin\/app\/uploads\/2021\/10\/Stallapotheke-Pferd.jpg","type":"image\/jpeg"}],"twitter_card":"summary_large_image","twitter_misc":{"Gesch\u00e4tzte Lesezeit":"4\u00a0Minuten"},"schema":{"@context":"https:\/\/schema.org","@graph":[{"@type":"WebPage","@id":"https:\/\/uelzener.de\/magazin\/pferd\/tiergesundheit\/die-stallapotheke\/","url":"https:\/\/uelzener.de\/magazin\/pferd\/tiergesundheit\/die-stallapotheke\/","name":"Die Stallapotheke | Uelzener","isPartOf":{"@id":"https:\/\/uelzener.de\/magazin\/#website"},"primaryImageOfPage":{"@id":"https:\/\/uelzener.de\/magazin\/pferd\/tiergesundheit\/die-stallapotheke\/#primaryimage"},"image":{"@id":"https:\/\/uelzener.de\/magazin\/pferd\/tiergesundheit\/die-stallapotheke\/#primaryimage"},"thumbnailUrl":"https:\/\/uelzener.de\/magazin\/app\/uploads\/2021\/10\/Stallapotheke-Pferd.jpg","datePublished":"2021-10-29T09:57:48+00:00","dateModified":"2022-04-26T07:56:55+00:00","description":"Einige Verletzungen kann man selbst versorgen. Was darf in der Stallapotheke nicht fehlen? \u2713 Hilfsmittel \u2713 Medikamente \u2713 Verbandsmaterial","breadcrumb":{"@id":"https:\/\/uelzener.de\/magazin\/pferd\/tiergesundheit\/die-stallapotheke\/#breadcrumb"},"inLanguage":"de","potentialAction":[{"@type":"ReadAction","target":["https:\/\/uelzener.de\/magazin\/pferd\/tiergesundheit\/die-stallapotheke\/"]}]},{"@type":"ImageObject","inLanguage":"de","@id":"https:\/\/uelzener.de\/magazin\/pferd\/tiergesundheit\/die-stallapotheke\/#primaryimage","url":"https:\/\/uelzener.de\/magazin\/app\/uploads\/2021\/10\/Stallapotheke-Pferd.jpg","contentUrl":"https:\/\/uelzener.de\/magazin\/app\/uploads\/2021\/10\/Stallapotheke-Pferd.jpg","width":1024,"height":450,"caption":"Tier\u00e4rztin gibt Pferd Augentropfen"},{"@type":"WebSite","@id":"https:\/\/uelzener.de\/magazin\/#website","url":"https:\/\/uelzener.de\/magazin\/","name":"Uelzener Tiermagazin","description":"Online Tierratgeber der Uelzener Versicherungen","publisher":{"@id":"https:\/\/uelzener.de\/magazin\/#organization"},"potentialAction":[{"@type":"SearchAction","target":{"@type":"EntryPoint","urlTemplate":"https:\/\/uelzener.de\/magazin\/?s={search_term_string}"},"query-input":{"@type":"PropertyValueSpecification","valueRequired":true,"valueName":"search_term_string"}}],"inLanguage":"de"},{"@type":"Organization","@id":"https:\/\/uelzener.de\/magazin\/#organization","name":"Uelzener Versicherungen","url":"https:\/\/uelzener.de\/magazin\/","logo":{"@type":"ImageObject","inLanguage":"de","@id":"https:\/\/uelzener.de\/magazin\/#\/schema\/logo\/image\/","url":"https:\/\/uelzener.de\/magazin\/app\/uploads\/2024\/11\/uelzener_allgemeine_versicherungsgesellschaft_a_g_logo.jpg","contentUrl":"https:\/\/uelzener.de\/magazin\/app\/uploads\/2024\/11\/uelzener_allgemeine_versicherungsgesellschaft_a_g_logo.jpg","width":200,"height":200,"caption":"Uelzener Versicherungen"},"image":{"@id":"https:\/\/uelzener.de\/magazin\/#\/schema\/logo\/image\/"},"sameAs":["https:\/\/www.facebook.com\/Uelzener","https:\/\/instagram.com\/uelzener","https:\/\/www.xing.com\/pages\/uelzenerallgemeineversicherungs-gesellschafta-g","https:\/\/www.youtube.com\/UelzenerVersicherungen"]}]}},"_links":{"self":[{"href":"https:\/\/uelzener.de\/magazin\/wp-json\/wp\/v2\/pages\/12847","targetHints":{"allow":["GET"]}}],"collection":[{"href":"https:\/\/uelzener.de\/magazin\/wp-json\/wp\/v2\/pages"}],"about":[{"href":"https:\/\/uelzener.de\/magazin\/wp-json\/wp\/v2\/types\/page"}],"author":[{"embeddable":true,"href":"https:\/\/uelzener.de\/magazin\/wp-json\/wp\/v2\/users\/3"}],"replies":[{"embeddable":true,"href":"https:\/\/uelzener.de\/magazin\/wp-json\/wp\/v2\/comments?post=12847"}],"version-history":[{"count":2,"href":"https:\/\/uelzener.de\/magazin\/wp-json\/wp\/v2\/pages\/12847\/revisions"}],"predecessor-version":[{"id":13213,"href":"https:\/\/uelzener.de\/magazin\/wp-json\/wp\/v2\/pages\/12847\/revisions\/13213"}],"up":[{"embeddable":true,"href":"https:\/\/uelzener.de\/magazin\/wp-json\/wp\/v2\/pages\/11706"}],"wp:featuredmedia":[{"embeddable":true,"href":"https:\/\/uelzener.de\/magazin\/wp-json\/wp\/v2\/media\/12848"}],"wp:attachment":[{"href":"https:\/\/uelzener.de\/magazin\/wp-json\/wp\/v2\/media?parent=12847"}],"curies":[{"name":"wp","href":"https:\/\/api.w.org\/{rel}","templated":true}]}}