{"id":12803,"date":"2021-10-07T09:54:15","date_gmt":"2021-10-07T07:54:15","guid":{"rendered":"https:\/\/uelzener.de\/magazin\/?page_id=12803"},"modified":"2025-10-15T16:38:39","modified_gmt":"2025-10-15T14:38:39","slug":"verletzungen-beim-hundesport","status":"publish","type":"page","link":"https:\/\/uelzener.de\/magazin\/hund\/erziehung-und-training\/verletzungen-beim-hundesport\/","title":{"rendered":"H\u00e4ufige Verletzungen beim Hundesport"},"content":{"rendered":"<p>Viele Hundehalter haben Spa\u00df am Hundesport mit ihrem Vierbeiner. Neben dem garantierten Vergn\u00fcgen gibt es bei Sportarten wie Agility oder Flyball aber auch Risiken. Welche das sind und wie man Verletzungen vorbeugt, erkl\u00e4ren wir in diesem Artikel.<\/p>\n<p>Wissenschaftler aus New York haben das Verletzungsrisiko beim Hundesport in einer Studie untersucht: 33 Prozent von rund 1600 befragten Hundebesitzern gaben an, dass sich ihr Hund dabei bereits verletzt hat. Schulterprobleme geh\u00f6rten zu den h\u00e4ufigsten Beschwerden der vierbeinigen Sportler. Wir kl\u00e4ren Dich \u00fcber die Risiken auf und geben Dir Tipps f\u00fcr einen aktiven und gesunden Sport mit Deinem Hund:<\/p>\n<h2>Schulterverletzungen beim Hund<\/h2>\n<p>Oft reichen ein falscher Tritt oder ein \u00fcberm\u00fctiger Sprung des Hundes: Prellungen, Zerrungen oder \u00dcberbelastungen der Bizepssehne geh\u00f6ren zu den h\u00e4ufigsten Verletzungen. Wenn der Hund eine leichte Lahmheit zeigt, sollten Herrchen und Frauchen das nicht auf die leichte Schulter nehmen. Der Vierbeiner sollte sich ruhig halten und schonen. Zeigt er am Folgetag immer noch eine Lahmheit oder Schmerzen beim Strecken und Beugen des Schultergelenks, sollte er unbedingt einem Tierarzt vorgestellt werden.<\/p>\n<p>Die Folge von Prellungen oder Zerrungen k\u00f6nnen eine Entz\u00fcndung des Schultergelenks oder ein vollst\u00e4ndiger Abriss der Sehne sein. Behandelt wird eine Entz\u00fcndung der Bizepssehne zun\u00e4chst mit Ruhe, also strikter Bewegungseinschr\u00e4nkung, und schmerzlindernden sowie entz\u00fcndungshemmenden Medikamenten. Eine Verletzung der Sehne kann im schlimmsten Fall einen chronischen Verlauf zeigen und eine Operation notwendig machen. Danach sollte sich der Vierbeiner rund zehn Wochen lang schonen. Nach einer Operation kann eine physiotherapeutische Behandlung die Heilung beg\u00fcnstigen.<\/p>\n<p>Grund f\u00fcr Zerrungen und Prellungen beim Hundesport sind meist abrupte Richtungs\u00e4nderungen des Vierbeiners. Beim <a href=\"https:\/\/uelzener.de\/magazin\/hund\/erziehung-und-training\/agility\/\">Agility<\/a> k\u00f6nnen zum Beispiel Slalom\u00fcbungen zu einer akuten und sp\u00e4ter h\u00e4ufig chronischen \u00dcberbelastung der Bizepssehne und ihrer Sehnenscheide f\u00fchren.<\/p>\n<p>Neben der Sehne kann sich bei sportlicher Bewegung, wie beim Springen \u00fcber H\u00fcrden, auch der Schleimbeutel der Sehne des Schultermuskels schmerzhaft entz\u00fcnden. Der sogenannte Musculus infraspinatus ist sowohl als Beuger als auch als Strecker des Schultergelenks t\u00e4tig. Besonders bei sehr aktiven Hunden kann es zu einer bleibenden Einschr\u00e4nkung der Beweglichkeit des Gelenks kommen. Bringen erste symptomatische und physiotherapeutische Behandlungen keinen Erfolg, hilft \u00fcberwiegend nur ein operativer Eingriff. Dabei wird der \u00dcbergang von Sehne zum Muskel durchtrennt, um die Beweglichkeit der Gliedma\u00dfe wieder herzustellen. Zur F\u00f6rderung des Muskelaufbaus nach der Operation kann eine Physiotherapie f\u00fcr den Hund eine sinnvolle Erg\u00e4nzung sein.<\/p>\n<p>Im Bereich der H\u00fcfte des Hundes kann es zu \u00e4hnlichen Problemen wie an der Schulter kommen. Die erste Regel bei Verletzungen an Schulter oder H\u00fcfte: sofortiger Abbruch des Trainings oder des Wettkampfes. Der Hund sollte sich schonen und der Halter im Zweifel einen Tierarzt kontaktieren. Um hohen \u00fcberraschenden Kosten aus dem Weg zu gehen empfiehlt es sich, den Hund gut zu versichern wie mit einer <strong>Hunde-OP-Versicherung<\/strong>\u00a0und <strong>Krankenversicherung<\/strong>.<\/p>\n\n<div class=\"banner\">\n    <a href=\"https:\/\/uelzener.de\/hund\/hunde-op-versicherung\/?agt=0000104925&sem=true&utm_medium=magazin&utm_source=wordpress&utm_campaign=hund_op&utm_content=banner\">\n        <img decoding=\"async\" width=\"300\" height=\"212\" src=\"https:\/\/uelzener.de\/magazin\/app\/uploads\/2025\/01\/Hunde-OP-Versicherung.jpg\" class=\"attachment-medium size-medium\" alt=\"Banner Hunde-OP-Versicherung\" \/>    <\/a>\n<\/div>\n\n\n<div class=\"banner\">\n    <a href=\"https:\/\/uelzener.de\/hund\/hunde-krankenversicherung\/?agt=0000104925&sem=true&utm_medium=magazin&utm_source=wordpress&utm_campaign=hund_kv&utm_content=banner\">\n        <img decoding=\"async\" width=\"300\" height=\"212\" src=\"https:\/\/uelzener.de\/magazin\/app\/uploads\/2025\/01\/Hunde-Kranken-Versicherung.jpg\" class=\"attachment-medium size-medium\" alt=\"Banner Hunde-Kranken-Versicherung\" \/>    <\/a>\n<\/div>\n\n<h2>\u00dcberstreckung des Handwurzelgelenks<\/h2>\n<p>Beim <strong>Flyball<\/strong> oder bei Spr\u00fcngen kann es zu einer \u00dcberstreckung des Handwurzelgelenks kommen, sodass man bereits im Stand eine deutliche \u00dcberbeweglichkeit des Gelenks sehen kann. In vielen F\u00e4llen helfen das Ruhigstellen der betroffenen Pfote sowie Schmerzmittel und entz\u00fcndungshemmende Medikamente, um die Stabilit\u00e4t des Gelenks wiederherzustellen. Bleibt die konservative Therapie ohne Erfolg, hilft meistens nur noch eine Versteifung des entsprechenden Gelenks. Diese muss in einem operativen Eingriff unter Vollnarkose erfolgen.<\/p>\n<h2>Knochenbr\u00fcche<\/h2>\n<p>Das Skelett ist nicht nur essenzieller Bestandteil des Bewegungsapparates, es hat auch eine Schutz- und St\u00fctzfunktion. R\u00fcckenmark und Lungen werden beispielsweise von Wirbeln und Rippen gesch\u00fctzt. Beim Hundesport sind vor allem St\u00fcrze eine Gefahr f\u00fcr die Knochen. Ein Bruch ist f\u00fcr den Hund sehr schmerzhaft. Der Vierbeiner entlastet die betroffene K\u00f6rperstelle oder bewegt sie \u00fcberhaupt nicht mehr. H\u00e4ufig steht der Knochen in einem ungewohnten Winkel ab, die Stelle ist geschwollen oder sehr warm. Kontaktieren Sie in diesem Fall sofort einen Tierarzt und halten Sie den Hund ruhig, damit der zerst\u00f6rte Knochen keine weiteren Verletzungen verursacht.<\/p>\n<p>Ein h\u00f6heres Risiko f\u00fcr einen Knochenbruch besteht bei Gel\u00e4ndesportarten wie Canicross oder Hundebiathlon. Ein Unfall beim Lauf \u00fcber Stock und Stein bietet auch die Gefahr von Absch\u00fcrfungen und Kratzern. Die Herausforderungen sollten f\u00fcr den Hund, aber auch f\u00fcr den L\u00e4ufer gut abgesch\u00e4tzt und diese Sportarten nur mit einer fachgerechten Ausr\u00fcstung ausge\u00fcbt werden. Ein spezielles Zuggeschirr und eine flexible Leine sorgen f\u00fcr ein vermindertes Verletzungsrisiko des Hundes, wenn der L\u00e4ufer beispielsweise abrupt stehen bleibt.<\/p>\n\n<div class=\"related_articles boxed\">\n    <h2>Mehr zum Thema<\/h2>\n    \n    <div class=\"wrapper\"><div class=\"title align-center\"><h3><a href=\"https:\/\/uelzener.de\/magazin\/hund\/erziehung-und-training\/joggen-mit-hund\/\">Joggen mit Hund: Gesund und sicher unterwegs<\/a><\/h3><\/div><div class=\"img align-center\"><img decoding=\"async\" width=\"315\" height=\"180\" src=\"https:\/\/uelzener.de\/magazin\/app\/uploads\/2023\/09\/joggen-mit-hund-315x180.jpg\" class=\"attachment-315x180 size-315x180 wp-post-image\" alt=\"Mann joggt mit Hund.\" \/><\/div><\/div><div class=\"wrapper\"><div class=\"title align-center\"><h3><a href=\"https:\/\/uelzener.de\/magazin\/hund\/erziehung-und-training\/flyball\/\">Flyball: Rasanter Sport f\u00fcr ballverr\u00fcckte Hunde<\/a><\/h3><\/div><div class=\"img align-center\"><img decoding=\"async\" width=\"315\" height=\"180\" src=\"https:\/\/uelzener.de\/magazin\/app\/uploads\/2023\/07\/flyball-315x180.jpg\" class=\"attachment-315x180 size-315x180 wp-post-image\" alt=\"Kleiner Hund mit Ball im Maul beim Flyball-Wettbewerb.\" \/><\/div><\/div><div class=\"wrapper\"><div class=\"title align-center\"><h3><a href=\"https:\/\/uelzener.de\/magazin\/hund\/erziehung-und-training\/zughundesport-canicross\/\">Zughundesport: Canicross<\/a><\/h3><\/div><div class=\"img align-center\"><img decoding=\"async\" width=\"315\" height=\"180\" src=\"https:\/\/uelzener.de\/magazin\/app\/uploads\/2023\/08\/canicross-315x180.jpg\" class=\"attachment-315x180 size-315x180 wp-post-image\" alt=\"Hund und Mensch rennen im Nieselregen beim Zughundesport Canicross.\" \/><\/div><\/div><\/div>\n\n<h2>Verletzungen vorbeugen mit aufw\u00e4rmen, dehnen, abk\u00fchlen<\/h2>\n<p>Bei uns Menschen geh\u00f6rt eine Aufw\u00e4rmphase vor dem Training selbstverst\u00e4ndlich dazu. Gleiches sollte auch f\u00fcr den Vierbeiner gelten. Ein zehnmin\u00fctiger Trab an der Leine, gefolgt von Dehnungs\u00fcbungen aller Gelenke, kann Verletzungen vorbeugen. M\u00e4nnchenmachen, Pfote geben und eine Abfolge von Steh, Sitz und Platz sind spielerische \u00dcbungen zum Dehnen des Hundes.<\/p>\n<p>Nach getaner Arbeit ist eine Abk\u00fchlphase ebenso wichtig. Du kannst Deinen Hund beispielsweise 15 Minuten lang locker an der Leine f\u00fchren und anschlie\u00dfend die beanspruchte Muskulatur massieren.<\/p>\n","protected":false},"excerpt":{"rendered":"<p>Viele Hundehalter haben Spa\u00df am Hundesport mit ihrem Vierbeiner. Neben dem garantierten Vergn\u00fcgen gibt es bei Sportarten wie Agility oder Flyball aber auch Risiken. Welche das sind und wie man Verletzungen vorbeugt, erkl\u00e4ren wir in diesem Artikel. Wissenschaftler aus New York haben das Verletzungsrisiko beim Hundesport in einer Studie untersucht: 33 Prozent von rund 1600 [&hellip;]<\/p>\n","protected":false},"author":3,"featured_media":12804,"parent":11679,"menu_order":0,"comment_status":"closed","ping_status":"closed","template":"templates\/blog.php","meta":{"_acf_changed":false,"_crdt_document":"","footnotes":"","beyondwords_generate_audio":"0","beyondwords_project_id":"","beyondwords_content_id":"","beyondwords_preview_token":"","beyondwords_player_style":"","beyondwords_language_id":"","beyondwords_title_voice_id":"","beyondwords_body_voice_id":"","beyondwords_summary_voice_id":"","beyondwords_error_message":"","beyondwords_disabled":"","beyondwords_delete_content":"","beyondwords_podcast_id":"","beyondwords_hash":"","publish_post_to_speechkit":"","speechkit_hash":"","speechkit_generate_audio":"","speechkit_project_id":"","speechkit_podcast_id":"","speechkit_error_message":"","speechkit_disabled":"","speechkit_access_key":"","speechkit_error":"","speechkit_info":"","speechkit_response":"","speechkit_retries":"","speechkit_status":"","speechkit_updated_at":"","_speechkit_link":"","_speechkit_text":""},"class_list":["post-12803","page","type-page","status-publish","has-post-thumbnail","hentry"],"acf":[],"yoast_head":"<!-- This site is optimized with the Yoast SEO Premium plugin  - https:\/\/yoast.com\/product\/yoast-seo-premium-wordpress\/ -->\n<title>H\u00e4ufige Verletzungen beim Hundesport | Uelzener Tier-Magazin<\/title>\n<meta name=\"description\" content=\"Erfahre alles zum Thema Verletzungen beim Hundesport \u25b6 Jetzt schlaumachen!\" \/>\n<meta name=\"robots\" content=\"index, follow, max-snippet:-1, max-image-preview:large, max-video-preview:-1\" \/>\n<link rel=\"canonical\" href=\"https:\/\/uelzener.de\/magazin\/hund\/erziehung-und-training\/verletzungen-beim-hundesport\/\" \/>\n<meta property=\"og:locale\" content=\"de_DE\" \/>\n<meta property=\"og:type\" content=\"article\" \/>\n<meta property=\"og:title\" content=\"H\u00e4ufige Verletzungen beim Hundesport\" \/>\n<meta property=\"og:description\" content=\"Erfahre alles zum Thema Verletzungen beim Hundesport \u25b6 Jetzt schlaumachen!\" \/>\n<meta property=\"og:url\" content=\"https:\/\/uelzener.de\/magazin\/hund\/erziehung-und-training\/verletzungen-beim-hundesport\/\" \/>\n<meta property=\"og:site_name\" content=\"Uelzener Tier-Magazin\" \/>\n<meta property=\"article:publisher\" content=\"https:\/\/www.facebook.com\/Uelzener\" \/>\n<meta property=\"article:modified_time\" content=\"2025-10-15T14:38:39+00:00\" \/>\n<meta property=\"og:image\" content=\"https:\/\/uelzener.de\/magazin\/app\/uploads\/2021\/10\/1024x450_Mann-und-Hund-beim-joggen.jpg\" \/>\n\t<meta property=\"og:image:width\" content=\"1024\" \/>\n\t<meta property=\"og:image:height\" content=\"450\" \/>\n\t<meta property=\"og:image:type\" content=\"image\/jpeg\" \/>\n<meta name=\"twitter:card\" content=\"summary_large_image\" \/>\n<meta name=\"twitter:label1\" content=\"Gesch\u00e4tzte Lesezeit\" \/>\n\t<meta name=\"twitter:data1\" content=\"5\u00a0Minuten\" \/>\n<script type=\"application\/ld+json\" class=\"yoast-schema-graph\">{\"@context\":\"https:\/\/schema.org\",\"@graph\":[{\"@type\":\"WebPage\",\"@id\":\"https:\/\/uelzener.de\/magazin\/hund\/erziehung-und-training\/verletzungen-beim-hundesport\/\",\"url\":\"https:\/\/uelzener.de\/magazin\/hund\/erziehung-und-training\/verletzungen-beim-hundesport\/\",\"name\":\"H\u00e4ufige Verletzungen beim Hundesport | Uelzener Tier-Magazin\",\"isPartOf\":{\"@id\":\"https:\/\/uelzener.de\/magazin\/#website\"},\"primaryImageOfPage\":{\"@id\":\"https:\/\/uelzener.de\/magazin\/hund\/erziehung-und-training\/verletzungen-beim-hundesport\/#primaryimage\"},\"image\":{\"@id\":\"https:\/\/uelzener.de\/magazin\/hund\/erziehung-und-training\/verletzungen-beim-hundesport\/#primaryimage\"},\"thumbnailUrl\":\"https:\/\/uelzener.de\/magazin\/app\/uploads\/2021\/10\/1024x450_Mann-und-Hund-beim-joggen.jpg\",\"datePublished\":\"2021-10-07T07:54:15+00:00\",\"dateModified\":\"2025-10-15T14:38:39+00:00\",\"description\":\"Erfahre alles zum Thema Verletzungen beim Hundesport \u25b6 Jetzt schlaumachen!\",\"breadcrumb\":{\"@id\":\"https:\/\/uelzener.de\/magazin\/hund\/erziehung-und-training\/verletzungen-beim-hundesport\/#breadcrumb\"},\"inLanguage\":\"de\",\"potentialAction\":[{\"@type\":\"ReadAction\",\"target\":[\"https:\/\/uelzener.de\/magazin\/hund\/erziehung-und-training\/verletzungen-beim-hundesport\/\"]}]},{\"@type\":\"ImageObject\",\"inLanguage\":\"de\",\"@id\":\"https:\/\/uelzener.de\/magazin\/hund\/erziehung-und-training\/verletzungen-beim-hundesport\/#primaryimage\",\"url\":\"https:\/\/uelzener.de\/magazin\/app\/uploads\/2021\/10\/1024x450_Mann-und-Hund-beim-joggen.jpg\",\"contentUrl\":\"https:\/\/uelzener.de\/magazin\/app\/uploads\/2021\/10\/1024x450_Mann-und-Hund-beim-joggen.jpg\",\"width\":1024,\"height\":450,\"caption\":\"Mann und Hund beim Joggen auf einer gr\u00fcnen Wiese bei Sonne und blauem Himmel, sie sind gemeinsam aktiv.\"},{\"@type\":\"WebSite\",\"@id\":\"https:\/\/uelzener.de\/magazin\/#website\",\"url\":\"https:\/\/uelzener.de\/magazin\/\",\"name\":\"Uelzener Tiermagazin\",\"description\":\"Online Tierratgeber der Uelzener Versicherungen\",\"publisher\":{\"@id\":\"https:\/\/uelzener.de\/magazin\/#organization\"},\"potentialAction\":[{\"@type\":\"SearchAction\",\"target\":{\"@type\":\"EntryPoint\",\"urlTemplate\":\"https:\/\/uelzener.de\/magazin\/?s={search_term_string}\"},\"query-input\":{\"@type\":\"PropertyValueSpecification\",\"valueRequired\":true,\"valueName\":\"search_term_string\"}}],\"inLanguage\":\"de\"},{\"@type\":\"Organization\",\"@id\":\"https:\/\/uelzener.de\/magazin\/#organization\",\"name\":\"Uelzener Versicherungen\",\"url\":\"https:\/\/uelzener.de\/magazin\/\",\"logo\":{\"@type\":\"ImageObject\",\"inLanguage\":\"de\",\"@id\":\"https:\/\/uelzener.de\/magazin\/#\/schema\/logo\/image\/\",\"url\":\"https:\/\/uelzener.de\/magazin\/app\/uploads\/2024\/11\/uelzener_allgemeine_versicherungsgesellschaft_a_g_logo.jpg\",\"contentUrl\":\"https:\/\/uelzener.de\/magazin\/app\/uploads\/2024\/11\/uelzener_allgemeine_versicherungsgesellschaft_a_g_logo.jpg\",\"width\":200,\"height\":200,\"caption\":\"Uelzener Versicherungen\"},\"image\":{\"@id\":\"https:\/\/uelzener.de\/magazin\/#\/schema\/logo\/image\/\"},\"sameAs\":[\"https:\/\/www.facebook.com\/Uelzener\",\"https:\/\/instagram.com\/uelzener\",\"https:\/\/www.xing.com\/pages\/uelzenerallgemeineversicherungs-gesellschafta-g\",\"https:\/\/www.youtube.com\/UelzenerVersicherungen\"]}]}<\/script>\n<!-- \/ Yoast SEO Premium plugin. -->","yoast_head_json":{"title":"H\u00e4ufige Verletzungen beim Hundesport | Uelzener Tier-Magazin","description":"Erfahre alles zum Thema Verletzungen beim Hundesport \u25b6 Jetzt schlaumachen!","robots":{"index":"index","follow":"follow","max-snippet":"max-snippet:-1","max-image-preview":"max-image-preview:large","max-video-preview":"max-video-preview:-1"},"canonical":"https:\/\/uelzener.de\/magazin\/hund\/erziehung-und-training\/verletzungen-beim-hundesport\/","og_locale":"de_DE","og_type":"article","og_title":"H\u00e4ufige Verletzungen beim Hundesport","og_description":"Erfahre alles zum Thema Verletzungen beim Hundesport \u25b6 Jetzt schlaumachen!","og_url":"https:\/\/uelzener.de\/magazin\/hund\/erziehung-und-training\/verletzungen-beim-hundesport\/","og_site_name":"Uelzener Tier-Magazin","article_publisher":"https:\/\/www.facebook.com\/Uelzener","article_modified_time":"2025-10-15T14:38:39+00:00","og_image":[{"width":1024,"height":450,"url":"https:\/\/uelzener.de\/magazin\/app\/uploads\/2021\/10\/1024x450_Mann-und-Hund-beim-joggen.jpg","type":"image\/jpeg"}],"twitter_card":"summary_large_image","twitter_misc":{"Gesch\u00e4tzte Lesezeit":"5\u00a0Minuten"},"schema":{"@context":"https:\/\/schema.org","@graph":[{"@type":"WebPage","@id":"https:\/\/uelzener.de\/magazin\/hund\/erziehung-und-training\/verletzungen-beim-hundesport\/","url":"https:\/\/uelzener.de\/magazin\/hund\/erziehung-und-training\/verletzungen-beim-hundesport\/","name":"H\u00e4ufige Verletzungen beim Hundesport | Uelzener Tier-Magazin","isPartOf":{"@id":"https:\/\/uelzener.de\/magazin\/#website"},"primaryImageOfPage":{"@id":"https:\/\/uelzener.de\/magazin\/hund\/erziehung-und-training\/verletzungen-beim-hundesport\/#primaryimage"},"image":{"@id":"https:\/\/uelzener.de\/magazin\/hund\/erziehung-und-training\/verletzungen-beim-hundesport\/#primaryimage"},"thumbnailUrl":"https:\/\/uelzener.de\/magazin\/app\/uploads\/2021\/10\/1024x450_Mann-und-Hund-beim-joggen.jpg","datePublished":"2021-10-07T07:54:15+00:00","dateModified":"2025-10-15T14:38:39+00:00","description":"Erfahre alles zum Thema Verletzungen beim Hundesport \u25b6 Jetzt schlaumachen!","breadcrumb":{"@id":"https:\/\/uelzener.de\/magazin\/hund\/erziehung-und-training\/verletzungen-beim-hundesport\/#breadcrumb"},"inLanguage":"de","potentialAction":[{"@type":"ReadAction","target":["https:\/\/uelzener.de\/magazin\/hund\/erziehung-und-training\/verletzungen-beim-hundesport\/"]}]},{"@type":"ImageObject","inLanguage":"de","@id":"https:\/\/uelzener.de\/magazin\/hund\/erziehung-und-training\/verletzungen-beim-hundesport\/#primaryimage","url":"https:\/\/uelzener.de\/magazin\/app\/uploads\/2021\/10\/1024x450_Mann-und-Hund-beim-joggen.jpg","contentUrl":"https:\/\/uelzener.de\/magazin\/app\/uploads\/2021\/10\/1024x450_Mann-und-Hund-beim-joggen.jpg","width":1024,"height":450,"caption":"Mann und Hund beim Joggen auf einer gr\u00fcnen Wiese bei Sonne und blauem Himmel, sie sind gemeinsam aktiv."},{"@type":"WebSite","@id":"https:\/\/uelzener.de\/magazin\/#website","url":"https:\/\/uelzener.de\/magazin\/","name":"Uelzener Tiermagazin","description":"Online Tierratgeber der Uelzener Versicherungen","publisher":{"@id":"https:\/\/uelzener.de\/magazin\/#organization"},"potentialAction":[{"@type":"SearchAction","target":{"@type":"EntryPoint","urlTemplate":"https:\/\/uelzener.de\/magazin\/?s={search_term_string}"},"query-input":{"@type":"PropertyValueSpecification","valueRequired":true,"valueName":"search_term_string"}}],"inLanguage":"de"},{"@type":"Organization","@id":"https:\/\/uelzener.de\/magazin\/#organization","name":"Uelzener Versicherungen","url":"https:\/\/uelzener.de\/magazin\/","logo":{"@type":"ImageObject","inLanguage":"de","@id":"https:\/\/uelzener.de\/magazin\/#\/schema\/logo\/image\/","url":"https:\/\/uelzener.de\/magazin\/app\/uploads\/2024\/11\/uelzener_allgemeine_versicherungsgesellschaft_a_g_logo.jpg","contentUrl":"https:\/\/uelzener.de\/magazin\/app\/uploads\/2024\/11\/uelzener_allgemeine_versicherungsgesellschaft_a_g_logo.jpg","width":200,"height":200,"caption":"Uelzener Versicherungen"},"image":{"@id":"https:\/\/uelzener.de\/magazin\/#\/schema\/logo\/image\/"},"sameAs":["https:\/\/www.facebook.com\/Uelzener","https:\/\/instagram.com\/uelzener","https:\/\/www.xing.com\/pages\/uelzenerallgemeineversicherungs-gesellschafta-g","https:\/\/www.youtube.com\/UelzenerVersicherungen"]}]}},"_links":{"self":[{"href":"https:\/\/uelzener.de\/magazin\/wp-json\/wp\/v2\/pages\/12803","targetHints":{"allow":["GET"]}}],"collection":[{"href":"https:\/\/uelzener.de\/magazin\/wp-json\/wp\/v2\/pages"}],"about":[{"href":"https:\/\/uelzener.de\/magazin\/wp-json\/wp\/v2\/types\/page"}],"author":[{"embeddable":true,"href":"https:\/\/uelzener.de\/magazin\/wp-json\/wp\/v2\/users\/3"}],"replies":[{"embeddable":true,"href":"https:\/\/uelzener.de\/magazin\/wp-json\/wp\/v2\/comments?post=12803"}],"version-history":[{"count":12,"href":"https:\/\/uelzener.de\/magazin\/wp-json\/wp\/v2\/pages\/12803\/revisions"}],"predecessor-version":[{"id":19366,"href":"https:\/\/uelzener.de\/magazin\/wp-json\/wp\/v2\/pages\/12803\/revisions\/19366"}],"up":[{"embeddable":true,"href":"https:\/\/uelzener.de\/magazin\/wp-json\/wp\/v2\/pages\/11679"}],"wp:featuredmedia":[{"embeddable":true,"href":"https:\/\/uelzener.de\/magazin\/wp-json\/wp\/v2\/media\/12804"}],"wp:attachment":[{"href":"https:\/\/uelzener.de\/magazin\/wp-json\/wp\/v2\/media?parent=12803"}],"curies":[{"name":"wp","href":"https:\/\/api.w.org\/{rel}","templated":true}]}}