{"id":12757,"date":"2016-02-24T13:24:31","date_gmt":"2016-02-24T12:24:31","guid":{"rendered":"https:\/\/uelzener.de\/magazin\/?page_id=12757"},"modified":"2023-11-13T13:37:08","modified_gmt":"2023-11-13T12:37:08","slug":"atmung-reiter-leben","status":"publish","type":"page","link":"https:\/\/uelzener.de\/magazin\/pferd\/erziehung-und-training\/atmung-reiter-leben\/","title":{"rendered":"Die Auswirkungen unserer Atmung auf unser (Reiter-)Leben"},"content":{"rendered":"<p>Heute m\u00f6chte ich Euch dazu einladen einmal ganz bewusst Eure eigene Atmung wahrzunehmen. Denn wenngleich diese autonom abl\u00e4uft, k\u00f6nnen wir doch einen gro\u00dfen Anteil zu ihrer Qualit\u00e4t beitragen.<\/p>\n<p>Eine gute Atmung ist f\u00fcr uns \u00fcberlebensnotwendig. Sie versorgt unseren K\u00f6rper mit Sauerstoff und ist f\u00fcr den Gasaustausch, der f\u00fcr die Abgabe von Schadstoffen, wie Kohlendioxid und eben der Aufnahme von Sauerstoff, in unserem K\u00f6rper verantwortlich.<\/p>\n<p>Weiter sorgt unsere Atmung daf\u00fcr, dass es uns auch sonst rundherum gut geht, so nimmt sie unter anderem Einfluss auf unsere K\u00f6rperhaltung, unser Herz-Kreislauf-System und optimiert die Blutversorgung wie beispielsweise jene von unserem Gehirn.<\/p>\n<p>Du hast sicher auch schon einmal die Erfahrung gemacht, dass die Konzentrationsf\u00e4higkeit in schlecht bel\u00fcfteten R\u00e4umen rapide nachl\u00e4sst \u2013 hierbei wird deutlich, dass unsere Atmung also eine gen\u00fcgende Aufnahme von Sauerstoff, nat\u00fcrlich auch einen gro\u00dfen Einfluss auf unsere geistige Leistungsf\u00e4higkeit, wie unsere Konzentrationsf\u00e4higkeit oder Aufmerksamkeit, hat.<\/p>\n<h2><strong>Reiten und Atmung<\/strong><\/h2>\n<p>Die Aufmerksamkeit, welche wir uns von unserem Pferd w\u00fcnschen, sollten auch wir ihm zuteil werden lassen \u2013 hierbei kann uns unserer Atmung sehr hilfreich zur Seite stehen. So dient beispielsweise auch in vielen Meditationspraktiken eine tiefe, gleichm\u00e4\u00dfige Atmung dazu, unser Bewusstsein wieder ganz in die Gegenwart zu holen, die Gedanken nicht abschweifen zu lassen. Gerade dies ist es, was wir im Umgang mit unserem Pferd und beim Reiten ben\u00f6tigen \u2013 volle Konzentration auf den Moment.<br \/>\nWeiter k\u00f6nnen wir unserem Pferd durch eine tiefe, gleichm\u00e4\u00dfige Atmung Sicherheit und Vertrauen geben. Eine arhythmische, schnelle, flache oder gepresste Atmung signalisiert dem feinen Beobachter Pferd, ob von unten oder von oben, dass sein \u201eLeittier\u201c Mensch Sorge und Stress hat. So kann es in Folge dessen Verhaltensauff\u00e4lligkeiten zeigen, indem es sich h\u00e4ufiger erschreckt, sich angespannter bewegt oder selbst flacher atmet. Achtet der Reiter jedoch, in f\u00fcr das Pferd beunruhigenden, angespannten Situationen, selbst auf eine gute Atmung, so wird dieses sich im Umkehrschluss schneller wieder entspannen, tiefer atmen oder gar abschnauben.<\/p>\n<p>Auch f\u00fcr einen geschmeidigen, losgelassenen, z\u00fcgelunabh\u00e4ngigen Sitz ist eine gute Atmung die Basis allen harmonischen Reitens. Sie erlaubt es dem Reiter, einen durchl\u00e4ssigen, in die Bewegungen des Pferdes weich eingehenden Sitz einzunehmen und es in der Entfaltung seiner Grundgangarten zum Strahlen zu bringen und das Ausf\u00fchren von Lektionen spielerisch leicht werden zu lassen.<\/p>\n<h2><strong>Bewusstsein im Alltag<\/strong><\/h2>\n<p>Nat\u00fcrlich bedarf es bei grundlegenden Ver\u00e4nderungen der Atemtechnik einer qualifizierten Fachperson. Du kannst jedoch bereits in Deinem eigenen Alltag, so auch bei Deinem <a href=\"https:\/\/uelzener.de\/magazin\/pferd\/\">Pferd<\/a>, schon einiges durch Selbstreflexion bewirken. Im ersten Schritt beobachte zun\u00e4chst einmal Deine Atmung ganz entspannt. Wie ist sie beim Reiten, im B\u00fcro, in der Gegenwart von unterschiedlichen Menschen, beim Autofahren, in ganz entspannten oder stressgeladenen Situationen?<\/p>\n<p>Du kannst im Folgenden kleine Marker, wie die Bahnpunkte, beispielsweise B und E oder Post-its, welche Du an Deinem Computer oder in Deinem Auto anbringst, integrieren, um sich immer wieder daran zu erinnern gut zu atmen.<\/p>\n<p>Halte beim Reiten im Stand und sp\u00e4ter in der Bewegung immer wieder inne und atmen tief durch. Beobachte dabei, ob Deine Atmung Deinen K\u00f6rper in all seinen Regionen ausf\u00fcllt \u2013 f\u00fcr Dich gut erreichbare Stellen, kannst Du durch das Auflegen einer Hand mit mehr guter Atemluft versorgen.<\/p>\n<p>Atmest Du doch mit Deinem Pferd einmal vor dem Reiten gemeinsam! Positioniere Dich hierf\u00fcr parallel zum Pferd auf H\u00f6he der Schenkellage. Deine F\u00fc\u00dfe stehen dabei h\u00fcftbreit auseinander und Deine Beine sind leicht angewinkelt. Die zum Pferdekopf zeigende Hand legst Du nun auf seinen Bauch, die andere auf seinen Lendenbereich. Beobachte nun, gerne mit geschlossenen Augen, wie sich Deine Atmung und die Deines Pferdes anf\u00fchlt.<\/p>\n<p>Und nun w\u00fcnsche ich Dir eine wundersch\u00f6ne Zeit mit Deinem Pferd und \u2013 atme gut durch!<\/p>\n<p>Deine Nicole K\u00fcnzel<\/p>\n<p><em>Nicole K\u00fcnzel bildet Mensch und Pferd in der klassischen Reitkunst aus. Freude, Leichtigkeit und Harmonie sowie eine positive Grundeinstellung sind Werte, die sie ihren Sch\u00fclern vermitteln m\u00f6chte. Neben der Pferdeausbildung ist das Schreiben ihre weitere Leidenschaft. Sie ist Autorin mehrerer Pferdefachb\u00fccher und gr\u00fcndete 2014 den evipo Verlag <\/em><a href=\"http:\/\/www.evipo-verlag.com\/\"><em>www.evipo-verlag.com<\/em><\/a><em>. In Hannover etablierte sie ihr eigenes Ausbildungszentrum evipo <\/em><a href=\"http:\/\/www.evipo.de\/\"><em>www.evipo.de<\/em><\/a><em>.<\/em><\/p>\n<p><strong>Mehr davon im Buch von Nicole K\u00fcnzel &#8222;Mit Sicherheit richtig verstanden&#8220;.<\/strong><\/p>\n","protected":false},"excerpt":{"rendered":"<p>Heute m\u00f6chte ich Euch dazu einladen einmal ganz bewusst Eure eigene Atmung wahrzunehmen. Denn wenngleich diese autonom abl\u00e4uft, k\u00f6nnen wir doch einen gro\u00dfen Anteil zu ihrer Qualit\u00e4t beitragen. Eine gute Atmung ist f\u00fcr uns \u00fcberlebensnotwendig. Sie versorgt unseren K\u00f6rper mit Sauerstoff und ist f\u00fcr den Gasaustausch, der f\u00fcr die Abgabe von Schadstoffen, wie Kohlendioxid und [&hellip;]<\/p>\n","protected":false},"author":3,"featured_media":12758,"parent":11689,"menu_order":49,"comment_status":"closed","ping_status":"closed","template":"templates\/blog.php","meta":{"_acf_changed":false,"_crdt_document":"","footnotes":"","beyondwords_generate_audio":"0","beyondwords_project_id":"","beyondwords_content_id":"","beyondwords_preview_token":"","beyondwords_player_style":"","beyondwords_language_id":"","beyondwords_title_voice_id":"","beyondwords_body_voice_id":"","beyondwords_summary_voice_id":"","beyondwords_error_message":"","beyondwords_disabled":"","beyondwords_delete_content":"","beyondwords_podcast_id":"","beyondwords_hash":"","publish_post_to_speechkit":"","speechkit_hash":"","speechkit_generate_audio":"","speechkit_project_id":"","speechkit_podcast_id":"","speechkit_error_message":"","speechkit_disabled":"","speechkit_access_key":"","speechkit_error":"","speechkit_info":"","speechkit_response":"","speechkit_retries":"","speechkit_status":"","speechkit_updated_at":"","_speechkit_link":"","_speechkit_text":""},"class_list":["post-12757","page","type-page","status-publish","has-post-thumbnail","hentry"],"acf":[],"yoast_head":"<!-- This site is optimized with the Yoast SEO Premium plugin  - https:\/\/yoast.com\/product\/yoast-seo-premium-wordpress\/ -->\n<title>Atmung beim Reiten | Uelzener<\/title>\n<meta name=\"description\" content=\"Erfahre alles \u00fcber die Auswirkungen unserer Atmung auf das (Reiter-)Leben \u2713 Tipps \u2713 Hilfen \u2713 \u00dcbungen \u2713 Praxis \u25b6 Jetzt lesen!\" \/>\n<meta name=\"robots\" content=\"index, follow, max-snippet:-1, max-image-preview:large, max-video-preview:-1\" \/>\n<link rel=\"canonical\" href=\"https:\/\/uelzener.de\/magazin\/pferd\/erziehung-und-training\/atmung-reiter-leben\/\" \/>\n<meta property=\"og:locale\" content=\"de_DE\" \/>\n<meta property=\"og:type\" content=\"article\" \/>\n<meta property=\"og:title\" content=\"Die Auswirkungen unserer Atmung auf unser (Reiter-)Leben\" \/>\n<meta property=\"og:description\" content=\"Erfahre alles \u00fcber die Auswirkungen unserer Atmung auf das (Reiter-)Leben \u2713 Tipps \u2713 Hilfen \u2713 \u00dcbungen \u2713 Praxis \u25b6 Jetzt lesen!\" \/>\n<meta property=\"og:url\" content=\"https:\/\/uelzener.de\/magazin\/pferd\/erziehung-und-training\/atmung-reiter-leben\/\" \/>\n<meta property=\"og:site_name\" content=\"Uelzener Tier-Magazin\" \/>\n<meta property=\"article:publisher\" content=\"https:\/\/www.facebook.com\/Uelzener\" \/>\n<meta property=\"article:modified_time\" content=\"2023-11-13T12:37:08+00:00\" \/>\n<meta property=\"og:image\" content=\"https:\/\/uelzener.de\/magazin\/app\/uploads\/2021\/09\/1024x450_Nahaufnahme-Reiterin-atmet-tief-ein.jpg\" \/>\n\t<meta property=\"og:image:width\" content=\"1024\" \/>\n\t<meta property=\"og:image:height\" content=\"450\" \/>\n\t<meta property=\"og:image:type\" content=\"image\/jpeg\" \/>\n<meta name=\"twitter:card\" content=\"summary_large_image\" \/>\n<meta name=\"twitter:label1\" content=\"Gesch\u00e4tzte Lesezeit\" \/>\n\t<meta name=\"twitter:data1\" content=\"3\u00a0Minuten\" \/>\n<script type=\"application\/ld+json\" class=\"yoast-schema-graph\">{\"@context\":\"https:\\\/\\\/schema.org\",\"@graph\":[{\"@type\":\"WebPage\",\"@id\":\"https:\\\/\\\/uelzener.de\\\/magazin\\\/pferd\\\/erziehung-und-training\\\/atmung-reiter-leben\\\/\",\"url\":\"https:\\\/\\\/uelzener.de\\\/magazin\\\/pferd\\\/erziehung-und-training\\\/atmung-reiter-leben\\\/\",\"name\":\"Atmung beim Reiten | Uelzener\",\"isPartOf\":{\"@id\":\"https:\\\/\\\/uelzener.de\\\/magazin\\\/#website\"},\"primaryImageOfPage\":{\"@id\":\"https:\\\/\\\/uelzener.de\\\/magazin\\\/pferd\\\/erziehung-und-training\\\/atmung-reiter-leben\\\/#primaryimage\"},\"image\":{\"@id\":\"https:\\\/\\\/uelzener.de\\\/magazin\\\/pferd\\\/erziehung-und-training\\\/atmung-reiter-leben\\\/#primaryimage\"},\"thumbnailUrl\":\"https:\\\/\\\/uelzener.de\\\/magazin\\\/app\\\/uploads\\\/2021\\\/09\\\/1024x450_Nahaufnahme-Reiterin-atmet-tief-ein.jpg\",\"datePublished\":\"2016-02-24T12:24:31+00:00\",\"dateModified\":\"2023-11-13T12:37:08+00:00\",\"description\":\"Erfahre alles \u00fcber die Auswirkungen unserer Atmung auf das (Reiter-)Leben \u2713 Tipps \u2713 Hilfen \u2713 \u00dcbungen \u2713 Praxis \u25b6 Jetzt lesen!\",\"breadcrumb\":{\"@id\":\"https:\\\/\\\/uelzener.de\\\/magazin\\\/pferd\\\/erziehung-und-training\\\/atmung-reiter-leben\\\/#breadcrumb\"},\"inLanguage\":\"de\",\"potentialAction\":[{\"@type\":\"ReadAction\",\"target\":[\"https:\\\/\\\/uelzener.de\\\/magazin\\\/pferd\\\/erziehung-und-training\\\/atmung-reiter-leben\\\/\"]}]},{\"@type\":\"ImageObject\",\"inLanguage\":\"de\",\"@id\":\"https:\\\/\\\/uelzener.de\\\/magazin\\\/pferd\\\/erziehung-und-training\\\/atmung-reiter-leben\\\/#primaryimage\",\"url\":\"https:\\\/\\\/uelzener.de\\\/magazin\\\/app\\\/uploads\\\/2021\\\/09\\\/1024x450_Nahaufnahme-Reiterin-atmet-tief-ein.jpg\",\"contentUrl\":\"https:\\\/\\\/uelzener.de\\\/magazin\\\/app\\\/uploads\\\/2021\\\/09\\\/1024x450_Nahaufnahme-Reiterin-atmet-tief-ein.jpg\",\"width\":1024,\"height\":450,\"caption\":\"Eine Reiterin atmet tief ein. Die Atmung macht beim Reiten mehr aus, als man denkt.\"},{\"@type\":\"WebSite\",\"@id\":\"https:\\\/\\\/uelzener.de\\\/magazin\\\/#website\",\"url\":\"https:\\\/\\\/uelzener.de\\\/magazin\\\/\",\"name\":\"Uelzener Tiermagazin\",\"description\":\"Online Tierratgeber der Uelzener Versicherungen\",\"publisher\":{\"@id\":\"https:\\\/\\\/uelzener.de\\\/magazin\\\/#organization\"},\"potentialAction\":[{\"@type\":\"SearchAction\",\"target\":{\"@type\":\"EntryPoint\",\"urlTemplate\":\"https:\\\/\\\/uelzener.de\\\/magazin\\\/?s={search_term_string}\"},\"query-input\":{\"@type\":\"PropertyValueSpecification\",\"valueRequired\":true,\"valueName\":\"search_term_string\"}}],\"inLanguage\":\"de\"},{\"@type\":\"Organization\",\"@id\":\"https:\\\/\\\/uelzener.de\\\/magazin\\\/#organization\",\"name\":\"Uelzener Versicherungen\",\"url\":\"https:\\\/\\\/uelzener.de\\\/magazin\\\/\",\"logo\":{\"@type\":\"ImageObject\",\"inLanguage\":\"de\",\"@id\":\"https:\\\/\\\/uelzener.de\\\/magazin\\\/#\\\/schema\\\/logo\\\/image\\\/\",\"url\":\"https:\\\/\\\/uelzener.de\\\/magazin\\\/app\\\/uploads\\\/2024\\\/11\\\/uelzener_allgemeine_versicherungsgesellschaft_a_g_logo.jpg\",\"contentUrl\":\"https:\\\/\\\/uelzener.de\\\/magazin\\\/app\\\/uploads\\\/2024\\\/11\\\/uelzener_allgemeine_versicherungsgesellschaft_a_g_logo.jpg\",\"width\":200,\"height\":200,\"caption\":\"Uelzener Versicherungen\"},\"image\":{\"@id\":\"https:\\\/\\\/uelzener.de\\\/magazin\\\/#\\\/schema\\\/logo\\\/image\\\/\"},\"sameAs\":[\"https:\\\/\\\/www.facebook.com\\\/Uelzener\",\"https:\\\/\\\/instagram.com\\\/uelzener\",\"https:\\\/\\\/www.xing.com\\\/pages\\\/uelzenerallgemeineversicherungs-gesellschafta-g\",\"https:\\\/\\\/www.youtube.com\\\/UelzenerVersicherungen\"]}]}<\/script>\n<!-- \/ Yoast SEO Premium plugin. -->","yoast_head_json":{"title":"Atmung beim Reiten | Uelzener","description":"Erfahre alles \u00fcber die Auswirkungen unserer Atmung auf das (Reiter-)Leben \u2713 Tipps \u2713 Hilfen \u2713 \u00dcbungen \u2713 Praxis \u25b6 Jetzt lesen!","robots":{"index":"index","follow":"follow","max-snippet":"max-snippet:-1","max-image-preview":"max-image-preview:large","max-video-preview":"max-video-preview:-1"},"canonical":"https:\/\/uelzener.de\/magazin\/pferd\/erziehung-und-training\/atmung-reiter-leben\/","og_locale":"de_DE","og_type":"article","og_title":"Die Auswirkungen unserer Atmung auf unser (Reiter-)Leben","og_description":"Erfahre alles \u00fcber die Auswirkungen unserer Atmung auf das (Reiter-)Leben \u2713 Tipps \u2713 Hilfen \u2713 \u00dcbungen \u2713 Praxis \u25b6 Jetzt lesen!","og_url":"https:\/\/uelzener.de\/magazin\/pferd\/erziehung-und-training\/atmung-reiter-leben\/","og_site_name":"Uelzener Tier-Magazin","article_publisher":"https:\/\/www.facebook.com\/Uelzener","article_modified_time":"2023-11-13T12:37:08+00:00","og_image":[{"width":1024,"height":450,"url":"https:\/\/uelzener.de\/magazin\/app\/uploads\/2021\/09\/1024x450_Nahaufnahme-Reiterin-atmet-tief-ein.jpg","type":"image\/jpeg"}],"twitter_card":"summary_large_image","twitter_misc":{"Gesch\u00e4tzte Lesezeit":"3\u00a0Minuten"},"schema":{"@context":"https:\/\/schema.org","@graph":[{"@type":"WebPage","@id":"https:\/\/uelzener.de\/magazin\/pferd\/erziehung-und-training\/atmung-reiter-leben\/","url":"https:\/\/uelzener.de\/magazin\/pferd\/erziehung-und-training\/atmung-reiter-leben\/","name":"Atmung beim Reiten | Uelzener","isPartOf":{"@id":"https:\/\/uelzener.de\/magazin\/#website"},"primaryImageOfPage":{"@id":"https:\/\/uelzener.de\/magazin\/pferd\/erziehung-und-training\/atmung-reiter-leben\/#primaryimage"},"image":{"@id":"https:\/\/uelzener.de\/magazin\/pferd\/erziehung-und-training\/atmung-reiter-leben\/#primaryimage"},"thumbnailUrl":"https:\/\/uelzener.de\/magazin\/app\/uploads\/2021\/09\/1024x450_Nahaufnahme-Reiterin-atmet-tief-ein.jpg","datePublished":"2016-02-24T12:24:31+00:00","dateModified":"2023-11-13T12:37:08+00:00","description":"Erfahre alles \u00fcber die Auswirkungen unserer Atmung auf das (Reiter-)Leben \u2713 Tipps \u2713 Hilfen \u2713 \u00dcbungen \u2713 Praxis \u25b6 Jetzt lesen!","breadcrumb":{"@id":"https:\/\/uelzener.de\/magazin\/pferd\/erziehung-und-training\/atmung-reiter-leben\/#breadcrumb"},"inLanguage":"de","potentialAction":[{"@type":"ReadAction","target":["https:\/\/uelzener.de\/magazin\/pferd\/erziehung-und-training\/atmung-reiter-leben\/"]}]},{"@type":"ImageObject","inLanguage":"de","@id":"https:\/\/uelzener.de\/magazin\/pferd\/erziehung-und-training\/atmung-reiter-leben\/#primaryimage","url":"https:\/\/uelzener.de\/magazin\/app\/uploads\/2021\/09\/1024x450_Nahaufnahme-Reiterin-atmet-tief-ein.jpg","contentUrl":"https:\/\/uelzener.de\/magazin\/app\/uploads\/2021\/09\/1024x450_Nahaufnahme-Reiterin-atmet-tief-ein.jpg","width":1024,"height":450,"caption":"Eine Reiterin atmet tief ein. Die Atmung macht beim Reiten mehr aus, als man denkt."},{"@type":"WebSite","@id":"https:\/\/uelzener.de\/magazin\/#website","url":"https:\/\/uelzener.de\/magazin\/","name":"Uelzener Tiermagazin","description":"Online Tierratgeber der Uelzener Versicherungen","publisher":{"@id":"https:\/\/uelzener.de\/magazin\/#organization"},"potentialAction":[{"@type":"SearchAction","target":{"@type":"EntryPoint","urlTemplate":"https:\/\/uelzener.de\/magazin\/?s={search_term_string}"},"query-input":{"@type":"PropertyValueSpecification","valueRequired":true,"valueName":"search_term_string"}}],"inLanguage":"de"},{"@type":"Organization","@id":"https:\/\/uelzener.de\/magazin\/#organization","name":"Uelzener Versicherungen","url":"https:\/\/uelzener.de\/magazin\/","logo":{"@type":"ImageObject","inLanguage":"de","@id":"https:\/\/uelzener.de\/magazin\/#\/schema\/logo\/image\/","url":"https:\/\/uelzener.de\/magazin\/app\/uploads\/2024\/11\/uelzener_allgemeine_versicherungsgesellschaft_a_g_logo.jpg","contentUrl":"https:\/\/uelzener.de\/magazin\/app\/uploads\/2024\/11\/uelzener_allgemeine_versicherungsgesellschaft_a_g_logo.jpg","width":200,"height":200,"caption":"Uelzener Versicherungen"},"image":{"@id":"https:\/\/uelzener.de\/magazin\/#\/schema\/logo\/image\/"},"sameAs":["https:\/\/www.facebook.com\/Uelzener","https:\/\/instagram.com\/uelzener","https:\/\/www.xing.com\/pages\/uelzenerallgemeineversicherungs-gesellschafta-g","https:\/\/www.youtube.com\/UelzenerVersicherungen"]}]}},"_links":{"self":[{"href":"https:\/\/uelzener.de\/magazin\/wp-json\/wp\/v2\/pages\/12757","targetHints":{"allow":["GET"]}}],"collection":[{"href":"https:\/\/uelzener.de\/magazin\/wp-json\/wp\/v2\/pages"}],"about":[{"href":"https:\/\/uelzener.de\/magazin\/wp-json\/wp\/v2\/types\/page"}],"author":[{"embeddable":true,"href":"https:\/\/uelzener.de\/magazin\/wp-json\/wp\/v2\/users\/3"}],"replies":[{"embeddable":true,"href":"https:\/\/uelzener.de\/magazin\/wp-json\/wp\/v2\/comments?post=12757"}],"version-history":[{"count":4,"href":"https:\/\/uelzener.de\/magazin\/wp-json\/wp\/v2\/pages\/12757\/revisions"}],"predecessor-version":[{"id":16631,"href":"https:\/\/uelzener.de\/magazin\/wp-json\/wp\/v2\/pages\/12757\/revisions\/16631"}],"up":[{"embeddable":true,"href":"https:\/\/uelzener.de\/magazin\/wp-json\/wp\/v2\/pages\/11689"}],"wp:featuredmedia":[{"embeddable":true,"href":"https:\/\/uelzener.de\/magazin\/wp-json\/wp\/v2\/media\/12758"}],"wp:attachment":[{"href":"https:\/\/uelzener.de\/magazin\/wp-json\/wp\/v2\/media?parent=12757"}],"curies":[{"name":"wp","href":"https:\/\/api.w.org\/{rel}","templated":true}]}}