{"id":10291,"date":"2020-01-30T00:00:00","date_gmt":"2020-01-30T00:00:00","guid":{"rendered":""},"modified":"2025-04-08T14:49:26","modified_gmt":"2025-04-08T12:49:26","slug":"schmerzen-beim-pferd","status":"publish","type":"page","link":"https:\/\/uelzener.de\/magazin\/pferd\/tiergesundheit\/schmerzen-beim-pferd\/","title":{"rendered":"Schmerzen beim Pferd erkennen: Schmerzgesicht und andere Anzeichen"},"content":{"rendered":"<p>Um als Fluchttier nicht als Beute eines Raubtieres zu enden, verstecken Pferde ihre Schmerzen instinktiv. Wer sein Tier und dessen Verhalten jedoch regelm\u00e4\u00dfig beobachtet, kann lernen, Schmerzen bei seinem Pferd fr\u00fchzeitig zu erkennen. In diesem Blogbeitrag erf\u00e4hrst Du, wie Du bei Deinem Pferd ein Schmerzgesicht diagnostizierst, weshalb Rittigkeitsprobleme ein Anzeichen f\u00fcr Schmerzen sein k\u00f6nnen und wie Du diesen vorbeugst.<\/p>\n<h2>Pferde verstecken ihre Schmerzen<\/h2>\n<p>Wenn ein Pferd sich wegen einer Kolik gegen den Bauch tritt oder stark lahmt, dann liegt die Diagnose auf der Hand. <strong>Diffuse Schmerzen<\/strong> oder erst entstehende Problematiken wird das Pferd aber so lange wie m\u00f6glich verbergen. Deshalb tun Pferdebesitzer gut daran, auf das eigene Gef\u00fchl zu h\u00f6ren und genau hinzusehen, wenn sich pl\u00f6tzlich Ver\u00e4nderungen im Verhalten eines Pferdes zeigen. Ein pr\u00fcfender Blick auf die Kopfregion verr\u00e4t viel und kann Schmerzen sichtbar machen.<\/p>\n<p><img decoding=\"async\" src=\"\/magazin\/app\/uploads\/2021\/02\/2e804d74-94b5-407d-9cc2-dda29dfce079.jpg\" \/><\/p>\n<p>Um Schmerzen beim Pferd zu erkennen hilft h\u00e4ufig ein Blick auf den <strong>Gesichtsausdruck und die Mimik<\/strong> Deines Pferdes. Denn genau wie bei anderen Arten gibt es ein sogenanntes \u201eSchmerzgesicht\u201c auch bei Pferden. Anhand der nachfolgenden Punkte kannst Du ein Schmerzgesicht bei Deinem Pferd erkennen:<\/p>\n<ol>\n<li>Betrachte die Kopfregion und nehmen Sie <strong>die Augen in den Fokus<\/strong>: Normalerweise ist der Blick des Pferdes klar und aufmerksam, das Auge folgt Bewegungen. Ist das Auge jedoch tr\u00fcb und teilnahmslos, starrt bewegungslos ins Leere, k\u00f6nnte das ein Anzeichen f\u00fcr Schmerzen des Pferdes sein.<\/li>\n<li>Auch die <strong>Ohren signalisieren viel beim Fluchttier<\/strong> Pferd: Reagieren die Ohren des Pferdes kaum und sind bewegungslos schr\u00e4g nach hinten gestellt? Dann ist dies ein erneutes Indiz, anhand dessen Du Schmerzen beim Pferd erkennen kannst.<\/li>\n<li>Die <strong>Maulpartie gibt weiteren Aufschluss<\/strong>: Ist alles in Ordnung, sind N\u00fcstern und Kaumuskulatur entspannt, die Unterlippe h\u00e4ngt locker nach unten. Leidet das Pferd unter Schmerzen, sind die N\u00fcstern hochgezogen und gekr\u00e4uselt, es bei\u00dft die Z\u00e4hne zusammen. Auch Z\u00e4hneknirschen ohne Gebiss im Maul ist ein alarmierender Hinweis auf Schmerzen oder Stress.<\/li>\n<li><strong>Ein Blick auf die Stirn<\/strong> verr\u00e4t mehr: Spannungszust\u00e4nde im Gesicht k\u00f6nnen Schmerzen beim Pferd anzeigen. Je intensiver sich die Gesichtsmuskeln zusammenziehen und angespannter der Gesichtsausdruck wirkt, desto eher k\u00f6nnte Schmerzempfinden die Ursache sein.<\/li>\n<\/ol>\n<h2>R\u00fcckenproblem: Vier Ursachen f\u00fcr Schmerzen beim Pferd<\/h2>\n<p>Neben dem Schmerzgesicht des Pferdes kann aber auch der R\u00fccken f\u00fcr Schmerzen verantwortlich sein. R\u00fcckenschmerzen sind bei Menschen eine wahre Volkskrankheit. Die h\u00e4ufigste Ursache f\u00fcr R\u00fcckenschmerzen sind <strong>Muskelverspannungen oder Fehlhaltungen<\/strong>. Hier l\u00e4sst sich die direkte Parallele zu den Pferden ziehen, denn auch bei Pferden werden h\u00e4ufig R\u00fcckenprobleme beobachtet. Diese resultieren in vielen F\u00e4llen aus:<\/p>\n<ul>\n<li>fehlerhaftem Reiten, das zu einer mangelhaften Ausbildung der ben\u00f6tigten Muskulatur f\u00fchrt<\/li>\n<li>zu fr\u00fchem, nicht durchdacht aufgebautem, falschem oder zu intensivem Training<\/li>\n<li>unpassender Ausr\u00fcstung (vor allem S\u00e4ttel)<\/li>\n<li>schlechtem Hufbeschlag<\/li>\n<\/ul>\n\n<div class=\"related_articles boxed\">\n    <h2>Mehr zum Thema<\/h2>\n    \n    <div class=\"wrapper\"><div class=\"title align-center\"><h3><a href=\"https:\/\/uelzener.de\/magazin\/pferd\/haeufige-fragen\/liste-haeufigste-pferdekrankheiten-operationen\/\">Liste der h\u00e4ufigsten Pferdekrankheiten und Operationen<\/a><\/h3><\/div><div class=\"img align-center\"><img decoding=\"async\" width=\"315\" height=\"180\" src=\"https:\/\/uelzener.de\/magazin\/app\/uploads\/2023\/01\/haeufige-pferdekrankheiten-operationen-315x180.jpg\" class=\"attachment-315x180 size-315x180 wp-post-image\" alt=\"\u00c4rztin untersucht Pferd auf Krankheiten. Wird eine OP notwendig sein?\" \/><\/div><\/div><div class=\"wrapper\"><div class=\"title align-center\"><h3><a href=\"https:\/\/uelzener.de\/magazin\/pferd\/tiergesundheit\/kissing-spines-beim-pferd-das-solltest-du-ueber-das-rueckenleiden-wissen\/\">Kissing Spines beim Pferd: Das solltest du \u00fcber das R\u00fcckenleiden wissen<\/a><\/h3><\/div><div class=\"img align-center\"><img decoding=\"async\" width=\"315\" height=\"180\" src=\"https:\/\/uelzener.de\/magazin\/app\/uploads\/2025\/03\/Kissing_spine-315x180.jpg\" class=\"attachment-315x180 size-315x180 wp-post-image\" alt=\"Man sieht einen Pferder\u00fccken, welcher von einer Hand abgestrichen wird\" \/><\/div><\/div><div class=\"wrapper\"><div class=\"title align-center\"><h3><a href=\"https:\/\/uelzener.de\/magazin\/pferd\/haeufige-fragen\/kolik-hausmittel\/\">Kolik: Welche Hausmittel helfen wirklich?<\/a><\/h3><\/div><div class=\"img align-center\"><img decoding=\"async\" width=\"315\" height=\"180\" src=\"https:\/\/uelzener.de\/magazin\/app\/uploads\/2022\/10\/Hausmittel-Kolik-Pferd-315x180.jpg\" class=\"attachment-315x180 size-315x180 wp-post-image\" alt=\"Pferd liegt auf der Wiese. Welche Hausmittel helfen bei Kolik?\" \/><\/div><\/div><\/div>\n\n<h2>Rittigkeitsprobleme als Anzeichen f\u00fcr Schmerz ernstnehmen<\/h2>\n<p>Meist \u00e4u\u00dfern sich R\u00fcckenschmerzen bei Pferden durch Rittigkeitsprobleme. <strong>Die Pferde dr\u00fccken den R\u00fccken weg, halten sich im R\u00fccken fest, gehen gegen die Hand. Sie springen im Galopp h\u00e4ufig um, zeigen verminderten Raumgriff oder Taktst\u00f6rungen<\/strong>. Im schlimmsten Fall wehren sich die Pferde durch Buckeln oder Steigen gegen den Schmerz.<\/p>\n<p>Achte genau auf das Verhalten Deines Pferdes. In vielen F\u00e4llen kannst Du R\u00fcckenprobleme schon vor dem Reiten erkennen. So reagieren die Pferde teilweise bereits beim Putzen durch <strong>unwilliges Schweifschlagen<\/strong> oder zeigen <strong>Abwehrreaktionen beim Satteln<\/strong>. In schlimmeren F\u00e4llen dr\u00fccken sie deutlich den R\u00fccken weg und machen Ausweichbewegungen, um sich vor weiteren Schmerzen zu sch\u00fctzen.<\/p>\n<p>Hektik, Aggression, Zur\u00fcckgezogenheit \u2013 all das k\u00f6nnen weitere Hinweise sein, dass es dem Pferd nicht gut geht.<\/p>\n<h2>Schmerzen beim Pferd verhindern und vorbeugen<\/h2>\n<p>Sobald Reiter Schmerzen erkennen, ist Handeln gefragt. Ein Tierarztbesuch kann immer Aufschluss bringen, damit Dein Pferd nicht unn\u00f6tig unter Schmerzen leidet. Besonders bei diffusen Schmerzen kann nur ein Spezialist eine genaue Diagnose stellen.<\/p>\n<p>Besonders beim R\u00fccken der Pferde ist Vorsorge grundlegend. Es ist unbedingt erforderlich, sein Pferd gut auszubilden und zu gymnastizieren, um den Muskelaufbau zu f\u00f6rdern.<\/p>\n<p>Sollte ein Besuch vom Tierarzt einmal unabdingbar sein, sch\u00fctzt Dich unsere <strong>Pferde-OP- und Krankenversicherung<\/strong> vor unangenehmen Kosten und finanzielle Sorgen geh\u00f6ren der Vergangenheit an.<\/p>\n","protected":false},"excerpt":{"rendered":"<p>Um als Fluchttier nicht als Beute eines Raubtieres zu enden, verstecken Pferde ihre Schmerzen instinktiv. Wer sein Tier und dessen Verhalten jedoch regelm\u00e4\u00dfig beobachtet, kann lernen, Schmerzen bei seinem Pferd fr\u00fchzeitig zu erkennen. In diesem Blogbeitrag erf\u00e4hrst Du, wie Du bei Deinem Pferd ein Schmerzgesicht diagnostizierst, weshalb Rittigkeitsprobleme ein Anzeichen f\u00fcr Schmerzen sein k\u00f6nnen und [&hellip;]<\/p>\n","protected":false},"author":1,"featured_media":10880,"parent":11706,"menu_order":61,"comment_status":"open","ping_status":"open","template":"templates\/blog.php","meta":{"_acf_changed":false,"_crdt_document":"","footnotes":"","beyondwords_generate_audio":"","beyondwords_project_id":"","beyondwords_content_id":"","beyondwords_preview_token":"","beyondwords_player_style":"","beyondwords_language_id":"","beyondwords_title_voice_id":"","beyondwords_body_voice_id":"","beyondwords_summary_voice_id":"","beyondwords_error_message":"","beyondwords_disabled":"","beyondwords_delete_content":"","beyondwords_podcast_id":"","beyondwords_hash":"","publish_post_to_speechkit":"","speechkit_hash":"","speechkit_generate_audio":"","speechkit_project_id":"","speechkit_podcast_id":"","speechkit_error_message":"","speechkit_disabled":"","speechkit_access_key":"","speechkit_error":"","speechkit_info":"","speechkit_response":"","speechkit_retries":"","speechkit_status":"","speechkit_updated_at":"","_speechkit_link":"","_speechkit_text":""},"class_list":["post-10291","page","type-page","status-publish","has-post-thumbnail","hentry"],"acf":[],"yoast_head":"<!-- This site is optimized with the Yoast SEO Premium plugin  - https:\/\/yoast.com\/product\/yoast-seo-premium-wordpress\/ -->\n<title>Schmerzen beim Pferd erkennen | Uelzener<\/title>\n<meta name=\"description\" content=\"So erkennst Du Schmerzen bei Deinem Pferd \u2713 Schmerzgesicht \u2713 R\u00fccken- &amp; Rittigkeitsprobleme \u25b6 Hier informieren!\" \/>\n<meta name=\"robots\" content=\"index, follow, max-snippet:-1, max-image-preview:large, max-video-preview:-1\" \/>\n<link rel=\"canonical\" href=\"https:\/\/uelzener.de\/magazin\/pferd\/tiergesundheit\/schmerzen-beim-pferd\/\" \/>\n<meta property=\"og:locale\" content=\"de_DE\" \/>\n<meta property=\"og:type\" content=\"article\" \/>\n<meta property=\"og:title\" content=\"Schmerzen beim Pferd erkennen: Schmerzgesicht und andere Anzeichen\" \/>\n<meta property=\"og:description\" content=\"So erkennst Du Schmerzen bei Deinem Pferd \u2713 Schmerzgesicht \u2713 R\u00fccken- &amp; Rittigkeitsprobleme \u25b6 Hier informieren!\" \/>\n<meta property=\"og:url\" content=\"https:\/\/uelzener.de\/magazin\/pferd\/tiergesundheit\/schmerzen-beim-pferd\/\" \/>\n<meta property=\"og:site_name\" content=\"Uelzener Tier-Magazin\" \/>\n<meta property=\"article:publisher\" content=\"https:\/\/www.facebook.com\/Uelzener\" \/>\n<meta property=\"article:modified_time\" content=\"2025-04-08T12:49:26+00:00\" \/>\n<meta property=\"og:image\" content=\"https:\/\/uelzener.de\/magazin\/app\/uploads\/2020\/01\/17b97477-b494-49c0-9899-73776d9e06a9-scaled.jpg\" \/>\n\t<meta property=\"og:image:width\" content=\"2560\" \/>\n\t<meta property=\"og:image:height\" content=\"1334\" \/>\n\t<meta property=\"og:image:type\" content=\"image\/jpeg\" \/>\n<meta name=\"twitter:card\" content=\"summary_large_image\" \/>\n<meta name=\"twitter:label1\" content=\"Gesch\u00e4tzte Lesezeit\" \/>\n\t<meta name=\"twitter:data1\" content=\"4\u00a0Minuten\" \/>\n<script type=\"application\/ld+json\" class=\"yoast-schema-graph\">{\"@context\":\"https:\\\/\\\/schema.org\",\"@graph\":[{\"@type\":\"WebPage\",\"@id\":\"https:\\\/\\\/uelzener.de\\\/magazin\\\/pferd\\\/tiergesundheit\\\/schmerzen-beim-pferd\\\/\",\"url\":\"https:\\\/\\\/uelzener.de\\\/magazin\\\/pferd\\\/tiergesundheit\\\/schmerzen-beim-pferd\\\/\",\"name\":\"Schmerzen beim Pferd erkennen | Uelzener\",\"isPartOf\":{\"@id\":\"https:\\\/\\\/uelzener.de\\\/magazin\\\/#website\"},\"primaryImageOfPage\":{\"@id\":\"https:\\\/\\\/uelzener.de\\\/magazin\\\/pferd\\\/tiergesundheit\\\/schmerzen-beim-pferd\\\/#primaryimage\"},\"image\":{\"@id\":\"https:\\\/\\\/uelzener.de\\\/magazin\\\/pferd\\\/tiergesundheit\\\/schmerzen-beim-pferd\\\/#primaryimage\"},\"thumbnailUrl\":\"https:\\\/\\\/uelzener.de\\\/magazin\\\/app\\\/uploads\\\/2020\\\/01\\\/17b97477-b494-49c0-9899-73776d9e06a9-scaled.jpg\",\"datePublished\":\"2020-01-30T00:00:00+00:00\",\"dateModified\":\"2025-04-08T12:49:26+00:00\",\"description\":\"So erkennst Du Schmerzen bei Deinem Pferd \u2713 Schmerzgesicht \u2713 R\u00fccken- & Rittigkeitsprobleme \u25b6 Hier informieren!\",\"breadcrumb\":{\"@id\":\"https:\\\/\\\/uelzener.de\\\/magazin\\\/pferd\\\/tiergesundheit\\\/schmerzen-beim-pferd\\\/#breadcrumb\"},\"inLanguage\":\"de\",\"potentialAction\":[{\"@type\":\"ReadAction\",\"target\":[\"https:\\\/\\\/uelzener.de\\\/magazin\\\/pferd\\\/tiergesundheit\\\/schmerzen-beim-pferd\\\/\"]}]},{\"@type\":\"ImageObject\",\"inLanguage\":\"de\",\"@id\":\"https:\\\/\\\/uelzener.de\\\/magazin\\\/pferd\\\/tiergesundheit\\\/schmerzen-beim-pferd\\\/#primaryimage\",\"url\":\"https:\\\/\\\/uelzener.de\\\/magazin\\\/app\\\/uploads\\\/2020\\\/01\\\/17b97477-b494-49c0-9899-73776d9e06a9-scaled.jpg\",\"contentUrl\":\"https:\\\/\\\/uelzener.de\\\/magazin\\\/app\\\/uploads\\\/2020\\\/01\\\/17b97477-b494-49c0-9899-73776d9e06a9-scaled.jpg\",\"width\":2560,\"height\":1334,\"caption\":\"Photo Taken In Auckland, New Zealand\"},{\"@type\":\"WebSite\",\"@id\":\"https:\\\/\\\/uelzener.de\\\/magazin\\\/#website\",\"url\":\"https:\\\/\\\/uelzener.de\\\/magazin\\\/\",\"name\":\"Uelzener Tiermagazin\",\"description\":\"Online Tierratgeber der Uelzener Versicherungen\",\"publisher\":{\"@id\":\"https:\\\/\\\/uelzener.de\\\/magazin\\\/#organization\"},\"potentialAction\":[{\"@type\":\"SearchAction\",\"target\":{\"@type\":\"EntryPoint\",\"urlTemplate\":\"https:\\\/\\\/uelzener.de\\\/magazin\\\/?s={search_term_string}\"},\"query-input\":{\"@type\":\"PropertyValueSpecification\",\"valueRequired\":true,\"valueName\":\"search_term_string\"}}],\"inLanguage\":\"de\"},{\"@type\":\"Organization\",\"@id\":\"https:\\\/\\\/uelzener.de\\\/magazin\\\/#organization\",\"name\":\"Uelzener Versicherungen\",\"url\":\"https:\\\/\\\/uelzener.de\\\/magazin\\\/\",\"logo\":{\"@type\":\"ImageObject\",\"inLanguage\":\"de\",\"@id\":\"https:\\\/\\\/uelzener.de\\\/magazin\\\/#\\\/schema\\\/logo\\\/image\\\/\",\"url\":\"https:\\\/\\\/uelzener.de\\\/magazin\\\/app\\\/uploads\\\/2024\\\/11\\\/uelzener_allgemeine_versicherungsgesellschaft_a_g_logo.jpg\",\"contentUrl\":\"https:\\\/\\\/uelzener.de\\\/magazin\\\/app\\\/uploads\\\/2024\\\/11\\\/uelzener_allgemeine_versicherungsgesellschaft_a_g_logo.jpg\",\"width\":200,\"height\":200,\"caption\":\"Uelzener Versicherungen\"},\"image\":{\"@id\":\"https:\\\/\\\/uelzener.de\\\/magazin\\\/#\\\/schema\\\/logo\\\/image\\\/\"},\"sameAs\":[\"https:\\\/\\\/www.facebook.com\\\/Uelzener\",\"https:\\\/\\\/instagram.com\\\/uelzener\",\"https:\\\/\\\/www.xing.com\\\/pages\\\/uelzenerallgemeineversicherungs-gesellschafta-g\",\"https:\\\/\\\/www.youtube.com\\\/UelzenerVersicherungen\"]}]}<\/script>\n<!-- \/ Yoast SEO Premium plugin. -->","yoast_head_json":{"title":"Schmerzen beim Pferd erkennen | Uelzener","description":"So erkennst Du Schmerzen bei Deinem Pferd \u2713 Schmerzgesicht \u2713 R\u00fccken- & Rittigkeitsprobleme \u25b6 Hier informieren!","robots":{"index":"index","follow":"follow","max-snippet":"max-snippet:-1","max-image-preview":"max-image-preview:large","max-video-preview":"max-video-preview:-1"},"canonical":"https:\/\/uelzener.de\/magazin\/pferd\/tiergesundheit\/schmerzen-beim-pferd\/","og_locale":"de_DE","og_type":"article","og_title":"Schmerzen beim Pferd erkennen: Schmerzgesicht und andere Anzeichen","og_description":"So erkennst Du Schmerzen bei Deinem Pferd \u2713 Schmerzgesicht \u2713 R\u00fccken- & Rittigkeitsprobleme \u25b6 Hier informieren!","og_url":"https:\/\/uelzener.de\/magazin\/pferd\/tiergesundheit\/schmerzen-beim-pferd\/","og_site_name":"Uelzener Tier-Magazin","article_publisher":"https:\/\/www.facebook.com\/Uelzener","article_modified_time":"2025-04-08T12:49:26+00:00","og_image":[{"width":2560,"height":1334,"url":"https:\/\/uelzener.de\/magazin\/app\/uploads\/2020\/01\/17b97477-b494-49c0-9899-73776d9e06a9-scaled.jpg","type":"image\/jpeg"}],"twitter_card":"summary_large_image","twitter_misc":{"Gesch\u00e4tzte Lesezeit":"4\u00a0Minuten"},"schema":{"@context":"https:\/\/schema.org","@graph":[{"@type":"WebPage","@id":"https:\/\/uelzener.de\/magazin\/pferd\/tiergesundheit\/schmerzen-beim-pferd\/","url":"https:\/\/uelzener.de\/magazin\/pferd\/tiergesundheit\/schmerzen-beim-pferd\/","name":"Schmerzen beim Pferd erkennen | Uelzener","isPartOf":{"@id":"https:\/\/uelzener.de\/magazin\/#website"},"primaryImageOfPage":{"@id":"https:\/\/uelzener.de\/magazin\/pferd\/tiergesundheit\/schmerzen-beim-pferd\/#primaryimage"},"image":{"@id":"https:\/\/uelzener.de\/magazin\/pferd\/tiergesundheit\/schmerzen-beim-pferd\/#primaryimage"},"thumbnailUrl":"https:\/\/uelzener.de\/magazin\/app\/uploads\/2020\/01\/17b97477-b494-49c0-9899-73776d9e06a9-scaled.jpg","datePublished":"2020-01-30T00:00:00+00:00","dateModified":"2025-04-08T12:49:26+00:00","description":"So erkennst Du Schmerzen bei Deinem Pferd \u2713 Schmerzgesicht \u2713 R\u00fccken- & Rittigkeitsprobleme \u25b6 Hier informieren!","breadcrumb":{"@id":"https:\/\/uelzener.de\/magazin\/pferd\/tiergesundheit\/schmerzen-beim-pferd\/#breadcrumb"},"inLanguage":"de","potentialAction":[{"@type":"ReadAction","target":["https:\/\/uelzener.de\/magazin\/pferd\/tiergesundheit\/schmerzen-beim-pferd\/"]}]},{"@type":"ImageObject","inLanguage":"de","@id":"https:\/\/uelzener.de\/magazin\/pferd\/tiergesundheit\/schmerzen-beim-pferd\/#primaryimage","url":"https:\/\/uelzener.de\/magazin\/app\/uploads\/2020\/01\/17b97477-b494-49c0-9899-73776d9e06a9-scaled.jpg","contentUrl":"https:\/\/uelzener.de\/magazin\/app\/uploads\/2020\/01\/17b97477-b494-49c0-9899-73776d9e06a9-scaled.jpg","width":2560,"height":1334,"caption":"Photo Taken In Auckland, New Zealand"},{"@type":"WebSite","@id":"https:\/\/uelzener.de\/magazin\/#website","url":"https:\/\/uelzener.de\/magazin\/","name":"Uelzener Tiermagazin","description":"Online Tierratgeber der Uelzener Versicherungen","publisher":{"@id":"https:\/\/uelzener.de\/magazin\/#organization"},"potentialAction":[{"@type":"SearchAction","target":{"@type":"EntryPoint","urlTemplate":"https:\/\/uelzener.de\/magazin\/?s={search_term_string}"},"query-input":{"@type":"PropertyValueSpecification","valueRequired":true,"valueName":"search_term_string"}}],"inLanguage":"de"},{"@type":"Organization","@id":"https:\/\/uelzener.de\/magazin\/#organization","name":"Uelzener Versicherungen","url":"https:\/\/uelzener.de\/magazin\/","logo":{"@type":"ImageObject","inLanguage":"de","@id":"https:\/\/uelzener.de\/magazin\/#\/schema\/logo\/image\/","url":"https:\/\/uelzener.de\/magazin\/app\/uploads\/2024\/11\/uelzener_allgemeine_versicherungsgesellschaft_a_g_logo.jpg","contentUrl":"https:\/\/uelzener.de\/magazin\/app\/uploads\/2024\/11\/uelzener_allgemeine_versicherungsgesellschaft_a_g_logo.jpg","width":200,"height":200,"caption":"Uelzener Versicherungen"},"image":{"@id":"https:\/\/uelzener.de\/magazin\/#\/schema\/logo\/image\/"},"sameAs":["https:\/\/www.facebook.com\/Uelzener","https:\/\/instagram.com\/uelzener","https:\/\/www.xing.com\/pages\/uelzenerallgemeineversicherungs-gesellschafta-g","https:\/\/www.youtube.com\/UelzenerVersicherungen"]}]}},"_links":{"self":[{"href":"https:\/\/uelzener.de\/magazin\/wp-json\/wp\/v2\/pages\/10291","targetHints":{"allow":["GET"]}}],"collection":[{"href":"https:\/\/uelzener.de\/magazin\/wp-json\/wp\/v2\/pages"}],"about":[{"href":"https:\/\/uelzener.de\/magazin\/wp-json\/wp\/v2\/types\/page"}],"author":[{"embeddable":true,"href":"https:\/\/uelzener.de\/magazin\/wp-json\/wp\/v2\/users\/1"}],"replies":[{"embeddable":true,"href":"https:\/\/uelzener.de\/magazin\/wp-json\/wp\/v2\/comments?post=10291"}],"version-history":[{"count":8,"href":"https:\/\/uelzener.de\/magazin\/wp-json\/wp\/v2\/pages\/10291\/revisions"}],"predecessor-version":[{"id":18326,"href":"https:\/\/uelzener.de\/magazin\/wp-json\/wp\/v2\/pages\/10291\/revisions\/18326"}],"up":[{"embeddable":true,"href":"https:\/\/uelzener.de\/magazin\/wp-json\/wp\/v2\/pages\/11706"}],"wp:featuredmedia":[{"embeddable":true,"href":"https:\/\/uelzener.de\/magazin\/wp-json\/wp\/v2\/media\/10880"}],"wp:attachment":[{"href":"https:\/\/uelzener.de\/magazin\/wp-json\/wp\/v2\/media?parent=10291"}],"curies":[{"name":"wp","href":"https:\/\/api.w.org\/{rel}","templated":true}]}}