{"id":10275,"date":"2019-08-14T00:00:00","date_gmt":"2019-08-14T00:00:00","guid":{"rendered":""},"modified":"2023-10-17T08:59:06","modified_gmt":"2023-10-17T06:59:06","slug":"reitunfall-pferd-entlaufen","status":"publish","type":"page","link":"https:\/\/uelzener.de\/magazin\/pferd\/tipps-fuer-den-alltag\/reitunfall-pferd-entlaufen\/","title":{"rendered":"Reitunfall: Pferd entlaufen"},"content":{"rendered":"<p><strong>Wenn unsere Vierbeiner nach einem Reitunfall im Gel\u00e4nde das Weite suchen, steuert sie ihr Instinkt. Bei uns Menschen l\u00e4uten die Alarmglocken. Unsere Tipps zeigen, wie Du im Notfall im Umgang mit dem Pferd reagieren solltest.<\/strong><\/p>\n<p>Nach einem <a href=\"https:\/\/uelzener.de\/magazin\/pferd\/tipps-fuer-den-alltag\/sturztraining-pferd\/\">Reitunfall<\/a> lautet die erste Regel \u201eMensch dann Pferd\u201c. Selbst wenn sich ein Pferd losgerissen hat und weggelaufen ist, sollten sich die Mitreiter immer zuerst um den verletzten Reiter k\u00fcmmern. Erst dann wird das <a href=\"https:\/\/uelzener.de\/magazin\/pferd\/tiergesundheit\/pferdeauge-sensibles-sehorgan\/\">Auge<\/a>nmerk auf die verschreckten Vierbeiner gerichtet. Mit unseren Tipps kannst Du nach einem <a href=\"https:\/\/uelzener.de\/magazin\/pferd\/haeufige-fragen\/haeufige-reitunfaelle\/\">Unfall<\/a> korrekt reagieren.<\/p>\n<p><strong>Das Fluchttier Pferd<\/strong><\/p>\n<p>Pferde sind Fluchttiere. Bei Gefahr suchen unsere Vierbeiner erst mal das Weite. Hinterherlaufen hat f\u00fcr uns Menschen ohnehin wenig Erfolg. Oft bleiben Pferde jedoch in der N\u00e4he ihrer Artgenossen und fangen irgendwo an zu grasen. Besonders wenn mehrere Reiter gemeinsam unterwegs sind, ist die Suche einfacher zu meistern. Sind keine Gefahrenquellen in der N\u00e4he, wie Stra\u00dfen oder Eisenbahnlinien, kann die Suche in Ruhe starten.<\/p>\n<p><strong>K\u00fchler Kopf trotz Panik<\/strong><\/p>\n<p>Bringt das Pferd andere Menschen in Gefahr? Ist ein Dorf oder eine Stra\u00dfe in Reichweite? Jetzt kann die Polizei unter 110 Hilfestellung geben. Ist das Pferd zu sehr in Panik und rennt nach Hause, dann sollte nach dem Notruf auch beim Stall angerufen werden \u2013 vielleicht gibt es eine M\u00f6glichkeit, das Pferd daran zu hindern, allein gro\u00dfe Stra\u00dfen zu \u00fcberqueren. Einem in Panik galoppierenden Pferd sollte sich aber kein Mensch in den Weg stellen!<\/p>\n<p><strong>Aus der Schusslinie bringen<\/strong><\/p>\n<p>Stellen Reiter fest, dass das Pferd sich verletzt hat, ist Vorsicht geboten. Reiter sollten sich nicht in Gefahr bringen. Egal wie gut Sie Ihren Vierbeiner kennen. Ein Pferd mit starken Schmerzen ist unberechenbar. Probiere \u2013 au\u00dfer Reichweite der Hufe \u2013 das Pferd zu beruhigen. Stell Dich auf keinen Fall direkt davor und nicht in den Bereich von Beinen und Hufen.<\/p>\n<p>Eine Herde gibt Pferden ebenfalls Sicherheit. Sind mehrere Pferde unterwegs, trenne nie das verletzte Pferd von den andern. Achtung: Die gesunden Pferde m\u00fcssen genauso vor etwaigen Tritten und Bissen des verletzten Artgenossen gesch\u00fctzt werden. Ein Sicherheitsabstand ist n\u00f6tig.<\/p>\n<p><strong>Im \u00dcberblick:<\/strong><\/p>\n<p>Mobiltelefone k\u00f6nnen Leben retten. Mit diesen Fragen kann im Notfall schnell Hilfe angefordert werden:<\/p>\n<ul>\n<li>Ist der Mitreiter verletzt, kann nicht aufstehen oder ist bewusstlos?<strong>&#8211;&gt;<\/strong><strong> Rettungswagen (112)<\/strong><\/li>\n<li>L\u00e4uft das Pferd auf eine Stra\u00dfe oder sind andere Menschen in Gefahr?<br \/>\n<strong>&#8211;&gt; Polizei (110)<\/strong><\/li>\n<li>Ist das Pferd schwer verletzt, lahmt oder kommt nicht auf eigenen Beinen sicher zum Stall zur\u00fcck?<br \/>\n<strong>&#8211;&gt;Tierarzt bzw. Tiernotruf<\/strong><\/li>\n<\/ul>\n<p style=\"padding-left: 40px;\">Damit Sie hier nicht auf hohen Tierarztkosten sitzen bleiben, sollten Sie eine gute <a href=\"https:\/\/uelzener.de\/pferd\/\">Pferde-Versicherung<\/a> abschlie\u00dfen.<\/p>\n<ul>\n<li>Wird ein <a href=\"https:\/\/uelzener.de\/magazin\/pferd\/erziehung-und-training\/pferde-verladen-und-transportieren\/\">Pferdeanh\u00e4nger<\/a> ben\u00f6tigt, ist Hilfe von Stallkollegen erforderlich oder l\u00e4uft das Pferd Richtung Hof zur\u00fcck?<br \/>\n<strong>&#8211;&gt; Stall<\/strong><\/li>\n<\/ul>\n","protected":false},"excerpt":{"rendered":"<p>Wenn unsere Vierbeiner nach einem Reitunfall im Gel\u00e4nde das Weite suchen, steuert sie ihr Instinkt. Bei uns Menschen l\u00e4uten die Alarmglocken. Unsere Tipps zeigen, wie Du im Notfall im Umgang mit dem Pferd reagieren solltest. Nach einem Reitunfall lautet die erste Regel \u201eMensch dann Pferd\u201c. Selbst wenn sich ein Pferd losgerissen hat und weggelaufen ist, [&hellip;]<\/p>\n","protected":false},"author":1,"featured_media":10864,"parent":11703,"menu_order":13,"comment_status":"open","ping_status":"open","template":"templates\/blog.php","meta":{"_acf_changed":false,"_crdt_document":"","footnotes":"","beyondwords_generate_audio":"0","beyondwords_project_id":"","beyondwords_content_id":"","beyondwords_preview_token":"","beyondwords_player_style":"","beyondwords_language_id":"","beyondwords_title_voice_id":"","beyondwords_body_voice_id":"","beyondwords_summary_voice_id":"","beyondwords_error_message":"","beyondwords_disabled":"","beyondwords_delete_content":"","beyondwords_podcast_id":"","beyondwords_hash":"","publish_post_to_speechkit":"","speechkit_hash":"","speechkit_generate_audio":"","speechkit_project_id":"","speechkit_podcast_id":"","speechkit_error_message":"","speechkit_disabled":"","speechkit_access_key":"","speechkit_error":"","speechkit_info":"","speechkit_response":"","speechkit_retries":"","speechkit_status":"","speechkit_updated_at":"","_speechkit_link":"","_speechkit_text":""},"class_list":["post-10275","page","type-page","status-publish","has-post-thumbnail","hentry"],"acf":[],"yoast_head":"<!-- This site is optimized with the Yoast SEO Premium plugin  - https:\/\/yoast.com\/product\/yoast-seo-premium-wordpress\/ -->\n<title>Reitunfall: Pferd entlaufen | Uelzener<\/title>\n<meta name=\"description\" content=\"Wenn unsere Vierbeiner nach einem Reitunfall im Gel\u00e4nde das Weite suchen, steuert sie ihr Instinkt. Bei uns Menschen l\u00e4uten die Alarmglocken. Unsere Tipps zeigen, wie du im Notfall im Umgang mit dem Pferd reagieren solltest.\" \/>\n<meta name=\"robots\" content=\"index, follow, max-snippet:-1, max-image-preview:large, max-video-preview:-1\" \/>\n<link rel=\"canonical\" href=\"https:\/\/uelzener.de\/magazin\/pferd\/tipps-fuer-den-alltag\/reitunfall-pferd-entlaufen\/\" \/>\n<meta property=\"og:locale\" content=\"de_DE\" \/>\n<meta property=\"og:type\" content=\"article\" \/>\n<meta property=\"og:title\" content=\"Reitunfall: Pferd entlaufen\" \/>\n<meta property=\"og:description\" content=\"Wenn unsere Vierbeiner nach einem Reitunfall im Gel\u00e4nde das Weite suchen, steuert sie ihr Instinkt. Bei uns Menschen l\u00e4uten die Alarmglocken. Unsere Tipps zeigen, wie du im Notfall im Umgang mit dem Pferd reagieren solltest.\" \/>\n<meta property=\"og:url\" content=\"https:\/\/uelzener.de\/magazin\/pferd\/tipps-fuer-den-alltag\/reitunfall-pferd-entlaufen\/\" \/>\n<meta property=\"og:site_name\" content=\"Uelzener Tier-Magazin\" \/>\n<meta property=\"article:publisher\" content=\"https:\/\/www.facebook.com\/Uelzener\" \/>\n<meta property=\"article:modified_time\" content=\"2023-10-17T06:59:06+00:00\" \/>\n<meta property=\"og:image\" content=\"https:\/\/uelzener.de\/magazin\/app\/uploads\/2019\/08\/651f4c50-cc56-4b6e-80ba-5a76f79ecbda.jpg\" \/>\n\t<meta property=\"og:image:width\" content=\"650\" \/>\n\t<meta property=\"og:image:height\" content=\"433\" \/>\n\t<meta property=\"og:image:type\" content=\"image\/jpeg\" \/>\n<meta name=\"twitter:card\" content=\"summary_large_image\" \/>\n<meta name=\"twitter:label1\" content=\"Gesch\u00e4tzte Lesezeit\" \/>\n\t<meta name=\"twitter:data1\" content=\"2\u00a0Minuten\" \/>\n<script type=\"application\/ld+json\" class=\"yoast-schema-graph\">{\"@context\":\"https:\/\/schema.org\",\"@graph\":[{\"@type\":\"WebPage\",\"@id\":\"https:\/\/uelzener.de\/magazin\/pferd\/tipps-fuer-den-alltag\/reitunfall-pferd-entlaufen\/\",\"url\":\"https:\/\/uelzener.de\/magazin\/pferd\/tipps-fuer-den-alltag\/reitunfall-pferd-entlaufen\/\",\"name\":\"Reitunfall: Pferd entlaufen | Uelzener\",\"isPartOf\":{\"@id\":\"https:\/\/uelzener.de\/magazin\/#website\"},\"primaryImageOfPage\":{\"@id\":\"https:\/\/uelzener.de\/magazin\/pferd\/tipps-fuer-den-alltag\/reitunfall-pferd-entlaufen\/#primaryimage\"},\"image\":{\"@id\":\"https:\/\/uelzener.de\/magazin\/pferd\/tipps-fuer-den-alltag\/reitunfall-pferd-entlaufen\/#primaryimage\"},\"thumbnailUrl\":\"https:\/\/uelzener.de\/magazin\/app\/uploads\/2019\/08\/651f4c50-cc56-4b6e-80ba-5a76f79ecbda.jpg\",\"datePublished\":\"2019-08-14T00:00:00+00:00\",\"dateModified\":\"2023-10-17T06:59:06+00:00\",\"description\":\"Wenn unsere Vierbeiner nach einem Reitunfall im Gel\u00e4nde das Weite suchen, steuert sie ihr Instinkt. Bei uns Menschen l\u00e4uten die Alarmglocken. Unsere Tipps zeigen, wie du im Notfall im Umgang mit dem Pferd reagieren solltest.\",\"breadcrumb\":{\"@id\":\"https:\/\/uelzener.de\/magazin\/pferd\/tipps-fuer-den-alltag\/reitunfall-pferd-entlaufen\/#breadcrumb\"},\"inLanguage\":\"de\",\"potentialAction\":[{\"@type\":\"ReadAction\",\"target\":[\"https:\/\/uelzener.de\/magazin\/pferd\/tipps-fuer-den-alltag\/reitunfall-pferd-entlaufen\/\"]}]},{\"@type\":\"ImageObject\",\"inLanguage\":\"de\",\"@id\":\"https:\/\/uelzener.de\/magazin\/pferd\/tipps-fuer-den-alltag\/reitunfall-pferd-entlaufen\/#primaryimage\",\"url\":\"https:\/\/uelzener.de\/magazin\/app\/uploads\/2019\/08\/651f4c50-cc56-4b6e-80ba-5a76f79ecbda.jpg\",\"contentUrl\":\"https:\/\/uelzener.de\/magazin\/app\/uploads\/2019\/08\/651f4c50-cc56-4b6e-80ba-5a76f79ecbda.jpg\",\"width\":650,\"height\":433,\"caption\":\"Zwei Frauen reiten auf ihren Pferden sie sind mit Schutzkleidung gegen einen Reitunfall gesch\u00fctzt.\"},{\"@type\":\"WebSite\",\"@id\":\"https:\/\/uelzener.de\/magazin\/#website\",\"url\":\"https:\/\/uelzener.de\/magazin\/\",\"name\":\"Uelzener Tiermagazin\",\"description\":\"Online Tierratgeber der Uelzener Versicherungen\",\"publisher\":{\"@id\":\"https:\/\/uelzener.de\/magazin\/#organization\"},\"potentialAction\":[{\"@type\":\"SearchAction\",\"target\":{\"@type\":\"EntryPoint\",\"urlTemplate\":\"https:\/\/uelzener.de\/magazin\/?s={search_term_string}\"},\"query-input\":{\"@type\":\"PropertyValueSpecification\",\"valueRequired\":true,\"valueName\":\"search_term_string\"}}],\"inLanguage\":\"de\"},{\"@type\":\"Organization\",\"@id\":\"https:\/\/uelzener.de\/magazin\/#organization\",\"name\":\"Uelzener Versicherungen\",\"url\":\"https:\/\/uelzener.de\/magazin\/\",\"logo\":{\"@type\":\"ImageObject\",\"inLanguage\":\"de\",\"@id\":\"https:\/\/uelzener.de\/magazin\/#\/schema\/logo\/image\/\",\"url\":\"https:\/\/uelzener.de\/magazin\/app\/uploads\/2024\/11\/uelzener_allgemeine_versicherungsgesellschaft_a_g_logo.jpg\",\"contentUrl\":\"https:\/\/uelzener.de\/magazin\/app\/uploads\/2024\/11\/uelzener_allgemeine_versicherungsgesellschaft_a_g_logo.jpg\",\"width\":200,\"height\":200,\"caption\":\"Uelzener Versicherungen\"},\"image\":{\"@id\":\"https:\/\/uelzener.de\/magazin\/#\/schema\/logo\/image\/\"},\"sameAs\":[\"https:\/\/www.facebook.com\/Uelzener\",\"https:\/\/instagram.com\/uelzener\",\"https:\/\/www.xing.com\/pages\/uelzenerallgemeineversicherungs-gesellschafta-g\",\"https:\/\/www.youtube.com\/UelzenerVersicherungen\"]}]}<\/script>\n<!-- \/ Yoast SEO Premium plugin. -->","yoast_head_json":{"title":"Reitunfall: Pferd entlaufen | Uelzener","description":"Wenn unsere Vierbeiner nach einem Reitunfall im Gel\u00e4nde das Weite suchen, steuert sie ihr Instinkt. Bei uns Menschen l\u00e4uten die Alarmglocken. Unsere Tipps zeigen, wie du im Notfall im Umgang mit dem Pferd reagieren solltest.","robots":{"index":"index","follow":"follow","max-snippet":"max-snippet:-1","max-image-preview":"max-image-preview:large","max-video-preview":"max-video-preview:-1"},"canonical":"https:\/\/uelzener.de\/magazin\/pferd\/tipps-fuer-den-alltag\/reitunfall-pferd-entlaufen\/","og_locale":"de_DE","og_type":"article","og_title":"Reitunfall: Pferd entlaufen","og_description":"Wenn unsere Vierbeiner nach einem Reitunfall im Gel\u00e4nde das Weite suchen, steuert sie ihr Instinkt. Bei uns Menschen l\u00e4uten die Alarmglocken. Unsere Tipps zeigen, wie du im Notfall im Umgang mit dem Pferd reagieren solltest.","og_url":"https:\/\/uelzener.de\/magazin\/pferd\/tipps-fuer-den-alltag\/reitunfall-pferd-entlaufen\/","og_site_name":"Uelzener Tier-Magazin","article_publisher":"https:\/\/www.facebook.com\/Uelzener","article_modified_time":"2023-10-17T06:59:06+00:00","og_image":[{"width":650,"height":433,"url":"https:\/\/uelzener.de\/magazin\/app\/uploads\/2019\/08\/651f4c50-cc56-4b6e-80ba-5a76f79ecbda.jpg","type":"image\/jpeg"}],"twitter_card":"summary_large_image","twitter_misc":{"Gesch\u00e4tzte Lesezeit":"2\u00a0Minuten"},"schema":{"@context":"https:\/\/schema.org","@graph":[{"@type":"WebPage","@id":"https:\/\/uelzener.de\/magazin\/pferd\/tipps-fuer-den-alltag\/reitunfall-pferd-entlaufen\/","url":"https:\/\/uelzener.de\/magazin\/pferd\/tipps-fuer-den-alltag\/reitunfall-pferd-entlaufen\/","name":"Reitunfall: Pferd entlaufen | Uelzener","isPartOf":{"@id":"https:\/\/uelzener.de\/magazin\/#website"},"primaryImageOfPage":{"@id":"https:\/\/uelzener.de\/magazin\/pferd\/tipps-fuer-den-alltag\/reitunfall-pferd-entlaufen\/#primaryimage"},"image":{"@id":"https:\/\/uelzener.de\/magazin\/pferd\/tipps-fuer-den-alltag\/reitunfall-pferd-entlaufen\/#primaryimage"},"thumbnailUrl":"https:\/\/uelzener.de\/magazin\/app\/uploads\/2019\/08\/651f4c50-cc56-4b6e-80ba-5a76f79ecbda.jpg","datePublished":"2019-08-14T00:00:00+00:00","dateModified":"2023-10-17T06:59:06+00:00","description":"Wenn unsere Vierbeiner nach einem Reitunfall im Gel\u00e4nde das Weite suchen, steuert sie ihr Instinkt. Bei uns Menschen l\u00e4uten die Alarmglocken. Unsere Tipps zeigen, wie du im Notfall im Umgang mit dem Pferd reagieren solltest.","breadcrumb":{"@id":"https:\/\/uelzener.de\/magazin\/pferd\/tipps-fuer-den-alltag\/reitunfall-pferd-entlaufen\/#breadcrumb"},"inLanguage":"de","potentialAction":[{"@type":"ReadAction","target":["https:\/\/uelzener.de\/magazin\/pferd\/tipps-fuer-den-alltag\/reitunfall-pferd-entlaufen\/"]}]},{"@type":"ImageObject","inLanguage":"de","@id":"https:\/\/uelzener.de\/magazin\/pferd\/tipps-fuer-den-alltag\/reitunfall-pferd-entlaufen\/#primaryimage","url":"https:\/\/uelzener.de\/magazin\/app\/uploads\/2019\/08\/651f4c50-cc56-4b6e-80ba-5a76f79ecbda.jpg","contentUrl":"https:\/\/uelzener.de\/magazin\/app\/uploads\/2019\/08\/651f4c50-cc56-4b6e-80ba-5a76f79ecbda.jpg","width":650,"height":433,"caption":"Zwei Frauen reiten auf ihren Pferden sie sind mit Schutzkleidung gegen einen Reitunfall gesch\u00fctzt."},{"@type":"WebSite","@id":"https:\/\/uelzener.de\/magazin\/#website","url":"https:\/\/uelzener.de\/magazin\/","name":"Uelzener Tiermagazin","description":"Online Tierratgeber der Uelzener Versicherungen","publisher":{"@id":"https:\/\/uelzener.de\/magazin\/#organization"},"potentialAction":[{"@type":"SearchAction","target":{"@type":"EntryPoint","urlTemplate":"https:\/\/uelzener.de\/magazin\/?s={search_term_string}"},"query-input":{"@type":"PropertyValueSpecification","valueRequired":true,"valueName":"search_term_string"}}],"inLanguage":"de"},{"@type":"Organization","@id":"https:\/\/uelzener.de\/magazin\/#organization","name":"Uelzener Versicherungen","url":"https:\/\/uelzener.de\/magazin\/","logo":{"@type":"ImageObject","inLanguage":"de","@id":"https:\/\/uelzener.de\/magazin\/#\/schema\/logo\/image\/","url":"https:\/\/uelzener.de\/magazin\/app\/uploads\/2024\/11\/uelzener_allgemeine_versicherungsgesellschaft_a_g_logo.jpg","contentUrl":"https:\/\/uelzener.de\/magazin\/app\/uploads\/2024\/11\/uelzener_allgemeine_versicherungsgesellschaft_a_g_logo.jpg","width":200,"height":200,"caption":"Uelzener Versicherungen"},"image":{"@id":"https:\/\/uelzener.de\/magazin\/#\/schema\/logo\/image\/"},"sameAs":["https:\/\/www.facebook.com\/Uelzener","https:\/\/instagram.com\/uelzener","https:\/\/www.xing.com\/pages\/uelzenerallgemeineversicherungs-gesellschafta-g","https:\/\/www.youtube.com\/UelzenerVersicherungen"]}]}},"_links":{"self":[{"href":"https:\/\/uelzener.de\/magazin\/wp-json\/wp\/v2\/pages\/10275","targetHints":{"allow":["GET"]}}],"collection":[{"href":"https:\/\/uelzener.de\/magazin\/wp-json\/wp\/v2\/pages"}],"about":[{"href":"https:\/\/uelzener.de\/magazin\/wp-json\/wp\/v2\/types\/page"}],"author":[{"embeddable":true,"href":"https:\/\/uelzener.de\/magazin\/wp-json\/wp\/v2\/users\/1"}],"replies":[{"embeddable":true,"href":"https:\/\/uelzener.de\/magazin\/wp-json\/wp\/v2\/comments?post=10275"}],"version-history":[{"count":12,"href":"https:\/\/uelzener.de\/magazin\/wp-json\/wp\/v2\/pages\/10275\/revisions"}],"predecessor-version":[{"id":16427,"href":"https:\/\/uelzener.de\/magazin\/wp-json\/wp\/v2\/pages\/10275\/revisions\/16427"}],"up":[{"embeddable":true,"href":"https:\/\/uelzener.de\/magazin\/wp-json\/wp\/v2\/pages\/11703"}],"wp:featuredmedia":[{"embeddable":true,"href":"https:\/\/uelzener.de\/magazin\/wp-json\/wp\/v2\/media\/10864"}],"wp:attachment":[{"href":"https:\/\/uelzener.de\/magazin\/wp-json\/wp\/v2\/media?parent=10275"}],"curies":[{"name":"wp","href":"https:\/\/api.w.org\/{rel}","templated":true}]}}