{"id":10253,"date":"2017-08-03T00:00:00","date_gmt":"2017-08-03T00:00:00","guid":{"rendered":""},"modified":"2023-03-01T15:05:00","modified_gmt":"2023-03-01T14:05:00","slug":"kutschenfuehrerschein","status":"publish","type":"page","link":"https:\/\/uelzener.de\/magazin\/pferd\/erziehung-und-training\/kutschenfuehrerschein\/","title":{"rendered":"Sicher auf dem Kutschbock"},"content":{"rendered":"<p><strong>Unfallfrei an den Leinen mit dem neuen Kutschenf\u00fchrerschein <\/strong><\/p>\n<p>Seit Juni 2017 gibt es ihn: Den Kutschenf\u00fchrerschein, eingef\u00fchrt von der Deutschen Reiterlichen Vereinigung (FN). Ziel ist es, das Fahren mit der Kutsche und die <a href=\"https:\/\/uelzener.de\/magazin\/pferd\/erziehung-und-training\/pferde-im-strassenverkehr\/\">Pferde im Stra\u00dfenverkehr<\/a> sicherer zu machen.<\/p>\n<p>Kutsche fahren bringt Spa\u00df. Nicht nur Kinder tr\u00e4umen davon, mit Pferd und Wagen durch die Landschaft zu fahren. Sobald sich das Pferdegespann aber auf \u00f6ffentlichen Stra\u00dfen und Wegen bewegt, wird es zum Verkehrsteilnehmer. Eine verkehrstaugliche Kutsche, verkehrssichere Pferde mit einem zweckm\u00e4\u00dfigen Geschirr sowie ein gut ausgebildeter und erfahrener Fahrer, sind Grundvoraussetzungen f\u00fcr das sichere Fahren auf \u00f6ffentlichen Stra\u00dfen. Selbstverst\u00e4ndlich sollten sowohl Deine Kutsche als auch Dein <a href=\"https:\/\/uelzener.de\/pferd\/pferde-haftpflichtversicherung\/\">Pferd eine Haftpflicht-Versicherung<\/a> haben.<\/p>\n<p>Der Kutscher tr\u00e4gt nicht nur die Verantwortung f\u00fcr sein Gespann und eventuelle Fahrg\u00e4ste, sondern er muss auch vorausschauend das Verhalten anderer Verkehrsteilnehmer einsch\u00e4tzen. Eine typische Gefahrensituation ist z. B. das Linksabbiegen. Viele Autofahrer untersch\u00e4tzen die Zeit, die eine Kutsche ben\u00f6tigt, bis sie komplett abgebogen ist.\u00a0 Auch bei \u00dcberholvorg\u00e4ngen gilt Vorsicht. Der Kutscher muss darauf achten, den Mindestseitenabstand einzuhalten, nicht zu dicht aufzufahren oder zu fr\u00fch einzuscheren. Die FN hat daher den Kutschenf\u00fchrerschein entwickelt. Er soll sicherstellen, dass der Inhaber \u00fcber die n\u00f6tige Sachkunde verf\u00fcgt, um ein Gespann lenken und auch in schwierigen Situationen kontrollieren zu k\u00f6nnen. Unterschieden wird der \u201eKutschenf\u00fchrerschein A Privatperson\u201c und der \u201eKutschenf\u00fchrerschein B Gewerbe\u201c.<\/p>\n<p>Bisher gab es die M\u00f6glichkeit, \u00fcber ein FN-Fahrabzeichen, den VFD-Fahrerpass\u00a0 sowie \u00fcber den Gespannf\u00fchrerschein die n\u00f6tige Sachkunde nachzuweisen. Die FN-Fahrabzeichen sind inhaltlich in erster Linie leistungssportorientiert und wirken auf viele Freizeitfahrer abschreckend. Der \u201eKutschenf\u00fchrerschein A Privatperson\u201c ist daher genau f\u00fcr diese Zielgruppe von Hobbyfahrern konzipiert, die in ihrer Freizeit sicher Kutsche fahren m\u00f6chten. Wer gewerblich Kutsche f\u00e4hrt (gegen Entgelt Personen oder Lasten bef\u00f6rdert), muss entsprechend den Kutschenf\u00fchrerschein B Gewerbe ablegen.<\/p>\n<p>&nbsp;<\/p>\n<p>Die Inhalte beim Kutschenf\u00fchrerschein A thematisieren vorausschauendes Fahren im Stra\u00dfenverkehr, in der Feldmark und im Wald, das Wissen um Rechtsvorschriften und Sicherheitsbestimmungen, die Sicherheits\u00fcberpr\u00fcfung von Wagen und Geschirr sowie die Bed\u00fcrfnisse des Pferdes. Der Praxisteil umfasst das korrekte Anschirren und \u00dcberpr\u00fcfen des Gespanns auf seine Sicherheit, \u00dcbungsfahrten innerhalb und au\u00dferhalb von Ortschaften und das korrekte Verhalten in verschiedenen Situationen im Stra\u00dfenverkehr wie zum Beispiel Abbiegen und das \u00dcberqueren von Kreuzungen.<\/p>\n<p>Voraussetzungen sind der Basispass Pferdekunde oder die Reitabzeichen 6 und 7. Wer bereits das Fahrabzeichen 5 abgelegt hat, kann den Kutschenf\u00fchrerschein A gegen Vorlage der Pr\u00fcfungsurkunde direkt bei der FN beantragen (Geb\u00fchr: 11,70 Euro). In Zukunft wird der Kutschenf\u00fchrerschein beim FA 5 als Extramodul \u201eSicherheit\u201c automatisch integriert sein.<\/p>\n<p>Grunds\u00e4tzlich gilt: Jeder der auch nur gelegentlich anspannt und Kutsche f\u00e4hrt sollte sich und seinen Pferde einer qualifizierten Ausbildung unterziehen. Der Kutschenf\u00fchrerschein bietet daf\u00fcr eine sinnvolle M\u00f6glichkeit. Gesetzlich vorgeschrieben ist er bisher (noch) nicht. Er sorgt aber f\u00fcr mehr Sicherheit im eigenen Interesse und dient nat\u00fcrlich im Falle eines Falles als Nachweis \u00fcber die eigene Sachkunde gegen\u00fcber Versicherungen und Unfallgegnern.<\/p>\n<p>Ausf\u00fchrliche Informationen zu den Teilnahmevoraussetzungen, Pr\u00fcfungsinhalten und zum Mindestalter gibt es bei der FN: <a href=\"http:\/\/www.pferd-aktuell.de\/kutschenfuehrerschein\">www.pferd-aktuell.de<\/a><\/p>\n<p><img decoding=\"async\" src=\"\/magazin\/app\/uploads\/2021\/02\/499eae59-bfb2-4cff-9265-d73a48953cfa.png\" \/><\/p>\n<p>Unsere Service-Center Hotline: 0581-8070-0<\/p>\n","protected":false},"excerpt":{"rendered":"<p>Unfallfrei an den Leinen mit dem neuen Kutschenf\u00fchrerschein Seit Juni 2017 gibt es ihn: Den Kutschenf\u00fchrerschein, eingef\u00fchrt von der Deutschen Reiterlichen Vereinigung (FN). Ziel ist es, das Fahren mit der Kutsche und die Pferde im Stra\u00dfenverkehr sicherer zu machen. Kutsche fahren bringt Spa\u00df. Nicht nur Kinder tr\u00e4umen davon, mit Pferd und Wagen durch die Landschaft [&hellip;]<\/p>\n","protected":false},"author":1,"featured_media":10842,"parent":11689,"menu_order":34,"comment_status":"open","ping_status":"open","template":"templates\/blog.php","meta":{"_acf_changed":false,"_crdt_document":"","footnotes":"","beyondwords_generate_audio":"","beyondwords_project_id":"","beyondwords_content_id":"","beyondwords_preview_token":"","beyondwords_player_style":"","beyondwords_language_id":"","beyondwords_title_voice_id":"","beyondwords_body_voice_id":"","beyondwords_summary_voice_id":"","beyondwords_error_message":"","beyondwords_disabled":"","beyondwords_delete_content":"","beyondwords_podcast_id":"","beyondwords_hash":"","publish_post_to_speechkit":"","speechkit_hash":"","speechkit_generate_audio":"","speechkit_project_id":"","speechkit_podcast_id":"","speechkit_error_message":"","speechkit_disabled":"","speechkit_access_key":"","speechkit_error":"","speechkit_info":"","speechkit_response":"","speechkit_retries":"","speechkit_status":"","speechkit_updated_at":"","_speechkit_link":"","_speechkit_text":""},"class_list":["post-10253","page","type-page","status-publish","has-post-thumbnail","hentry"],"acf":[],"yoast_head":"<!-- This site is optimized with the Yoast SEO Premium plugin  - https:\/\/yoast.com\/product\/yoast-seo-premium-wordpress\/ -->\n<title>Kutschenf\u00fchrerschein \u2013 mit der Kutsche sicher unterwegs | Uelzener<\/title>\n<meta name=\"description\" content=\"Erfahre alles zum Kutscheinf\u00fchrerschein f\u00fcr Privatpersonen \u2713 Voraussetzungen \u2713 Inhalte \u2713 Ablauf \u25b6 Hier informieren!\" \/>\n<meta name=\"robots\" content=\"index, follow, max-snippet:-1, max-image-preview:large, max-video-preview:-1\" \/>\n<link rel=\"canonical\" href=\"https:\/\/uelzener.de\/magazin\/pferd\/erziehung-und-training\/kutschenfuehrerschein\/\" \/>\n<meta property=\"og:locale\" content=\"de_DE\" \/>\n<meta property=\"og:type\" content=\"article\" \/>\n<meta property=\"og:title\" content=\"Sicher auf dem Kutschbock\" \/>\n<meta property=\"og:description\" content=\"Erfahre alles zum Kutscheinf\u00fchrerschein f\u00fcr Privatpersonen \u2713 Voraussetzungen \u2713 Inhalte \u2713 Ablauf \u25b6 Hier informieren!\" \/>\n<meta property=\"og:url\" content=\"https:\/\/uelzener.de\/magazin\/pferd\/erziehung-und-training\/kutschenfuehrerschein\/\" \/>\n<meta property=\"og:site_name\" content=\"Uelzener Tier-Magazin\" \/>\n<meta property=\"article:publisher\" content=\"https:\/\/www.facebook.com\/Uelzener\" \/>\n<meta property=\"article:modified_time\" content=\"2023-03-01T14:05:00+00:00\" \/>\n<meta property=\"og:image\" content=\"https:\/\/uelzener.de\/magazin\/app\/uploads\/2017\/08\/da0c86d8-74e7-4640-a856-96b1afc0da3d.jpg\" \/>\n\t<meta property=\"og:image:width\" content=\"650\" \/>\n\t<meta property=\"og:image:height\" content=\"433\" \/>\n\t<meta property=\"og:image:type\" content=\"image\/jpeg\" \/>\n<meta name=\"twitter:card\" content=\"summary_large_image\" \/>\n<meta name=\"twitter:label1\" content=\"Gesch\u00e4tzte Lesezeit\" \/>\n\t<meta name=\"twitter:data1\" content=\"3\u00a0Minuten\" \/>\n<script type=\"application\/ld+json\" class=\"yoast-schema-graph\">{\"@context\":\"https:\/\/schema.org\",\"@graph\":[{\"@type\":\"WebPage\",\"@id\":\"https:\/\/uelzener.de\/magazin\/pferd\/erziehung-und-training\/kutschenfuehrerschein\/\",\"url\":\"https:\/\/uelzener.de\/magazin\/pferd\/erziehung-und-training\/kutschenfuehrerschein\/\",\"name\":\"Kutschenf\u00fchrerschein \u2013 mit der Kutsche sicher unterwegs | Uelzener\",\"isPartOf\":{\"@id\":\"https:\/\/uelzener.de\/magazin\/#website\"},\"primaryImageOfPage\":{\"@id\":\"https:\/\/uelzener.de\/magazin\/pferd\/erziehung-und-training\/kutschenfuehrerschein\/#primaryimage\"},\"image\":{\"@id\":\"https:\/\/uelzener.de\/magazin\/pferd\/erziehung-und-training\/kutschenfuehrerschein\/#primaryimage\"},\"thumbnailUrl\":\"https:\/\/uelzener.de\/magazin\/app\/uploads\/2017\/08\/da0c86d8-74e7-4640-a856-96b1afc0da3d.jpg\",\"datePublished\":\"2017-08-03T00:00:00+00:00\",\"dateModified\":\"2023-03-01T14:05:00+00:00\",\"description\":\"Erfahre alles zum Kutscheinf\u00fchrerschein f\u00fcr Privatpersonen \u2713 Voraussetzungen \u2713 Inhalte \u2713 Ablauf \u25b6 Hier informieren!\",\"breadcrumb\":{\"@id\":\"https:\/\/uelzener.de\/magazin\/pferd\/erziehung-und-training\/kutschenfuehrerschein\/#breadcrumb\"},\"inLanguage\":\"de\",\"potentialAction\":[{\"@type\":\"ReadAction\",\"target\":[\"https:\/\/uelzener.de\/magazin\/pferd\/erziehung-und-training\/kutschenfuehrerschein\/\"]}]},{\"@type\":\"ImageObject\",\"inLanguage\":\"de\",\"@id\":\"https:\/\/uelzener.de\/magazin\/pferd\/erziehung-und-training\/kutschenfuehrerschein\/#primaryimage\",\"url\":\"https:\/\/uelzener.de\/magazin\/app\/uploads\/2017\/08\/da0c86d8-74e7-4640-a856-96b1afc0da3d.jpg\",\"contentUrl\":\"https:\/\/uelzener.de\/magazin\/app\/uploads\/2017\/08\/da0c86d8-74e7-4640-a856-96b1afc0da3d.jpg\",\"width\":650,\"height\":433,\"caption\":\"Ein schwarzes Oferd zieht eine Kutsche \u00fcber einen Feldweg. Um in Deutschland eine Kutsche zu fahren, ist der Kutschf\u00fchrerschein pflicht.\"},{\"@type\":\"WebSite\",\"@id\":\"https:\/\/uelzener.de\/magazin\/#website\",\"url\":\"https:\/\/uelzener.de\/magazin\/\",\"name\":\"Uelzener Tiermagazin\",\"description\":\"Online Tierratgeber der Uelzener Versicherungen\",\"publisher\":{\"@id\":\"https:\/\/uelzener.de\/magazin\/#organization\"},\"potentialAction\":[{\"@type\":\"SearchAction\",\"target\":{\"@type\":\"EntryPoint\",\"urlTemplate\":\"https:\/\/uelzener.de\/magazin\/?s={search_term_string}\"},\"query-input\":{\"@type\":\"PropertyValueSpecification\",\"valueRequired\":true,\"valueName\":\"search_term_string\"}}],\"inLanguage\":\"de\"},{\"@type\":\"Organization\",\"@id\":\"https:\/\/uelzener.de\/magazin\/#organization\",\"name\":\"Uelzener Versicherungen\",\"url\":\"https:\/\/uelzener.de\/magazin\/\",\"logo\":{\"@type\":\"ImageObject\",\"inLanguage\":\"de\",\"@id\":\"https:\/\/uelzener.de\/magazin\/#\/schema\/logo\/image\/\",\"url\":\"https:\/\/uelzener.de\/magazin\/app\/uploads\/2024\/11\/uelzener_allgemeine_versicherungsgesellschaft_a_g_logo.jpg\",\"contentUrl\":\"https:\/\/uelzener.de\/magazin\/app\/uploads\/2024\/11\/uelzener_allgemeine_versicherungsgesellschaft_a_g_logo.jpg\",\"width\":200,\"height\":200,\"caption\":\"Uelzener Versicherungen\"},\"image\":{\"@id\":\"https:\/\/uelzener.de\/magazin\/#\/schema\/logo\/image\/\"},\"sameAs\":[\"https:\/\/www.facebook.com\/Uelzener\",\"https:\/\/instagram.com\/uelzener\",\"https:\/\/www.xing.com\/pages\/uelzenerallgemeineversicherungs-gesellschafta-g\",\"https:\/\/www.youtube.com\/UelzenerVersicherungen\"]}]}<\/script>\n<!-- \/ Yoast SEO Premium plugin. -->","yoast_head_json":{"title":"Kutschenf\u00fchrerschein \u2013 mit der Kutsche sicher unterwegs | Uelzener","description":"Erfahre alles zum Kutscheinf\u00fchrerschein f\u00fcr Privatpersonen \u2713 Voraussetzungen \u2713 Inhalte \u2713 Ablauf \u25b6 Hier informieren!","robots":{"index":"index","follow":"follow","max-snippet":"max-snippet:-1","max-image-preview":"max-image-preview:large","max-video-preview":"max-video-preview:-1"},"canonical":"https:\/\/uelzener.de\/magazin\/pferd\/erziehung-und-training\/kutschenfuehrerschein\/","og_locale":"de_DE","og_type":"article","og_title":"Sicher auf dem Kutschbock","og_description":"Erfahre alles zum Kutscheinf\u00fchrerschein f\u00fcr Privatpersonen \u2713 Voraussetzungen \u2713 Inhalte \u2713 Ablauf \u25b6 Hier informieren!","og_url":"https:\/\/uelzener.de\/magazin\/pferd\/erziehung-und-training\/kutschenfuehrerschein\/","og_site_name":"Uelzener Tier-Magazin","article_publisher":"https:\/\/www.facebook.com\/Uelzener","article_modified_time":"2023-03-01T14:05:00+00:00","og_image":[{"width":650,"height":433,"url":"https:\/\/uelzener.de\/magazin\/app\/uploads\/2017\/08\/da0c86d8-74e7-4640-a856-96b1afc0da3d.jpg","type":"image\/jpeg"}],"twitter_card":"summary_large_image","twitter_misc":{"Gesch\u00e4tzte Lesezeit":"3\u00a0Minuten"},"schema":{"@context":"https:\/\/schema.org","@graph":[{"@type":"WebPage","@id":"https:\/\/uelzener.de\/magazin\/pferd\/erziehung-und-training\/kutschenfuehrerschein\/","url":"https:\/\/uelzener.de\/magazin\/pferd\/erziehung-und-training\/kutschenfuehrerschein\/","name":"Kutschenf\u00fchrerschein \u2013 mit der Kutsche sicher unterwegs | Uelzener","isPartOf":{"@id":"https:\/\/uelzener.de\/magazin\/#website"},"primaryImageOfPage":{"@id":"https:\/\/uelzener.de\/magazin\/pferd\/erziehung-und-training\/kutschenfuehrerschein\/#primaryimage"},"image":{"@id":"https:\/\/uelzener.de\/magazin\/pferd\/erziehung-und-training\/kutschenfuehrerschein\/#primaryimage"},"thumbnailUrl":"https:\/\/uelzener.de\/magazin\/app\/uploads\/2017\/08\/da0c86d8-74e7-4640-a856-96b1afc0da3d.jpg","datePublished":"2017-08-03T00:00:00+00:00","dateModified":"2023-03-01T14:05:00+00:00","description":"Erfahre alles zum Kutscheinf\u00fchrerschein f\u00fcr Privatpersonen \u2713 Voraussetzungen \u2713 Inhalte \u2713 Ablauf \u25b6 Hier informieren!","breadcrumb":{"@id":"https:\/\/uelzener.de\/magazin\/pferd\/erziehung-und-training\/kutschenfuehrerschein\/#breadcrumb"},"inLanguage":"de","potentialAction":[{"@type":"ReadAction","target":["https:\/\/uelzener.de\/magazin\/pferd\/erziehung-und-training\/kutschenfuehrerschein\/"]}]},{"@type":"ImageObject","inLanguage":"de","@id":"https:\/\/uelzener.de\/magazin\/pferd\/erziehung-und-training\/kutschenfuehrerschein\/#primaryimage","url":"https:\/\/uelzener.de\/magazin\/app\/uploads\/2017\/08\/da0c86d8-74e7-4640-a856-96b1afc0da3d.jpg","contentUrl":"https:\/\/uelzener.de\/magazin\/app\/uploads\/2017\/08\/da0c86d8-74e7-4640-a856-96b1afc0da3d.jpg","width":650,"height":433,"caption":"Ein schwarzes Oferd zieht eine Kutsche \u00fcber einen Feldweg. Um in Deutschland eine Kutsche zu fahren, ist der Kutschf\u00fchrerschein pflicht."},{"@type":"WebSite","@id":"https:\/\/uelzener.de\/magazin\/#website","url":"https:\/\/uelzener.de\/magazin\/","name":"Uelzener Tiermagazin","description":"Online Tierratgeber der Uelzener Versicherungen","publisher":{"@id":"https:\/\/uelzener.de\/magazin\/#organization"},"potentialAction":[{"@type":"SearchAction","target":{"@type":"EntryPoint","urlTemplate":"https:\/\/uelzener.de\/magazin\/?s={search_term_string}"},"query-input":{"@type":"PropertyValueSpecification","valueRequired":true,"valueName":"search_term_string"}}],"inLanguage":"de"},{"@type":"Organization","@id":"https:\/\/uelzener.de\/magazin\/#organization","name":"Uelzener Versicherungen","url":"https:\/\/uelzener.de\/magazin\/","logo":{"@type":"ImageObject","inLanguage":"de","@id":"https:\/\/uelzener.de\/magazin\/#\/schema\/logo\/image\/","url":"https:\/\/uelzener.de\/magazin\/app\/uploads\/2024\/11\/uelzener_allgemeine_versicherungsgesellschaft_a_g_logo.jpg","contentUrl":"https:\/\/uelzener.de\/magazin\/app\/uploads\/2024\/11\/uelzener_allgemeine_versicherungsgesellschaft_a_g_logo.jpg","width":200,"height":200,"caption":"Uelzener Versicherungen"},"image":{"@id":"https:\/\/uelzener.de\/magazin\/#\/schema\/logo\/image\/"},"sameAs":["https:\/\/www.facebook.com\/Uelzener","https:\/\/instagram.com\/uelzener","https:\/\/www.xing.com\/pages\/uelzenerallgemeineversicherungs-gesellschafta-g","https:\/\/www.youtube.com\/UelzenerVersicherungen"]}]}},"_links":{"self":[{"href":"https:\/\/uelzener.de\/magazin\/wp-json\/wp\/v2\/pages\/10253","targetHints":{"allow":["GET"]}}],"collection":[{"href":"https:\/\/uelzener.de\/magazin\/wp-json\/wp\/v2\/pages"}],"about":[{"href":"https:\/\/uelzener.de\/magazin\/wp-json\/wp\/v2\/types\/page"}],"author":[{"embeddable":true,"href":"https:\/\/uelzener.de\/magazin\/wp-json\/wp\/v2\/users\/1"}],"replies":[{"embeddable":true,"href":"https:\/\/uelzener.de\/magazin\/wp-json\/wp\/v2\/comments?post=10253"}],"version-history":[{"count":4,"href":"https:\/\/uelzener.de\/magazin\/wp-json\/wp\/v2\/pages\/10253\/revisions"}],"predecessor-version":[{"id":13255,"href":"https:\/\/uelzener.de\/magazin\/wp-json\/wp\/v2\/pages\/10253\/revisions\/13255"}],"up":[{"embeddable":true,"href":"https:\/\/uelzener.de\/magazin\/wp-json\/wp\/v2\/pages\/11689"}],"wp:featuredmedia":[{"embeddable":true,"href":"https:\/\/uelzener.de\/magazin\/wp-json\/wp\/v2\/media\/10842"}],"wp:attachment":[{"href":"https:\/\/uelzener.de\/magazin\/wp-json\/wp\/v2\/media?parent=10253"}],"curies":[{"name":"wp","href":"https:\/\/api.w.org\/{rel}","templated":true}]}}