{"id":10252,"date":"2018-01-23T00:00:00","date_gmt":"2018-01-23T00:00:00","guid":{"rendered":""},"modified":"2025-09-11T11:39:58","modified_gmt":"2025-09-11T09:39:58","slug":"mustang","status":"publish","type":"page","link":"https:\/\/uelzener.de\/magazin\/pferd\/rasseportrait\/mustang\/","title":{"rendered":"Mustang"},"content":{"rendered":"<p><strong>Mustangs sind eine Legende \u2013 in den USA gelten sie als Symbol der Freiheit. Aber auch in Europa genie\u00dft der Mustang einen legend\u00e4ren Ruf als Pferd der Indianer und Cowboys sowie als Wildpferd.<\/strong><\/p>\n<p>Dabei ist der Mustang gar kein echtes Wildpferd. Die urspr\u00fcnglichen wilden Pferde des nordamerikanischen Kontinents starben bereits vor etwa 10.000 Jahren aus. Erst durch Kolumbus und die Konquistadoren kamen wieder Pferde ins Land, haupts\u00e4chlich spanische Pferde, aber auch Arabische Vollbl\u00fcter und Berber. Einige von ihnen entkamen in die Pr\u00e4rien Nordamerikas und entwickelten sich ohne menschliches Zutun zu einer eigenst\u00e4ndigen Rasse. Daher stammt auch der Name: \u201eMustang\u201c kommt vom spanischen \u201emestengo\u201c und bedeutet \u201eherrenlos\u201c.<\/p>\n<p>Vor etwa 400 Jahren kamen die Indianer der Great Plains mit Pferden in Kontakt. Wurden zun\u00e4chst zugerittene Pferde erbeutet, lernten die St\u00e4mme bald darauf, sie selbst zu z\u00e4hmen und zur B\u00fcffeljagd und bei Kriegsz\u00fcgen einzusetzen. St\u00e4mme wie die Apachen oder die Nez Perc\u00e9 begannen eine eigene Zucht. Durch die Mustangs ver\u00e4nderte sich die Kultur vieler Indianerst\u00e4mme entscheidend, denn jetzt waren sie in der Lage, den B\u00fcffelherden auf ihren langen Wanderungen zu folgen.<\/p>\n<p>Die wei\u00dfen Siedler, die in den Westen kamen, wussten die Mustangs ebenfalls zu sch\u00e4tzen, als Reitpferd, Kutschpferd und vor dem Pflug. Cowboys nutzten Mustangs f\u00fcr die Rinderarbeit. Das Einreiten wilder Mustangs beim Rodeo ist in den USA bis heute Kult.\u00a0 Allerdings breitete sich der Mustang so stark in der Wildnis aus, dass es zu Beginn des 20. Jahrhunderts \u00fcber zwei Millionen Pferde gab. Daher wurden die Tiere stark bejagt, bis 1959 unter Schutz gestellt wurden.<\/p>\n<p>Heute werden die verbliebenen Mustangherden (u. a. in Oregon, Nevada, Montana) vom amerikanischen Landverwaltungsamt (Bureau of Land Management, BLM) verwaltet. Etwa 26.000 Mustangs d\u00fcrfen in Freiheit leben. Steigt die Zahl deutlich dar\u00fcber, werden die \u00fcberz\u00e4hligen Tiere eingefangen und \u00fcber ein Adoptionsprogramm weiter vermittelt. Mittlerweile gibt es immer mehr Pferde, die auf eine Weitervermittlung warten, so dass es in den USA viele Diskussionen \u00fcber den Umgang mit den Mustangs gibt.<\/p>\n\n<div class=\"banner\">\n    <a href=\"https:\/\/uelzener.de\/pferd\/herden-versicherung\/?agt=0000104925&sem=true&utm_medium=magazin&utm_source=wordpress&utm_campaign=pferd_kv&utm_content=banner    \">\n        <img decoding=\"async\" width=\"300\" height=\"212\" src=\"https:\/\/uelzener.de\/magazin\/app\/uploads\/2025\/01\/Pferde-Kranken-Versicherung.jpg\" class=\"attachment-medium size-medium\" alt=\"Banner Pferde-Kranken-Versicherung\" \/>    <\/a>\n<\/div>\n\n<p>Mustangs sind kleine Pferde mit einem Stockma\u00df etwa zwischen 145 und 160 cm. Sie haben stabile Beine, harte kleine Hufe, oft einen leicht ramsnasigen Kopf und einem kr\u00e4ftigen R\u00fccken. Alle Farben kommen vor, einschlie\u00dflich diverser Scheckungen. Aufgrund der Entwicklung in der Wildnis sind Mustangs robust, z\u00e4h, ausdauernd und gesund. Allerdings sind sie auch unabh\u00e4ngig, temperamentvoll, manchmal eigensinnig und oft zur\u00fcckhaltend gegen\u00fcber Menschen. Sie sind aber auch sehr lernwillig, intelligent und passen sich schnell an den Menschen an.<\/p>\n<p>Mustangs eignen sich besonders als Western- und Distanzpferde und f\u00fcr das Wanderreiten. Es gibt inzwischen auch Z\u00fcchter in Europa, die Mustangs z\u00fcchten und verkaufen.<\/p>\n<p>Interessierst du dich generell f\u00fcr den Wilden Westen und seine Pferde? Dann ist der Quarter Horse auch etwas f\u00fcr dich.<\/p>\n\n<div class=\"related_articles boxed\">\n    <h2>Mehr zum Thema<\/h2>\n    \n    <div class=\"wrapper\"><div class=\"title align-center\"><h3><a href=\"https:\/\/uelzener.de\/magazin\/pferd\/rasseportrait\/vollblut-araber\/\">Arabisches Vollblut<\/a><\/h3><\/div><div class=\"img align-center\"><img decoding=\"async\" width=\"315\" height=\"180\" src=\"https:\/\/uelzener.de\/magazin\/app\/uploads\/2015\/07\/85a80896-c93f-4e4a-9443-9d29fc26b44a-315x180.jpg\" class=\"attachment-315x180 size-315x180 wp-post-image\" alt=\"Zwei strahlend wei\u00dfe arabische Vollbl\u00fcter stehen sich gegen\u00fcber\" srcset=\"https:\/\/uelzener.de\/magazin\/app\/uploads\/2015\/07\/85a80896-c93f-4e4a-9443-9d29fc26b44a-315x180.jpg 315w, https:\/\/uelzener.de\/magazin\/app\/uploads\/2015\/07\/85a80896-c93f-4e4a-9443-9d29fc26b44a-650x369.jpg 650w\" sizes=\"(max-width: 315px) 100vw, 315px\" \/><\/div><\/div><div class=\"wrapper\"><div class=\"title align-center\"><h3><a href=\"https:\/\/uelzener.de\/magazin\/pferd\/haeufige-fragen\/wie-viel-ps-hat-pferd\/\">Wie viel PS hat ein Pferd?<\/a><\/h3><\/div><div class=\"img align-center\"><img decoding=\"async\" width=\"315\" height=\"180\" src=\"https:\/\/uelzener.de\/magazin\/app\/uploads\/2023\/10\/wie-viel-ps-hat-pferd-315x180.jpg\" class=\"attachment-315x180 size-315x180 wp-post-image\" alt=\"Pferd beim Pferderennen: Wie viel PS hat ein Pferd?\" \/><\/div><\/div><div class=\"wrapper\"><div class=\"title align-center\"><h3><a href=\"https:\/\/uelzener.de\/magazin\/pferd\/rasseportrait\/quarter-horse\/\">Quarter Horse: ein St\u00fcck &#8222;Wilder Westen&#8220;<\/a><\/h3><\/div><div class=\"img align-center\"><img decoding=\"async\" width=\"315\" height=\"180\" src=\"https:\/\/uelzener.de\/magazin\/app\/uploads\/2023\/04\/quarter-horse-315x180.jpg\" class=\"attachment-315x180 size-315x180 wp-post-image\" alt=\"Braunes Quarter Horse auf einer gr\u00fcnen Wiese.\" \/><\/div><\/div><\/div>\n\n","protected":false},"excerpt":{"rendered":"<p>Mustangs sind eine Legende \u2013 in den USA gelten sie als Symbol der Freiheit. Aber auch in Europa genie\u00dft der Mustang einen legend\u00e4ren Ruf als Pferd der Indianer und Cowboys sowie als Wildpferd. Dabei ist der Mustang gar kein echtes Wildpferd. Die urspr\u00fcnglichen wilden Pferde des nordamerikanischen Kontinents starben bereits vor etwa 10.000 Jahren aus. [&hellip;]<\/p>\n","protected":false},"author":1,"featured_media":10841,"parent":2490,"menu_order":6,"comment_status":"open","ping_status":"open","template":"templates\/blog.php","meta":{"_acf_changed":false,"_crdt_document":"","footnotes":"","beyondwords_generate_audio":"","beyondwords_project_id":"","beyondwords_content_id":"","beyondwords_preview_token":"","beyondwords_player_style":"","beyondwords_language_id":"","beyondwords_title_voice_id":"","beyondwords_body_voice_id":"","beyondwords_summary_voice_id":"","beyondwords_error_message":"","beyondwords_disabled":"","beyondwords_delete_content":"","beyondwords_podcast_id":"","beyondwords_hash":"","publish_post_to_speechkit":"","speechkit_hash":"","speechkit_generate_audio":"","speechkit_project_id":"","speechkit_podcast_id":"","speechkit_error_message":"","speechkit_disabled":"","speechkit_access_key":"","speechkit_error":"","speechkit_info":"","speechkit_response":"","speechkit_retries":"","speechkit_status":"","speechkit_updated_at":"","_speechkit_link":"","_speechkit_text":""},"class_list":["post-10252","page","type-page","status-publish","has-post-thumbnail","hentry"],"acf":[],"yoast_head":"<!-- This site is optimized with the Yoast SEO Premium plugin  - https:\/\/yoast.com\/product\/yoast-seo-premium-wordpress\/ -->\n<title>Mustang - Rasseportrait | Uelzener<\/title>\n<meta name=\"robots\" content=\"index, follow, max-snippet:-1, max-image-preview:large, max-video-preview:-1\" \/>\n<link rel=\"canonical\" href=\"https:\/\/uelzener.de\/magazin\/pferd\/rasseportrait\/mustang\/\" \/>\n<meta property=\"og:locale\" content=\"de_DE\" \/>\n<meta property=\"og:type\" content=\"article\" \/>\n<meta property=\"og:title\" content=\"Mustang\" \/>\n<meta property=\"og:description\" content=\"Mustangs sind eine Legende \u2013 in den USA gelten sie als Symbol der Freiheit. Aber auch in Europa genie\u00dft der Mustang einen legend\u00e4ren Ruf als Pferd der Indianer und Cowboys sowie als Wildpferd. Dabei ist der Mustang gar kein echtes Wildpferd. Die urspr\u00fcnglichen wilden Pferde des nordamerikanischen Kontinents starben bereits vor etwa 10.000 Jahren aus. [&hellip;]\" \/>\n<meta property=\"og:url\" content=\"https:\/\/uelzener.de\/magazin\/pferd\/rasseportrait\/mustang\/\" \/>\n<meta property=\"og:site_name\" content=\"Uelzener Tier-Magazin\" \/>\n<meta property=\"article:publisher\" content=\"https:\/\/www.facebook.com\/Uelzener\" \/>\n<meta property=\"article:modified_time\" content=\"2025-09-11T09:39:58+00:00\" \/>\n<meta property=\"og:image\" content=\"https:\/\/uelzener.de\/magazin\/app\/uploads\/2018\/01\/930905ae-2164-49dc-9951-9770f3b3ce7d.jpg\" \/>\n\t<meta property=\"og:image:width\" content=\"650\" \/>\n\t<meta property=\"og:image:height\" content=\"433\" \/>\n\t<meta property=\"og:image:type\" content=\"image\/jpeg\" \/>\n<meta name=\"twitter:card\" content=\"summary_large_image\" \/>\n<meta name=\"twitter:label1\" content=\"Gesch\u00e4tzte Lesezeit\" \/>\n\t<meta name=\"twitter:data1\" content=\"3\u00a0Minuten\" \/>\n<script type=\"application\/ld+json\" class=\"yoast-schema-graph\">{\"@context\":\"https:\/\/schema.org\",\"@graph\":[{\"@type\":\"WebPage\",\"@id\":\"https:\/\/uelzener.de\/magazin\/pferd\/rasseportrait\/mustang\/\",\"url\":\"https:\/\/uelzener.de\/magazin\/pferd\/rasseportrait\/mustang\/\",\"name\":\"Mustang - Rasseportrait | Uelzener\",\"isPartOf\":{\"@id\":\"https:\/\/uelzener.de\/magazin\/#website\"},\"primaryImageOfPage\":{\"@id\":\"https:\/\/uelzener.de\/magazin\/pferd\/rasseportrait\/mustang\/#primaryimage\"},\"image\":{\"@id\":\"https:\/\/uelzener.de\/magazin\/pferd\/rasseportrait\/mustang\/#primaryimage\"},\"thumbnailUrl\":\"https:\/\/uelzener.de\/magazin\/app\/uploads\/2018\/01\/930905ae-2164-49dc-9951-9770f3b3ce7d.jpg\",\"datePublished\":\"2018-01-23T00:00:00+00:00\",\"dateModified\":\"2025-09-11T09:39:58+00:00\",\"breadcrumb\":{\"@id\":\"https:\/\/uelzener.de\/magazin\/pferd\/rasseportrait\/mustang\/#breadcrumb\"},\"inLanguage\":\"de\",\"potentialAction\":[{\"@type\":\"ReadAction\",\"target\":[\"https:\/\/uelzener.de\/magazin\/pferd\/rasseportrait\/mustang\/\"]}]},{\"@type\":\"ImageObject\",\"inLanguage\":\"de\",\"@id\":\"https:\/\/uelzener.de\/magazin\/pferd\/rasseportrait\/mustang\/#primaryimage\",\"url\":\"https:\/\/uelzener.de\/magazin\/app\/uploads\/2018\/01\/930905ae-2164-49dc-9951-9770f3b3ce7d.jpg\",\"contentUrl\":\"https:\/\/uelzener.de\/magazin\/app\/uploads\/2018\/01\/930905ae-2164-49dc-9951-9770f3b3ce7d.jpg\",\"width\":650,\"height\":433,\"caption\":\"Ein hellbraunes Mustang-Pferd galoppiert durch einen winterlichen Wald. Der Boden ist vom Schnee wei\u00df bedeckt.\"},{\"@type\":\"WebSite\",\"@id\":\"https:\/\/uelzener.de\/magazin\/#website\",\"url\":\"https:\/\/uelzener.de\/magazin\/\",\"name\":\"Uelzener Tiermagazin\",\"description\":\"Online Tierratgeber der Uelzener Versicherungen\",\"publisher\":{\"@id\":\"https:\/\/uelzener.de\/magazin\/#organization\"},\"potentialAction\":[{\"@type\":\"SearchAction\",\"target\":{\"@type\":\"EntryPoint\",\"urlTemplate\":\"https:\/\/uelzener.de\/magazin\/?s={search_term_string}\"},\"query-input\":{\"@type\":\"PropertyValueSpecification\",\"valueRequired\":true,\"valueName\":\"search_term_string\"}}],\"inLanguage\":\"de\"},{\"@type\":\"Organization\",\"@id\":\"https:\/\/uelzener.de\/magazin\/#organization\",\"name\":\"Uelzener Versicherungen\",\"url\":\"https:\/\/uelzener.de\/magazin\/\",\"logo\":{\"@type\":\"ImageObject\",\"inLanguage\":\"de\",\"@id\":\"https:\/\/uelzener.de\/magazin\/#\/schema\/logo\/image\/\",\"url\":\"https:\/\/uelzener.de\/magazin\/app\/uploads\/2024\/11\/uelzener_allgemeine_versicherungsgesellschaft_a_g_logo.jpg\",\"contentUrl\":\"https:\/\/uelzener.de\/magazin\/app\/uploads\/2024\/11\/uelzener_allgemeine_versicherungsgesellschaft_a_g_logo.jpg\",\"width\":200,\"height\":200,\"caption\":\"Uelzener Versicherungen\"},\"image\":{\"@id\":\"https:\/\/uelzener.de\/magazin\/#\/schema\/logo\/image\/\"},\"sameAs\":[\"https:\/\/www.facebook.com\/Uelzener\",\"https:\/\/instagram.com\/uelzener\",\"https:\/\/www.xing.com\/pages\/uelzenerallgemeineversicherungs-gesellschafta-g\",\"https:\/\/www.youtube.com\/UelzenerVersicherungen\"]}]}<\/script>\n<!-- \/ Yoast SEO Premium plugin. -->","yoast_head_json":{"title":"Mustang - Rasseportrait | Uelzener","robots":{"index":"index","follow":"follow","max-snippet":"max-snippet:-1","max-image-preview":"max-image-preview:large","max-video-preview":"max-video-preview:-1"},"canonical":"https:\/\/uelzener.de\/magazin\/pferd\/rasseportrait\/mustang\/","og_locale":"de_DE","og_type":"article","og_title":"Mustang","og_description":"Mustangs sind eine Legende \u2013 in den USA gelten sie als Symbol der Freiheit. Aber auch in Europa genie\u00dft der Mustang einen legend\u00e4ren Ruf als Pferd der Indianer und Cowboys sowie als Wildpferd. Dabei ist der Mustang gar kein echtes Wildpferd. Die urspr\u00fcnglichen wilden Pferde des nordamerikanischen Kontinents starben bereits vor etwa 10.000 Jahren aus. [&hellip;]","og_url":"https:\/\/uelzener.de\/magazin\/pferd\/rasseportrait\/mustang\/","og_site_name":"Uelzener Tier-Magazin","article_publisher":"https:\/\/www.facebook.com\/Uelzener","article_modified_time":"2025-09-11T09:39:58+00:00","og_image":[{"width":650,"height":433,"url":"https:\/\/uelzener.de\/magazin\/app\/uploads\/2018\/01\/930905ae-2164-49dc-9951-9770f3b3ce7d.jpg","type":"image\/jpeg"}],"twitter_card":"summary_large_image","twitter_misc":{"Gesch\u00e4tzte Lesezeit":"3\u00a0Minuten"},"schema":{"@context":"https:\/\/schema.org","@graph":[{"@type":"WebPage","@id":"https:\/\/uelzener.de\/magazin\/pferd\/rasseportrait\/mustang\/","url":"https:\/\/uelzener.de\/magazin\/pferd\/rasseportrait\/mustang\/","name":"Mustang - Rasseportrait | Uelzener","isPartOf":{"@id":"https:\/\/uelzener.de\/magazin\/#website"},"primaryImageOfPage":{"@id":"https:\/\/uelzener.de\/magazin\/pferd\/rasseportrait\/mustang\/#primaryimage"},"image":{"@id":"https:\/\/uelzener.de\/magazin\/pferd\/rasseportrait\/mustang\/#primaryimage"},"thumbnailUrl":"https:\/\/uelzener.de\/magazin\/app\/uploads\/2018\/01\/930905ae-2164-49dc-9951-9770f3b3ce7d.jpg","datePublished":"2018-01-23T00:00:00+00:00","dateModified":"2025-09-11T09:39:58+00:00","breadcrumb":{"@id":"https:\/\/uelzener.de\/magazin\/pferd\/rasseportrait\/mustang\/#breadcrumb"},"inLanguage":"de","potentialAction":[{"@type":"ReadAction","target":["https:\/\/uelzener.de\/magazin\/pferd\/rasseportrait\/mustang\/"]}]},{"@type":"ImageObject","inLanguage":"de","@id":"https:\/\/uelzener.de\/magazin\/pferd\/rasseportrait\/mustang\/#primaryimage","url":"https:\/\/uelzener.de\/magazin\/app\/uploads\/2018\/01\/930905ae-2164-49dc-9951-9770f3b3ce7d.jpg","contentUrl":"https:\/\/uelzener.de\/magazin\/app\/uploads\/2018\/01\/930905ae-2164-49dc-9951-9770f3b3ce7d.jpg","width":650,"height":433,"caption":"Ein hellbraunes Mustang-Pferd galoppiert durch einen winterlichen Wald. Der Boden ist vom Schnee wei\u00df bedeckt."},{"@type":"WebSite","@id":"https:\/\/uelzener.de\/magazin\/#website","url":"https:\/\/uelzener.de\/magazin\/","name":"Uelzener Tiermagazin","description":"Online Tierratgeber der Uelzener Versicherungen","publisher":{"@id":"https:\/\/uelzener.de\/magazin\/#organization"},"potentialAction":[{"@type":"SearchAction","target":{"@type":"EntryPoint","urlTemplate":"https:\/\/uelzener.de\/magazin\/?s={search_term_string}"},"query-input":{"@type":"PropertyValueSpecification","valueRequired":true,"valueName":"search_term_string"}}],"inLanguage":"de"},{"@type":"Organization","@id":"https:\/\/uelzener.de\/magazin\/#organization","name":"Uelzener Versicherungen","url":"https:\/\/uelzener.de\/magazin\/","logo":{"@type":"ImageObject","inLanguage":"de","@id":"https:\/\/uelzener.de\/magazin\/#\/schema\/logo\/image\/","url":"https:\/\/uelzener.de\/magazin\/app\/uploads\/2024\/11\/uelzener_allgemeine_versicherungsgesellschaft_a_g_logo.jpg","contentUrl":"https:\/\/uelzener.de\/magazin\/app\/uploads\/2024\/11\/uelzener_allgemeine_versicherungsgesellschaft_a_g_logo.jpg","width":200,"height":200,"caption":"Uelzener Versicherungen"},"image":{"@id":"https:\/\/uelzener.de\/magazin\/#\/schema\/logo\/image\/"},"sameAs":["https:\/\/www.facebook.com\/Uelzener","https:\/\/instagram.com\/uelzener","https:\/\/www.xing.com\/pages\/uelzenerallgemeineversicherungs-gesellschafta-g","https:\/\/www.youtube.com\/UelzenerVersicherungen"]}]}},"_links":{"self":[{"href":"https:\/\/uelzener.de\/magazin\/wp-json\/wp\/v2\/pages\/10252","targetHints":{"allow":["GET"]}}],"collection":[{"href":"https:\/\/uelzener.de\/magazin\/wp-json\/wp\/v2\/pages"}],"about":[{"href":"https:\/\/uelzener.de\/magazin\/wp-json\/wp\/v2\/types\/page"}],"author":[{"embeddable":true,"href":"https:\/\/uelzener.de\/magazin\/wp-json\/wp\/v2\/users\/1"}],"replies":[{"embeddable":true,"href":"https:\/\/uelzener.de\/magazin\/wp-json\/wp\/v2\/comments?post=10252"}],"version-history":[{"count":9,"href":"https:\/\/uelzener.de\/magazin\/wp-json\/wp\/v2\/pages\/10252\/revisions"}],"predecessor-version":[{"id":19201,"href":"https:\/\/uelzener.de\/magazin\/wp-json\/wp\/v2\/pages\/10252\/revisions\/19201"}],"up":[{"embeddable":true,"href":"https:\/\/uelzener.de\/magazin\/wp-json\/wp\/v2\/pages\/2490"}],"wp:featuredmedia":[{"embeddable":true,"href":"https:\/\/uelzener.de\/magazin\/wp-json\/wp\/v2\/media\/10841"}],"wp:attachment":[{"href":"https:\/\/uelzener.de\/magazin\/wp-json\/wp\/v2\/media?parent=10252"}],"curies":[{"name":"wp","href":"https:\/\/api.w.org\/{rel}","templated":true}]}}