{"id":10245,"date":"2022-04-10T00:00:00","date_gmt":"2022-04-09T22:00:00","guid":{"rendered":""},"modified":"2025-10-14T16:38:53","modified_gmt":"2025-10-14T14:38:53","slug":"pferde-verladen-und-transportieren","status":"publish","type":"page","link":"https:\/\/uelzener.de\/magazin\/pferd\/erziehung-und-training\/pferde-verladen-und-transportieren\/","title":{"rendered":"Pferde verladen: Schritt f\u00fcr Schritt in den H\u00e4nger"},"content":{"rendered":"<p>Ob Turnier, Ausritt oder als Notfall in die Pferdeklinik: Irgendwann muss fast jedes Pferd einmal im Anh\u00e4nger transportiert werden. Damit das funktioniert, solltest du mit deinem Tier fr\u00fchzeitig das Verladen trainieren. Welche Schritte beim Verladetraining f\u00fcrs Pferd zu beachten und welche Fehltritte zu vermeiden sind, erf\u00e4hrst du in diesem Beitrag.<\/p>\n<h2>Pferde transportieren nicht auf die leichte Schulter nehmen<\/h2>\n<p>Die Fahrt zum Turnier ist geplant, die Ausr\u00fcstung liegt parat, jetzt muss nur noch das Pferd in den Anh\u00e4nger verladen werden und los geht\u2019s. Was in der Theorie einfach klingt, ist in der Praxis das Ergebnis von viel <strong>Vorbereitung und \u00dcbung<\/strong>. Nur mit dem richtigen Training wird das Verladen zu einem Vorgang, der weder Pferd noch Reiter:in stresst. Eine wichtige Voraussetzung beim Pferde verladen ist jederzeit: gen\u00fcgend <strong>Zeit, Ruhe und Gelassenheit.<\/strong><\/p>\n<p>Wenn das Verladen zu einer Tortur f\u00fcr Pferd und Reiter:in wird, kann dies weitreichende Folgen haben. Durch <strong>Stress und Panik<\/strong> kann sich das Pferd z.B. verletzen oder im schlimmsten Fall dich verletzen. Zudem kann zu viel Stress auch schnell zu einer <a href=\"https:\/\/uelzener.de\/magazin\/pferd\/tiergesundheit\/kolik-beim-pferd\/\">Kolik beim Pferd<\/a> f\u00fchren, die in manchen F\u00e4llen sogar mit einer Operation und einem Klinikaufenthalt enden k\u00f6nnen. Au\u00dferdem solltest du auch darauf achten, dass bei einem Zwischenfall beim Verladen der H\u00e4nger nicht besch\u00e4digt wird.<\/p>\n<p>Auch wenn du dich an alle Richtlinien und Tipps h\u00e4ltst, kann es bei einem Transport von Pferden immer noch zu Unf\u00e4llen kommen. Um gut gesch\u00fctzt zu sein, sollte unbedingt eine\u00a0<a href=\"https:\/\/uelzener.de\/pferd\/kurzfristige-versicherungen\/\"><strong>Pferde-Transport-Versicherung<\/strong><\/a>\u00a0abgeschlossen werden.<\/p>\n<h2>Voraussetzungen f\u00fcr das Verladetraining mit dem Pferd<\/h2>\n<p>Am besten \u00fcbernimmt ein <strong>Mensch das Verladetraining, der das Pferd gut kennt und dem es vertraut<\/strong>. Das Pferd sollte sich vorw\u00e4rts und r\u00fcckw\u00e4rts kontrolliert f\u00fchren lassen und auch an s\u00e4mtliche Ausr\u00fcstung gew\u00f6hnt sein, die beim Verladen gebraucht wird.<\/p>\n<p>Grunds\u00e4tzlich sollte das Pferd beim Aufenthalt im Anh\u00e4nger ein stabiles, breites und gutsitzendes <strong>Halfter<\/strong> tragen und mit einem <a href=\"https:\/\/uelzener.de\/magazin\/pferd\/haeufige-fragen\/panikhaken-pferd\/\">Strick mit Panikhaken<\/a> angebunden werden. Des Weiteren ist der Gebrauch von <strong>Transportgamaschen<\/strong> oder Bandagen mit <a href=\"https:\/\/uelzener.de\/magazin\/pferd\/pflege\/hufglocken-schutz-fuer-pferdebein\/\" target=\"_blank\" rel=\"noopener\"><strong>Hufglocken<\/strong><\/a> zu empfehlen, damit das Pferd sich beim Abrutschen auf der Rampe oder sonstigen Fehltritten nicht verletzt. Gegen tiefe Temperaturen, den Fahrtwind und Insekten hilft zudem eine <strong>Decke<\/strong>. Das Tragen von Gamaschen oder Decke sollte schon vor dem Verladetraining ausreichend ge\u00fcbt werden, da besonders junge Pferde dazu neigen, sich mit ungewohnter Ausr\u00fcstung kaum noch zu bewegen, geschweige denn sicher f\u00fchren zu lassen. Schlie\u00dflich braucht das Pferd nat\u00fcrlich noch <strong>Zeit, um sich an den Anh\u00e4nger zu gew\u00f6hnen<\/strong>. Gerade die Ger\u00e4usche und m\u00f6gliche wackelige Untergr\u00fcnde k\u00f6nnen sonst schnell f\u00fcr Stress und Unruhe sorgen.<\/p>\n<p>Auch Pferdehalter:innen sollten sich vorbereiten. So sollte das Ankuppeln des Pferdeanh\u00e4ngers an das Auto und eine ruhige Fahrweise mit dem Pferdeanh\u00e4nger bereits im Vorfeld ohne Pferd ge\u00fcbt werden. Um Pferde richtig zu verladen, empfiehlt sich immer das Tragen von <strong>festem Schuhwerk und Handschuhen<\/strong>.<\/p>\n<h2>Pferde richtig verladen: So trainierst du<\/h2>\n<p>Das erste Verladetraining sollte immer an einem <strong>ruhigen Ort<\/strong> stattfinden, an dem sich das Pferd wohlf\u00fchlt. Im Idealfall sind keine anderen Menschen oder Tiere in der N\u00e4he, sodass sich das Pferd voll auf das <strong>Training konzentrieren<\/strong> kann und nicht abgelenkt wird. Der Pferdeanh\u00e4nger steht dabei sicher auf einem <strong>festen Untergrund<\/strong>.<\/p>\n<h3>Anh\u00e4nger kennenlernen<\/h3>\n<p>Zuerst kann das Pferd den Anh\u00e4nger ganz in Ruhe beschnuppern, bis es keine Fluchttendenzen mehr zeigt. Im Folgenden wird es dann schrittweise <strong>und frontal auf gerader Linie<\/strong> an die Rampe herangef\u00fchrt und zun\u00e4chst gestoppt, wenn es mit beiden Vorderhufen auf dem Aufgang steht. Wenn das entspannt funktioniert, kann das Tier mit allen vier Beinen auf die Klappe gef\u00fchrt werden. Jedes kooperative Verhalten wird dabei belohnt \u2013 entweder durch <strong>verbales oder auch durch Futterlob<\/strong>.<\/p>\n<h3>Pferd verladen<\/h3>\n<p>Je nach Bauweise des Pferdeanh\u00e4ngers kann das Betreten des Innenraums nun erst ohne, dann mit seitlich verschobener und schlie\u00dflich mit eingebauter Trennwand trainiert werden. Erst wenn das Tier in diesem letzten Schritt <strong>stressfrei<\/strong> steht, kann die Heckstange geschlossen werden. Nat\u00fcrlich wird das Pferd auch dabei ausgiebig gelobt und gestreichelt. Dann erfolgt das Anbinden mit dem F\u00fchrstrick \u2013 gerade so lang, dass sich das Pferd ausbalancieren kann. Entsprechend sollte auch das Heunetz hoch genug h\u00e4ngen.<\/p>\n<h3>Ausladen vom H\u00e4nger<\/h3>\n<p>Beim Ausladen wird <strong>der Strick zuerst gel\u00f6st<\/strong> und dann die Stange ge\u00f6ffnet. Das Zur\u00fcckf\u00fchren erfolgt ohne Druck, um das Pferd durch fehlende Fluchtoptionen nicht zu stressen. Wenn es im Begriff ist, die Rampe schief zu verlassen und seitlich von der Rampe zu rutschen, sollte der\/die Pferdef\u00fchrer:in den Kopf des Tieres in Richtung der Schieflage drehen, sodass es seinen Kurs korrigiert. Nach M\u00f6glichkeit sollte eine <strong>zweite Person<\/strong> an der Seite der Klappe stehen und notfalls die Hinterhand des Pferdes in die richtige Richtung schieben, <strong>um Fehltritte und Verletzungen zu vermeiden.<\/strong><\/p>\n<h3>Weiterf\u00fchrendes Verladetraining mit deinem Pferd<\/h3>\n<p>Wenn diese Schritte problemlos funktionieren, k\u00f6nnen die Lektionen sp\u00e4ter an einem belebteren Ort wiederholt und gefestigt werden. Wenn das Pferd an das Verladen gew\u00f6hnt ist, sollte der Vorgang immer ruhig und gelassen, aber z\u00fcgig durchgef\u00fchrt werden.<\/p>\n<h2>Pferde transportieren: Fortschritt beobachten<\/h2>\n<p>Generell gilt beim Verladetraining wie <a href=\"https:\/\/uelzener.de\/magazin\/pferd\/erziehung-und-training\/pferdetraining-wann-und-wie-pausen-machen\/\">bei jedem Pferdetraining, dass Pausen und Verst\u00e4rkung enorm wichtig sind<\/a>. Habe aber immer im Hinterkopf, dass nur so viel Fortschritt erzielt werden kann, wie das Tier anbietet. <strong>Positive Verst\u00e4rkung<\/strong> wirkt dabei motivierend: Optimal ist es, wenn das Pferd sofort nach jeder einzelnen Aufgabe gelobt wird. Wahlweise kann dieses Lob aus Streicheln, Kraulen, ruhigen Worten oder einer Futterbelohnung bestehen. Das Training sollte immer mit einem <strong>positiven Ergebnis beendet<\/strong> werden, sodass das Pferd den Pferdeanh\u00e4nger und das Verladen mit etwas Positivem verbindet. Wenn das individuelle Training keinen Erfolg zeigt, kann auch ein <strong>Verladetrainer oder eine<\/strong> <strong>Verladetrainerin<\/strong> hinzugeholt werden.<\/p>\n<h2>Den Pferdeanh\u00e4nger \u00fcberpr\u00fcfen<\/h2>\n<p>F\u00fcr einen stressfreien Pferdetransport ist nat\u00fcrlich auch ein verkehrssicherer Pferdeanh\u00e4nger entscheidend. Grunds\u00e4tzlich muss dieser <strong>T\u00dcV-gepr\u00fcft<\/strong> sein. Weitere Aspekte sollten zus\u00e4tzlich regelm\u00e4\u00dfig kontrolliert werden, etwa wenn der Anh\u00e4nger w\u00e4hrend des Winters nicht bewegt wurde:<\/p>\n<ul>\n<li>Licht und Reifen<\/li>\n<li>Auflaufbremse<\/li>\n<li>Kupplung<\/li>\n<li>B\u00f6den und Seitenw\u00e4nde (besonders bei Holzanh\u00e4ngern)<\/li>\n<\/ul>\n<p>Voraussetzung f\u00fcr eine sichere Fahrt ist au\u00dferdem, dass das Pferd zum Anh\u00e4nger passt und der Anh\u00e4nger zum Zugfahrzeug. Welche Last ein Fahrzeug ziehen darf, ist unter dem Punkt \u201etechnisch zul\u00e4ssige Anh\u00e4ngelast gebremst\u201c im Fahrzeugschein vermerkt. Wer <strong>die F\u00fchrerscheinklasse B<\/strong> hat, muss eine <strong>Zusatzpr\u00fcfung<\/strong> (Schl\u00fcsselzahl 96) absolvieren, um mit einem Anh\u00e4nger samt Pferd fahren zu d\u00fcrfen. Soll mehr als ein Pferd transportiert werden, wird hingegen meist die <strong>F\u00fchrerscheinklasse BE<\/strong> notwendig. Zudem muss immer der Equidenpass mitgef\u00fchrt werden.<\/p>\n<h2>Checkliste: Schritt f\u00fcr Schritt in den Pferdeanh\u00e4nger<\/h2>\n<ol>\n<li>Vor Fahrtantritt den Pferdeanh\u00e4nger pr\u00fcfen<\/li>\n<li>Die richtige Ausr\u00fcstung f\u00fcr Pferd und Pferdef\u00fchrer:in bereitstellen<\/li>\n<li>Das Pferd den Pferdeanh\u00e4nger beschnuppern lassen<\/li>\n<li>Das Pferd zur Anh\u00e4ngerklappe f\u00fchren<\/li>\n<li>Die Vorderhufe auf die Rampe stellen lassen<\/li>\n<li>Alle Hufe auf der Rampe positionieren<\/li>\n<li>Das Pferd in den Innenraum f\u00fchren (erst ohne, dann mit Trennwand)<\/li>\n<li>Die hintere Stange befestigen, wenn das Tier ruhig steht<\/li>\n<li>Kurz anbinden, sodass das Pferd sich noch ausbalancieren kann<\/li>\n<li>Losbinden<\/li>\n<li>Stange entfernen<\/li>\n<li>Vorsichtig zur\u00fcckf\u00fchren<\/li>\n<li>Nach jedem Zwischenschritt loben, loben, loben!<\/li>\n<\/ol>\n<h2>Fazit:<\/h2>\n<p>Verladetraining f\u00fcrs Pferd ist wichtig, damit das Verladen jederzeit reibungslos funktioniert. Wer zudem gut auf seinen Pferdeanh\u00e4nger achtet, kann jederzeit gelassen der n\u00e4chsten Fahrt entgegenblicken.<\/p>\n\n<div class=\"related_articles boxed\">\n    <h2>Mehr zum Thema<\/h2>\n    \n    <div class=\"wrapper\"><div class=\"title align-center\"><h3><a href=\"https:\/\/uelzener.de\/magazin\/pferd\/haeufige-fragen\/haeufige-reitunfaelle\/\">H\u00e4ufige Reitunf\u00e4lle: Wobei verletzen sich Reiter:innen und Pferd am meisten?<\/a><\/h3><\/div><div class=\"img align-center\"><img decoding=\"async\" width=\"315\" height=\"180\" src=\"https:\/\/uelzener.de\/magazin\/app\/uploads\/2023\/05\/reitunfaelle-315x180.jpeg\" class=\"attachment-315x180 size-315x180 wp-post-image\" alt=\"Reiterin f\u00e4llt bei einem Reitunfall vom Pferd.\" \/><\/div><\/div><div class=\"wrapper\"><div class=\"title align-center\"><h3><a href=\"https:\/\/uelzener.de\/magazin\/pferd\/erziehung-und-training\/schiefe-beim-pferd-loesen-praxisuebung-mit-der-tonne\/\">Schiefe beim Pferd l\u00f6sen: Praxis\u00fcbung mit der Tonne<\/a><\/h3><\/div><div class=\"img align-center\"><img decoding=\"async\" width=\"315\" height=\"180\" src=\"https:\/\/uelzener.de\/magazin\/app\/uploads\/2024\/09\/schiefe-loesen-pferd-315x180.jpg\" class=\"attachment-315x180 size-315x180 wp-post-image\" alt=\"Peter Kreinberg \u00fcbt mit Pferd.\" \/><\/div><\/div><div class=\"wrapper\"><div class=\"title align-center\"><h3><a href=\"https:\/\/uelzener.de\/magazin\/pferd\/erziehung-und-training\/pferde-im-strassenverkehr\/\">Pferde im Stra\u00dfenverkehr: Sicher unterwegs<\/a><\/h3><\/div><div class=\"img align-center\"><img decoding=\"async\" width=\"315\" height=\"180\" src=\"https:\/\/uelzener.de\/magazin\/app\/uploads\/2022\/11\/pferd-im-strassenverkehr-315x180.jpg\" class=\"attachment-315x180 size-315x180 wp-post-image\" alt=\"Reiterin und Pferd auf einer Stra\u00dfe mit entgegenkommendem Auto in der Abendsonne.\" \/><\/div><\/div><\/div>\n\n<h2>FAQs:\u00a0H\u00e4ufige Fragen zum Verladetraining f\u00fcrs Pferd<\/h2>\n<h3>Wie kann ich mein Pferd alleine verladen?<\/h3>\n<p>Wenn dein Pferd gut trainiert und an den H\u00e4nger gew\u00f6hnt ist, kannst du auch alleine verladen. Gerade zu Beginn ist es aber immer einfacher, noch eine zweite Person dabei zu haben, die auch in un\u00fcbersichtlichen Situationen den \u00dcberblick beh\u00e4lt.<\/p>\n<h3>Worauf muss ich beim Pferde transportieren achten?<\/h3>\n<p>Durch Verladetraining wird dein Pferd gut auf den Anh\u00e4nger gehen. Achte beim Training darauf, dass dein Pferd ausreichend gesch\u00fctzt ist und du stets Ruhe, Gelassenheit und Vertrauen ausstrahlst. Nur so wird dein Pferd den H\u00e4nger positiv verkn\u00fcpfen und problemlos heraufgehen.<\/p>\n<h3>Warum gehen manche Pferde nicht auf den H\u00e4nger?<\/h3>\n<p>Wenn Pferde den Transporter oder Anh\u00e4nger noch nicht kennen, gehen sie h\u00e4ufig auch nicht drauf. Pferde sind Fluchttiere und stellen sich ihren \u00c4ngsten und unbekannten Situationen nur selten. Daher bedarf es einer Vertrauensperson, mit der das Pferd den H\u00e4nger kennenlernt.<\/p>\n","protected":false},"excerpt":{"rendered":"<p>Ob Turnier, Ausritt oder als Notfall in die Pferdeklinik: Irgendwann muss fast jedes Pferd einmal im Anh\u00e4nger transportiert werden. Damit das funktioniert, solltest du mit deinem Tier fr\u00fchzeitig das Verladen trainieren. Welche Schritte beim Verladetraining f\u00fcrs Pferd zu beachten und welche Fehltritte zu vermeiden sind, erf\u00e4hrst du in diesem Beitrag. Pferde transportieren nicht auf die [&hellip;]<\/p>\n","protected":false},"author":1,"featured_media":13083,"parent":11689,"menu_order":33,"comment_status":"open","ping_status":"open","template":"templates\/blog.php","meta":{"_acf_changed":false,"_crdt_document":"","footnotes":"","beyondwords_generate_audio":"0","beyondwords_project_id":"","beyondwords_content_id":"","beyondwords_preview_token":"","beyondwords_player_style":"","beyondwords_language_id":"","beyondwords_title_voice_id":"","beyondwords_body_voice_id":"","beyondwords_summary_voice_id":"","beyondwords_error_message":"","beyondwords_disabled":"","beyondwords_delete_content":"","beyondwords_podcast_id":"","beyondwords_hash":"","publish_post_to_speechkit":"","speechkit_hash":"","speechkit_generate_audio":"","speechkit_project_id":"","speechkit_podcast_id":"","speechkit_error_message":"","speechkit_disabled":"","speechkit_access_key":"","speechkit_error":"","speechkit_info":"","speechkit_response":"","speechkit_retries":"","speechkit_status":"","speechkit_updated_at":"","_speechkit_link":"","_speechkit_text":""},"class_list":["post-10245","page","type-page","status-publish","has-post-thumbnail","hentry"],"acf":[],"yoast_head":"<!-- This site is optimized with the Yoast SEO Premium plugin  - https:\/\/yoast.com\/product\/yoast-seo-premium-wordpress\/ -->\n<title>Pferde verladen &amp; transportieren \u2013 Unsere Sicherheits-Tipps | Uelzener<\/title>\n<meta name=\"description\" content=\"Schritt f\u00fcr Schritt in den Pferdeanh\u00e4nger. \u2713 Tipps f\u00fcr ein entspanntes Verladetraining mit Pferd. \u2713 \u25b6 Hier erf\u00e4hrst Du mehr!\" \/>\n<meta name=\"robots\" content=\"index, follow, max-snippet:-1, max-image-preview:large, max-video-preview:-1\" \/>\n<link rel=\"canonical\" href=\"https:\/\/uelzener.de\/magazin\/pferd\/erziehung-und-training\/pferde-verladen-und-transportieren\/\" \/>\n<meta property=\"og:locale\" content=\"de_DE\" \/>\n<meta property=\"og:type\" content=\"article\" \/>\n<meta property=\"og:title\" content=\"Pferde verladen: Schritt f\u00fcr Schritt in den H\u00e4nger\" \/>\n<meta property=\"og:description\" content=\"Schritt f\u00fcr Schritt in den Pferdeanh\u00e4nger. \u2713 Tipps f\u00fcr ein entspanntes Verladetraining mit Pferd. \u2713 \u25b6 Hier erf\u00e4hrst Du mehr!\" \/>\n<meta property=\"og:url\" content=\"https:\/\/uelzener.de\/magazin\/pferd\/erziehung-und-training\/pferde-verladen-und-transportieren\/\" \/>\n<meta property=\"og:site_name\" content=\"Uelzener Tier-Magazin\" \/>\n<meta property=\"article:publisher\" content=\"https:\/\/www.facebook.com\/Uelzener\" \/>\n<meta property=\"article:modified_time\" content=\"2025-10-14T14:38:53+00:00\" \/>\n<meta property=\"og:image\" content=\"https:\/\/uelzener.de\/magazin\/app\/uploads\/2022\/04\/Verladetraining.jpg\" \/>\n\t<meta property=\"og:image:width\" content=\"1024\" \/>\n\t<meta property=\"og:image:height\" content=\"450\" \/>\n\t<meta property=\"og:image:type\" content=\"image\/jpeg\" \/>\n<meta name=\"twitter:card\" content=\"summary_large_image\" \/>\n<meta name=\"twitter:label1\" content=\"Gesch\u00e4tzte Lesezeit\" \/>\n\t<meta name=\"twitter:data1\" content=\"8\u00a0Minuten\" \/>\n<script type=\"application\/ld+json\" class=\"yoast-schema-graph\">{\"@context\":\"https:\/\/schema.org\",\"@graph\":[{\"@type\":\"WebPage\",\"@id\":\"https:\/\/uelzener.de\/magazin\/pferd\/erziehung-und-training\/pferde-verladen-und-transportieren\/\",\"url\":\"https:\/\/uelzener.de\/magazin\/pferd\/erziehung-und-training\/pferde-verladen-und-transportieren\/\",\"name\":\"Pferde verladen & transportieren \u2013 Unsere Sicherheits-Tipps | Uelzener\",\"isPartOf\":{\"@id\":\"https:\/\/uelzener.de\/magazin\/#website\"},\"primaryImageOfPage\":{\"@id\":\"https:\/\/uelzener.de\/magazin\/pferd\/erziehung-und-training\/pferde-verladen-und-transportieren\/#primaryimage\"},\"image\":{\"@id\":\"https:\/\/uelzener.de\/magazin\/pferd\/erziehung-und-training\/pferde-verladen-und-transportieren\/#primaryimage\"},\"thumbnailUrl\":\"https:\/\/uelzener.de\/magazin\/app\/uploads\/2022\/04\/Verladetraining.jpg\",\"datePublished\":\"2022-04-09T22:00:00+00:00\",\"dateModified\":\"2025-10-14T14:38:53+00:00\",\"description\":\"Schritt f\u00fcr Schritt in den Pferdeanh\u00e4nger. \u2713 Tipps f\u00fcr ein entspanntes Verladetraining mit Pferd. \u2713 \u25b6 Hier erf\u00e4hrst Du mehr!\",\"breadcrumb\":{\"@id\":\"https:\/\/uelzener.de\/magazin\/pferd\/erziehung-und-training\/pferde-verladen-und-transportieren\/#breadcrumb\"},\"inLanguage\":\"de\",\"potentialAction\":[{\"@type\":\"ReadAction\",\"target\":[\"https:\/\/uelzener.de\/magazin\/pferd\/erziehung-und-training\/pferde-verladen-und-transportieren\/\"]}]},{\"@type\":\"ImageObject\",\"inLanguage\":\"de\",\"@id\":\"https:\/\/uelzener.de\/magazin\/pferd\/erziehung-und-training\/pferde-verladen-und-transportieren\/#primaryimage\",\"url\":\"https:\/\/uelzener.de\/magazin\/app\/uploads\/2022\/04\/Verladetraining.jpg\",\"contentUrl\":\"https:\/\/uelzener.de\/magazin\/app\/uploads\/2022\/04\/Verladetraining.jpg\",\"width\":1024,\"height\":450,\"caption\":\"Pferd in Pferdeanh\u00e4nger verladen, erfordert ein umfangreiches Training.\"},{\"@type\":\"WebSite\",\"@id\":\"https:\/\/uelzener.de\/magazin\/#website\",\"url\":\"https:\/\/uelzener.de\/magazin\/\",\"name\":\"Uelzener Tiermagazin\",\"description\":\"Online Tierratgeber der Uelzener Versicherungen\",\"publisher\":{\"@id\":\"https:\/\/uelzener.de\/magazin\/#organization\"},\"potentialAction\":[{\"@type\":\"SearchAction\",\"target\":{\"@type\":\"EntryPoint\",\"urlTemplate\":\"https:\/\/uelzener.de\/magazin\/?s={search_term_string}\"},\"query-input\":{\"@type\":\"PropertyValueSpecification\",\"valueRequired\":true,\"valueName\":\"search_term_string\"}}],\"inLanguage\":\"de\"},{\"@type\":\"Organization\",\"@id\":\"https:\/\/uelzener.de\/magazin\/#organization\",\"name\":\"Uelzener Versicherungen\",\"url\":\"https:\/\/uelzener.de\/magazin\/\",\"logo\":{\"@type\":\"ImageObject\",\"inLanguage\":\"de\",\"@id\":\"https:\/\/uelzener.de\/magazin\/#\/schema\/logo\/image\/\",\"url\":\"https:\/\/uelzener.de\/magazin\/app\/uploads\/2024\/11\/uelzener_allgemeine_versicherungsgesellschaft_a_g_logo.jpg\",\"contentUrl\":\"https:\/\/uelzener.de\/magazin\/app\/uploads\/2024\/11\/uelzener_allgemeine_versicherungsgesellschaft_a_g_logo.jpg\",\"width\":200,\"height\":200,\"caption\":\"Uelzener Versicherungen\"},\"image\":{\"@id\":\"https:\/\/uelzener.de\/magazin\/#\/schema\/logo\/image\/\"},\"sameAs\":[\"https:\/\/www.facebook.com\/Uelzener\",\"https:\/\/instagram.com\/uelzener\",\"https:\/\/www.xing.com\/pages\/uelzenerallgemeineversicherungs-gesellschafta-g\",\"https:\/\/www.youtube.com\/UelzenerVersicherungen\"]}]}<\/script>\n<!-- \/ Yoast SEO Premium plugin. -->","yoast_head_json":{"title":"Pferde verladen & transportieren \u2013 Unsere Sicherheits-Tipps | Uelzener","description":"Schritt f\u00fcr Schritt in den Pferdeanh\u00e4nger. \u2713 Tipps f\u00fcr ein entspanntes Verladetraining mit Pferd. \u2713 \u25b6 Hier erf\u00e4hrst Du mehr!","robots":{"index":"index","follow":"follow","max-snippet":"max-snippet:-1","max-image-preview":"max-image-preview:large","max-video-preview":"max-video-preview:-1"},"canonical":"https:\/\/uelzener.de\/magazin\/pferd\/erziehung-und-training\/pferde-verladen-und-transportieren\/","og_locale":"de_DE","og_type":"article","og_title":"Pferde verladen: Schritt f\u00fcr Schritt in den H\u00e4nger","og_description":"Schritt f\u00fcr Schritt in den Pferdeanh\u00e4nger. \u2713 Tipps f\u00fcr ein entspanntes Verladetraining mit Pferd. \u2713 \u25b6 Hier erf\u00e4hrst Du mehr!","og_url":"https:\/\/uelzener.de\/magazin\/pferd\/erziehung-und-training\/pferde-verladen-und-transportieren\/","og_site_name":"Uelzener Tier-Magazin","article_publisher":"https:\/\/www.facebook.com\/Uelzener","article_modified_time":"2025-10-14T14:38:53+00:00","og_image":[{"width":1024,"height":450,"url":"https:\/\/uelzener.de\/magazin\/app\/uploads\/2022\/04\/Verladetraining.jpg","type":"image\/jpeg"}],"twitter_card":"summary_large_image","twitter_misc":{"Gesch\u00e4tzte Lesezeit":"8\u00a0Minuten"},"schema":{"@context":"https:\/\/schema.org","@graph":[{"@type":"WebPage","@id":"https:\/\/uelzener.de\/magazin\/pferd\/erziehung-und-training\/pferde-verladen-und-transportieren\/","url":"https:\/\/uelzener.de\/magazin\/pferd\/erziehung-und-training\/pferde-verladen-und-transportieren\/","name":"Pferde verladen & transportieren \u2013 Unsere Sicherheits-Tipps | Uelzener","isPartOf":{"@id":"https:\/\/uelzener.de\/magazin\/#website"},"primaryImageOfPage":{"@id":"https:\/\/uelzener.de\/magazin\/pferd\/erziehung-und-training\/pferde-verladen-und-transportieren\/#primaryimage"},"image":{"@id":"https:\/\/uelzener.de\/magazin\/pferd\/erziehung-und-training\/pferde-verladen-und-transportieren\/#primaryimage"},"thumbnailUrl":"https:\/\/uelzener.de\/magazin\/app\/uploads\/2022\/04\/Verladetraining.jpg","datePublished":"2022-04-09T22:00:00+00:00","dateModified":"2025-10-14T14:38:53+00:00","description":"Schritt f\u00fcr Schritt in den Pferdeanh\u00e4nger. \u2713 Tipps f\u00fcr ein entspanntes Verladetraining mit Pferd. \u2713 \u25b6 Hier erf\u00e4hrst Du mehr!","breadcrumb":{"@id":"https:\/\/uelzener.de\/magazin\/pferd\/erziehung-und-training\/pferde-verladen-und-transportieren\/#breadcrumb"},"inLanguage":"de","potentialAction":[{"@type":"ReadAction","target":["https:\/\/uelzener.de\/magazin\/pferd\/erziehung-und-training\/pferde-verladen-und-transportieren\/"]}]},{"@type":"ImageObject","inLanguage":"de","@id":"https:\/\/uelzener.de\/magazin\/pferd\/erziehung-und-training\/pferde-verladen-und-transportieren\/#primaryimage","url":"https:\/\/uelzener.de\/magazin\/app\/uploads\/2022\/04\/Verladetraining.jpg","contentUrl":"https:\/\/uelzener.de\/magazin\/app\/uploads\/2022\/04\/Verladetraining.jpg","width":1024,"height":450,"caption":"Pferd in Pferdeanh\u00e4nger verladen, erfordert ein umfangreiches Training."},{"@type":"WebSite","@id":"https:\/\/uelzener.de\/magazin\/#website","url":"https:\/\/uelzener.de\/magazin\/","name":"Uelzener Tiermagazin","description":"Online Tierratgeber der Uelzener Versicherungen","publisher":{"@id":"https:\/\/uelzener.de\/magazin\/#organization"},"potentialAction":[{"@type":"SearchAction","target":{"@type":"EntryPoint","urlTemplate":"https:\/\/uelzener.de\/magazin\/?s={search_term_string}"},"query-input":{"@type":"PropertyValueSpecification","valueRequired":true,"valueName":"search_term_string"}}],"inLanguage":"de"},{"@type":"Organization","@id":"https:\/\/uelzener.de\/magazin\/#organization","name":"Uelzener Versicherungen","url":"https:\/\/uelzener.de\/magazin\/","logo":{"@type":"ImageObject","inLanguage":"de","@id":"https:\/\/uelzener.de\/magazin\/#\/schema\/logo\/image\/","url":"https:\/\/uelzener.de\/magazin\/app\/uploads\/2024\/11\/uelzener_allgemeine_versicherungsgesellschaft_a_g_logo.jpg","contentUrl":"https:\/\/uelzener.de\/magazin\/app\/uploads\/2024\/11\/uelzener_allgemeine_versicherungsgesellschaft_a_g_logo.jpg","width":200,"height":200,"caption":"Uelzener Versicherungen"},"image":{"@id":"https:\/\/uelzener.de\/magazin\/#\/schema\/logo\/image\/"},"sameAs":["https:\/\/www.facebook.com\/Uelzener","https:\/\/instagram.com\/uelzener","https:\/\/www.xing.com\/pages\/uelzenerallgemeineversicherungs-gesellschafta-g","https:\/\/www.youtube.com\/UelzenerVersicherungen"]}]}},"_links":{"self":[{"href":"https:\/\/uelzener.de\/magazin\/wp-json\/wp\/v2\/pages\/10245","targetHints":{"allow":["GET"]}}],"collection":[{"href":"https:\/\/uelzener.de\/magazin\/wp-json\/wp\/v2\/pages"}],"about":[{"href":"https:\/\/uelzener.de\/magazin\/wp-json\/wp\/v2\/types\/page"}],"author":[{"embeddable":true,"href":"https:\/\/uelzener.de\/magazin\/wp-json\/wp\/v2\/users\/1"}],"replies":[{"embeddable":true,"href":"https:\/\/uelzener.de\/magazin\/wp-json\/wp\/v2\/comments?post=10245"}],"version-history":[{"count":17,"href":"https:\/\/uelzener.de\/magazin\/wp-json\/wp\/v2\/pages\/10245\/revisions"}],"predecessor-version":[{"id":19355,"href":"https:\/\/uelzener.de\/magazin\/wp-json\/wp\/v2\/pages\/10245\/revisions\/19355"}],"up":[{"embeddable":true,"href":"https:\/\/uelzener.de\/magazin\/wp-json\/wp\/v2\/pages\/11689"}],"wp:featuredmedia":[{"embeddable":true,"href":"https:\/\/uelzener.de\/magazin\/wp-json\/wp\/v2\/media\/13083"}],"wp:attachment":[{"href":"https:\/\/uelzener.de\/magazin\/wp-json\/wp\/v2\/media?parent=10245"}],"curies":[{"name":"wp","href":"https:\/\/api.w.org\/{rel}","templated":true}]}}