{"id":10233,"date":"2015-08-18T00:00:00","date_gmt":"2015-08-17T22:00:00","guid":{"rendered":""},"modified":"2023-07-12T16:48:22","modified_gmt":"2023-07-12T14:48:22","slug":"equine-infektioese-anaemie","status":"publish","type":"page","link":"https:\/\/uelzener.de\/magazin\/pferd\/tiergesundheit\/equine-infektioese-anaemie\/","title":{"rendered":"Equine infekti\u00f6se An\u00e4mie: Ansteckende Blutarmut bei Pferden"},"content":{"rendered":"<p>Die <strong>Equine infekti\u00f6se An\u00e4mie (EIA)<\/strong> ist eine Erkrankung des Blutes und der blutbildenden Organe bei Pferden und anderen Einhufern und wird durch ein Virus \u00fcbertragen. Dieses Virus ist weder auf andere Tiere noch auf Menschen \u00fcbertragbar. F\u00fcr Pferde allerdings ist eine Ansteckung fatal, denn fr\u00fcher oder sp\u00e4ter f\u00fchrt die An\u00e4mie zum <a href=\"https:\/\/uelzener.de\/magazin\/pferd\/haeufige-fragen\/pferd-tot\/\">Tod<\/a>. Besonders gef\u00e4hrlich sind Pferde, die zwar infiziert, aber symptomfrei sind, denn sie verbreiten das Virus unbemerkt weiter. Die EIA ist eine anzeigepflichtige Tierseuche. Das An\u00e4mievirus ist recht widerstandsf\u00e4hig: In getrocknetem Blut bleibt es bis zu acht Monate infektionsf\u00e4hig, in frischem Mist zwei Monate, im gepackten Misthaufen immerhin noch einen Monat. Die \u00dcbertragung erfolgt in erster Linie \u00fcber virushaltiges Blut. Haupt\u00fcbertr\u00e4ger sind Bremsen, Stechm\u00fccken und andere blutsaugende Insekten. Direkte Kontaktinfektionen zwischen Pferden sind seltener. Die Krankheit tritt weltweit auf, vorwiegend jedoch in Feuchtgebieten. Hat ein Pferd sich infiziert, kann es sechs Wochen dauern, bis erste Krankheitsanzeichen auftreten, unter anderem Fieber, Schwierigkeiten beim Laufen, Zittern, angelaufene Gliedma\u00dfen, \u00d6deme oder blasse Schleimh\u00e4ute. Beim chronischen Verlauf wirken die Tiere zwischen den Krankheitssch\u00fcben normal. Der &#8222;Coggins-Test&#8220; gibt Auskunft, ob ein Pferd Virustr\u00e4ger ist. Gegen EIA kann nicht geimpft werden, und auch eine Behandlung ist weder m\u00f6glich noch erlaubt. Infizierte Tiere m\u00fcssen leider get\u00f6tet werden. Verd\u00e4chtige Best\u00e4nde werden unter Quarant\u00e4ne gestellt.<\/p>\n<p><strong>Exklusiv &#8211; Unser Unternehmenstierarzt im Interview:<\/strong><\/p>\n<p><strong><em>Wo k\u00f6nnten Gefahren bestehen? <\/em><\/strong><\/p>\n<p><em>Die gr\u00f6\u00dfte Gef\u00e4hrdung besteht in St\u00e4llen mit hoher Fluktuation und beim Kontakt zu Pferden unbekannter oder osteurop\u00e4ischer Herkunft. <\/em><\/p>\n<p><strong><em>Gibt es Ma\u00dfnahmen, durch die jeder Einzelne seine Tiere sch\u00fctzen kann? <\/em><\/strong><\/p>\n<p><em>Pferdehalter sollten alle empfohlenen Hygiene- und Quarant\u00e4nema\u00dfnahmen beachten und f\u00fcr einen Pferde-Insektenschutz sorgen. Wichtig: Alle Pferde bei der Tierseuchenkasse anmelden, sonst besteht kein Anspruch auf die Entsch\u00e4digung von bis zu 5000 Euro pro Tier, falls das Pferd get\u00f6tet werden muss. <\/em><\/p>\n<p><strong><em>Worauf sollten Einstellbetriebe achten? <\/em><\/strong><\/p>\n<p><em>Bei unklaren Krankheitssymptomen an eingestellten Pferden ist unbedingt fr\u00fchzeitig tier\u00e4rztlicher Rat einzuholen. Kranke Tiere sind zu isolieren. Stall- und Weidehygiene m\u00fcssen optimiert werden, und es sollte kein stehendes Wasser auf Paddocks und Weiden geben. <\/em><\/p>\n","protected":false},"excerpt":{"rendered":"<p>Die Equine infekti\u00f6se An\u00e4mie (EIA) ist eine Erkrankung des Blutes und der blutbildenden Organe bei Pferden und anderen Einhufern und wird durch ein Virus \u00fcbertragen. Dieses Virus ist weder auf andere Tiere noch auf Menschen \u00fcbertragbar. F\u00fcr Pferde allerdings ist eine Ansteckung fatal, denn fr\u00fcher oder sp\u00e4ter f\u00fchrt die An\u00e4mie zum Tod. Besonders gef\u00e4hrlich sind [&hellip;]<\/p>\n","protected":false},"author":1,"featured_media":10822,"parent":11706,"menu_order":74,"comment_status":"closed","ping_status":"closed","template":"templates\/blog.php","meta":{"_acf_changed":false,"_crdt_document":"","footnotes":"","beyondwords_generate_audio":"","beyondwords_project_id":"","beyondwords_content_id":"","beyondwords_preview_token":"","beyondwords_player_style":"","beyondwords_language_id":"","beyondwords_title_voice_id":"","beyondwords_body_voice_id":"","beyondwords_summary_voice_id":"","beyondwords_error_message":"","beyondwords_disabled":"","beyondwords_delete_content":"","beyondwords_podcast_id":"","beyondwords_hash":"","publish_post_to_speechkit":"","speechkit_hash":"","speechkit_generate_audio":"","speechkit_project_id":"","speechkit_podcast_id":"","speechkit_error_message":"","speechkit_disabled":"","speechkit_access_key":"","speechkit_error":"","speechkit_info":"","speechkit_response":"","speechkit_retries":"","speechkit_status":"","speechkit_updated_at":"","_speechkit_link":"","_speechkit_text":""},"class_list":["post-10233","page","type-page","status-publish","has-post-thumbnail","hentry"],"acf":[],"yoast_head":"<!-- This site is optimized with the Yoast SEO Premium plugin  - https:\/\/yoast.com\/product\/yoast-seo-premium-wordpress\/ -->\n<title>Equine infekti\u00f6se An\u00e4mie \u2013 Blutarmut bei Pferden | Uelzener<\/title>\n<meta name=\"description\" content=\"Erfahre alles zur Equinen infekti\u00f6sen An\u00e4mie (EIA) \u2713 \u00dcbertragung \u2713 Symptome \u2713 Folgen \u25b6 Mehr zur Blutarmut bei Pferden lesen!\" \/>\n<meta name=\"robots\" content=\"index, follow, max-snippet:-1, max-image-preview:large, max-video-preview:-1\" \/>\n<link rel=\"canonical\" href=\"https:\/\/uelzener.de\/magazin\/pferd\/tiergesundheit\/equine-infektioese-anaemie\/\" \/>\n<meta property=\"og:locale\" content=\"de_DE\" \/>\n<meta property=\"og:type\" content=\"article\" \/>\n<meta property=\"og:title\" content=\"Equine infekti\u00f6se An\u00e4mie: Ansteckende Blutarmut bei Pferden\" \/>\n<meta property=\"og:description\" content=\"Erfahre alles zur Equinen infekti\u00f6sen An\u00e4mie (EIA) \u2713 \u00dcbertragung \u2713 Symptome \u2713 Folgen \u25b6 Mehr zur Blutarmut bei Pferden lesen!\" \/>\n<meta property=\"og:url\" content=\"https:\/\/uelzener.de\/magazin\/pferd\/tiergesundheit\/equine-infektioese-anaemie\/\" \/>\n<meta property=\"og:site_name\" content=\"Uelzener Tier-Magazin\" \/>\n<meta property=\"article:publisher\" content=\"https:\/\/www.facebook.com\/Uelzener\" \/>\n<meta property=\"article:modified_time\" content=\"2023-07-12T14:48:22+00:00\" \/>\n<meta property=\"og:image\" content=\"https:\/\/uelzener.de\/magazin\/app\/uploads\/2015\/08\/d202a666-489c-400b-a5a7-d9e5949bae63.jpg\" \/>\n\t<meta property=\"og:image:width\" content=\"650\" \/>\n\t<meta property=\"og:image:height\" content=\"432\" \/>\n\t<meta property=\"og:image:type\" content=\"image\/jpeg\" \/>\n<meta name=\"twitter:card\" content=\"summary_large_image\" \/>\n<meta name=\"twitter:label1\" content=\"Gesch\u00e4tzte Lesezeit\" \/>\n\t<meta name=\"twitter:data1\" content=\"2\u00a0Minuten\" \/>\n<script type=\"application\/ld+json\" class=\"yoast-schema-graph\">{\"@context\":\"https:\/\/schema.org\",\"@graph\":[{\"@type\":\"WebPage\",\"@id\":\"https:\/\/uelzener.de\/magazin\/pferd\/tiergesundheit\/equine-infektioese-anaemie\/\",\"url\":\"https:\/\/uelzener.de\/magazin\/pferd\/tiergesundheit\/equine-infektioese-anaemie\/\",\"name\":\"Equine infekti\u00f6se An\u00e4mie \u2013 Blutarmut bei Pferden | Uelzener\",\"isPartOf\":{\"@id\":\"https:\/\/uelzener.de\/magazin\/#website\"},\"primaryImageOfPage\":{\"@id\":\"https:\/\/uelzener.de\/magazin\/pferd\/tiergesundheit\/equine-infektioese-anaemie\/#primaryimage\"},\"image\":{\"@id\":\"https:\/\/uelzener.de\/magazin\/pferd\/tiergesundheit\/equine-infektioese-anaemie\/#primaryimage\"},\"thumbnailUrl\":\"https:\/\/uelzener.de\/magazin\/app\/uploads\/2015\/08\/d202a666-489c-400b-a5a7-d9e5949bae63.jpg\",\"datePublished\":\"2015-08-17T22:00:00+00:00\",\"dateModified\":\"2023-07-12T14:48:22+00:00\",\"description\":\"Erfahre alles zur Equinen infekti\u00f6sen An\u00e4mie (EIA) \u2713 \u00dcbertragung \u2713 Symptome \u2713 Folgen \u25b6 Mehr zur Blutarmut bei Pferden lesen!\",\"breadcrumb\":{\"@id\":\"https:\/\/uelzener.de\/magazin\/pferd\/tiergesundheit\/equine-infektioese-anaemie\/#breadcrumb\"},\"inLanguage\":\"de\",\"potentialAction\":[{\"@type\":\"ReadAction\",\"target\":[\"https:\/\/uelzener.de\/magazin\/pferd\/tiergesundheit\/equine-infektioese-anaemie\/\"]}]},{\"@type\":\"ImageObject\",\"inLanguage\":\"de\",\"@id\":\"https:\/\/uelzener.de\/magazin\/pferd\/tiergesundheit\/equine-infektioese-anaemie\/#primaryimage\",\"url\":\"https:\/\/uelzener.de\/magazin\/app\/uploads\/2015\/08\/d202a666-489c-400b-a5a7-d9e5949bae63.jpg\",\"contentUrl\":\"https:\/\/uelzener.de\/magazin\/app\/uploads\/2015\/08\/d202a666-489c-400b-a5a7-d9e5949bae63.jpg\",\"width\":650,\"height\":432,\"caption\":\"Mehrere Pferde stehen gemeinsam auf einer Weide. Die Equine infekti\u00f6se An\u00e4mie kann dabei von zum Beispiel Stechm\u00fccken \u00fcbertragen werden.\"},{\"@type\":\"WebSite\",\"@id\":\"https:\/\/uelzener.de\/magazin\/#website\",\"url\":\"https:\/\/uelzener.de\/magazin\/\",\"name\":\"Uelzener Tiermagazin\",\"description\":\"Online Tierratgeber der Uelzener Versicherungen\",\"publisher\":{\"@id\":\"https:\/\/uelzener.de\/magazin\/#organization\"},\"potentialAction\":[{\"@type\":\"SearchAction\",\"target\":{\"@type\":\"EntryPoint\",\"urlTemplate\":\"https:\/\/uelzener.de\/magazin\/?s={search_term_string}\"},\"query-input\":{\"@type\":\"PropertyValueSpecification\",\"valueRequired\":true,\"valueName\":\"search_term_string\"}}],\"inLanguage\":\"de\"},{\"@type\":\"Organization\",\"@id\":\"https:\/\/uelzener.de\/magazin\/#organization\",\"name\":\"Uelzener Versicherungen\",\"url\":\"https:\/\/uelzener.de\/magazin\/\",\"logo\":{\"@type\":\"ImageObject\",\"inLanguage\":\"de\",\"@id\":\"https:\/\/uelzener.de\/magazin\/#\/schema\/logo\/image\/\",\"url\":\"https:\/\/uelzener.de\/magazin\/app\/uploads\/2024\/11\/uelzener_allgemeine_versicherungsgesellschaft_a_g_logo.jpg\",\"contentUrl\":\"https:\/\/uelzener.de\/magazin\/app\/uploads\/2024\/11\/uelzener_allgemeine_versicherungsgesellschaft_a_g_logo.jpg\",\"width\":200,\"height\":200,\"caption\":\"Uelzener Versicherungen\"},\"image\":{\"@id\":\"https:\/\/uelzener.de\/magazin\/#\/schema\/logo\/image\/\"},\"sameAs\":[\"https:\/\/www.facebook.com\/Uelzener\",\"https:\/\/instagram.com\/uelzener\",\"https:\/\/www.xing.com\/pages\/uelzenerallgemeineversicherungs-gesellschafta-g\",\"https:\/\/www.youtube.com\/UelzenerVersicherungen\"]}]}<\/script>\n<!-- \/ Yoast SEO Premium plugin. -->","yoast_head_json":{"title":"Equine infekti\u00f6se An\u00e4mie \u2013 Blutarmut bei Pferden | Uelzener","description":"Erfahre alles zur Equinen infekti\u00f6sen An\u00e4mie (EIA) \u2713 \u00dcbertragung \u2713 Symptome \u2713 Folgen \u25b6 Mehr zur Blutarmut bei Pferden lesen!","robots":{"index":"index","follow":"follow","max-snippet":"max-snippet:-1","max-image-preview":"max-image-preview:large","max-video-preview":"max-video-preview:-1"},"canonical":"https:\/\/uelzener.de\/magazin\/pferd\/tiergesundheit\/equine-infektioese-anaemie\/","og_locale":"de_DE","og_type":"article","og_title":"Equine infekti\u00f6se An\u00e4mie: Ansteckende Blutarmut bei Pferden","og_description":"Erfahre alles zur Equinen infekti\u00f6sen An\u00e4mie (EIA) \u2713 \u00dcbertragung \u2713 Symptome \u2713 Folgen \u25b6 Mehr zur Blutarmut bei Pferden lesen!","og_url":"https:\/\/uelzener.de\/magazin\/pferd\/tiergesundheit\/equine-infektioese-anaemie\/","og_site_name":"Uelzener Tier-Magazin","article_publisher":"https:\/\/www.facebook.com\/Uelzener","article_modified_time":"2023-07-12T14:48:22+00:00","og_image":[{"width":650,"height":432,"url":"https:\/\/uelzener.de\/magazin\/app\/uploads\/2015\/08\/d202a666-489c-400b-a5a7-d9e5949bae63.jpg","type":"image\/jpeg"}],"twitter_card":"summary_large_image","twitter_misc":{"Gesch\u00e4tzte Lesezeit":"2\u00a0Minuten"},"schema":{"@context":"https:\/\/schema.org","@graph":[{"@type":"WebPage","@id":"https:\/\/uelzener.de\/magazin\/pferd\/tiergesundheit\/equine-infektioese-anaemie\/","url":"https:\/\/uelzener.de\/magazin\/pferd\/tiergesundheit\/equine-infektioese-anaemie\/","name":"Equine infekti\u00f6se An\u00e4mie \u2013 Blutarmut bei Pferden | Uelzener","isPartOf":{"@id":"https:\/\/uelzener.de\/magazin\/#website"},"primaryImageOfPage":{"@id":"https:\/\/uelzener.de\/magazin\/pferd\/tiergesundheit\/equine-infektioese-anaemie\/#primaryimage"},"image":{"@id":"https:\/\/uelzener.de\/magazin\/pferd\/tiergesundheit\/equine-infektioese-anaemie\/#primaryimage"},"thumbnailUrl":"https:\/\/uelzener.de\/magazin\/app\/uploads\/2015\/08\/d202a666-489c-400b-a5a7-d9e5949bae63.jpg","datePublished":"2015-08-17T22:00:00+00:00","dateModified":"2023-07-12T14:48:22+00:00","description":"Erfahre alles zur Equinen infekti\u00f6sen An\u00e4mie (EIA) \u2713 \u00dcbertragung \u2713 Symptome \u2713 Folgen \u25b6 Mehr zur Blutarmut bei Pferden lesen!","breadcrumb":{"@id":"https:\/\/uelzener.de\/magazin\/pferd\/tiergesundheit\/equine-infektioese-anaemie\/#breadcrumb"},"inLanguage":"de","potentialAction":[{"@type":"ReadAction","target":["https:\/\/uelzener.de\/magazin\/pferd\/tiergesundheit\/equine-infektioese-anaemie\/"]}]},{"@type":"ImageObject","inLanguage":"de","@id":"https:\/\/uelzener.de\/magazin\/pferd\/tiergesundheit\/equine-infektioese-anaemie\/#primaryimage","url":"https:\/\/uelzener.de\/magazin\/app\/uploads\/2015\/08\/d202a666-489c-400b-a5a7-d9e5949bae63.jpg","contentUrl":"https:\/\/uelzener.de\/magazin\/app\/uploads\/2015\/08\/d202a666-489c-400b-a5a7-d9e5949bae63.jpg","width":650,"height":432,"caption":"Mehrere Pferde stehen gemeinsam auf einer Weide. Die Equine infekti\u00f6se An\u00e4mie kann dabei von zum Beispiel Stechm\u00fccken \u00fcbertragen werden."},{"@type":"WebSite","@id":"https:\/\/uelzener.de\/magazin\/#website","url":"https:\/\/uelzener.de\/magazin\/","name":"Uelzener Tiermagazin","description":"Online Tierratgeber der Uelzener Versicherungen","publisher":{"@id":"https:\/\/uelzener.de\/magazin\/#organization"},"potentialAction":[{"@type":"SearchAction","target":{"@type":"EntryPoint","urlTemplate":"https:\/\/uelzener.de\/magazin\/?s={search_term_string}"},"query-input":{"@type":"PropertyValueSpecification","valueRequired":true,"valueName":"search_term_string"}}],"inLanguage":"de"},{"@type":"Organization","@id":"https:\/\/uelzener.de\/magazin\/#organization","name":"Uelzener Versicherungen","url":"https:\/\/uelzener.de\/magazin\/","logo":{"@type":"ImageObject","inLanguage":"de","@id":"https:\/\/uelzener.de\/magazin\/#\/schema\/logo\/image\/","url":"https:\/\/uelzener.de\/magazin\/app\/uploads\/2024\/11\/uelzener_allgemeine_versicherungsgesellschaft_a_g_logo.jpg","contentUrl":"https:\/\/uelzener.de\/magazin\/app\/uploads\/2024\/11\/uelzener_allgemeine_versicherungsgesellschaft_a_g_logo.jpg","width":200,"height":200,"caption":"Uelzener Versicherungen"},"image":{"@id":"https:\/\/uelzener.de\/magazin\/#\/schema\/logo\/image\/"},"sameAs":["https:\/\/www.facebook.com\/Uelzener","https:\/\/instagram.com\/uelzener","https:\/\/www.xing.com\/pages\/uelzenerallgemeineversicherungs-gesellschafta-g","https:\/\/www.youtube.com\/UelzenerVersicherungen"]}]}},"_links":{"self":[{"href":"https:\/\/uelzener.de\/magazin\/wp-json\/wp\/v2\/pages\/10233","targetHints":{"allow":["GET"]}}],"collection":[{"href":"https:\/\/uelzener.de\/magazin\/wp-json\/wp\/v2\/pages"}],"about":[{"href":"https:\/\/uelzener.de\/magazin\/wp-json\/wp\/v2\/types\/page"}],"author":[{"embeddable":true,"href":"https:\/\/uelzener.de\/magazin\/wp-json\/wp\/v2\/users\/1"}],"replies":[{"embeddable":true,"href":"https:\/\/uelzener.de\/magazin\/wp-json\/wp\/v2\/comments?post=10233"}],"version-history":[{"count":6,"href":"https:\/\/uelzener.de\/magazin\/wp-json\/wp\/v2\/pages\/10233\/revisions"}],"predecessor-version":[{"id":15941,"href":"https:\/\/uelzener.de\/magazin\/wp-json\/wp\/v2\/pages\/10233\/revisions\/15941"}],"up":[{"embeddable":true,"href":"https:\/\/uelzener.de\/magazin\/wp-json\/wp\/v2\/pages\/11706"}],"wp:featuredmedia":[{"embeddable":true,"href":"https:\/\/uelzener.de\/magazin\/wp-json\/wp\/v2\/media\/10822"}],"wp:attachment":[{"href":"https:\/\/uelzener.de\/magazin\/wp-json\/wp\/v2\/media?parent=10233"}],"curies":[{"name":"wp","href":"https:\/\/api.w.org\/{rel}","templated":true}]}}