{"id":10229,"date":"2015-07-14T00:00:00","date_gmt":"2015-07-14T00:00:00","guid":{"rendered":""},"modified":"2025-09-11T11:44:46","modified_gmt":"2025-09-11T09:44:46","slug":"vollblut-araber","status":"publish","type":"page","link":"https:\/\/uelzener.de\/magazin\/pferd\/rasseportrait\/vollblut-araber\/","title":{"rendered":"Arabisches Vollblut"},"content":{"rendered":"<p>Vollblutaraber gelten f\u00fcr viele als der Inbegriff der Sch\u00f6nheit, durch ihre elegante, zierliche Erscheinung, ihre schwebenden G\u00e4nge und ihre stolze Haltung. Ihre Heimat sind die W\u00fcsten der arabische Halbinsel, wo sie als Pferde der Beduinen mindestens seit dem 7. Jahrhundert gez\u00fcchtet werden. Arabische Vollbl\u00fcter gelten damit als eine der \u00e4ltesten Haustierrassen der Welt. Die vorherrschende Fellfarbe ist wei\u00df, auch wenn diverse andere Fellfarben vorkommen. Ein auffallendes Merkmal ist der \u201eAraberknick\u201c, ein Knick im Nasenbein, das dem feinen Kopf ein besonders edles Aussehen verleiht, den aber nicht alle Pferde aufweisen. Arabische Vollbl\u00fcter werden seit dem 19. Jahrhundert zur Veredelung anderer Rassen eingesetzt.<\/p>\n<p>Aufgrund ihrer Herkunft sind H\u00e4rte, Ausdauer und Gen\u00fcgsamkeit typische Merkmale der Arabischen Vollbl\u00fcter. Ein weiterer Wesenszug ist ihre Anh\u00e4nglichkeit und Treue zu ihren Menschen \u2013 kein Wunder, denn die Beziehung zu ihren Pferden war f\u00fcr die Beduinen \u00fcberlebenswichtig. Daher achteten sie bei der Zucht auf Pferde mit einem einwandfreien, ehrlichen Charakter, der das enge Zusammenleben (zum Teil kamen die Pferde mit ins Zelt) erm\u00f6glichte.<\/p>\n\n<div class=\"banner\">\n    <a href=\"https:\/\/uelzener.de\/pferd\/herden-versicherung\/?agt=0000104925&sem=true&utm_medium=magazin&utm_source=wordpress&utm_campaign=pferd_kv&utm_content=banner    \">\n        <img decoding=\"async\" width=\"300\" height=\"212\" src=\"https:\/\/uelzener.de\/magazin\/app\/uploads\/2025\/01\/Pferde-Kranken-Versicherung.jpg\" class=\"attachment-medium size-medium\" alt=\"Banner Pferde-Kranken-Versicherung\" \/>    <\/a>\n<\/div>\n\n<p>Vollblutaraber sind mit einem Stockma\u00df von 1,45 m bis etwa 1,60 m relativ klein. Ihr K\u00f6rperbau ist dem Leben in der W\u00fcste perfekt angepasst: Die hohe Kopfhaltung und die weit vorstehenden Augen erm\u00f6glichen einen guten \u00dcberblick \u00fcber weite Fl\u00e4chen, ihre hohe Schweifhaltung sorgt f\u00fcr eine gute Bel\u00fcftung zwischen den Hinterbeinen. Der R\u00fccken ist kurz im Vergleich zum gro\u00dfrahmigen Warmbl\u00fcter, tats\u00e4chlich haben viele arabische Vollbl\u00fcter eine Rippe und einen Lendenwirbel weniger als andere Rassen.<\/p>\n\n<div class=\"related_articles boxed\">\n    <h2>Mehr zum Thema<\/h2>\n    \n    <div class=\"wrapper\"><div class=\"title align-center\"><h3><a href=\"https:\/\/uelzener.de\/magazin\/pferd\/rasseportrait\/quarter-horse\/\">Quarter Horse: ein St\u00fcck &#8222;Wilder Westen&#8220;<\/a><\/h3><\/div><div class=\"img align-center\"><img decoding=\"async\" width=\"315\" height=\"180\" src=\"https:\/\/uelzener.de\/magazin\/app\/uploads\/2023\/04\/quarter-horse-315x180.jpg\" class=\"attachment-315x180 size-315x180 wp-post-image\" alt=\"Braunes Quarter Horse auf einer gr\u00fcnen Wiese.\" \/><\/div><\/div><div class=\"wrapper\"><div class=\"title align-center\"><h3><a href=\"https:\/\/uelzener.de\/magazin\/pferd\/haeufige-fragen\/wie-viel-ps-hat-pferd\/\">Wie viel PS hat ein Pferd?<\/a><\/h3><\/div><div class=\"img align-center\"><img decoding=\"async\" width=\"315\" height=\"180\" src=\"https:\/\/uelzener.de\/magazin\/app\/uploads\/2023\/10\/wie-viel-ps-hat-pferd-315x180.jpg\" class=\"attachment-315x180 size-315x180 wp-post-image\" alt=\"Pferd beim Pferderennen: Wie viel PS hat ein Pferd?\" \/><\/div><\/div><div class=\"wrapper\"><div class=\"title align-center\"><h3><a href=\"https:\/\/uelzener.de\/magazin\/pferd\/rasseportrait\/mustang\/\">Mustang<\/a><\/h3><\/div><div class=\"img align-center\"><img decoding=\"async\" width=\"315\" height=\"180\" src=\"https:\/\/uelzener.de\/magazin\/app\/uploads\/2018\/01\/930905ae-2164-49dc-9951-9770f3b3ce7d-315x180.jpg\" class=\"attachment-315x180 size-315x180 wp-post-image\" alt=\"Ein hellbraunes Mustang-Pferd galoppiert durch einen winterlichen Wald. Der Boden ist vom Schnee wei\u00df bedeckt.\" srcset=\"https:\/\/uelzener.de\/magazin\/app\/uploads\/2018\/01\/930905ae-2164-49dc-9951-9770f3b3ce7d-315x180.jpg 315w, https:\/\/uelzener.de\/magazin\/app\/uploads\/2018\/01\/930905ae-2164-49dc-9951-9770f3b3ce7d-650x369.jpg 650w\" sizes=\"(max-width: 315px) 100vw, 315px\" \/><\/div><\/div><\/div>\n\n<p>Auch an hohe Temperaturschwankungen sind Vollblutaraber gew\u00f6hnt, denn in der W\u00fcste ist es tags\u00fcber zwar hei\u00df, aber nachts wird es sehr kalt. Einzig mit N\u00e4sse kommen sie nicht zurecht. Sie brauchen daher in unseren Gefilden immer einen trockenen Unterstand und bei Dauerregen unbedingt eine Decke. Da sie einen hohen Bewegungsdrang haben, sollten sie so viel wie m\u00f6glich mit ihren Artgenossen drau\u00dfen sein.<\/p>\n<p>Wer sich ein arabisches Vollblut anschaffen m\u00f6chte, sollte etwas Zeit mitbringen, denn diese Pferde haben viel Temperament und wollen laufen. Darum ist ihr Haupteinsatzgebiet der Distanzsport. Ihre Anh\u00e4nglichkeit und ihre hohe Intelligenz machen sie aber auch zu tollen Freizeitpferden, solange sie t\u00e4glich ausreichend Bewegung bekommen. Im Umgang sind sie freundlich, aufmerksam, sensibel und stets bem\u00fcht, alles richtig zu machen und ihrem Menschen zu gefallen. Daher sollte sich jeder Besitzer bem\u00fchen, ihrer ehrlichen Art gerecht zu werden und eine tiefe Beziehung zu ihm aufzubauen. Dann hat er einen echten Freund, auf den Verlass ist und der mit ihm durch dick und d\u00fcnn geht.<\/p>\n","protected":false},"excerpt":{"rendered":"<p>Vollblutaraber gelten f\u00fcr viele als der Inbegriff der Sch\u00f6nheit, durch ihre elegante, zierliche Erscheinung, ihre schwebenden G\u00e4nge und ihre stolze Haltung. Ihre Heimat sind die W\u00fcsten der arabische Halbinsel, wo sie als Pferde der Beduinen mindestens seit dem 7. Jahrhundert gez\u00fcchtet werden. Arabische Vollbl\u00fcter gelten damit als eine der \u00e4ltesten Haustierrassen der Welt. Die vorherrschende [&hellip;]<\/p>\n","protected":false},"author":1,"featured_media":10818,"parent":2490,"menu_order":14,"comment_status":"open","ping_status":"open","template":"templates\/blog.php","meta":{"_acf_changed":false,"_crdt_document":"","footnotes":"","beyondwords_generate_audio":"","beyondwords_project_id":"","beyondwords_content_id":"","beyondwords_preview_token":"","beyondwords_player_style":"","beyondwords_language_id":"","beyondwords_title_voice_id":"","beyondwords_body_voice_id":"","beyondwords_summary_voice_id":"","beyondwords_error_message":"","beyondwords_disabled":"","beyondwords_delete_content":"","beyondwords_podcast_id":"","beyondwords_hash":"","publish_post_to_speechkit":"","speechkit_hash":"","speechkit_generate_audio":"","speechkit_project_id":"","speechkit_podcast_id":"","speechkit_error_message":"","speechkit_disabled":"","speechkit_access_key":"","speechkit_error":"","speechkit_info":"","speechkit_response":"","speechkit_retries":"","speechkit_status":"","speechkit_updated_at":"","_speechkit_link":"","_speechkit_text":""},"class_list":["post-10229","page","type-page","status-publish","has-post-thumbnail","hentry"],"acf":[],"yoast_head":"<!-- This site is optimized with the Yoast SEO Premium plugin  - https:\/\/yoast.com\/product\/yoast-seo-premium-wordpress\/ -->\n<title>Arabisches Vollblut | Uelzener<\/title>\n<meta name=\"description\" content=\"Entdecke die Sch\u00f6nheit der Arabischen Vollblut Rasse mit ihren eleganten G\u00e4ngen und ihrem edlen Aussehen.\" \/>\n<meta name=\"robots\" content=\"index, follow, max-snippet:-1, max-image-preview:large, max-video-preview:-1\" \/>\n<link rel=\"canonical\" href=\"https:\/\/uelzener.de\/magazin\/pferd\/rasseportrait\/vollblut-araber\/\" \/>\n<meta property=\"og:locale\" content=\"de_DE\" \/>\n<meta property=\"og:type\" content=\"article\" \/>\n<meta property=\"og:title\" content=\"Arabisches Vollblut\" \/>\n<meta property=\"og:description\" content=\"Entdecke die Sch\u00f6nheit der Arabischen Vollblut Rasse mit ihren eleganten G\u00e4ngen und ihrem edlen Aussehen.\" \/>\n<meta property=\"og:url\" content=\"https:\/\/uelzener.de\/magazin\/pferd\/rasseportrait\/vollblut-araber\/\" \/>\n<meta property=\"og:site_name\" content=\"Uelzener Tier-Magazin\" \/>\n<meta property=\"article:publisher\" content=\"https:\/\/www.facebook.com\/Uelzener\" \/>\n<meta property=\"article:modified_time\" content=\"2025-09-11T09:44:46+00:00\" \/>\n<meta property=\"og:image\" content=\"https:\/\/uelzener.de\/magazin\/app\/uploads\/2015\/07\/85a80896-c93f-4e4a-9443-9d29fc26b44a.jpg\" \/>\n\t<meta property=\"og:image:width\" content=\"650\" \/>\n\t<meta property=\"og:image:height\" content=\"432\" \/>\n\t<meta property=\"og:image:type\" content=\"image\/jpeg\" \/>\n<meta name=\"twitter:card\" content=\"summary_large_image\" \/>\n<meta name=\"twitter:label1\" content=\"Gesch\u00e4tzte Lesezeit\" \/>\n\t<meta name=\"twitter:data1\" content=\"3\u00a0Minuten\" \/>\n<script type=\"application\/ld+json\" class=\"yoast-schema-graph\">{\"@context\":\"https:\/\/schema.org\",\"@graph\":[{\"@type\":\"WebPage\",\"@id\":\"https:\/\/uelzener.de\/magazin\/pferd\/rasseportrait\/vollblut-araber\/\",\"url\":\"https:\/\/uelzener.de\/magazin\/pferd\/rasseportrait\/vollblut-araber\/\",\"name\":\"Arabisches Vollblut | Uelzener\",\"isPartOf\":{\"@id\":\"https:\/\/uelzener.de\/magazin\/#website\"},\"primaryImageOfPage\":{\"@id\":\"https:\/\/uelzener.de\/magazin\/pferd\/rasseportrait\/vollblut-araber\/#primaryimage\"},\"image\":{\"@id\":\"https:\/\/uelzener.de\/magazin\/pferd\/rasseportrait\/vollblut-araber\/#primaryimage\"},\"thumbnailUrl\":\"https:\/\/uelzener.de\/magazin\/app\/uploads\/2015\/07\/85a80896-c93f-4e4a-9443-9d29fc26b44a.jpg\",\"datePublished\":\"2015-07-14T00:00:00+00:00\",\"dateModified\":\"2025-09-11T09:44:46+00:00\",\"description\":\"Entdecke die Sch\u00f6nheit der Arabischen Vollblut Rasse mit ihren eleganten G\u00e4ngen und ihrem edlen Aussehen.\",\"breadcrumb\":{\"@id\":\"https:\/\/uelzener.de\/magazin\/pferd\/rasseportrait\/vollblut-araber\/#breadcrumb\"},\"inLanguage\":\"de\",\"potentialAction\":[{\"@type\":\"ReadAction\",\"target\":[\"https:\/\/uelzener.de\/magazin\/pferd\/rasseportrait\/vollblut-araber\/\"]}]},{\"@type\":\"ImageObject\",\"inLanguage\":\"de\",\"@id\":\"https:\/\/uelzener.de\/magazin\/pferd\/rasseportrait\/vollblut-araber\/#primaryimage\",\"url\":\"https:\/\/uelzener.de\/magazin\/app\/uploads\/2015\/07\/85a80896-c93f-4e4a-9443-9d29fc26b44a.jpg\",\"contentUrl\":\"https:\/\/uelzener.de\/magazin\/app\/uploads\/2015\/07\/85a80896-c93f-4e4a-9443-9d29fc26b44a.jpg\",\"width\":650,\"height\":432,\"caption\":\"Zwei strahlend wei\u00dfe arabische Vollbl\u00fcter stehen sich gegen\u00fcber\"},{\"@type\":\"WebSite\",\"@id\":\"https:\/\/uelzener.de\/magazin\/#website\",\"url\":\"https:\/\/uelzener.de\/magazin\/\",\"name\":\"Uelzener Tiermagazin\",\"description\":\"Online Tierratgeber der Uelzener Versicherungen\",\"publisher\":{\"@id\":\"https:\/\/uelzener.de\/magazin\/#organization\"},\"potentialAction\":[{\"@type\":\"SearchAction\",\"target\":{\"@type\":\"EntryPoint\",\"urlTemplate\":\"https:\/\/uelzener.de\/magazin\/?s={search_term_string}\"},\"query-input\":{\"@type\":\"PropertyValueSpecification\",\"valueRequired\":true,\"valueName\":\"search_term_string\"}}],\"inLanguage\":\"de\"},{\"@type\":\"Organization\",\"@id\":\"https:\/\/uelzener.de\/magazin\/#organization\",\"name\":\"Uelzener Versicherungen\",\"url\":\"https:\/\/uelzener.de\/magazin\/\",\"logo\":{\"@type\":\"ImageObject\",\"inLanguage\":\"de\",\"@id\":\"https:\/\/uelzener.de\/magazin\/#\/schema\/logo\/image\/\",\"url\":\"https:\/\/uelzener.de\/magazin\/app\/uploads\/2024\/11\/uelzener_allgemeine_versicherungsgesellschaft_a_g_logo.jpg\",\"contentUrl\":\"https:\/\/uelzener.de\/magazin\/app\/uploads\/2024\/11\/uelzener_allgemeine_versicherungsgesellschaft_a_g_logo.jpg\",\"width\":200,\"height\":200,\"caption\":\"Uelzener Versicherungen\"},\"image\":{\"@id\":\"https:\/\/uelzener.de\/magazin\/#\/schema\/logo\/image\/\"},\"sameAs\":[\"https:\/\/www.facebook.com\/Uelzener\",\"https:\/\/instagram.com\/uelzener\",\"https:\/\/www.xing.com\/pages\/uelzenerallgemeineversicherungs-gesellschafta-g\",\"https:\/\/www.youtube.com\/UelzenerVersicherungen\"]}]}<\/script>\n<!-- \/ Yoast SEO Premium plugin. -->","yoast_head_json":{"title":"Arabisches Vollblut | Uelzener","description":"Entdecke die Sch\u00f6nheit der Arabischen Vollblut Rasse mit ihren eleganten G\u00e4ngen und ihrem edlen Aussehen.","robots":{"index":"index","follow":"follow","max-snippet":"max-snippet:-1","max-image-preview":"max-image-preview:large","max-video-preview":"max-video-preview:-1"},"canonical":"https:\/\/uelzener.de\/magazin\/pferd\/rasseportrait\/vollblut-araber\/","og_locale":"de_DE","og_type":"article","og_title":"Arabisches Vollblut","og_description":"Entdecke die Sch\u00f6nheit der Arabischen Vollblut Rasse mit ihren eleganten G\u00e4ngen und ihrem edlen Aussehen.","og_url":"https:\/\/uelzener.de\/magazin\/pferd\/rasseportrait\/vollblut-araber\/","og_site_name":"Uelzener Tier-Magazin","article_publisher":"https:\/\/www.facebook.com\/Uelzener","article_modified_time":"2025-09-11T09:44:46+00:00","og_image":[{"width":650,"height":432,"url":"https:\/\/uelzener.de\/magazin\/app\/uploads\/2015\/07\/85a80896-c93f-4e4a-9443-9d29fc26b44a.jpg","type":"image\/jpeg"}],"twitter_card":"summary_large_image","twitter_misc":{"Gesch\u00e4tzte Lesezeit":"3\u00a0Minuten"},"schema":{"@context":"https:\/\/schema.org","@graph":[{"@type":"WebPage","@id":"https:\/\/uelzener.de\/magazin\/pferd\/rasseportrait\/vollblut-araber\/","url":"https:\/\/uelzener.de\/magazin\/pferd\/rasseportrait\/vollblut-araber\/","name":"Arabisches Vollblut | Uelzener","isPartOf":{"@id":"https:\/\/uelzener.de\/magazin\/#website"},"primaryImageOfPage":{"@id":"https:\/\/uelzener.de\/magazin\/pferd\/rasseportrait\/vollblut-araber\/#primaryimage"},"image":{"@id":"https:\/\/uelzener.de\/magazin\/pferd\/rasseportrait\/vollblut-araber\/#primaryimage"},"thumbnailUrl":"https:\/\/uelzener.de\/magazin\/app\/uploads\/2015\/07\/85a80896-c93f-4e4a-9443-9d29fc26b44a.jpg","datePublished":"2015-07-14T00:00:00+00:00","dateModified":"2025-09-11T09:44:46+00:00","description":"Entdecke die Sch\u00f6nheit der Arabischen Vollblut Rasse mit ihren eleganten G\u00e4ngen und ihrem edlen Aussehen.","breadcrumb":{"@id":"https:\/\/uelzener.de\/magazin\/pferd\/rasseportrait\/vollblut-araber\/#breadcrumb"},"inLanguage":"de","potentialAction":[{"@type":"ReadAction","target":["https:\/\/uelzener.de\/magazin\/pferd\/rasseportrait\/vollblut-araber\/"]}]},{"@type":"ImageObject","inLanguage":"de","@id":"https:\/\/uelzener.de\/magazin\/pferd\/rasseportrait\/vollblut-araber\/#primaryimage","url":"https:\/\/uelzener.de\/magazin\/app\/uploads\/2015\/07\/85a80896-c93f-4e4a-9443-9d29fc26b44a.jpg","contentUrl":"https:\/\/uelzener.de\/magazin\/app\/uploads\/2015\/07\/85a80896-c93f-4e4a-9443-9d29fc26b44a.jpg","width":650,"height":432,"caption":"Zwei strahlend wei\u00dfe arabische Vollbl\u00fcter stehen sich gegen\u00fcber"},{"@type":"WebSite","@id":"https:\/\/uelzener.de\/magazin\/#website","url":"https:\/\/uelzener.de\/magazin\/","name":"Uelzener Tiermagazin","description":"Online Tierratgeber der Uelzener Versicherungen","publisher":{"@id":"https:\/\/uelzener.de\/magazin\/#organization"},"potentialAction":[{"@type":"SearchAction","target":{"@type":"EntryPoint","urlTemplate":"https:\/\/uelzener.de\/magazin\/?s={search_term_string}"},"query-input":{"@type":"PropertyValueSpecification","valueRequired":true,"valueName":"search_term_string"}}],"inLanguage":"de"},{"@type":"Organization","@id":"https:\/\/uelzener.de\/magazin\/#organization","name":"Uelzener Versicherungen","url":"https:\/\/uelzener.de\/magazin\/","logo":{"@type":"ImageObject","inLanguage":"de","@id":"https:\/\/uelzener.de\/magazin\/#\/schema\/logo\/image\/","url":"https:\/\/uelzener.de\/magazin\/app\/uploads\/2024\/11\/uelzener_allgemeine_versicherungsgesellschaft_a_g_logo.jpg","contentUrl":"https:\/\/uelzener.de\/magazin\/app\/uploads\/2024\/11\/uelzener_allgemeine_versicherungsgesellschaft_a_g_logo.jpg","width":200,"height":200,"caption":"Uelzener Versicherungen"},"image":{"@id":"https:\/\/uelzener.de\/magazin\/#\/schema\/logo\/image\/"},"sameAs":["https:\/\/www.facebook.com\/Uelzener","https:\/\/instagram.com\/uelzener","https:\/\/www.xing.com\/pages\/uelzenerallgemeineversicherungs-gesellschafta-g","https:\/\/www.youtube.com\/UelzenerVersicherungen"]}]}},"_links":{"self":[{"href":"https:\/\/uelzener.de\/magazin\/wp-json\/wp\/v2\/pages\/10229","targetHints":{"allow":["GET"]}}],"collection":[{"href":"https:\/\/uelzener.de\/magazin\/wp-json\/wp\/v2\/pages"}],"about":[{"href":"https:\/\/uelzener.de\/magazin\/wp-json\/wp\/v2\/types\/page"}],"author":[{"embeddable":true,"href":"https:\/\/uelzener.de\/magazin\/wp-json\/wp\/v2\/users\/1"}],"replies":[{"embeddable":true,"href":"https:\/\/uelzener.de\/magazin\/wp-json\/wp\/v2\/comments?post=10229"}],"version-history":[{"count":8,"href":"https:\/\/uelzener.de\/magazin\/wp-json\/wp\/v2\/pages\/10229\/revisions"}],"predecessor-version":[{"id":19205,"href":"https:\/\/uelzener.de\/magazin\/wp-json\/wp\/v2\/pages\/10229\/revisions\/19205"}],"up":[{"embeddable":true,"href":"https:\/\/uelzener.de\/magazin\/wp-json\/wp\/v2\/pages\/2490"}],"wp:featuredmedia":[{"embeddable":true,"href":"https:\/\/uelzener.de\/magazin\/wp-json\/wp\/v2\/media\/10818"}],"wp:attachment":[{"href":"https:\/\/uelzener.de\/magazin\/wp-json\/wp\/v2\/media?parent=10229"}],"curies":[{"name":"wp","href":"https:\/\/api.w.org\/{rel}","templated":true}]}}