{"id":10216,"date":"2023-11-17T00:00:00","date_gmt":"2023-11-16T23:00:00","guid":{"rendered":""},"modified":"2025-04-28T10:56:36","modified_gmt":"2025-04-28T08:56:36","slug":"katze-vegetarisch-ernaehren","status":"publish","type":"page","link":"https:\/\/uelzener.de\/magazin\/katze\/ernaehrung\/katze-vegetarisch-ernaehren\/","title":{"rendered":"Katzen vegan oder vegetarisch ern\u00e4hren: Von Tier\u00e4rzten nicht empfohlen"},"content":{"rendered":"<p>Weniger Fleisch zu konsumieren ist Trend. Ist das auf die Ern\u00e4hrung des Fleischfressers Katze \u00fcbertragbar? Was eine vegetarische oder vegane Katzenern\u00e4hrung f\u00fcr die Gesundheit der Tiere bedeutet und warum Tier\u00e4rztinnen und Tier\u00e4rzte diesen Trend klar ablehnen, haben wir f\u00fcr dich zusammengefasst.<\/p>\n<h2>Kann man Katzen vegan oder vegetarisch ern\u00e4hren?<\/h2>\n<p>Der Anteil der Menschen in Deutschland, die sich vegan\/vegetarisch ern\u00e4hren, hat sich in den vergangenen zehn Jahren mehr als verdoppelt. Weil viele Tierhalter sich f\u00fcr ihre Haustiere denselben Lebensstil w\u00fcnschen wie f\u00fcr sich selbst, wird auch vermehrt erwogen, Katzen vegetarisch oder vegan zu ern\u00e4hren. Brauchen Stubentiger wirklich Fleisch oder k\u00f6nnen sie auch mit vegetarischem Katzenfutter aus Tofu, Gem\u00fcse und Getreide gesund ern\u00e4hrt werden?<\/p>\n<h2>Warum Katzen nicht fleischlos ern\u00e4hrt werden sollten<\/h2>\n<p>Die wissenschaftlich fundierte Antwort ist ganz klar: Fleisch ist ihr Gem\u00fcse. Katzen sind Fleischfresser, denn auf dem Speisezettel aller wildlebenden Katzen steht bis heute die Maus an erster Stelle. Pflanzliche Kost nehmen die Raubtiere eher nebenbei auf, wenn sie die Innereien ihrer Beutetiere verspeisen.<\/p>\n<p>Der gesamte Organismus der Katze hat sich im Laufe der Evolution auf eine Ern\u00e4hrung mit tierischer Kost eingestellt: Das Gebiss der Katze ist hervorragend zum Zerschneiden von Fleisch geeignet. Getreide, Gras oder Heu kann es hingegen nicht zermahlen. Magen und Darm k\u00f6nnen Fleisch und Innereien gut verdauen, scheitern aber an faserreichem Gr\u00fcnfutter und Gem\u00fcse. Doch selbst, wenn sie pflanzliche Nahrung gut verdauen k\u00f6nnte, w\u00fcrde die Katze bei veganer oder vegetarischen Kost an Mangelerscheinungen leiden.<\/p>\n<p>Gegebenenfalls macht man sich bei einer rein veganen oder vegetarischen F\u00fctterung seiner Katze sogar strafbar, da der Paragraph \u00a72 des Tierschutzgesetzes unter anderem klar besagt:<\/p>\n<blockquote class=\"border-text\"><p>Wer ein Tier h\u00e4lt, betreut oder zu betreuen hat, muss das Tier seiner Art und seinen Bed\u00fcrfnissen entsprechend angemessen ern\u00e4hren, pflegen und verhaltensgerecht unterbringen.<\/p><\/blockquote>\n<h3>Vegetarischem Katzenfutter fehlen wichtige artgerechte N\u00e4hrstoffe<\/h3>\n<p>F\u00fcr ihre Gesundheit ben\u00f6tigen Katzen bestimmte N\u00e4hrstoffe in ihrem Futter. Einige dieser absolut unverzichtbaren N\u00e4hrstoffe sind nur in tierischen Geweben enthalten. Bei einer vegetarischen Katzenern\u00e4hrung m\u00fcssten diese Stoffe dem Katzenfutter k\u00fcnstlich zugesetzt werden. Besonders gef\u00e4hrlich ist f\u00fcr die Katze ein Mangel an bestimmten Eiwei\u00dfbausteinen (Aminos\u00e4uren), die nur im Fleisch vorhanden sind. Insbesondere bei den Eiwei\u00dfbausteinen Taurin und Arginin kann ein lebensbedrohlicher Mangel entstehen, wenn die Katze \u00fcber l\u00e4ngere Zeit rein vegan oder vegetarisch ern\u00e4hrt wird. Taurin ist unerl\u00e4sslich f\u00fcr die Sehkraft und f\u00fcr die Herzgesundheit der Katze und ohne Arginin kann die Leber nicht arbeiten.<\/p>\n<p>Auch bei der Versorgung mit Vitamin A ist die Katze auf Fleisch und Innereien angewiesen. Denn anders als Hund und Mensch kann die Katze aus dem in Pflanzen enthaltenen Beta-Carotin kein Vitamin A bilden.<\/p>\n<p>Das schiere Muskelfleisch allein ist jedoch auch keine ausgewogene Ern\u00e4hrung f\u00fcr die Katze. Schlie\u00dflich besteht eine Maus ja auch nicht nur aus Filet. Da Katzen das ganze Beutetier verzehren, muss die Nahrung \u00e4hnlich zusammengesetzt sein.<\/p>\n<h3>Was gibt man Katzen zu essen?<\/h3>\n<p>Das hei\u00dft, wer seine Katze artgerecht ern\u00e4hren will, der muss ihr einen ausgewogenen N\u00e4hrstoff-Mix bieten aus<\/p>\n<ul>\n<li>\u00fcberwiegend Fleisch und Innereien,<\/li>\n<li>einer kleinen Beilage pflanzlicher Nahrung (etwa 5%),<\/li>\n<li>ausreichend, aber auch nicht zu vielen Vitaminen, Mineralstoffen und Spurenelementen.<\/li>\n<\/ul>\n<p>Fazit: Eine reine vegane oder vegetarische F\u00fctterung der Katze ist nicht zu empfehlen<\/p>\n<p>Seine Katze vegetarisch oder gar vegan zu ern\u00e4hren, ist somit nicht sinnvoll. Die Zusammensetzung guter Fertigkost \u2013 egal ob Trockenfutter oder Nassfutter \u2013 muss dem nat\u00fcrlichen N\u00e4hrstoffbedarf der Katze entsprechen. Wer das Katzenfutter selbst zubereiten m\u00f6chte, sollte seinen Tierarzt nach wirklich ausgewogenen Rezepten fragen.<\/p>\n\n<div class=\"related_articles boxed\">\n    <h2>Mehr zum Thema<\/h2>\n    \n    <div class=\"wrapper\"><div class=\"title align-center\"><h3><a href=\"https:\/\/uelzener.de\/magazin\/katze\/ernaehrung\/welches-fleisch-am-besten-fuer-katzen\/\">Welches Fleisch ist am besten? Tipps zur artgerechten Ern\u00e4hrung von Katzen<\/a><\/h3><\/div><div class=\"img align-center\"><img decoding=\"async\" width=\"315\" height=\"180\" src=\"https:\/\/uelzener.de\/magazin\/app\/uploads\/2024\/07\/welches-fleisch-katze-315x180.jpg\" class=\"attachment-315x180 size-315x180 wp-post-image\" alt=\"Welches Fleisch ist das beste f\u00fcr Katzen?\" \/><\/div><\/div><div class=\"wrapper\"><div class=\"title align-center\"><h3><a href=\"https:\/\/uelzener.de\/magazin\/katze\/ernaehrung\/barfen-bei-der-katze-frische-rohkost-statt-dosenfutter\/\">Barfen bei der Katze: Frische Rohkost statt Dosenfutter<\/a><\/h3><\/div><div class=\"img align-center\"><img decoding=\"async\" width=\"315\" height=\"180\" src=\"https:\/\/uelzener.de\/magazin\/app\/uploads\/2024\/09\/Barfen-bei-Katzen-Frische-Rohkost-statt-Dosenfutter-315x180.jpg\" class=\"attachment-315x180 size-315x180 wp-post-image\" alt=\"Barfen bei Katzen\" \/><\/div><\/div><div class=\"wrapper\"><div class=\"title align-center\"><h3><a href=\"https:\/\/uelzener.de\/magazin\/katze\/ernaehrung\/was-fressen-katzen\/\">Was fressen Katzen?<\/a><\/h3><\/div><div class=\"img align-center\"><img decoding=\"async\" width=\"315\" height=\"180\" src=\"https:\/\/uelzener.de\/magazin\/app\/uploads\/2024\/03\/was-fressen-katzen-315x180.jpg\" class=\"attachment-315x180 size-315x180 wp-post-image\" alt=\"Katze frisst ein St\u00fcck Melone.\" \/><\/div><\/div><\/div>\n\n<h2>Katzenfutter ohne Fleisch selber machen<\/h2>\n<p>Katzenhalterinnen und Katzenhalter, die ihre Katzen fleischlos ern\u00e4hren m\u00f6chten, sollten tier\u00e4rztlichen Rat einholen und ganz besonders auf die Zusammensetzung des Futters zu achten. So m\u00fcssen unbedingt unter anderem die Vitamine A, D und B, Taurin, sowie Eisen und Arginin enthalten sein. Dar\u00fcber hinaus jedoch noch einiges mehr. Es ist entscheidend, sicherzustellen, dass die Katze alle f\u00fcr sie notwendigen Stoffe bekommt. So sollten ausreichend Proteine, Enzyme und Fette enthalten sein. Dar\u00fcber hinaus ist wichtig, darauf zu achten, dass eine Reihe pflanzlicher Stoffe f\u00fcr Katzen sch\u00e4dlich sein k\u00f6nnen. So sollten Katzen beispielsweise keine Zwiebeln, Rosinen oder rohen Kartoffeln fressen. Dar\u00fcber hinaus ist zu beachten, dass Katzen Fleischfresser sind. Da ihnen eine fleischlose F\u00fctterung schadet, verzichtet man besser darauf, seine Katze fleischlos zu ern\u00e4hren.<\/p>\n<h2>FAQ<\/h2>\n<h3>Gibt es vegetarische Katzen?<\/h3>\n<p>Von Natur aus gibt es keine vegetarischen Katzen. Katzen sind Fleischfresser (Carnivoren). Katzen haben einen eher kurzen Darm, der f\u00fcr die Verdauung von Fleisch ideal ist, f\u00fcr die Verdauung pflanzlicher Kost jedoch ungeeignet ist. Auch das Gebiss von Katzen ist auf die Verarbeitung von Fleisch ausgelegt. Anders als Hunde k\u00f6nnen Katzen das f\u00fcr sie lebenswichtige Taurin nicht selbst herstellen. Sollten Katzen auf vegetarische Ern\u00e4hrung angewiesen sein, m\u00fcsste zwingend darauf geachtet werden, dass sie alle n\u00f6tigen Stoffe bekommt. Darum brauchen Katzen Fleisch und sollten nicht vegetarisch oder gar vegan ern\u00e4hrt werden.<\/p>\n<h3>D\u00fcrfen Katzen Tofu essen?<\/h3>\n<p>Tofu ist aus Sojabohnen hergestellt und enth\u00e4lt damit viel pflanzliches Eiwei\u00df. Katzen k\u00f6nnen allergisch auf Tofu reagieren. Will man Risiken vermeiden, verzichtet man auf den Versuch, der Katze Tofu zu geben. M\u00f6chte man seiner Katze dennoch Tofu anbieten, sollte man zun\u00e4chst tier\u00e4rztlichen Rat einholen und im Falle, dass es keine Einw\u00e4nde gibt, zwingend darauf achten, dass es ungew\u00fcrzt und ungesalzen ist.<\/p>\n","protected":false},"excerpt":{"rendered":"<p>Weniger Fleisch zu konsumieren ist Trend. Ist das auf die Ern\u00e4hrung des Fleischfressers Katze \u00fcbertragbar? Was eine vegetarische oder vegane Katzenern\u00e4hrung f\u00fcr die Gesundheit der Tiere bedeutet und warum Tier\u00e4rztinnen und Tier\u00e4rzte diesen Trend klar ablehnen, haben wir f\u00fcr dich zusammengefasst. Kann man Katzen vegan oder vegetarisch ern\u00e4hren? Der Anteil der Menschen in Deutschland, die [&hellip;]<\/p>\n","protected":false},"author":1,"featured_media":10805,"parent":11676,"menu_order":10,"comment_status":"open","ping_status":"open","template":"templates\/blog.php","meta":{"_acf_changed":false,"_crdt_document":"","footnotes":"","beyondwords_generate_audio":"0","beyondwords_project_id":"","beyondwords_content_id":"","beyondwords_preview_token":"","beyondwords_player_style":"","beyondwords_language_id":"","beyondwords_title_voice_id":"","beyondwords_body_voice_id":"","beyondwords_summary_voice_id":"","beyondwords_error_message":"","beyondwords_disabled":"","beyondwords_delete_content":"","beyondwords_podcast_id":"","beyondwords_hash":"","publish_post_to_speechkit":"","speechkit_hash":"","speechkit_generate_audio":"","speechkit_project_id":"","speechkit_podcast_id":"","speechkit_error_message":"","speechkit_disabled":"","speechkit_access_key":"","speechkit_error":"","speechkit_info":"","speechkit_response":"","speechkit_retries":"","speechkit_status":"","speechkit_updated_at":"","_speechkit_link":"","_speechkit_text":""},"class_list":["post-10216","page","type-page","status-publish","has-post-thumbnail","hentry"],"acf":[],"yoast_head":"<!-- This site is optimized with the Yoast SEO Premium plugin  - https:\/\/yoast.com\/product\/yoast-seo-premium-wordpress\/ -->\n<title>Katzen vegan oder vegetarisch ern\u00e4hren: Antwort lautet klar Nein | Uelzener<\/title>\n<meta name=\"description\" content=\"Wir erkl\u00e4ren, weshalb Katzen nicht fleischlos ern\u00e4hrt werden sollten \u25b6 Erfahre hier alles zur artgerechten Ern\u00e4hrung!\" \/>\n<meta name=\"robots\" content=\"index, follow, max-snippet:-1, max-image-preview:large, max-video-preview:-1\" \/>\n<link rel=\"canonical\" href=\"https:\/\/uelzener.de\/magazin\/katze\/ernaehrung\/katze-vegetarisch-ernaehren\/\" \/>\n<meta property=\"og:locale\" content=\"de_DE\" \/>\n<meta property=\"og:type\" content=\"article\" \/>\n<meta property=\"og:title\" content=\"Katzen vegan oder vegetarisch ern\u00e4hren: Von Tier\u00e4rzten nicht empfohlen\" \/>\n<meta property=\"og:description\" content=\"Wir erkl\u00e4ren, weshalb Katzen nicht fleischlos ern\u00e4hrt werden sollten \u25b6 Erfahre hier alles zur artgerechten Ern\u00e4hrung!\" \/>\n<meta property=\"og:url\" content=\"https:\/\/uelzener.de\/magazin\/katze\/ernaehrung\/katze-vegetarisch-ernaehren\/\" \/>\n<meta property=\"og:site_name\" content=\"Uelzener Tier-Magazin\" \/>\n<meta property=\"article:publisher\" content=\"https:\/\/www.facebook.com\/Uelzener\" \/>\n<meta property=\"article:modified_time\" content=\"2025-04-28T08:56:36+00:00\" \/>\n<meta property=\"og:image\" content=\"https:\/\/uelzener.de\/magazin\/app\/uploads\/2019\/11\/41298606-0172-4129-8882-3466adfe105a.jpg\" \/>\n\t<meta property=\"og:image:width\" content=\"952\" \/>\n\t<meta property=\"og:image:height\" content=\"496\" \/>\n\t<meta property=\"og:image:type\" content=\"image\/jpeg\" \/>\n<meta name=\"twitter:card\" content=\"summary_large_image\" \/>\n<meta name=\"twitter:label1\" content=\"Gesch\u00e4tzte Lesezeit\" \/>\n\t<meta name=\"twitter:data1\" content=\"5\u00a0Minuten\" \/>\n<script type=\"application\/ld+json\" class=\"yoast-schema-graph\">{\"@context\":\"https:\/\/schema.org\",\"@graph\":[{\"@type\":\"WebPage\",\"@id\":\"https:\/\/uelzener.de\/magazin\/katze\/ernaehrung\/katze-vegetarisch-ernaehren\/\",\"url\":\"https:\/\/uelzener.de\/magazin\/katze\/ernaehrung\/katze-vegetarisch-ernaehren\/\",\"name\":\"Katzen vegan oder vegetarisch ern\u00e4hren: Antwort lautet klar Nein | Uelzener\",\"isPartOf\":{\"@id\":\"https:\/\/uelzener.de\/magazin\/#website\"},\"primaryImageOfPage\":{\"@id\":\"https:\/\/uelzener.de\/magazin\/katze\/ernaehrung\/katze-vegetarisch-ernaehren\/#primaryimage\"},\"image\":{\"@id\":\"https:\/\/uelzener.de\/magazin\/katze\/ernaehrung\/katze-vegetarisch-ernaehren\/#primaryimage\"},\"thumbnailUrl\":\"https:\/\/uelzener.de\/magazin\/app\/uploads\/2019\/11\/41298606-0172-4129-8882-3466adfe105a.jpg\",\"datePublished\":\"2023-11-16T23:00:00+00:00\",\"dateModified\":\"2025-04-28T08:56:36+00:00\",\"description\":\"Wir erkl\u00e4ren, weshalb Katzen nicht fleischlos ern\u00e4hrt werden sollten \u25b6 Erfahre hier alles zur artgerechten Ern\u00e4hrung!\",\"breadcrumb\":{\"@id\":\"https:\/\/uelzener.de\/magazin\/katze\/ernaehrung\/katze-vegetarisch-ernaehren\/#breadcrumb\"},\"inLanguage\":\"de\",\"potentialAction\":[{\"@type\":\"ReadAction\",\"target\":[\"https:\/\/uelzener.de\/magazin\/katze\/ernaehrung\/katze-vegetarisch-ernaehren\/\"]}]},{\"@type\":\"ImageObject\",\"inLanguage\":\"de\",\"@id\":\"https:\/\/uelzener.de\/magazin\/katze\/ernaehrung\/katze-vegetarisch-ernaehren\/#primaryimage\",\"url\":\"https:\/\/uelzener.de\/magazin\/app\/uploads\/2019\/11\/41298606-0172-4129-8882-3466adfe105a.jpg\",\"contentUrl\":\"https:\/\/uelzener.de\/magazin\/app\/uploads\/2019\/11\/41298606-0172-4129-8882-3466adfe105a.jpg\",\"width\":952,\"height\":496,\"caption\":\"Eine Katze vegan oder vegetarisch zu ern\u00e4hren ist nicht artgerecht.\"},{\"@type\":\"WebSite\",\"@id\":\"https:\/\/uelzener.de\/magazin\/#website\",\"url\":\"https:\/\/uelzener.de\/magazin\/\",\"name\":\"Uelzener Tiermagazin\",\"description\":\"Online Tierratgeber der Uelzener Versicherungen\",\"publisher\":{\"@id\":\"https:\/\/uelzener.de\/magazin\/#organization\"},\"potentialAction\":[{\"@type\":\"SearchAction\",\"target\":{\"@type\":\"EntryPoint\",\"urlTemplate\":\"https:\/\/uelzener.de\/magazin\/?s={search_term_string}\"},\"query-input\":{\"@type\":\"PropertyValueSpecification\",\"valueRequired\":true,\"valueName\":\"search_term_string\"}}],\"inLanguage\":\"de\"},{\"@type\":\"Organization\",\"@id\":\"https:\/\/uelzener.de\/magazin\/#organization\",\"name\":\"Uelzener Versicherungen\",\"url\":\"https:\/\/uelzener.de\/magazin\/\",\"logo\":{\"@type\":\"ImageObject\",\"inLanguage\":\"de\",\"@id\":\"https:\/\/uelzener.de\/magazin\/#\/schema\/logo\/image\/\",\"url\":\"https:\/\/uelzener.de\/magazin\/app\/uploads\/2024\/11\/uelzener_allgemeine_versicherungsgesellschaft_a_g_logo.jpg\",\"contentUrl\":\"https:\/\/uelzener.de\/magazin\/app\/uploads\/2024\/11\/uelzener_allgemeine_versicherungsgesellschaft_a_g_logo.jpg\",\"width\":200,\"height\":200,\"caption\":\"Uelzener Versicherungen\"},\"image\":{\"@id\":\"https:\/\/uelzener.de\/magazin\/#\/schema\/logo\/image\/\"},\"sameAs\":[\"https:\/\/www.facebook.com\/Uelzener\",\"https:\/\/instagram.com\/uelzener\",\"https:\/\/www.xing.com\/pages\/uelzenerallgemeineversicherungs-gesellschafta-g\",\"https:\/\/www.youtube.com\/UelzenerVersicherungen\"]}]}<\/script>\n<!-- \/ Yoast SEO Premium plugin. -->","yoast_head_json":{"title":"Katzen vegan oder vegetarisch ern\u00e4hren: Antwort lautet klar Nein | Uelzener","description":"Wir erkl\u00e4ren, weshalb Katzen nicht fleischlos ern\u00e4hrt werden sollten \u25b6 Erfahre hier alles zur artgerechten Ern\u00e4hrung!","robots":{"index":"index","follow":"follow","max-snippet":"max-snippet:-1","max-image-preview":"max-image-preview:large","max-video-preview":"max-video-preview:-1"},"canonical":"https:\/\/uelzener.de\/magazin\/katze\/ernaehrung\/katze-vegetarisch-ernaehren\/","og_locale":"de_DE","og_type":"article","og_title":"Katzen vegan oder vegetarisch ern\u00e4hren: Von Tier\u00e4rzten nicht empfohlen","og_description":"Wir erkl\u00e4ren, weshalb Katzen nicht fleischlos ern\u00e4hrt werden sollten \u25b6 Erfahre hier alles zur artgerechten Ern\u00e4hrung!","og_url":"https:\/\/uelzener.de\/magazin\/katze\/ernaehrung\/katze-vegetarisch-ernaehren\/","og_site_name":"Uelzener Tier-Magazin","article_publisher":"https:\/\/www.facebook.com\/Uelzener","article_modified_time":"2025-04-28T08:56:36+00:00","og_image":[{"width":952,"height":496,"url":"https:\/\/uelzener.de\/magazin\/app\/uploads\/2019\/11\/41298606-0172-4129-8882-3466adfe105a.jpg","type":"image\/jpeg"}],"twitter_card":"summary_large_image","twitter_misc":{"Gesch\u00e4tzte Lesezeit":"5\u00a0Minuten"},"schema":{"@context":"https:\/\/schema.org","@graph":[{"@type":"WebPage","@id":"https:\/\/uelzener.de\/magazin\/katze\/ernaehrung\/katze-vegetarisch-ernaehren\/","url":"https:\/\/uelzener.de\/magazin\/katze\/ernaehrung\/katze-vegetarisch-ernaehren\/","name":"Katzen vegan oder vegetarisch ern\u00e4hren: Antwort lautet klar Nein | Uelzener","isPartOf":{"@id":"https:\/\/uelzener.de\/magazin\/#website"},"primaryImageOfPage":{"@id":"https:\/\/uelzener.de\/magazin\/katze\/ernaehrung\/katze-vegetarisch-ernaehren\/#primaryimage"},"image":{"@id":"https:\/\/uelzener.de\/magazin\/katze\/ernaehrung\/katze-vegetarisch-ernaehren\/#primaryimage"},"thumbnailUrl":"https:\/\/uelzener.de\/magazin\/app\/uploads\/2019\/11\/41298606-0172-4129-8882-3466adfe105a.jpg","datePublished":"2023-11-16T23:00:00+00:00","dateModified":"2025-04-28T08:56:36+00:00","description":"Wir erkl\u00e4ren, weshalb Katzen nicht fleischlos ern\u00e4hrt werden sollten \u25b6 Erfahre hier alles zur artgerechten Ern\u00e4hrung!","breadcrumb":{"@id":"https:\/\/uelzener.de\/magazin\/katze\/ernaehrung\/katze-vegetarisch-ernaehren\/#breadcrumb"},"inLanguage":"de","potentialAction":[{"@type":"ReadAction","target":["https:\/\/uelzener.de\/magazin\/katze\/ernaehrung\/katze-vegetarisch-ernaehren\/"]}]},{"@type":"ImageObject","inLanguage":"de","@id":"https:\/\/uelzener.de\/magazin\/katze\/ernaehrung\/katze-vegetarisch-ernaehren\/#primaryimage","url":"https:\/\/uelzener.de\/magazin\/app\/uploads\/2019\/11\/41298606-0172-4129-8882-3466adfe105a.jpg","contentUrl":"https:\/\/uelzener.de\/magazin\/app\/uploads\/2019\/11\/41298606-0172-4129-8882-3466adfe105a.jpg","width":952,"height":496,"caption":"Eine Katze vegan oder vegetarisch zu ern\u00e4hren ist nicht artgerecht."},{"@type":"WebSite","@id":"https:\/\/uelzener.de\/magazin\/#website","url":"https:\/\/uelzener.de\/magazin\/","name":"Uelzener Tiermagazin","description":"Online Tierratgeber der Uelzener Versicherungen","publisher":{"@id":"https:\/\/uelzener.de\/magazin\/#organization"},"potentialAction":[{"@type":"SearchAction","target":{"@type":"EntryPoint","urlTemplate":"https:\/\/uelzener.de\/magazin\/?s={search_term_string}"},"query-input":{"@type":"PropertyValueSpecification","valueRequired":true,"valueName":"search_term_string"}}],"inLanguage":"de"},{"@type":"Organization","@id":"https:\/\/uelzener.de\/magazin\/#organization","name":"Uelzener Versicherungen","url":"https:\/\/uelzener.de\/magazin\/","logo":{"@type":"ImageObject","inLanguage":"de","@id":"https:\/\/uelzener.de\/magazin\/#\/schema\/logo\/image\/","url":"https:\/\/uelzener.de\/magazin\/app\/uploads\/2024\/11\/uelzener_allgemeine_versicherungsgesellschaft_a_g_logo.jpg","contentUrl":"https:\/\/uelzener.de\/magazin\/app\/uploads\/2024\/11\/uelzener_allgemeine_versicherungsgesellschaft_a_g_logo.jpg","width":200,"height":200,"caption":"Uelzener Versicherungen"},"image":{"@id":"https:\/\/uelzener.de\/magazin\/#\/schema\/logo\/image\/"},"sameAs":["https:\/\/www.facebook.com\/Uelzener","https:\/\/instagram.com\/uelzener","https:\/\/www.xing.com\/pages\/uelzenerallgemeineversicherungs-gesellschafta-g","https:\/\/www.youtube.com\/UelzenerVersicherungen"]}]}},"_links":{"self":[{"href":"https:\/\/uelzener.de\/magazin\/wp-json\/wp\/v2\/pages\/10216","targetHints":{"allow":["GET"]}}],"collection":[{"href":"https:\/\/uelzener.de\/magazin\/wp-json\/wp\/v2\/pages"}],"about":[{"href":"https:\/\/uelzener.de\/magazin\/wp-json\/wp\/v2\/types\/page"}],"author":[{"embeddable":true,"href":"https:\/\/uelzener.de\/magazin\/wp-json\/wp\/v2\/users\/1"}],"replies":[{"embeddable":true,"href":"https:\/\/uelzener.de\/magazin\/wp-json\/wp\/v2\/comments?post=10216"}],"version-history":[{"count":14,"href":"https:\/\/uelzener.de\/magazin\/wp-json\/wp\/v2\/pages\/10216\/revisions"}],"predecessor-version":[{"id":18460,"href":"https:\/\/uelzener.de\/magazin\/wp-json\/wp\/v2\/pages\/10216\/revisions\/18460"}],"up":[{"embeddable":true,"href":"https:\/\/uelzener.de\/magazin\/wp-json\/wp\/v2\/pages\/11676"}],"wp:featuredmedia":[{"embeddable":true,"href":"https:\/\/uelzener.de\/magazin\/wp-json\/wp\/v2\/media\/10805"}],"wp:attachment":[{"href":"https:\/\/uelzener.de\/magazin\/wp-json\/wp\/v2\/media?parent=10216"}],"curies":[{"name":"wp","href":"https:\/\/api.w.org\/{rel}","templated":true}]}}